{"id":65,"date":"2022-12-14T16:04:56","date_gmt":"2022-12-14T14:04:56","guid":{"rendered":"https:\/\/sites.uef.fi\/100sverigefinska\/?page_id=65"},"modified":"2023-01-17T15:38:30","modified_gmt":"2023-01-17T13:38:30","slug":"material","status":"publish","type":"page","link":"https:\/\/sites.uef.fi\/100sverigefinska\/material\/","title":{"rendered":"Material"},"content":{"rendered":"\n<p><strong>Data<\/strong><\/p>\n\n\n\n<p>I projektet intervjuas och spelas in hundra finskspr\u00e5kiga, me\u00e4nkielitalande, finlandssvenska och flerspr\u00e5kiga personer i Sverige. De intervjuade \u00e4r 11\u201386-\u00e5riga personer med olika  bekgrund. De representerar olika sverigefinska, tornedalska och finlandssvenska varieteter och dialekter.<\/p>\n\n\n\n<p>I urvalet av representanterna har den geografiska och spr\u00e5kliga variationen beaktats.<\/p>\n\n\n\n<p>Intervjufr\u00e5gorna r\u00f6r teman som familjens spr\u00e5kbakgrund, boendehistoria och spr\u00e5kliga erfarenheter i olika faser av livet samt b\u00e5de egna och omgivningens f\u00f6rh\u00e5llningss\u00e4tt och attityder till spr\u00e5k och olika varieteter av spr\u00e5k. D\u00e4rtill unders\u00f6ks talarnas egna uppfattningar om sitt spr\u00e5kbruk och spr\u00e5kkunskaper.<\/p>\n\n\n\n<p>N\u00e5gra exempel p\u00e5 intervufr\u00e5gor:<\/p>\n\n\n\n<ul class=\"wp-block-list\">\n<li>Vilka spr\u00e5k har du studerat?<\/li>\n\n\n\n<li>Vilket spr\u00e5k\/ Vilka spr\u00e5k anv\u00e4nder du hemma? <\/li>\n\n\n\n<li>Vilket spr\u00e5k\/ Vilka spr\u00e5k anv\u00e4nder du p\u00e5 jobbet?<\/li>\n\n\n\n<li>Vilket spr\u00e5k\/ Vilka spr\u00e5k anv\u00e4nder du p\u00e5 fritiden?<\/li>\n\n\n\n<li>Vad betyder finska spr\u00e5ket f\u00f6r dig? Vad betyder me\u00e4nkieli f\u00f6r dig?<\/li>\n\n\n\n<li>Vad betyder svenska spr\u00e5ket f\u00f6r dig?<\/li>\n\n\n\n<li>Vilket spr\u00e5k \u00e4r ditt k\u00e4nslospr\u00e5k?<\/li>\n\n\n\n<li>Vilket spr\u00e5k anv\u00e4nder du i sociala medier?  <\/li>\n<\/ul>\n\n\n\n<p>De transkriberade intervjuerna kommer att sparas p\u00e5 Spr\u00e5kbanken (Kielipankki) i Finland, s\u00e5 materialet kommer att vara tillg\u00e4ngligt f\u00f6r olika forskare i framtiden. Tanken \u00e4r att datan kan anv\u00e4ndas f\u00f6r b\u00e5de lingvistisk och samh\u00e4llelig forskning. <\/p>\n\n\n\n<figure class=\"wp-block-image size-large\"><img loading=\"lazy\" decoding=\"async\" width=\"1024\" height=\"755\" src=\"https:\/\/sites.uef.fi\/100sverigefinska\/wp-content\/uploads\/sites\/400\/2022\/12\/Eeva-husvagn2_M8Q2507-2000px-1024x755.jpg\" alt=\"\" class=\"wp-image-200\" srcset=\"https:\/\/sites.uef.fi\/100sverigefinska\/wp-content\/uploads\/sites\/400\/2022\/12\/Eeva-husvagn2_M8Q2507-2000px-1024x755.jpg 1024w, https:\/\/sites.uef.fi\/100sverigefinska\/wp-content\/uploads\/sites\/400\/2022\/12\/Eeva-husvagn2_M8Q2507-2000px-300x221.jpg 300w, https:\/\/sites.uef.fi\/100sverigefinska\/wp-content\/uploads\/sites\/400\/2022\/12\/Eeva-husvagn2_M8Q2507-2000px-768x566.jpg 768w, https:\/\/sites.uef.fi\/100sverigefinska\/wp-content\/uploads\/sites\/400\/2022\/12\/Eeva-husvagn2_M8Q2507-2000px-1536x1133.jpg 1536w, https:\/\/sites.uef.fi\/100sverigefinska\/wp-content\/uploads\/sites\/400\/2022\/12\/Eeva-husvagn2_M8Q2507-2000px.jpg 2000w\" sizes=\"auto, (max-width: 1024px) 100vw, 1024px\" \/><figcaption class=\"wp-element-caption\">Eeva vid foten av Dundret. Foto: Pauli Raitaniemi.<\/figcaption><\/figure>\n","protected":false},"excerpt":{"rendered":"<p>Data I projektet intervjuas och spelas in hundra finskspr\u00e5kiga, me\u00e4nkielitalande, finlandssvenska och flerspr\u00e5kiga personer i Sverige. De intervjuade \u00e4r 11\u201386-\u00e5riga personer med olika bekgrund. De representerar olika sverigefinska, tornedalska och finlandssvenska varieteter och dialekter. I urvalet av representanterna har den geografiska och spr\u00e5kliga variationen beaktats. Intervjufr\u00e5gorna r\u00f6r teman som familjens spr\u00e5kbakgrund, boendehistoria och spr\u00e5kliga erfarenheter [&hellip;]<\/p>\n","protected":false},"author":870,"featured_media":0,"parent":0,"menu_order":0,"comment_status":"closed","ping_status":"closed","template":"","meta":{"_acf_changed":false,"footnotes":""},"class_list":["post-65","page","type-page","status-publish","hentry"],"acf":[],"yoast_head":"<!-- This site is optimized with the Yoast SEO plugin v27.1.1 - https:\/\/yoast.com\/product\/yoast-seo-wordpress\/ -->\n<title>Material - Hundra sverigefinska och tornedalska spr\u00e5kliga livsber\u00e4ttelser<\/title>\n<meta name=\"robots\" content=\"index, follow, max-snippet:-1, max-image-preview:large, max-video-preview:-1\" \/>\n<link rel=\"canonical\" href=\"https:\/\/sites.uef.fi\/100sverigefinska\/material\/\" \/>\n<meta property=\"og:locale\" content=\"sv_SE\" \/>\n<meta property=\"og:type\" content=\"article\" \/>\n<meta property=\"og:title\" content=\"Material - Hundra sverigefinska och tornedalska spr\u00e5kliga livsber\u00e4ttelser\" \/>\n<meta property=\"og:description\" content=\"Data I projektet intervjuas och spelas in hundra finskspr\u00e5kiga, me\u00e4nkielitalande, finlandssvenska och flerspr\u00e5kiga personer i Sverige. De intervjuade \u00e4r 11\u201386-\u00e5riga personer med olika bekgrund. De representerar olika sverigefinska, tornedalska och finlandssvenska varieteter och dialekter. I urvalet av representanterna har den geografiska och spr\u00e5kliga variationen beaktats. Intervjufr\u00e5gorna r\u00f6r teman som familjens spr\u00e5kbakgrund, boendehistoria och spr\u00e5kliga erfarenheter [&hellip;]\" \/>\n<meta property=\"og:url\" content=\"https:\/\/sites.uef.fi\/100sverigefinska\/material\/\" \/>\n<meta property=\"og:site_name\" content=\"Hundra sverigefinska och tornedalska spr\u00e5kliga livsber\u00e4ttelser\" \/>\n<meta property=\"article:modified_time\" content=\"2023-01-17T13:38:30+00:00\" \/>\n<meta property=\"og:image\" content=\"https:\/\/sites.uef.fi\/100sverigefinska\/wp-content\/uploads\/sites\/400\/2022\/12\/Eeva-husvagn2_M8Q2507-2000px-1024x755.jpg\" \/>\n<meta name=\"twitter:card\" content=\"summary_large_image\" \/>\n<meta name=\"twitter:label1\" content=\"Ber\u00e4knad l\u00e4stid\" \/>\n\t<meta name=\"twitter:data1\" content=\"1 minut\" \/>\n<script type=\"application\/ld+json\" class=\"yoast-schema-graph\">{\"@context\":\"https:\/\/schema.org\",\"@graph\":[{\"@type\":\"WebPage\",\"@id\":\"https:\/\/sites.uef.fi\/100sverigefinska\/material\/\",\"url\":\"https:\/\/sites.uef.fi\/100sverigefinska\/material\/\",\"name\":\"Material - Hundra sverigefinska och tornedalska spr\u00e5kliga livsber\u00e4ttelser\",\"isPartOf\":{\"@id\":\"https:\/\/sites.uef.fi\/100sverigefinska\/#website\"},\"primaryImageOfPage\":{\"@id\":\"https:\/\/sites.uef.fi\/100sverigefinska\/material\/#primaryimage\"},\"image\":{\"@id\":\"https:\/\/sites.uef.fi\/100sverigefinska\/material\/#primaryimage\"},\"thumbnailUrl\":\"https:\/\/sites.uef.fi\/100sverigefinska\/wp-content\/uploads\/sites\/400\/2022\/12\/Eeva-husvagn2_M8Q2507-2000px-1024x755.jpg\",\"datePublished\":\"2022-12-14T14:04:56+00:00\",\"dateModified\":\"2023-01-17T13:38:30+00:00\",\"breadcrumb\":{\"@id\":\"https:\/\/sites.uef.fi\/100sverigefinska\/material\/#breadcrumb\"},\"inLanguage\":\"sv-SE\",\"potentialAction\":[{\"@type\":\"ReadAction\",\"target\":[\"https:\/\/sites.uef.fi\/100sverigefinska\/material\/\"]}]},{\"@type\":\"ImageObject\",\"inLanguage\":\"sv-SE\",\"@id\":\"https:\/\/sites.uef.fi\/100sverigefinska\/material\/#primaryimage\",\"url\":\"https:\/\/sites.uef.fi\/100sverigefinska\/wp-content\/uploads\/sites\/400\/2022\/12\/Eeva-husvagn2_M8Q2507-2000px.jpg\",\"contentUrl\":\"https:\/\/sites.uef.fi\/100sverigefinska\/wp-content\/uploads\/sites\/400\/2022\/12\/Eeva-husvagn2_M8Q2507-2000px.jpg\",\"width\":2000,\"height\":1475},{\"@type\":\"BreadcrumbList\",\"@id\":\"https:\/\/sites.uef.fi\/100sverigefinska\/material\/#breadcrumb\",\"itemListElement\":[{\"@type\":\"ListItem\",\"position\":1,\"name\":\"Home\",\"item\":\"https:\/\/sites.uef.fi\/100sverigefinska\/\"},{\"@type\":\"ListItem\",\"position\":2,\"name\":\"Material\"}]},{\"@type\":\"WebSite\",\"@id\":\"https:\/\/sites.uef.fi\/100sverigefinska\/#website\",\"url\":\"https:\/\/sites.uef.fi\/100sverigefinska\/\",\"name\":\"Hundra sverigefinska och tornedalska spr\u00e5kliga livsber\u00e4ttelser\",\"description\":\"\",\"publisher\":{\"@id\":\"https:\/\/sites.uef.fi\/100sverigefinska\/#organization\"},\"potentialAction\":[{\"@type\":\"SearchAction\",\"target\":{\"@type\":\"EntryPoint\",\"urlTemplate\":\"https:\/\/sites.uef.fi\/100sverigefinska\/?s={search_term_string}\"},\"query-input\":{\"@type\":\"PropertyValueSpecification\",\"valueRequired\":true,\"valueName\":\"search_term_string\"}}],\"inLanguage\":\"sv-SE\"},{\"@type\":\"Organization\",\"@id\":\"https:\/\/sites.uef.fi\/100sverigefinska\/#organization\",\"name\":\"Hundra sverigefinska och tornedalska spr\u00e5kliga livsber\u00e4ttelser\",\"url\":\"https:\/\/sites.uef.fi\/100sverigefinska\/\",\"logo\":{\"@type\":\"ImageObject\",\"inLanguage\":\"sv-SE\",\"@id\":\"https:\/\/sites.uef.fi\/100sverigefinska\/#\/schema\/logo\/image\/\",\"url\":\"https:\/\/sites.uef.fi\/100sverigefinska\/wp-content\/uploads\/sites\/400\/2022\/12\/cropped-UEF_wordpress_white.png\",\"contentUrl\":\"https:\/\/sites.uef.fi\/100sverigefinska\/wp-content\/uploads\/sites\/400\/2022\/12\/cropped-UEF_wordpress_white.png\",\"width\":250,\"height\":250,\"caption\":\"Hundra sverigefinska och tornedalska spr\u00e5kliga livsber\u00e4ttelser\"},\"image\":{\"@id\":\"https:\/\/sites.uef.fi\/100sverigefinska\/#\/schema\/logo\/image\/\"}}]}<\/script>\n<!-- \/ Yoast SEO plugin. -->","yoast_head_json":{"title":"Material - Hundra sverigefinska och tornedalska spr\u00e5kliga livsber\u00e4ttelser","robots":{"index":"index","follow":"follow","max-snippet":"max-snippet:-1","max-image-preview":"max-image-preview:large","max-video-preview":"max-video-preview:-1"},"canonical":"https:\/\/sites.uef.fi\/100sverigefinska\/material\/","og_locale":"sv_SE","og_type":"article","og_title":"Material - Hundra sverigefinska och tornedalska spr\u00e5kliga livsber\u00e4ttelser","og_description":"Data I projektet intervjuas och spelas in hundra finskspr\u00e5kiga, me\u00e4nkielitalande, finlandssvenska och flerspr\u00e5kiga personer i Sverige. De intervjuade \u00e4r 11\u201386-\u00e5riga personer med olika bekgrund. De representerar olika sverigefinska, tornedalska och finlandssvenska varieteter och dialekter. I urvalet av representanterna har den geografiska och spr\u00e5kliga variationen beaktats. Intervjufr\u00e5gorna r\u00f6r teman som familjens spr\u00e5kbakgrund, boendehistoria och spr\u00e5kliga erfarenheter [&hellip;]","og_url":"https:\/\/sites.uef.fi\/100sverigefinska\/material\/","og_site_name":"Hundra sverigefinska och tornedalska spr\u00e5kliga livsber\u00e4ttelser","article_modified_time":"2023-01-17T13:38:30+00:00","og_image":[{"url":"https:\/\/sites.uef.fi\/100sverigefinska\/wp-content\/uploads\/sites\/400\/2022\/12\/Eeva-husvagn2_M8Q2507-2000px-1024x755.jpg","type":"","width":"","height":""}],"twitter_card":"summary_large_image","twitter_misc":{"Ber\u00e4knad l\u00e4stid":"1 minut"},"schema":{"@context":"https:\/\/schema.org","@graph":[{"@type":"WebPage","@id":"https:\/\/sites.uef.fi\/100sverigefinska\/material\/","url":"https:\/\/sites.uef.fi\/100sverigefinska\/material\/","name":"Material - Hundra sverigefinska och tornedalska spr\u00e5kliga livsber\u00e4ttelser","isPartOf":{"@id":"https:\/\/sites.uef.fi\/100sverigefinska\/#website"},"primaryImageOfPage":{"@id":"https:\/\/sites.uef.fi\/100sverigefinska\/material\/#primaryimage"},"image":{"@id":"https:\/\/sites.uef.fi\/100sverigefinska\/material\/#primaryimage"},"thumbnailUrl":"https:\/\/sites.uef.fi\/100sverigefinska\/wp-content\/uploads\/sites\/400\/2022\/12\/Eeva-husvagn2_M8Q2507-2000px-1024x755.jpg","datePublished":"2022-12-14T14:04:56+00:00","dateModified":"2023-01-17T13:38:30+00:00","breadcrumb":{"@id":"https:\/\/sites.uef.fi\/100sverigefinska\/material\/#breadcrumb"},"inLanguage":"sv-SE","potentialAction":[{"@type":"ReadAction","target":["https:\/\/sites.uef.fi\/100sverigefinska\/material\/"]}]},{"@type":"ImageObject","inLanguage":"sv-SE","@id":"https:\/\/sites.uef.fi\/100sverigefinska\/material\/#primaryimage","url":"https:\/\/sites.uef.fi\/100sverigefinska\/wp-content\/uploads\/sites\/400\/2022\/12\/Eeva-husvagn2_M8Q2507-2000px.jpg","contentUrl":"https:\/\/sites.uef.fi\/100sverigefinska\/wp-content\/uploads\/sites\/400\/2022\/12\/Eeva-husvagn2_M8Q2507-2000px.jpg","width":2000,"height":1475},{"@type":"BreadcrumbList","@id":"https:\/\/sites.uef.fi\/100sverigefinska\/material\/#breadcrumb","itemListElement":[{"@type":"ListItem","position":1,"name":"Home","item":"https:\/\/sites.uef.fi\/100sverigefinska\/"},{"@type":"ListItem","position":2,"name":"Material"}]},{"@type":"WebSite","@id":"https:\/\/sites.uef.fi\/100sverigefinska\/#website","url":"https:\/\/sites.uef.fi\/100sverigefinska\/","name":"Hundra sverigefinska och tornedalska spr\u00e5kliga livsber\u00e4ttelser","description":"","publisher":{"@id":"https:\/\/sites.uef.fi\/100sverigefinska\/#organization"},"potentialAction":[{"@type":"SearchAction","target":{"@type":"EntryPoint","urlTemplate":"https:\/\/sites.uef.fi\/100sverigefinska\/?s={search_term_string}"},"query-input":{"@type":"PropertyValueSpecification","valueRequired":true,"valueName":"search_term_string"}}],"inLanguage":"sv-SE"},{"@type":"Organization","@id":"https:\/\/sites.uef.fi\/100sverigefinska\/#organization","name":"Hundra sverigefinska och tornedalska spr\u00e5kliga livsber\u00e4ttelser","url":"https:\/\/sites.uef.fi\/100sverigefinska\/","logo":{"@type":"ImageObject","inLanguage":"sv-SE","@id":"https:\/\/sites.uef.fi\/100sverigefinska\/#\/schema\/logo\/image\/","url":"https:\/\/sites.uef.fi\/100sverigefinska\/wp-content\/uploads\/sites\/400\/2022\/12\/cropped-UEF_wordpress_white.png","contentUrl":"https:\/\/sites.uef.fi\/100sverigefinska\/wp-content\/uploads\/sites\/400\/2022\/12\/cropped-UEF_wordpress_white.png","width":250,"height":250,"caption":"Hundra sverigefinska och tornedalska spr\u00e5kliga livsber\u00e4ttelser"},"image":{"@id":"https:\/\/sites.uef.fi\/100sverigefinska\/#\/schema\/logo\/image\/"}}]}},"_links":{"self":[{"href":"https:\/\/sites.uef.fi\/100sverigefinska\/wp-json\/wp\/v2\/pages\/65","targetHints":{"allow":["GET"]}}],"collection":[{"href":"https:\/\/sites.uef.fi\/100sverigefinska\/wp-json\/wp\/v2\/pages"}],"about":[{"href":"https:\/\/sites.uef.fi\/100sverigefinska\/wp-json\/wp\/v2\/types\/page"}],"author":[{"embeddable":true,"href":"https:\/\/sites.uef.fi\/100sverigefinska\/wp-json\/wp\/v2\/users\/870"}],"replies":[{"embeddable":true,"href":"https:\/\/sites.uef.fi\/100sverigefinska\/wp-json\/wp\/v2\/comments?post=65"}],"version-history":[{"count":1,"href":"https:\/\/sites.uef.fi\/100sverigefinska\/wp-json\/wp\/v2\/pages\/65\/revisions"}],"predecessor-version":[{"id":344,"href":"https:\/\/sites.uef.fi\/100sverigefinska\/wp-json\/wp\/v2\/pages\/65\/revisions\/344"}],"wp:attachment":[{"href":"https:\/\/sites.uef.fi\/100sverigefinska\/wp-json\/wp\/v2\/media?parent=65"}],"curies":[{"name":"wp","href":"https:\/\/api.w.org\/{rel}","templated":true}]}}