{"id":113,"date":"2025-02-24T16:22:42","date_gmt":"2025-02-24T14:22:42","guid":{"rendered":"https:\/\/sites.uef.fi\/afinla2025\/?page_id=113"},"modified":"2025-11-05T09:39:10","modified_gmt":"2025-11-05T07:39:10","slug":"ohjelma","status":"publish","type":"page","link":"https:\/\/sites.uef.fi\/afinla2025\/ohjelma\/","title":{"rendered":"Ohjelma"},"content":{"rendered":"\n<p>AFinLAn syyssymposium 2025&nbsp;&nbsp;<\/p>\n\n\n\n<p>L\u00f6yd\u00e4t koko ohjelman alla olevasta liitetiedostosta:<\/p>\n\n\n\n<p><a href=\"https:\/\/sites.uef.fi\/afinla2025\/wp-content\/uploads\/sites\/547\/2025\/11\/AFinLA-2025_ohjelma_05112025.pdf\">AFinLA syyssymposiumin ohjelma 2025.pdf<\/a> (5.11.2025)<\/p>\n\n\n\n<p><a href=\"https:\/\/sites.uef.fi\/afinla2025\/wp-content\/uploads\/sites\/547\/2025\/11\/AFinLA-2025-abstraktikirja.pdf\">Abstraktit.pdf<\/a><\/p>\n\n\n\n<p>*<\/p>\n\n\n\n<p><strong>Torstai 6.11.<\/strong>&nbsp;<\/p>\n\n\n\n<p>12 &#8211; Rekister\u00f6ityminen alkaa (Metria)&nbsp;&nbsp;<\/p>\n\n\n\n<p>13\u201314.30 Rinnakkaissektioita&nbsp;<\/p>\n\n\n\n<p>14.30\u201315 Kahvit&nbsp;<\/p>\n\n\n\n<p>15\u201316.30 Ty\u00f6paja ja rinnakkaissektioita&nbsp;<\/p>\n\n\n\n<p>Ty\u00f6paja: Puheen ja puheentutkimuksen teemaverkosto (14.45-16.45)&nbsp;<\/p>\n\n\n\n<p>16.45\u201318 Symposiumin avaus ja plenaariesitelm\u00e4. Professori Elizabeth Peterson: &#8221;The Devitalization of English in the Nordic Countries&#8221;&nbsp;<\/p>\n\n\n\n<p>18.15 Tervetuliaismaljat Metrialla&nbsp;&nbsp;<\/p>\n\n\n\n<p><strong>Perjantai 7.11.<\/strong>&nbsp;<\/p>\n\n\n\n<p>8.00- Rekister\u00f6ityminen jatkuu&nbsp;<\/p>\n\n\n\n<p>8.20-9 Teemaverkostojen tapaaminen&nbsp;<\/p>\n\n\n\n<p>9\u201310 Plenaariesitelm\u00e4. Tohtori Annekatrin Kaivapalu: \u201dYmm\u00e4rt\u00e4misest\u00e4 pitkin ja poikin\u201d&nbsp;<\/p>\n\n\n\n<p>10\u201310.30 Kahvia ja postereita&nbsp;<\/p>\n\n\n\n<p>10.30\u201311.30 Rinnakkaissektioita&nbsp;<\/p>\n\n\n\n<p>11.30\u201312.30 Lounastauko&nbsp;<\/p>\n\n\n\n<p>12.30\u201314 Ty\u00f6pajoja ja rinnakkaissektioita&nbsp;<\/p>\n\n\n\n<p>Ty\u00f6pajat:&nbsp;&nbsp;<\/p>\n\n\n\n<p>Kielen kompleksisuus ja yksinkertaisuus (150 min); Pagizemmo karjalakse: karjalan kielen opetus, tutkimus ja elvytys 2020-luvun Suomessa (180 min); Kielik\u00e4yt\u00e4nteisiin liittyv\u00e4 moninaisuus ty\u00f6el\u00e4m\u00e4ss\u00e4 (180 min); Kieli-ideologiat variaationtutkimuksen kehyksess\u00e4 (180 min)&nbsp;<\/p>\n\n\n\n<p>14\u201314.30 Kahvia ja postereita&nbsp;<\/p>\n\n\n\n<p>14.30\u201316 Ty\u00f6pajojen jatko ja rinnakkaissektioita&nbsp;<\/p>\n\n\n\n<p>16.15\u201317.15 Plenaariesitelm\u00e4. Professori Bogl\u00e1rka Straszer: \u201dOpetus- ja oppimisresurssit Ruotsin peruskoulutuksen suomen \u00e4idinkielen opetuksessa\u201d&nbsp;<\/p>\n\n\n\n<p>17.15\u201318 AFinLAn yleiskokous&nbsp;<\/p>\n\n\n\n<p>19 Konferenssip\u00e4iv\u00e4llinen Teatteriravintola Elieliss\u00e4&nbsp;<\/p>\n\n\n\n<p><strong>Lauantai 8.11.<\/strong>&nbsp;<\/p>\n\n\n\n<p>9\u201310.30 Ty\u00f6pajoja ja rinnakkaissektioita&nbsp;<\/p>\n\n\n\n<p>Ty\u00f6pajat: Digital Discourse and Interaction (90 min); Language, management and social sustainability: Variation in the reception and integration of Ukrainians (90 min)&nbsp;<\/p>\n\n\n\n<p>10.30\u201311 Kahvit&nbsp;<\/p>\n\n\n\n<p>11\u201312 Rinnakkaissektioita&nbsp;<\/p>\n\n\n\n<p>12\u201313 Lounastauko&nbsp;<\/p>\n\n\n\n<p>13\u201314 Rinnakkaissektioita&nbsp;<\/p>\n\n\n\n<p>14\u201314.30 P\u00e4\u00e4t\u00f6ssanat ja syyssymposiumin 2026 esittely&nbsp;<\/p>\n\n\n\n<p><\/p>\n","protected":false},"excerpt":{"rendered":"<p>AFinLAn syyssymposium 2025&nbsp;&nbsp; L\u00f6yd\u00e4t koko ohjelman alla olevasta liitetiedostosta: AFinLA syyssymposiumin ohjelma 2025.pdf (5.11.2025) Abstraktit.pdf * Torstai 6.11.&nbsp; 12 &#8211; Rekister\u00f6ityminen alkaa (Metria)&nbsp;&nbsp; 13\u201314.30 Rinnakkaissektioita&nbsp; 14.30\u201315 Kahvit&nbsp; 15\u201316.30 Ty\u00f6paja ja rinnakkaissektioita&nbsp; Ty\u00f6paja: Puheen ja puheentutkimuksen teemaverkosto (14.45-16.45)&nbsp; 16.45\u201318 Symposiumin avaus ja plenaariesitelm\u00e4. Professori Elizabeth Peterson: &#8221;The Devitalization of English in the Nordic Countries&#8221;&nbsp; 18.15 Tervetuliaismaljat [&hellip;]<\/p>\n","protected":false},"author":284,"featured_media":0,"parent":0,"menu_order":0,"comment_status":"closed","ping_status":"closed","template":"","meta":{"_acf_changed":false,"footnotes":""},"class_list":["post-113","page","type-page","status-publish","hentry"],"acf":[],"yoast_head":"<!-- This site is optimized with the Yoast SEO plugin v27.1.1 - https:\/\/yoast.com\/product\/yoast-seo-wordpress\/ -->\n<title>Ohjelma - AFinLAn syyssymposium 2025<\/title>\n<meta name=\"robots\" content=\"index, follow, max-snippet:-1, max-image-preview:large, max-video-preview:-1\" \/>\n<link rel=\"canonical\" href=\"https:\/\/sites.uef.fi\/afinla2025\/ohjelma\/\" \/>\n<meta property=\"og:locale\" content=\"fi_FI\" \/>\n<meta property=\"og:type\" content=\"article\" \/>\n<meta property=\"og:title\" content=\"Ohjelma - AFinLAn syyssymposium 2025\" \/>\n<meta property=\"og:description\" content=\"AFinLAn syyssymposium 2025&nbsp;&nbsp; L\u00f6yd\u00e4t koko ohjelman alla olevasta liitetiedostosta: AFinLA syyssymposiumin ohjelma 2025.pdf (5.11.2025) Abstraktit.pdf * Torstai 6.11.&nbsp; 12 &#8211; Rekister\u00f6ityminen alkaa (Metria)&nbsp;&nbsp; 13\u201314.30 Rinnakkaissektioita&nbsp; 14.30\u201315 Kahvit&nbsp; 15\u201316.30 Ty\u00f6paja ja rinnakkaissektioita&nbsp; Ty\u00f6paja: Puheen ja puheentutkimuksen teemaverkosto (14.45-16.45)&nbsp; 16.45\u201318 Symposiumin avaus ja plenaariesitelm\u00e4. Professori Elizabeth Peterson: &#8221;The Devitalization of English in the Nordic Countries&#8221;&nbsp; 18.15 Tervetuliaismaljat [&hellip;]\" \/>\n<meta property=\"og:url\" content=\"https:\/\/sites.uef.fi\/afinla2025\/ohjelma\/\" \/>\n<meta property=\"og:site_name\" content=\"AFinLAn syyssymposium 2025\" \/>\n<meta property=\"article:modified_time\" content=\"2025-11-05T07:39:10+00:00\" \/>\n<meta name=\"twitter:card\" content=\"summary_large_image\" \/>\n<meta name=\"twitter:label1\" content=\"Arvioitu lukuaika\" \/>\n\t<meta name=\"twitter:data1\" content=\"2 minuuttia\" \/>\n<script type=\"application\/ld+json\" class=\"yoast-schema-graph\">{\"@context\":\"https:\/\/schema.org\",\"@graph\":[{\"@type\":\"WebPage\",\"@id\":\"https:\/\/sites.uef.fi\/afinla2025\/ohjelma\/\",\"url\":\"https:\/\/sites.uef.fi\/afinla2025\/ohjelma\/\",\"name\":\"Ohjelma - AFinLAn syyssymposium 2025\",\"isPartOf\":{\"@id\":\"https:\/\/sites.uef.fi\/afinla2025\/#website\"},\"datePublished\":\"2025-02-24T14:22:42+00:00\",\"dateModified\":\"2025-11-05T07:39:10+00:00\",\"breadcrumb\":{\"@id\":\"https:\/\/sites.uef.fi\/afinla2025\/ohjelma\/#breadcrumb\"},\"inLanguage\":\"fi\",\"potentialAction\":[{\"@type\":\"ReadAction\",\"target\":[\"https:\/\/sites.uef.fi\/afinla2025\/ohjelma\/\"]}]},{\"@type\":\"BreadcrumbList\",\"@id\":\"https:\/\/sites.uef.fi\/afinla2025\/ohjelma\/#breadcrumb\",\"itemListElement\":[{\"@type\":\"ListItem\",\"position\":1,\"name\":\"Home\",\"item\":\"https:\/\/sites.uef.fi\/afinla2025\/\"},{\"@type\":\"ListItem\",\"position\":2,\"name\":\"Ohjelma\"}]},{\"@type\":\"WebSite\",\"@id\":\"https:\/\/sites.uef.fi\/afinla2025\/#website\",\"url\":\"https:\/\/sites.uef.fi\/afinla2025\/\",\"name\":\"AFinLAn syyssymposium 2025\",\"description\":\"\",\"potentialAction\":[{\"@type\":\"SearchAction\",\"target\":{\"@type\":\"EntryPoint\",\"urlTemplate\":\"https:\/\/sites.uef.fi\/afinla2025\/?s={search_term_string}\"},\"query-input\":{\"@type\":\"PropertyValueSpecification\",\"valueRequired\":true,\"valueName\":\"search_term_string\"}}],\"inLanguage\":\"fi\"}]}<\/script>\n<!-- \/ Yoast SEO plugin. -->","yoast_head_json":{"title":"Ohjelma - AFinLAn syyssymposium 2025","robots":{"index":"index","follow":"follow","max-snippet":"max-snippet:-1","max-image-preview":"max-image-preview:large","max-video-preview":"max-video-preview:-1"},"canonical":"https:\/\/sites.uef.fi\/afinla2025\/ohjelma\/","og_locale":"fi_FI","og_type":"article","og_title":"Ohjelma - AFinLAn syyssymposium 2025","og_description":"AFinLAn syyssymposium 2025&nbsp;&nbsp; L\u00f6yd\u00e4t koko ohjelman alla olevasta liitetiedostosta: AFinLA syyssymposiumin ohjelma 2025.pdf (5.11.2025) Abstraktit.pdf * Torstai 6.11.&nbsp; 12 &#8211; Rekister\u00f6ityminen alkaa (Metria)&nbsp;&nbsp; 13\u201314.30 Rinnakkaissektioita&nbsp; 14.30\u201315 Kahvit&nbsp; 15\u201316.30 Ty\u00f6paja ja rinnakkaissektioita&nbsp; Ty\u00f6paja: Puheen ja puheentutkimuksen teemaverkosto (14.45-16.45)&nbsp; 16.45\u201318 Symposiumin avaus ja plenaariesitelm\u00e4. Professori Elizabeth Peterson: &#8221;The Devitalization of English in the Nordic Countries&#8221;&nbsp; 18.15 Tervetuliaismaljat [&hellip;]","og_url":"https:\/\/sites.uef.fi\/afinla2025\/ohjelma\/","og_site_name":"AFinLAn syyssymposium 2025","article_modified_time":"2025-11-05T07:39:10+00:00","twitter_card":"summary_large_image","twitter_misc":{"Arvioitu lukuaika":"2 minuuttia"},"schema":{"@context":"https:\/\/schema.org","@graph":[{"@type":"WebPage","@id":"https:\/\/sites.uef.fi\/afinla2025\/ohjelma\/","url":"https:\/\/sites.uef.fi\/afinla2025\/ohjelma\/","name":"Ohjelma - AFinLAn syyssymposium 2025","isPartOf":{"@id":"https:\/\/sites.uef.fi\/afinla2025\/#website"},"datePublished":"2025-02-24T14:22:42+00:00","dateModified":"2025-11-05T07:39:10+00:00","breadcrumb":{"@id":"https:\/\/sites.uef.fi\/afinla2025\/ohjelma\/#breadcrumb"},"inLanguage":"fi","potentialAction":[{"@type":"ReadAction","target":["https:\/\/sites.uef.fi\/afinla2025\/ohjelma\/"]}]},{"@type":"BreadcrumbList","@id":"https:\/\/sites.uef.fi\/afinla2025\/ohjelma\/#breadcrumb","itemListElement":[{"@type":"ListItem","position":1,"name":"Home","item":"https:\/\/sites.uef.fi\/afinla2025\/"},{"@type":"ListItem","position":2,"name":"Ohjelma"}]},{"@type":"WebSite","@id":"https:\/\/sites.uef.fi\/afinla2025\/#website","url":"https:\/\/sites.uef.fi\/afinla2025\/","name":"AFinLAn syyssymposium 2025","description":"","potentialAction":[{"@type":"SearchAction","target":{"@type":"EntryPoint","urlTemplate":"https:\/\/sites.uef.fi\/afinla2025\/?s={search_term_string}"},"query-input":{"@type":"PropertyValueSpecification","valueRequired":true,"valueName":"search_term_string"}}],"inLanguage":"fi"}]}},"_links":{"self":[{"href":"https:\/\/sites.uef.fi\/afinla2025\/wp-json\/wp\/v2\/pages\/113","targetHints":{"allow":["GET"]}}],"collection":[{"href":"https:\/\/sites.uef.fi\/afinla2025\/wp-json\/wp\/v2\/pages"}],"about":[{"href":"https:\/\/sites.uef.fi\/afinla2025\/wp-json\/wp\/v2\/types\/page"}],"author":[{"embeddable":true,"href":"https:\/\/sites.uef.fi\/afinla2025\/wp-json\/wp\/v2\/users\/284"}],"replies":[{"embeddable":true,"href":"https:\/\/sites.uef.fi\/afinla2025\/wp-json\/wp\/v2\/comments?post=113"}],"version-history":[{"count":1,"href":"https:\/\/sites.uef.fi\/afinla2025\/wp-json\/wp\/v2\/pages\/113\/revisions"}],"predecessor-version":[{"id":702,"href":"https:\/\/sites.uef.fi\/afinla2025\/wp-json\/wp\/v2\/pages\/113\/revisions\/702"}],"wp:attachment":[{"href":"https:\/\/sites.uef.fi\/afinla2025\/wp-json\/wp\/v2\/media?parent=113"}],"curies":[{"name":"wp","href":"https:\/\/api.w.org\/{rel}","templated":true}]}}