{"id":260,"date":"2025-02-24T16:21:31","date_gmt":"2025-02-24T14:21:31","guid":{"rendered":"https:\/\/sites.uef.fi\/afinla2025\/?page_id=260"},"modified":"2025-11-05T10:14:35","modified_gmt":"2025-11-05T08:14:35","slug":"tulgua-terveh-jovensuuh","status":"publish","type":"page","link":"https:\/\/sites.uef.fi\/afinla2025\/tulgua-terveh-jovensuuh\/?lang=olo","title":{"rendered":"Tulgua terveh Jovensuuh"},"content":{"rendered":"\n<h2 class=\"wp-block-heading\">AFinLAn syvyssimpouzium 2025 \u2013 V\u00e4gie variaciesp\u00e4i<\/h2>\n\n\n\n<p>Tulgua terveh Suomen sobivuttajan kielitiijon yhtistyksen AFinLAn jogavuodehizeh syvyssimpouziumah Jovensuuh 6.\u20138.11.2025. Sympouziuman tiemannu on <strong>\u201dVoimaa variaatiosta \u2013 Strength in variation \u2013 Variationens kraft \u2013 V\u00e4gie variaciesp\u00e4i\u201d<\/strong>. Tarkoituksennu on pidi\u00e4 n\u00e4g\u00f6vis kielellisty monina\u017euttu da variaciedu sego pai\u010di muudu niil\u00f6in eduloi da hy\u00f6dyl\u00f6i kielen opastandas da kielikazvatukses, ruadoelokses da kogo yhtehiskunnas. Kiinnit\u00e4mm\u00f6 huomavuo se\u017eo v\u00e4hembist\u00f6kielih, niil\u00f6in azemah, n\u00e4gyvy\u00f6h da eloivoima\u017euoh sego variacien merki\u010dykseh ki\u00e4nn\u00f6stiijos da ki\u00e4nd\u00e4j\u00e4nopastukses. Vuotammo pai\u010di muudu n\u00e4mmih tiemoih liittyjii ezitelmii da ruadopajaehoituksii:    <\/p>\n\n\n\n<ul class=\"wp-block-list\">\n<li>Kielelline variacii kielien opastandas da kielikazvatukses<\/li>\n\n\n\n<li>Monikieli\u017eys da kielelline variacii ruadoelokses<\/li>\n\n\n\n<li>Monikieli\u017eys, variacii da hyvinvoindu<\/li>\n\n\n\n<li>Kielelline variacii, v\u00e4hembist\u00f6kielet da kielien elvytys<\/li>\n\n\n\n<li>Variaatio ja reseptiivinen monikielisyys<\/li>\n\n\n\n<li>Variacii, ki\u00e4nd\u00e4mine da ki\u00e4nd\u00e4j\u00e4nopastus<\/li>\n<\/ul>\n\n\n\n<p>Otammo vastah se\u017eo kaikki toizii sobivuttajan kielitiijon oza-alovehii ka\u010d\u010delijat ezitelm\u00e4t.<\/p>\n\n\n\n<h3 class=\"wp-block-heading\">Tapahtumupaikku<\/h3>\n\n\n\n<p>Simpouzium piet\u00e4h P\u00e4iv\u00e4nnouzu-Suomen yliopiston Jovensuun kampuksel Metria-talois, kudai on on keskel kampusalovehtu 10 minuutan k\u00e4velymatkan pi\u00e4s Jovensuun keskilinnas sego ihan autoubussuazetuskohtien vieres. Tieduo kampusaloveheh da suabumizeh ni\u0161koi (julgizen liikendehen aigulistat, ma\u0161inan azetundumaksut da m.i.) l\u00f6vv\u00e4t t\u00e4l sivustol: <a href=\"https:\/\/www.uef.fi\/fi\/joensuun-kampus\">https:\/\/www.uef.fi\/fi\/joensuun-kampus<\/a>.<\/p>\n\n\n\n<h3 class=\"wp-block-heading\">Hotelit<\/h3>\n\n\n\n<p>Hoteliloin da eri\u010dystari\u010duksien tiijot l\u00f6vv\u00e4t alahan olijas liitehtiijostos (suomekse da angliekse):<\/p>\n\n\n\n<p><a href=\"https:\/\/sites.uef.fi\/afinla2025\/wp-content\/uploads\/sites\/547\/2025\/10\/AFinLA-2025-hotellit.pdf\">AFinLA 2025 hotellit.pdf<\/a><\/p>\n\n\n\n<h3 class=\"wp-block-heading\">Programmu<\/h3>\n\n\n\n<p>Simpouziuman programmu l\u00f6ydyy <a href=\"https:\/\/sites.uef.fi\/afinla2025\/programmu-2\/?lang=olo\">ti\u00e4<\/a>.<\/p>\n\n\n\n<p>Simpouzium algavuu 6. kylmykuudu 12 aigua da loppehes suovattan 8. kylmykuudu 15 mennes.<\/p>\n\n\n\n<h3 class=\"wp-block-heading\">Abstraktukniigu<\/h3>\n\n\n\n<p>Abstraktukniigu jullatah my\u00f6hemb\u00e4 Programmu-sivul.<\/p>\n\n\n\n<h3 class=\"wp-block-heading\">Ezitelm\u00e4t<\/h3>\n\n\n\n<h4 class=\"wp-block-heading\">Suullizet ezitelm\u00e4t<\/h4>\n\n\n\n<p>Yliopiston zualois on tavanomaine tiedokoneh- da dataprojektoruvarustus. Ezityszualoin konehis on k\u00e4yt\u00f6s Office 365, k\u00e4yt\u00e4th\u00e4i parembi Powerpoint-ezitysty. Gu ezitykseh kuuluu video- libo i\u00e4nitiijosto, kuhkutammo niil\u00f6in upottamistu Powerpoint-ezitykseh.  <\/p>\n\n\n\n<p>Kyzymm\u00f6 ezitelm\u00e4npid\u00e4ji\u00e4 tuomah oman ezitelm\u00e4n dia- libo muun ainehiston mustotikul enne oman sessien algamistu. Nenga varmistammo, gu ezitelmien v\u00e4lizet siirrot menn\u00e4h hyvin da v\u00e4lt\u00e4mm\u00f6 tehniellizii probliemoi. <\/p>\n\n\n\n<h4 class=\"wp-block-heading\">Tiemattizet ruadopajat<\/h4>\n\n\n\n<p>Tiemattizien ruadopajoin j\u00e4rjestelyl\u00f6is vastatah ruadopajoin pid\u00e4j\u00e4t. K\u00e4yt\u00f6s ollah samat laittehet gu sekciiezitelmis. <\/p>\n\n\n\n<h4 class=\"wp-block-heading\">Posteruezitelm\u00e4t<\/h4>\n\n\n\n<p>Posterusessii piet\u00e4h Metrian foijees. Kehoitammo, gu posteru on printattu pystyi da on A0-suuruine. Toivommo, gu luadijat seizotah posteroin vieres posterusessien aigua da ezitell\u00e4h omua ruaduo.<\/p>\n\n\n\n<h3 class=\"wp-block-heading\">Langatoi verko<\/h3>\n\n\n\n<p>K\u00e4yt\u00e4 Eduroam-verkuo libo kyzy simpouziuman infos p\u00e4ivykohtaine k\u00e4ytt\u00e4itunnus da salasana.<\/p>\n\n\n\n<h3 class=\"wp-block-heading\">Koufiet da sy\u00f6mizet<\/h3>\n\n\n\n<p>Simpouziuman ozanotandumaksuh kuulutah koufeit\/\u010duajut. Ilmoitath\u00e4i eduk\u00e4deh, ollou sinul mid\u00e4 sy\u00f6misrajoitustu.<\/p>\n\n\n\n<h3 class=\"wp-block-heading\">Ozanotandutovestus<\/h3>\n\n\n\n<p>Gu tahtonet suaja simpouziuman j\u00e4rjest\u00e4jilp\u00e4i kirjallizen ozanotandutovestuksen, ota yhtevytty j\u00e4rjestelytoimikundah eduk\u00e4deh.<\/p>\n","protected":false},"excerpt":{"rendered":"<p>AFinLAn syvyssimpouzium 2025 \u2013 V\u00e4gie variaciesp\u00e4i Tulgua terveh Suomen sobivuttajan kielitiijon yhtistyksen AFinLAn jogavuodehizeh syvyssimpouziumah Jovensuuh 6.\u20138.11.2025. Sympouziuman tiemannu on \u201dVoimaa variaatiosta \u2013 Strength in variation \u2013 Variationens kraft \u2013 V\u00e4gie variaciesp\u00e4i\u201d. Tarkoituksennu on pidi\u00e4 n\u00e4g\u00f6vis kielellisty monina\u017euttu da variaciedu sego pai\u010di muudu niil\u00f6in eduloi da hy\u00f6dyl\u00f6i kielen opastandas da kielikazvatukses, ruadoelokses da kogo yhtehiskunnas. [&hellip;]<\/p>\n","protected":false},"author":284,"featured_media":0,"parent":0,"menu_order":0,"comment_status":"closed","ping_status":"closed","template":"","meta":{"_acf_changed":false,"footnotes":""},"class_list":["post-260","page","type-page","status-publish","hentry"],"acf":[],"yoast_head":"<!-- This site is optimized with the Yoast SEO plugin v27.3 - https:\/\/yoast.com\/product\/yoast-seo-wordpress\/ -->\n<title>Tulgua terveh Jovensuuh - AFinLAn syyssymposium 2025<\/title>\n<meta name=\"robots\" content=\"index, follow, max-snippet:-1, max-image-preview:large, max-video-preview:-1\" \/>\n<link rel=\"canonical\" href=\"https:\/\/sites.uef.fi\/afinla2025\/tulgua-terveh-jovensuuh\/\" \/>\n<meta property=\"og:locale\" content=\"fi_FI\" \/>\n<meta property=\"og:type\" content=\"article\" \/>\n<meta property=\"og:title\" content=\"Tulgua terveh Jovensuuh - AFinLAn syyssymposium 2025\" \/>\n<meta property=\"og:description\" content=\"AFinLAn syvyssimpouzium 2025 \u2013 V\u00e4gie variaciesp\u00e4i Tulgua terveh Suomen sobivuttajan kielitiijon yhtistyksen AFinLAn jogavuodehizeh syvyssimpouziumah Jovensuuh 6.\u20138.11.2025. Sympouziuman tiemannu on \u201dVoimaa variaatiosta \u2013 Strength in variation \u2013 Variationens kraft \u2013 V\u00e4gie variaciesp\u00e4i\u201d. Tarkoituksennu on pidi\u00e4 n\u00e4g\u00f6vis kielellisty monina\u017euttu da variaciedu sego pai\u010di muudu niil\u00f6in eduloi da hy\u00f6dyl\u00f6i kielen opastandas da kielikazvatukses, ruadoelokses da kogo yhtehiskunnas. [&hellip;]\" \/>\n<meta property=\"og:url\" content=\"https:\/\/sites.uef.fi\/afinla2025\/tulgua-terveh-jovensuuh\/?lang=olo\" \/>\n<meta property=\"og:site_name\" content=\"AFinLAn syyssymposium 2025\" \/>\n<meta property=\"article:modified_time\" content=\"2025-11-05T08:14:35+00:00\" \/>\n<meta name=\"twitter:card\" content=\"summary_large_image\" \/>\n<script type=\"application\/ld+json\" class=\"yoast-schema-graph\">{\"@context\":\"https:\\\/\\\/schema.org\",\"@graph\":[{\"@type\":\"WebPage\",\"@id\":\"https:\\\/\\\/sites.uef.fi\\\/afinla2025\\\/tulgua-terveh-jovensuuh\\\/?lang=olo\",\"url\":\"https:\\\/\\\/sites.uef.fi\\\/afinla2025\\\/tulgua-terveh-jovensuuh\\\/?lang=olo\",\"name\":\"Tulgua terveh Jovensuuh - AFinLAn syyssymposium 2025\",\"isPartOf\":{\"@id\":\"https:\\\/\\\/sites.uef.fi\\\/afinla2025\\\/#website\"},\"datePublished\":\"2025-02-24T14:21:31+00:00\",\"dateModified\":\"2025-11-05T08:14:35+00:00\",\"breadcrumb\":{\"@id\":\"https:\\\/\\\/sites.uef.fi\\\/afinla2025\\\/tulgua-terveh-jovensuuh\\\/?lang=olo#breadcrumb\"},\"inLanguage\":\"fi\",\"potentialAction\":[{\"@type\":\"ReadAction\",\"target\":[\"https:\\\/\\\/sites.uef.fi\\\/afinla2025\\\/tulgua-terveh-jovensuuh\\\/?lang=olo\"]}]},{\"@type\":\"BreadcrumbList\",\"@id\":\"https:\\\/\\\/sites.uef.fi\\\/afinla2025\\\/tulgua-terveh-jovensuuh\\\/?lang=olo#breadcrumb\",\"itemListElement\":[{\"@type\":\"ListItem\",\"position\":1,\"name\":\"Home\",\"item\":\"https:\\\/\\\/sites.uef.fi\\\/afinla2025\\\/\"},{\"@type\":\"ListItem\",\"position\":2,\"name\":\"Tulgua terveh Jovensuuh\"}]},{\"@type\":\"WebSite\",\"@id\":\"https:\\\/\\\/sites.uef.fi\\\/afinla2025\\\/#website\",\"url\":\"https:\\\/\\\/sites.uef.fi\\\/afinla2025\\\/\",\"name\":\"AFinLAn syyssymposium 2025\",\"description\":\"\",\"potentialAction\":[{\"@type\":\"SearchAction\",\"target\":{\"@type\":\"EntryPoint\",\"urlTemplate\":\"https:\\\/\\\/sites.uef.fi\\\/afinla2025\\\/?s={search_term_string}\"},\"query-input\":{\"@type\":\"PropertyValueSpecification\",\"valueRequired\":true,\"valueName\":\"search_term_string\"}}],\"inLanguage\":\"fi\"}]}<\/script>\n<!-- \/ Yoast SEO plugin. -->","yoast_head_json":{"title":"Tulgua terveh Jovensuuh - AFinLAn syyssymposium 2025","robots":{"index":"index","follow":"follow","max-snippet":"max-snippet:-1","max-image-preview":"max-image-preview:large","max-video-preview":"max-video-preview:-1"},"canonical":"https:\/\/sites.uef.fi\/afinla2025\/tulgua-terveh-jovensuuh\/","og_locale":"fi_FI","og_type":"article","og_title":"Tulgua terveh Jovensuuh - AFinLAn syyssymposium 2025","og_description":"AFinLAn syvyssimpouzium 2025 \u2013 V\u00e4gie variaciesp\u00e4i Tulgua terveh Suomen sobivuttajan kielitiijon yhtistyksen AFinLAn jogavuodehizeh syvyssimpouziumah Jovensuuh 6.\u20138.11.2025. Sympouziuman tiemannu on \u201dVoimaa variaatiosta \u2013 Strength in variation \u2013 Variationens kraft \u2013 V\u00e4gie variaciesp\u00e4i\u201d. Tarkoituksennu on pidi\u00e4 n\u00e4g\u00f6vis kielellisty monina\u017euttu da variaciedu sego pai\u010di muudu niil\u00f6in eduloi da hy\u00f6dyl\u00f6i kielen opastandas da kielikazvatukses, ruadoelokses da kogo yhtehiskunnas. [&hellip;]","og_url":"https:\/\/sites.uef.fi\/afinla2025\/tulgua-terveh-jovensuuh\/?lang=olo","og_site_name":"AFinLAn syyssymposium 2025","article_modified_time":"2025-11-05T08:14:35+00:00","twitter_card":"summary_large_image","schema":{"@context":"https:\/\/schema.org","@graph":[{"@type":"WebPage","@id":"https:\/\/sites.uef.fi\/afinla2025\/tulgua-terveh-jovensuuh\/?lang=olo","url":"https:\/\/sites.uef.fi\/afinla2025\/tulgua-terveh-jovensuuh\/?lang=olo","name":"Tulgua terveh Jovensuuh - AFinLAn syyssymposium 2025","isPartOf":{"@id":"https:\/\/sites.uef.fi\/afinla2025\/#website"},"datePublished":"2025-02-24T14:21:31+00:00","dateModified":"2025-11-05T08:14:35+00:00","breadcrumb":{"@id":"https:\/\/sites.uef.fi\/afinla2025\/tulgua-terveh-jovensuuh\/?lang=olo#breadcrumb"},"inLanguage":"fi","potentialAction":[{"@type":"ReadAction","target":["https:\/\/sites.uef.fi\/afinla2025\/tulgua-terveh-jovensuuh\/?lang=olo"]}]},{"@type":"BreadcrumbList","@id":"https:\/\/sites.uef.fi\/afinla2025\/tulgua-terveh-jovensuuh\/?lang=olo#breadcrumb","itemListElement":[{"@type":"ListItem","position":1,"name":"Home","item":"https:\/\/sites.uef.fi\/afinla2025\/"},{"@type":"ListItem","position":2,"name":"Tulgua terveh Jovensuuh"}]},{"@type":"WebSite","@id":"https:\/\/sites.uef.fi\/afinla2025\/#website","url":"https:\/\/sites.uef.fi\/afinla2025\/","name":"AFinLAn syyssymposium 2025","description":"","potentialAction":[{"@type":"SearchAction","target":{"@type":"EntryPoint","urlTemplate":"https:\/\/sites.uef.fi\/afinla2025\/?s={search_term_string}"},"query-input":{"@type":"PropertyValueSpecification","valueRequired":true,"valueName":"search_term_string"}}],"inLanguage":"fi"}]}},"_links":{"self":[{"href":"https:\/\/sites.uef.fi\/afinla2025\/wp-json\/wp\/v2\/pages\/260","targetHints":{"allow":["GET"]}}],"collection":[{"href":"https:\/\/sites.uef.fi\/afinla2025\/wp-json\/wp\/v2\/pages"}],"about":[{"href":"https:\/\/sites.uef.fi\/afinla2025\/wp-json\/wp\/v2\/types\/page"}],"author":[{"embeddable":true,"href":"https:\/\/sites.uef.fi\/afinla2025\/wp-json\/wp\/v2\/users\/284"}],"replies":[{"embeddable":true,"href":"https:\/\/sites.uef.fi\/afinla2025\/wp-json\/wp\/v2\/comments?post=260"}],"version-history":[{"count":2,"href":"https:\/\/sites.uef.fi\/afinla2025\/wp-json\/wp\/v2\/pages\/260\/revisions"}],"predecessor-version":[{"id":715,"href":"https:\/\/sites.uef.fi\/afinla2025\/wp-json\/wp\/v2\/pages\/260\/revisions\/715"}],"wp:attachment":[{"href":"https:\/\/sites.uef.fi\/afinla2025\/wp-json\/wp\/v2\/media?parent=260"}],"curies":[{"name":"wp","href":"https:\/\/api.w.org\/{rel}","templated":true}]}}