{"id":371,"date":"2025-02-24T16:25:15","date_gmt":"2025-02-24T14:25:15","guid":{"rendered":"https:\/\/sites.uef.fi\/afinla2025\/viktiga-datum\/"},"modified":"2025-10-07T08:22:55","modified_gmt":"2025-10-07T06:22:55","slug":"viktiga-datum","status":"publish","type":"page","link":"https:\/\/sites.uef.fi\/afinla2025\/viktiga-datum\/?lang=sv","title":{"rendered":"Viktiga datum"},"content":{"rendered":"\n<p>Inl\u00e4mning av f\u00f6rslag till f\u00f6redrag, postrar och workshoppar: 8.9.2025<\/p>\n\n\n\n<p>Meddelande om godk\u00e4nnande: 1.10.2025<\/p>\n\n\n\n<p>Anm\u00e4lansystemet skall \u00f6ppnas: 2.10.2025, senast p\u00e5 klockan 16:00<\/p>\n\n\n\n<p>Deadline f\u00f6r anm\u00e4lan och betalning av konferensavgift 20.10.2025<\/p>\n\n\n\n<p>H\u00f6stsymposiet i Joensuu: 6.\u20138.11.2025<\/p>\n\n\n\n<p><em>Symposiet h\u00e5lls fr\u00e5n torsdag 6 november kl. 12:00 till l\u00f6rdag 8 november kl. 15:00.<\/em><\/p>\n","protected":false},"excerpt":{"rendered":"<p>Inl\u00e4mning av f\u00f6rslag till f\u00f6redrag, postrar och workshoppar: 8.9.2025 Meddelande om godk\u00e4nnande: 1.10.2025 Anm\u00e4lansystemet skall \u00f6ppnas: 2.10.2025, senast p\u00e5 klockan 16:00 Deadline f\u00f6r anm\u00e4lan och betalning av konferensavgift 20.10.2025 H\u00f6stsymposiet i Joensuu: 6.\u20138.11.2025 Symposiet h\u00e5lls fr\u00e5n torsdag 6 november kl. 12:00 till l\u00f6rdag 8 november kl. 15:00.<\/p>\n","protected":false},"author":284,"featured_media":0,"parent":0,"menu_order":0,"comment_status":"closed","ping_status":"closed","template":"","meta":{"_acf_changed":false,"footnotes":""},"class_list":["post-371","page","type-page","status-publish","hentry"],"acf":[],"yoast_head":"<!-- This site is optimized with the Yoast SEO plugin v27.3 - https:\/\/yoast.com\/product\/yoast-seo-wordpress\/ -->\n<title>Viktiga datum - AFinLAn syyssymposium 2025<\/title>\n<meta name=\"robots\" content=\"index, follow, max-snippet:-1, max-image-preview:large, max-video-preview:-1\" \/>\n<link rel=\"canonical\" href=\"https:\/\/sites.uef.fi\/afinla2025\/viktiga-datum\/\" \/>\n<meta property=\"og:locale\" content=\"fi_FI\" \/>\n<meta property=\"og:type\" content=\"article\" \/>\n<meta property=\"og:title\" content=\"Viktiga datum - AFinLAn syyssymposium 2025\" \/>\n<meta property=\"og:description\" content=\"Inl\u00e4mning av f\u00f6rslag till f\u00f6redrag, postrar och workshoppar: 8.9.2025 Meddelande om godk\u00e4nnande: 1.10.2025 Anm\u00e4lansystemet skall \u00f6ppnas: 2.10.2025, senast p\u00e5 klockan 16:00 Deadline f\u00f6r anm\u00e4lan och betalning av konferensavgift 20.10.2025 H\u00f6stsymposiet i Joensuu: 6.\u20138.11.2025 Symposiet h\u00e5lls fr\u00e5n torsdag 6 november kl. 12:00 till l\u00f6rdag 8 november kl. 15:00.\" \/>\n<meta property=\"og:url\" content=\"https:\/\/sites.uef.fi\/afinla2025\/viktiga-datum\/?lang=sv\" \/>\n<meta property=\"og:site_name\" content=\"AFinLAn syyssymposium 2025\" \/>\n<meta property=\"article:modified_time\" content=\"2025-10-07T06:22:55+00:00\" \/>\n<meta name=\"twitter:card\" content=\"summary_large_image\" \/>\n<meta name=\"twitter:label1\" content=\"Arvioitu lukuaika\" \/>\n\t<meta name=\"twitter:data1\" content=\"1 minuutti\" \/>\n<script type=\"application\/ld+json\" class=\"yoast-schema-graph\">{\"@context\":\"https:\\\/\\\/schema.org\",\"@graph\":[{\"@type\":\"WebPage\",\"@id\":\"https:\\\/\\\/sites.uef.fi\\\/afinla2025\\\/viktiga-datum\\\/?lang=sv\",\"url\":\"https:\\\/\\\/sites.uef.fi\\\/afinla2025\\\/viktiga-datum\\\/?lang=sv\",\"name\":\"Viktiga datum - AFinLAn syyssymposium 2025\",\"isPartOf\":{\"@id\":\"https:\\\/\\\/sites.uef.fi\\\/afinla2025\\\/#website\"},\"datePublished\":\"2025-02-24T14:25:15+00:00\",\"dateModified\":\"2025-10-07T06:22:55+00:00\",\"breadcrumb\":{\"@id\":\"https:\\\/\\\/sites.uef.fi\\\/afinla2025\\\/viktiga-datum\\\/?lang=sv#breadcrumb\"},\"inLanguage\":\"fi\",\"potentialAction\":[{\"@type\":\"ReadAction\",\"target\":[\"https:\\\/\\\/sites.uef.fi\\\/afinla2025\\\/viktiga-datum\\\/?lang=sv\"]}]},{\"@type\":\"BreadcrumbList\",\"@id\":\"https:\\\/\\\/sites.uef.fi\\\/afinla2025\\\/viktiga-datum\\\/?lang=sv#breadcrumb\",\"itemListElement\":[{\"@type\":\"ListItem\",\"position\":1,\"name\":\"Home\",\"item\":\"https:\\\/\\\/sites.uef.fi\\\/afinla2025\\\/\"},{\"@type\":\"ListItem\",\"position\":2,\"name\":\"Viktiga datum\"}]},{\"@type\":\"WebSite\",\"@id\":\"https:\\\/\\\/sites.uef.fi\\\/afinla2025\\\/#website\",\"url\":\"https:\\\/\\\/sites.uef.fi\\\/afinla2025\\\/\",\"name\":\"AFinLAn syyssymposium 2025\",\"description\":\"\",\"potentialAction\":[{\"@type\":\"SearchAction\",\"target\":{\"@type\":\"EntryPoint\",\"urlTemplate\":\"https:\\\/\\\/sites.uef.fi\\\/afinla2025\\\/?s={search_term_string}\"},\"query-input\":{\"@type\":\"PropertyValueSpecification\",\"valueRequired\":true,\"valueName\":\"search_term_string\"}}],\"inLanguage\":\"fi\"}]}<\/script>\n<!-- \/ Yoast SEO plugin. -->","yoast_head_json":{"title":"Viktiga datum - AFinLAn syyssymposium 2025","robots":{"index":"index","follow":"follow","max-snippet":"max-snippet:-1","max-image-preview":"max-image-preview:large","max-video-preview":"max-video-preview:-1"},"canonical":"https:\/\/sites.uef.fi\/afinla2025\/viktiga-datum\/","og_locale":"fi_FI","og_type":"article","og_title":"Viktiga datum - AFinLAn syyssymposium 2025","og_description":"Inl\u00e4mning av f\u00f6rslag till f\u00f6redrag, postrar och workshoppar: 8.9.2025 Meddelande om godk\u00e4nnande: 1.10.2025 Anm\u00e4lansystemet skall \u00f6ppnas: 2.10.2025, senast p\u00e5 klockan 16:00 Deadline f\u00f6r anm\u00e4lan och betalning av konferensavgift 20.10.2025 H\u00f6stsymposiet i Joensuu: 6.\u20138.11.2025 Symposiet h\u00e5lls fr\u00e5n torsdag 6 november kl. 12:00 till l\u00f6rdag 8 november kl. 15:00.","og_url":"https:\/\/sites.uef.fi\/afinla2025\/viktiga-datum\/?lang=sv","og_site_name":"AFinLAn syyssymposium 2025","article_modified_time":"2025-10-07T06:22:55+00:00","twitter_card":"summary_large_image","twitter_misc":{"Arvioitu lukuaika":"1 minuutti"},"schema":{"@context":"https:\/\/schema.org","@graph":[{"@type":"WebPage","@id":"https:\/\/sites.uef.fi\/afinla2025\/viktiga-datum\/?lang=sv","url":"https:\/\/sites.uef.fi\/afinla2025\/viktiga-datum\/?lang=sv","name":"Viktiga datum - AFinLAn syyssymposium 2025","isPartOf":{"@id":"https:\/\/sites.uef.fi\/afinla2025\/#website"},"datePublished":"2025-02-24T14:25:15+00:00","dateModified":"2025-10-07T06:22:55+00:00","breadcrumb":{"@id":"https:\/\/sites.uef.fi\/afinla2025\/viktiga-datum\/?lang=sv#breadcrumb"},"inLanguage":"fi","potentialAction":[{"@type":"ReadAction","target":["https:\/\/sites.uef.fi\/afinla2025\/viktiga-datum\/?lang=sv"]}]},{"@type":"BreadcrumbList","@id":"https:\/\/sites.uef.fi\/afinla2025\/viktiga-datum\/?lang=sv#breadcrumb","itemListElement":[{"@type":"ListItem","position":1,"name":"Home","item":"https:\/\/sites.uef.fi\/afinla2025\/"},{"@type":"ListItem","position":2,"name":"Viktiga datum"}]},{"@type":"WebSite","@id":"https:\/\/sites.uef.fi\/afinla2025\/#website","url":"https:\/\/sites.uef.fi\/afinla2025\/","name":"AFinLAn syyssymposium 2025","description":"","potentialAction":[{"@type":"SearchAction","target":{"@type":"EntryPoint","urlTemplate":"https:\/\/sites.uef.fi\/afinla2025\/?s={search_term_string}"},"query-input":{"@type":"PropertyValueSpecification","valueRequired":true,"valueName":"search_term_string"}}],"inLanguage":"fi"}]}},"_links":{"self":[{"href":"https:\/\/sites.uef.fi\/afinla2025\/wp-json\/wp\/v2\/pages\/371","targetHints":{"allow":["GET"]}}],"collection":[{"href":"https:\/\/sites.uef.fi\/afinla2025\/wp-json\/wp\/v2\/pages"}],"about":[{"href":"https:\/\/sites.uef.fi\/afinla2025\/wp-json\/wp\/v2\/types\/page"}],"author":[{"embeddable":true,"href":"https:\/\/sites.uef.fi\/afinla2025\/wp-json\/wp\/v2\/users\/284"}],"replies":[{"embeddable":true,"href":"https:\/\/sites.uef.fi\/afinla2025\/wp-json\/wp\/v2\/comments?post=371"}],"version-history":[{"count":2,"href":"https:\/\/sites.uef.fi\/afinla2025\/wp-json\/wp\/v2\/pages\/371\/revisions"}],"predecessor-version":[{"id":525,"href":"https:\/\/sites.uef.fi\/afinla2025\/wp-json\/wp\/v2\/pages\/371\/revisions\/525"}],"wp:attachment":[{"href":"https:\/\/sites.uef.fi\/afinla2025\/wp-json\/wp\/v2\/media?parent=371"}],"curies":[{"name":"wp","href":"https:\/\/api.w.org\/{rel}","templated":true}]}}