{"id":287,"date":"2024-08-29T17:50:48","date_gmt":"2024-08-29T15:50:48","guid":{"rendered":"https:\/\/sites.uef.fi\/ainedidaktinen-symposiumi-2025\/?page_id=287"},"modified":"2025-02-27T10:52:39","modified_gmt":"2025-02-27T08:52:39","slug":"287-2","status":"publish","type":"page","link":"https:\/\/sites.uef.fi\/ainedidaktinen-symposiumi-2025\/287-2\/","title":{"rendered":"Yhteystiedot ja info"},"content":{"rendered":"\t<div id=\"accordion-block_7d5047ceef3348ce7c5e5bf4e56cb425\" class=\"accordions\">\n\t\t\t\t\t<div class=\"accordion accordion-js\">\n\t\t\t\t<button class=\"accordion__button\" aria-controls=\"content-4777\" aria-expanded=\"false\" id=\"accordion-control-4777\">\n\t\t\t\t\t<h3 class=\"accordion__heading\" >\n\t\t\t\t\t\tYhteystiedot ja tiedustelut\t\t\t\t\t<\/h3>\n\t\t\t\t<\/button>\n\t\t\t\t<div class=\"accordion__content\" role=\"region\" aria-labelledby=\"accordion-control-4777\" aria-hidden=\"true\" id=\"content-4777\">\n\t\t\t\t\t<h5>Kysymykset ja lis\u00e4tietoa: <strong>ad-symposiumi-25@uef.fi<\/strong><\/h5>\n<p><strong>Paikka: <\/strong>It\u00e4-Suomen yliopisto, Joensuu, Yliopistokatu 7<\/p>\n<p><strong>Tilat: <\/strong>Metria, Futura ja Natura &amp; et\u00e4osallistuminen<\/p>\n\t\t\t\t<\/div>\n\t\t\t<\/div>\n\t\t\t\t\t<div class=\"accordion accordion-js\">\n\t\t\t\t<button class=\"accordion__button\" aria-controls=\"content-3748\" aria-expanded=\"false\" id=\"accordion-control-3748\">\n\t\t\t\t\t<h3 class=\"accordion__heading\" >\n\t\t\t\t\t\tSymposiumin j\u00e4rjestelytoimikunnan j\u00e4senet\t\t\t\t\t<\/h3>\n\t\t\t\t<\/button>\n\t\t\t\t<div class=\"accordion__content\" role=\"region\" aria-labelledby=\"accordion-control-3748\" aria-hidden=\"true\" id=\"content-3748\">\n\t\t\t\t\t<p><span data-teams=\"true\"><span class=\"ui-provider a b c d e f g h i j k l m n o p q r s t u v w x y z ab ac ae af ag ah ai aj ak\" dir=\"ltr\">Hille Janhonen-Abruquah (pj), Annu Kaivosaari, Konsta Kinnunen, Sofia Leskinen, Niina Parkkonen, Pilvi Purmonen, Eero Rantala, Kari Sormunen, Kaisa Viinikka ja Eliisa V\u00e4h\u00e4.<\/span><\/span><\/p>\n\t\t\t\t<\/div>\n\t\t\t<\/div>\n\t\t\t\t\t<div class=\"accordion accordion-js\">\n\t\t\t\t<button class=\"accordion__button\" aria-controls=\"content-9598\" aria-expanded=\"false\" id=\"accordion-control-9598\">\n\t\t\t\t\t<h3 class=\"accordion__heading\" >\n\t\t\t\t\t\tSaapumisohjeet Joensuun kampukselle\t\t\t\t\t<\/h3>\n\t\t\t\t<\/button>\n\t\t\t\t<div class=\"accordion__content\" role=\"region\" aria-labelledby=\"accordion-control-9598\" aria-hidden=\"true\" id=\"content-9598\">\n\t\t\t\t\t<p>Katso lis\u00e4\u00e4 tietoa yliopiston verkkosivuilta: <a href=\"https:\/\/www.uef.fi\/fi\/joensuun-kampus#paragraph-3096\" target=\"_blank\" rel=\"noopener\">https:\/\/www.uef.fi\/fi\/joensuun-kampus#paragraph-3096<\/a><\/p>\n\t\t\t\t<\/div>\n\t\t\t<\/div>\n\t\t\t\t\t<div class=\"accordion accordion-js\">\n\t\t\t\t<button class=\"accordion__button\" aria-controls=\"content-5347\" aria-expanded=\"false\" id=\"accordion-control-5347\">\n\t\t\t\t\t<h3 class=\"accordion__heading\" >\n\t\t\t\t\t\tMajoittuminen Joensuussa\t\t\t\t\t<\/h3>\n\t\t\t\t<\/button>\n\t\t\t\t<div class=\"accordion__content\" role=\"region\" aria-labelledby=\"accordion-control-5347\" aria-hidden=\"true\" id=\"content-5347\">\n\t\t\t\t\t<p>Joensuun keskustasta ja sen v\u00e4litt\u00f6m\u00e4st\u00e4 l\u00e4heisyydest\u00e4 l\u00f6ytyy useita majoitusvaihtoehtoja. Esimerkiksi:<\/p>\n<ul>\n<li><a href=\"https:\/\/www.lietsuhotel.fi\/#\/booking\/search\" target=\"_blank\" rel=\"noopener\">Hotelli Lietsu<\/a><\/li>\n<li><a href=\"https:\/\/johanssonintalo.fi\" target=\"_blank\" rel=\"noopener\">Johanssonin talo<\/a><\/li>\n<li><a href=\"https:\/\/www.sokoshotels.fi\/hotellit\/joensuu\" target=\"_blank\" rel=\"noopener\">Original Sokos Hotel<\/a> (Vaakuna keskustassa torin kupeessa ja Kimmel rautatieasemaa vastap\u00e4\u00e4t\u00e4)<\/li>\n<li><a href=\"https:\/\/www.scandichotels.fi\/hotellit\/suomi\/joensuu\/scandic-joensuu?utm_source=google&amp;utm_medium=cpc&amp;utm_campaign=FI%20%7C%20Brand%20%7C%20Generic&amp;&amp;cmpid=ppc_BH2d&amp;s_kwcid=AL!7589!3!650991744404!e!!g!!scandic%20joensuu&amp;gad_source=1&amp;gbraid=0AAAAAD-A6Cmzn7FntCc81qBEOo8Yl1Vw0&amp;gclid=EAIaIQobChMIg6OZofTJiQMVO2eRBR3DKxLvEAAYASAAEgL4O_D_BwE&amp;gclsrc=aw.ds\" target=\"_blank\" rel=\"noopener\">Scandic Joensuu<\/a><\/li>\n<li><a href=\"https:\/\/www.greenstar.fi\/hotellit\/joensuu\/\" target=\"_blank\" rel=\"noopener\">Greenstar Hotel Joensuu<\/a><\/li>\n<\/ul>\n\t\t\t\t<\/div>\n\t\t\t<\/div>\n\t\t\t\t\t<div class=\"accordion accordion-js\">\n\t\t\t\t<button class=\"accordion__button\" aria-controls=\"content-7330\" aria-expanded=\"false\" id=\"accordion-control-7330\">\n\t\t\t\t\t<h3 class=\"accordion__heading\" >\n\t\t\t\t\t\tKampuskartta\t\t\t\t\t<\/h3>\n\t\t\t\t<\/button>\n\t\t\t\t<div class=\"accordion__content\" role=\"region\" aria-labelledby=\"accordion-control-7330\" aria-hidden=\"true\" id=\"content-7330\">\n\t\t\t\t\t<p>Thinglink-kartta: <a href=\"https:\/\/www.thinglink.com\/card\/1945591954779668966\" target=\"_blank\" rel=\"noopener\">https:\/\/www.thinglink.com\/card\/1945591954779668966\u00a0<\/a><\/p>\n<p>Kampuskartta: <a href=\"https:\/\/sites.uef.fi\/ainedidaktinen-symposiumi-2025\/wp-content\/uploads\/sites\/495\/2025\/02\/UEF_Kampuskartat_JNS.pdf\" target=\"_blank\" rel=\"noopener\">UEF_Kampuskartat_JNS<\/a><\/p>\n<p>Metria: <a href=\"https:\/\/sites.uef.fi\/ainedidaktinen-symposiumi-2025\/wp-content\/uploads\/sites\/495\/2024\/10\/KARTTA_Metria-1.pdf\" target=\"_blank\" rel=\"noopener\">KARTTA_Metria-1<\/a><\/p>\n<p>Futura: <a href=\"https:\/\/sites.uef.fi\/ainedidaktinen-symposiumi-2025\/wp-content\/uploads\/sites\/495\/2024\/10\/KARTTA_Futura.pdf\" target=\"_blank\" rel=\"noopener\">KARTTA_Futura<\/a><\/p>\n<p>Natura: <a href=\"https:\/\/sites.uef.fi\/ainedidaktinen-symposiumi-2025\/wp-content\/uploads\/sites\/495\/2024\/10\/KARTTA_Natura.pdf\" target=\"_blank\" rel=\"noopener\">KARTTA_Natura<\/a><\/p>\n\t\t\t\t<\/div>\n\t\t\t<\/div>\n\t\t\t<\/div>\n\t\n\n\n<p><\/p>\n\n\n\n<p><\/p>\n","protected":false},"excerpt":{"rendered":"","protected":false},"author":1180,"featured_media":0,"parent":0,"menu_order":0,"comment_status":"closed","ping_status":"closed","template":"","meta":{"_acf_changed":false,"footnotes":""},"class_list":["post-287","page","type-page","status-publish","hentry"],"acf":[],"yoast_head":"<!-- This site is optimized with the Yoast SEO plugin v27.3 - https:\/\/yoast.com\/product\/yoast-seo-wordpress\/ -->\n<title>Yhteystiedot ja info - Ainedidaktinen symposiumi 2025<\/title>\n<meta name=\"robots\" content=\"index, follow, max-snippet:-1, max-image-preview:large, max-video-preview:-1\" \/>\n<link rel=\"canonical\" href=\"https:\/\/sites.uef.fi\/ainedidaktinen-symposiumi-2025\/287-2\/\" \/>\n<meta property=\"og:locale\" content=\"fi_FI\" \/>\n<meta property=\"og:type\" content=\"article\" \/>\n<meta property=\"og:title\" content=\"Yhteystiedot ja info - Ainedidaktinen symposiumi 2025\" \/>\n<meta property=\"og:url\" content=\"https:\/\/sites.uef.fi\/ainedidaktinen-symposiumi-2025\/287-2\/\" \/>\n<meta property=\"og:site_name\" content=\"Ainedidaktinen symposiumi 2025\" \/>\n<meta property=\"article:modified_time\" content=\"2025-02-27T08:52:39+00:00\" \/>\n<meta name=\"twitter:card\" content=\"summary_large_image\" \/>\n<script type=\"application\/ld+json\" class=\"yoast-schema-graph\">{\"@context\":\"https:\\\/\\\/schema.org\",\"@graph\":[{\"@type\":\"WebPage\",\"@id\":\"https:\\\/\\\/sites.uef.fi\\\/ainedidaktinen-symposiumi-2025\\\/287-2\\\/\",\"url\":\"https:\\\/\\\/sites.uef.fi\\\/ainedidaktinen-symposiumi-2025\\\/287-2\\\/\",\"name\":\"Yhteystiedot ja info - Ainedidaktinen symposiumi 2025\",\"isPartOf\":{\"@id\":\"https:\\\/\\\/sites.uef.fi\\\/ainedidaktinen-symposiumi-2025\\\/#website\"},\"datePublished\":\"2024-08-29T15:50:48+00:00\",\"dateModified\":\"2025-02-27T08:52:39+00:00\",\"breadcrumb\":{\"@id\":\"https:\\\/\\\/sites.uef.fi\\\/ainedidaktinen-symposiumi-2025\\\/287-2\\\/#breadcrumb\"},\"inLanguage\":\"fi\",\"potentialAction\":[{\"@type\":\"ReadAction\",\"target\":[\"https:\\\/\\\/sites.uef.fi\\\/ainedidaktinen-symposiumi-2025\\\/287-2\\\/\"]}]},{\"@type\":\"BreadcrumbList\",\"@id\":\"https:\\\/\\\/sites.uef.fi\\\/ainedidaktinen-symposiumi-2025\\\/287-2\\\/#breadcrumb\",\"itemListElement\":[{\"@type\":\"ListItem\",\"position\":1,\"name\":\"Home\",\"item\":\"https:\\\/\\\/sites.uef.fi\\\/ainedidaktinen-symposiumi-2025\\\/\"},{\"@type\":\"ListItem\",\"position\":2,\"name\":\"Yhteystiedot ja info\"}]},{\"@type\":\"WebSite\",\"@id\":\"https:\\\/\\\/sites.uef.fi\\\/ainedidaktinen-symposiumi-2025\\\/#website\",\"url\":\"https:\\\/\\\/sites.uef.fi\\\/ainedidaktinen-symposiumi-2025\\\/\",\"name\":\"Ainedidaktinen symposiumi 2025\",\"description\":\"\",\"potentialAction\":[{\"@type\":\"SearchAction\",\"target\":{\"@type\":\"EntryPoint\",\"urlTemplate\":\"https:\\\/\\\/sites.uef.fi\\\/ainedidaktinen-symposiumi-2025\\\/?s={search_term_string}\"},\"query-input\":{\"@type\":\"PropertyValueSpecification\",\"valueRequired\":true,\"valueName\":\"search_term_string\"}}],\"inLanguage\":\"fi\"}]}<\/script>\n<!-- \/ Yoast SEO plugin. -->","yoast_head_json":{"title":"Yhteystiedot ja info - Ainedidaktinen symposiumi 2025","robots":{"index":"index","follow":"follow","max-snippet":"max-snippet:-1","max-image-preview":"max-image-preview:large","max-video-preview":"max-video-preview:-1"},"canonical":"https:\/\/sites.uef.fi\/ainedidaktinen-symposiumi-2025\/287-2\/","og_locale":"fi_FI","og_type":"article","og_title":"Yhteystiedot ja info - Ainedidaktinen symposiumi 2025","og_url":"https:\/\/sites.uef.fi\/ainedidaktinen-symposiumi-2025\/287-2\/","og_site_name":"Ainedidaktinen symposiumi 2025","article_modified_time":"2025-02-27T08:52:39+00:00","twitter_card":"summary_large_image","schema":{"@context":"https:\/\/schema.org","@graph":[{"@type":"WebPage","@id":"https:\/\/sites.uef.fi\/ainedidaktinen-symposiumi-2025\/287-2\/","url":"https:\/\/sites.uef.fi\/ainedidaktinen-symposiumi-2025\/287-2\/","name":"Yhteystiedot ja info - Ainedidaktinen symposiumi 2025","isPartOf":{"@id":"https:\/\/sites.uef.fi\/ainedidaktinen-symposiumi-2025\/#website"},"datePublished":"2024-08-29T15:50:48+00:00","dateModified":"2025-02-27T08:52:39+00:00","breadcrumb":{"@id":"https:\/\/sites.uef.fi\/ainedidaktinen-symposiumi-2025\/287-2\/#breadcrumb"},"inLanguage":"fi","potentialAction":[{"@type":"ReadAction","target":["https:\/\/sites.uef.fi\/ainedidaktinen-symposiumi-2025\/287-2\/"]}]},{"@type":"BreadcrumbList","@id":"https:\/\/sites.uef.fi\/ainedidaktinen-symposiumi-2025\/287-2\/#breadcrumb","itemListElement":[{"@type":"ListItem","position":1,"name":"Home","item":"https:\/\/sites.uef.fi\/ainedidaktinen-symposiumi-2025\/"},{"@type":"ListItem","position":2,"name":"Yhteystiedot ja info"}]},{"@type":"WebSite","@id":"https:\/\/sites.uef.fi\/ainedidaktinen-symposiumi-2025\/#website","url":"https:\/\/sites.uef.fi\/ainedidaktinen-symposiumi-2025\/","name":"Ainedidaktinen symposiumi 2025","description":"","potentialAction":[{"@type":"SearchAction","target":{"@type":"EntryPoint","urlTemplate":"https:\/\/sites.uef.fi\/ainedidaktinen-symposiumi-2025\/?s={search_term_string}"},"query-input":{"@type":"PropertyValueSpecification","valueRequired":true,"valueName":"search_term_string"}}],"inLanguage":"fi"}]}},"_links":{"self":[{"href":"https:\/\/sites.uef.fi\/ainedidaktinen-symposiumi-2025\/wp-json\/wp\/v2\/pages\/287","targetHints":{"allow":["GET"]}}],"collection":[{"href":"https:\/\/sites.uef.fi\/ainedidaktinen-symposiumi-2025\/wp-json\/wp\/v2\/pages"}],"about":[{"href":"https:\/\/sites.uef.fi\/ainedidaktinen-symposiumi-2025\/wp-json\/wp\/v2\/types\/page"}],"author":[{"embeddable":true,"href":"https:\/\/sites.uef.fi\/ainedidaktinen-symposiumi-2025\/wp-json\/wp\/v2\/users\/1180"}],"replies":[{"embeddable":true,"href":"https:\/\/sites.uef.fi\/ainedidaktinen-symposiumi-2025\/wp-json\/wp\/v2\/comments?post=287"}],"version-history":[{"count":1,"href":"https:\/\/sites.uef.fi\/ainedidaktinen-symposiumi-2025\/wp-json\/wp\/v2\/pages\/287\/revisions"}],"predecessor-version":[{"id":1618,"href":"https:\/\/sites.uef.fi\/ainedidaktinen-symposiumi-2025\/wp-json\/wp\/v2\/pages\/287\/revisions\/1618"}],"wp:attachment":[{"href":"https:\/\/sites.uef.fi\/ainedidaktinen-symposiumi-2025\/wp-json\/wp\/v2\/media?parent=287"}],"curies":[{"name":"wp","href":"https:\/\/api.w.org\/{rel}","templated":true}]}}

<div id="accordion-block_7d5047ceef3348ce7c5e5bf4e56cb425" class="accordions">
					<div class="accordion accordion-js">
				<button class="accordion__button" aria-controls="content-4777" aria-expanded="false" id="accordion-control-4777">
					<h3 class="accordion__heading" >
						Yhteystiedot ja tiedustelut					</h3>
				</button>
				<div class="accordion__content" role="region" aria-labelledby="accordion-control-4777" aria-hidden="true" id="content-4777">
					<h5>Kysymykset ja lisätietoa: <strong>ad-symposiumi-25@uef.fi</strong></h5>
<p><strong>Paikka: </strong>Itä-Suomen yliopisto, Joensuu, Yliopistokatu 7</p>
<p><strong>Tilat: </strong>Metria, Futura ja Natura &amp; etäosallistuminen</p>
				</div>
			</div>
					<div class="accordion accordion-js">
				<button class="accordion__button" aria-controls="content-3748" aria-expanded="false" id="accordion-control-3748">
					<h3 class="accordion__heading" >
						Symposiumin järjestelytoimikunnan jäsenet					</h3>
				</button>
				<div class="accordion__content" role="region" aria-labelledby="accordion-control-3748" aria-hidden="true" id="content-3748">
					<p><span data-teams="true"><span class="ui-provider a b c d e f g h i j k l m n o p q r s t u v w x y z ab ac ae af ag ah ai aj ak" dir="ltr">Hille Janhonen-Abruquah (pj), Annu Kaivosaari, Konsta Kinnunen, Sofia Leskinen, Niina Parkkonen, Pilvi Purmonen, Eero Rantala, Kari Sormunen, Kaisa Viinikka ja Eliisa Vähä.</span></span></p>
				</div>
			</div>
					<div class="accordion accordion-js">
				<button class="accordion__button" aria-controls="content-9598" aria-expanded="false" id="accordion-control-9598">
					<h3 class="accordion__heading" >
						Saapumisohjeet Joensuun kampukselle					</h3>
				</button>
				<div class="accordion__content" role="region" aria-labelledby="accordion-control-9598" aria-hidden="true" id="content-9598">
					<p>Katso lisää tietoa yliopiston verkkosivuilta: <a href="https://www.uef.fi/fi/joensuun-kampus#paragraph-3096" target="_blank" rel="noopener">https://www.uef.fi/fi/joensuun-kampus#paragraph-3096</a></p>
				</div>
			</div>
					<div class="accordion accordion-js">
				<button class="accordion__button" aria-controls="content-5347" aria-expanded="false" id="accordion-control-5347">
					<h3 class="accordion__heading" >
						Majoittuminen Joensuussa					</h3>
				</button>
				<div class="accordion__content" role="region" aria-labelledby="accordion-control-5347" aria-hidden="true" id="content-5347">
					<p>Joensuun keskustasta ja sen välittömästä läheisyydestä löytyy useita majoitusvaihtoehtoja. Esimerkiksi:</p>
<ul>
<li><a href="https://www.lietsuhotel.fi/#/booking/search" target="_blank" rel="noopener">Hotelli Lietsu</a></li>
<li><a href="https://johanssonintalo.fi" target="_blank" rel="noopener">Johanssonin talo</a></li>
<li><a href="https://www.sokoshotels.fi/hotellit/joensuu" target="_blank" rel="noopener">Original Sokos Hotel</a> (Vaakuna keskustassa torin kupeessa ja Kimmel rautatieasemaa vastapäätä)</li>
<li><a href="https://www.scandichotels.fi/hotellit/suomi/joensuu/scandic-joensuu?utm_source=google&amp;utm_medium=cpc&amp;utm_campaign=FI%20%7C%20Brand%20%7C%20Generic&amp;&amp;cmpid=ppc_BH2d&amp;s_kwcid=AL!7589!3!650991744404!e!!g!!scandic%20joensuu&amp;gad_source=1&amp;gbraid=0AAAAAD-A6Cmzn7FntCc81qBEOo8Yl1Vw0&amp;gclid=EAIaIQobChMIg6OZofTJiQMVO2eRBR3DKxLvEAAYASAAEgL4O_D_BwE&amp;gclsrc=aw.ds" target="_blank" rel="noopener">Scandic Joensuu</a></li>
<li><a href="https://www.greenstar.fi/hotellit/joensuu/" target="_blank" rel="noopener">Greenstar Hotel Joensuu</a></li>
</ul>
				</div>
			</div>
					<div class="accordion accordion-js">
				<button class="accordion__button" aria-controls="content-7330" aria-expanded="false" id="accordion-control-7330">
					<h3 class="accordion__heading" >
						Kampuskartta					</h3>
				</button>
				<div class="accordion__content" role="region" aria-labelledby="accordion-control-7330" aria-hidden="true" id="content-7330">
					<p>Thinglink-kartta: <a href="https://www.thinglink.com/card/1945591954779668966" target="_blank" rel="noopener">https://www.thinglink.com/card/1945591954779668966 </a></p>
<p>Kampuskartta: <a href="https://sites.uef.fi/ainedidaktinen-symposiumi-2025/wp-content/uploads/sites/495/2025/02/UEF_Kampuskartat_JNS.pdf" target="_blank" rel="noopener">UEF_Kampuskartat_JNS</a></p>
<p>Metria: <a href="https://sites.uef.fi/ainedidaktinen-symposiumi-2025/wp-content/uploads/sites/495/2024/10/KARTTA_Metria-1.pdf" target="_blank" rel="noopener">KARTTA_Metria-1</a></p>
<p>Futura: <a href="https://sites.uef.fi/ainedidaktinen-symposiumi-2025/wp-content/uploads/sites/495/2024/10/KARTTA_Futura.pdf" target="_blank" rel="noopener">KARTTA_Futura</a></p>
<p>Natura: <a href="https://sites.uef.fi/ainedidaktinen-symposiumi-2025/wp-content/uploads/sites/495/2024/10/KARTTA_Natura.pdf" target="_blank" rel="noopener">KARTTA_Natura</a></p>
				</div>
			</div>
			</div>
	


<p></p>



<p></p>
