{"id":166,"date":"2020-11-13T13:29:46","date_gmt":"2020-11-13T11:29:46","guid":{"rendered":"https:\/\/sites.uef.fi\/alzheimermarkkeritutkimukset\/?page_id=166"},"modified":"2025-11-24T14:28:22","modified_gmt":"2025-11-24T12:28:22","slug":"nfl","status":"publish","type":"page","link":"https:\/\/sites.uef.fi\/aivobiomarkkeritutkimukset\/nfl\/","title":{"rendered":"Plasman neurofilamentti, kevytketju (P-NfLc)"},"content":{"rendered":"\n<h1 class=\"wp-block-heading\"><img loading=\"lazy\" decoding=\"async\" class=\"alignleft size-medium wp-image-70\" src=\"https:\/\/sites.uef.fi\/alzheimermarkkeritutkimukset\/wp-content\/uploads\/sites\/112\/2020\/11\/ADBIOMARKKERI-Logo-oikea-600-levea-300x85.jpg\" alt=\"\" width=\"300\" height=\"85\" srcset=\"https:\/\/sites.uef.fi\/aivobiomarkkeritutkimukset\/wp-content\/uploads\/sites\/112\/2020\/11\/ADBIOMARKKERI-Logo-oikea-600-levea-300x85.jpg 300w, https:\/\/sites.uef.fi\/aivobiomarkkeritutkimukset\/wp-content\/uploads\/sites\/112\/2020\/11\/ADBIOMARKKERI-Logo-oikea-600-levea.jpg 600w\" sizes=\"auto, (max-width: 300px) 100vw, 300px\" \/><\/h1>\n\n\n\n<h1 class=\"wp-block-heading\"><\/h1>\n\n\n\n<p><\/p>\n\n\n\n<p>Verin\u00e4ytteest\u00e4 mitattava NfLc (neurofilament light chain) on non-invasiivinen hermostovaurion merkkiaine. NfLc-m\u00e4\u00e4ritys sopii avuksi psykiatristen sairauksien ja neurodegeneraation erotusdiagnostiikkaan ja sit\u00e4 voidaan k\u00e4ytt\u00e4\u00e4 seurantamenetelm\u00e4n\u00e4 eri tautien etenemisen sek\u00e4 l\u00e4\u00e4kityksen tehon seurannassa (Viite 1). Kyseess\u00e4 ei ole tautispesifinen merkkiaine.<br><\/p>\n\n\n\n<p> <br><\/p>\n\n\n\n<h4 class=\"wp-block-heading\">Tutkimuspyynt\u00f6lomake<\/h4>\n\n\n\n<p><strong>Lomake doc-muodossa (tietokoneella t\u00e4ytett\u00e4v\u00e4): <a href=\"https:\/\/sites.uef.fi\/aivobiomarkkeritutkimukset\/wp-content\/uploads\/sites\/112\/2025\/11\/Nfl-Tutkimuspyynto-241125.docx\" target=\"_blank\" rel=\"noreferrer noopener\">t\u00e4ss\u00e4<\/a><\/strong><\/p>\n\n\n\n<p><strong>Lomake pdf-muodossa (tulosta ja t\u00e4yt\u00e4 k\u00e4sin): <a href=\"https:\/\/sites.uef.fi\/aivobiomarkkeritutkimukset\/wp-content\/uploads\/sites\/112\/2025\/11\/Nfl-Tutkimuspyynto-241125.pdf\" target=\"_blank\" rel=\"noreferrer noopener\">t\u00e4ss\u00e4<\/a><\/strong><\/p>\n\n\n\n<p> <br><\/p>\n\n\n\n<h4 class=\"wp-block-heading\">N\u00e4ytteen k\u00e4sittelyohjeet<\/h4>\n\n\n\n<p>N\u00e4yte: EDTA-plasma, tilavuus \u2265 1 ml. N\u00e4yte otetaan K2-EDTA-putkeen ja plasma erotellaan l\u00e4hetysputkeen (esim. 4 ml polypropyleeniputki). Hemolyysi, ikterus tai lipemia eiv\u00e4t haittaa m\u00e4\u00e4rityst\u00e4 (Viite 2).<\/p>\n\n\n\n<p>N\u00e4yte voidaan s\u00e4ilytt\u00e4\u00e4 huoneenl\u00e4mm\u00f6ss\u00e4 tai +4\u00b0C ja l\u00e4hett\u00e4\u00e4 huoneenl\u00e4mp\u00f6isen\u00e4 vuorokauden (24 h) sis\u00e4ll\u00e4 n\u00e4ytteenotosta. <strong>Vuorokautta pidempi s\u00e4ilytys ja l\u00e4hetys pakastettuna v\u00e4hint\u00e4\u00e4n -20\u00b0C.<\/strong><\/p>\n\n\n\n<p><strong>N\u00e4ytett\u00e4 ei saa l\u00e4hett\u00e4\u00e4 perjantaisin<\/strong>, mutta eroteltu n\u00e4yte voidaan pakastaa ja l\u00e4hett\u00e4\u00e4 tutkimuslaboratorioon seuraavana arkip\u00e4iv\u00e4n\u00e4. &nbsp;<\/p>\n\n\n\n<p><br><\/p>\n\n\n\n<h4 class=\"wp-block-heading\">Mittausmenetelm\u00e4<\/h4>\n\n\n\n<p>NfLc analysoidaan EDTA-plasmasta immunokemian analysaattorilla elektrokemiluminometrisella menetelm\u00e4ll\u00e4 (ECLIA, Roche Elecsys) (Viite 2).<\/p>\n\n\n\n<p><br>  <br>  <\/p>\n\n\n\n<p><\/p>\n\n\n\n<h4 class=\"wp-block-heading\">Kirjallisuusviitteet<\/h4>\n\n\n\n<p>1. Arslan B, Zetterberg H. <strong>Neurofilament light chain as neuronal injury marker &#8211; what is needed to facilitate implementation in clinical laboratory practice<\/strong>? Clin Chem Lab Med 2023; 61:1140.<\/p>\n\n\n\n<p>2. Booth RA, Beriault D, Schneider R, <em>et al.<\/em> <strong>Validation and generation of age-specific reference intervals for a new blood neurofilament light chain assay<\/strong>. Clin Chim Acta 2025; 577: 120447.<\/p>\n\n\n\n<p><\/p>\n\n\n\n<p> <br><\/p>\n\n\n\n<p><\/p>\n\n\n\n<p> <br><\/p>\n\n\n\n<h4 class=\"wp-block-heading\">Tutkimuksen hinta<\/h4>\n\n\n\n<p>Tutkimuksen hinta on 165 \u20ac.<\/p>\n\n\n\n<p> <br><\/p>\n\n\n\n<h4 class=\"wp-block-heading\">Normaaliarvot<\/h4>\n\n\n\n<p>Terveiden henkil\u00f6iden NfLc-pitoisuus vaihtelee i\u00e4n ja BMI:n mukaan <em>(Benkert ym. 2022)<\/em>. Pitoisuus nousee i\u00e4n mukana ja korkea BMI laskee pitoisuutta. Sukupuoli ei vaikuta tulokseen. <\/p>\n\n\n\n<p>Normaalipainoisista henkil\u00f6ist\u00e4 (BMI 25) 90 prosentilla plasman NfLc on alle seuraavien arvojen:<\/p>\n\n\n\n<p>20 \u2013 29 v &nbsp;&nbsp;&nbsp;&nbsp;&nbsp;&nbsp;&nbsp;&nbsp;&nbsp;&nbsp; &nbsp;&nbsp;\u2264 7 pg\/ml<\/p>\n\n\n\n<p>30 \u2013 39 v&nbsp;&nbsp;&nbsp;&nbsp;&nbsp;&nbsp;&nbsp;&nbsp;&nbsp;&nbsp;&nbsp; &nbsp; \u2264 9 pg\/ml<\/p>\n\n\n\n<p>40 \u2013 49 v &nbsp;&nbsp;&nbsp;&nbsp;&nbsp;&nbsp;&nbsp;&nbsp;&nbsp;&nbsp; \u2264 11 pg\/ml<\/p>\n\n\n\n<p>50 \u2013 59 v &nbsp;&nbsp;&nbsp;&nbsp;&nbsp;&nbsp;&nbsp;&nbsp;&nbsp;&nbsp; \u2264 15 pg\/ml<\/p>\n\n\n\n<p>60 \u2013 69 v &nbsp;&nbsp;&nbsp;&nbsp;&nbsp;&nbsp;&nbsp;&nbsp;&nbsp;&nbsp; \u2264 19 pg\/ml<\/p>\n\n\n\n<p>70 \u2013 79 v &nbsp;&nbsp;&nbsp;&nbsp;&nbsp;&nbsp;&nbsp;&nbsp;&nbsp;&nbsp; \u2264 23 pg\/ml<\/p>\n\n\n\n<p><em>(Benkert ym. Serum neurofilament light chain for individual prognostication of disease activity in people with multiple sclerosis: a retrospective modelling and validation study. Lancet Neurol 21: 246, 2022.)<\/em><\/p>\n\n\n\n<p><br><\/p>\n\n\n\n<p><br><\/p>\n\n\n\n<p>P\u00e4ivitetty 24.11.2025<\/p>\n","protected":false},"excerpt":{"rendered":"<p>Verin\u00e4ytteest\u00e4 mitattava NfLc (neurofilament light chain) on non-invasiivinen hermostovaurion merkkiaine. NfLc-m\u00e4\u00e4ritys sopii avuksi psykiatristen sairauksien ja neurodegeneraation erotusdiagnostiikkaan ja sit\u00e4 voidaan k\u00e4ytt\u00e4\u00e4 seurantamenetelm\u00e4n\u00e4 eri tautien etenemisen sek\u00e4 l\u00e4\u00e4kityksen tehon seurannassa (Viite 1). Kyseess\u00e4 ei ole tautispesifinen merkkiaine. Tutkimuspyynt\u00f6lomake Lomake doc-muodossa (tietokoneella t\u00e4ytett\u00e4v\u00e4): t\u00e4ss\u00e4 Lomake pdf-muodossa (tulosta ja t\u00e4yt\u00e4 k\u00e4sin): t\u00e4ss\u00e4 N\u00e4ytteen k\u00e4sittelyohjeet N\u00e4yte: EDTA-plasma, tilavuus [&hellip;]<\/p>\n","protected":false},"author":153,"featured_media":0,"parent":0,"menu_order":0,"comment_status":"closed","ping_status":"closed","template":"","meta":{"_acf_changed":false,"_monsterinsights_skip_tracking":false,"_monsterinsights_sitenote_active":false,"_monsterinsights_sitenote_note":"","_monsterinsights_sitenote_category":0,"footnotes":""},"class_list":["post-166","page","type-page","status-publish","hentry"],"acf":[],"yoast_head":"<!-- This site is optimized with the Yoast SEO plugin v27.3 - https:\/\/yoast.com\/product\/yoast-seo-wordpress\/ -->\n<title>Plasman neurofilamentti, kevytketju (P-NfLc) - Aivobiomarkkeritutkimukset<\/title>\n<meta name=\"robots\" content=\"index, follow, max-snippet:-1, max-image-preview:large, max-video-preview:-1\" \/>\n<link rel=\"canonical\" href=\"https:\/\/sites.uef.fi\/aivobiomarkkeritutkimukset\/nfl\/\" \/>\n<meta property=\"og:locale\" content=\"fi_FI\" \/>\n<meta property=\"og:type\" content=\"article\" \/>\n<meta property=\"og:title\" content=\"Plasman neurofilamentti, kevytketju (P-NfLc) - Aivobiomarkkeritutkimukset\" \/>\n<meta property=\"og:description\" content=\"Verin\u00e4ytteest\u00e4 mitattava NfLc (neurofilament light chain) on non-invasiivinen hermostovaurion merkkiaine. NfLc-m\u00e4\u00e4ritys sopii avuksi psykiatristen sairauksien ja neurodegeneraation erotusdiagnostiikkaan ja sit\u00e4 voidaan k\u00e4ytt\u00e4\u00e4 seurantamenetelm\u00e4n\u00e4 eri tautien etenemisen sek\u00e4 l\u00e4\u00e4kityksen tehon seurannassa (Viite 1). Kyseess\u00e4 ei ole tautispesifinen merkkiaine. Tutkimuspyynt\u00f6lomake Lomake doc-muodossa (tietokoneella t\u00e4ytett\u00e4v\u00e4): t\u00e4ss\u00e4 Lomake pdf-muodossa (tulosta ja t\u00e4yt\u00e4 k\u00e4sin): t\u00e4ss\u00e4 N\u00e4ytteen k\u00e4sittelyohjeet N\u00e4yte: EDTA-plasma, tilavuus [&hellip;]\" \/>\n<meta property=\"og:url\" content=\"https:\/\/sites.uef.fi\/aivobiomarkkeritutkimukset\/nfl\/\" \/>\n<meta property=\"og:site_name\" content=\"Aivobiomarkkeritutkimukset\" \/>\n<meta property=\"article:modified_time\" content=\"2025-11-24T12:28:22+00:00\" \/>\n<meta property=\"og:image\" content=\"https:\/\/sites.uef.fi\/aivobiomarkkeritutkimukset\/wp-content\/uploads\/sites\/112\/2020\/11\/ADBIOMARKKERI-Logo-oikea-600-levea.jpg\" \/>\n\t<meta property=\"og:image:width\" content=\"600\" \/>\n\t<meta property=\"og:image:height\" content=\"170\" \/>\n\t<meta property=\"og:image:type\" content=\"image\/jpeg\" \/>\n<meta name=\"twitter:card\" content=\"summary_large_image\" \/>\n<meta name=\"twitter:label1\" content=\"Arvioitu lukuaika\" \/>\n\t<meta name=\"twitter:data1\" content=\"3 minuuttia\" \/>\n<script type=\"application\/ld+json\" class=\"yoast-schema-graph\">{\"@context\":\"https:\\\/\\\/schema.org\",\"@graph\":[{\"@type\":\"WebPage\",\"@id\":\"https:\\\/\\\/sites.uef.fi\\\/aivobiomarkkeritutkimukset\\\/nfl\\\/\",\"url\":\"https:\\\/\\\/sites.uef.fi\\\/aivobiomarkkeritutkimukset\\\/nfl\\\/\",\"name\":\"Plasman neurofilamentti, kevytketju (P-NfLc) - Aivobiomarkkeritutkimukset\",\"isPartOf\":{\"@id\":\"https:\\\/\\\/sites.uef.fi\\\/aivobiomarkkeritutkimukset\\\/#website\"},\"primaryImageOfPage\":{\"@id\":\"https:\\\/\\\/sites.uef.fi\\\/aivobiomarkkeritutkimukset\\\/nfl\\\/#primaryimage\"},\"image\":{\"@id\":\"https:\\\/\\\/sites.uef.fi\\\/aivobiomarkkeritutkimukset\\\/nfl\\\/#primaryimage\"},\"thumbnailUrl\":\"https:\\\/\\\/sites.uef.fi\\\/alzheimermarkkeritutkimukset\\\/wp-content\\\/uploads\\\/sites\\\/112\\\/2020\\\/11\\\/ADBIOMARKKERI-Logo-oikea-600-levea-300x85.jpg\",\"datePublished\":\"2020-11-13T11:29:46+00:00\",\"dateModified\":\"2025-11-24T12:28:22+00:00\",\"breadcrumb\":{\"@id\":\"https:\\\/\\\/sites.uef.fi\\\/aivobiomarkkeritutkimukset\\\/nfl\\\/#breadcrumb\"},\"inLanguage\":\"fi\",\"potentialAction\":[{\"@type\":\"ReadAction\",\"target\":[\"https:\\\/\\\/sites.uef.fi\\\/aivobiomarkkeritutkimukset\\\/nfl\\\/\"]}]},{\"@type\":\"ImageObject\",\"inLanguage\":\"fi\",\"@id\":\"https:\\\/\\\/sites.uef.fi\\\/aivobiomarkkeritutkimukset\\\/nfl\\\/#primaryimage\",\"url\":\"https:\\\/\\\/sites.uef.fi\\\/alzheimermarkkeritutkimukset\\\/wp-content\\\/uploads\\\/sites\\\/112\\\/2020\\\/11\\\/ADBIOMARKKERI-Logo-oikea-600-levea-300x85.jpg\",\"contentUrl\":\"https:\\\/\\\/sites.uef.fi\\\/alzheimermarkkeritutkimukset\\\/wp-content\\\/uploads\\\/sites\\\/112\\\/2020\\\/11\\\/ADBIOMARKKERI-Logo-oikea-600-levea-300x85.jpg\"},{\"@type\":\"BreadcrumbList\",\"@id\":\"https:\\\/\\\/sites.uef.fi\\\/aivobiomarkkeritutkimukset\\\/nfl\\\/#breadcrumb\",\"itemListElement\":[{\"@type\":\"ListItem\",\"position\":1,\"name\":\"Home\",\"item\":\"https:\\\/\\\/sites.uef.fi\\\/aivobiomarkkeritutkimukset\\\/\"},{\"@type\":\"ListItem\",\"position\":2,\"name\":\"Plasman neurofilamentti, kevytketju (P-NfLc)\"}]},{\"@type\":\"WebSite\",\"@id\":\"https:\\\/\\\/sites.uef.fi\\\/aivobiomarkkeritutkimukset\\\/#website\",\"url\":\"https:\\\/\\\/sites.uef.fi\\\/aivobiomarkkeritutkimukset\\\/\",\"name\":\"Aivobiomarkkeritutkimukset\",\"description\":\"\",\"potentialAction\":[{\"@type\":\"SearchAction\",\"target\":{\"@type\":\"EntryPoint\",\"urlTemplate\":\"https:\\\/\\\/sites.uef.fi\\\/aivobiomarkkeritutkimukset\\\/?s={search_term_string}\"},\"query-input\":{\"@type\":\"PropertyValueSpecification\",\"valueRequired\":true,\"valueName\":\"search_term_string\"}}],\"inLanguage\":\"fi\"}]}<\/script>\n<!-- \/ Yoast SEO plugin. -->","yoast_head_json":{"title":"Plasman neurofilamentti, kevytketju (P-NfLc) - Aivobiomarkkeritutkimukset","robots":{"index":"index","follow":"follow","max-snippet":"max-snippet:-1","max-image-preview":"max-image-preview:large","max-video-preview":"max-video-preview:-1"},"canonical":"https:\/\/sites.uef.fi\/aivobiomarkkeritutkimukset\/nfl\/","og_locale":"fi_FI","og_type":"article","og_title":"Plasman neurofilamentti, kevytketju (P-NfLc) - Aivobiomarkkeritutkimukset","og_description":"Verin\u00e4ytteest\u00e4 mitattava NfLc (neurofilament light chain) on non-invasiivinen hermostovaurion merkkiaine. NfLc-m\u00e4\u00e4ritys sopii avuksi psykiatristen sairauksien ja neurodegeneraation erotusdiagnostiikkaan ja sit\u00e4 voidaan k\u00e4ytt\u00e4\u00e4 seurantamenetelm\u00e4n\u00e4 eri tautien etenemisen sek\u00e4 l\u00e4\u00e4kityksen tehon seurannassa (Viite 1). Kyseess\u00e4 ei ole tautispesifinen merkkiaine. Tutkimuspyynt\u00f6lomake Lomake doc-muodossa (tietokoneella t\u00e4ytett\u00e4v\u00e4): t\u00e4ss\u00e4 Lomake pdf-muodossa (tulosta ja t\u00e4yt\u00e4 k\u00e4sin): t\u00e4ss\u00e4 N\u00e4ytteen k\u00e4sittelyohjeet N\u00e4yte: EDTA-plasma, tilavuus [&hellip;]","og_url":"https:\/\/sites.uef.fi\/aivobiomarkkeritutkimukset\/nfl\/","og_site_name":"Aivobiomarkkeritutkimukset","article_modified_time":"2025-11-24T12:28:22+00:00","og_image":[{"width":600,"height":170,"url":"https:\/\/sites.uef.fi\/aivobiomarkkeritutkimukset\/wp-content\/uploads\/sites\/112\/2020\/11\/ADBIOMARKKERI-Logo-oikea-600-levea.jpg","type":"image\/jpeg"}],"twitter_card":"summary_large_image","twitter_misc":{"Arvioitu lukuaika":"3 minuuttia"},"schema":{"@context":"https:\/\/schema.org","@graph":[{"@type":"WebPage","@id":"https:\/\/sites.uef.fi\/aivobiomarkkeritutkimukset\/nfl\/","url":"https:\/\/sites.uef.fi\/aivobiomarkkeritutkimukset\/nfl\/","name":"Plasman neurofilamentti, kevytketju (P-NfLc) - Aivobiomarkkeritutkimukset","isPartOf":{"@id":"https:\/\/sites.uef.fi\/aivobiomarkkeritutkimukset\/#website"},"primaryImageOfPage":{"@id":"https:\/\/sites.uef.fi\/aivobiomarkkeritutkimukset\/nfl\/#primaryimage"},"image":{"@id":"https:\/\/sites.uef.fi\/aivobiomarkkeritutkimukset\/nfl\/#primaryimage"},"thumbnailUrl":"https:\/\/sites.uef.fi\/alzheimermarkkeritutkimukset\/wp-content\/uploads\/sites\/112\/2020\/11\/ADBIOMARKKERI-Logo-oikea-600-levea-300x85.jpg","datePublished":"2020-11-13T11:29:46+00:00","dateModified":"2025-11-24T12:28:22+00:00","breadcrumb":{"@id":"https:\/\/sites.uef.fi\/aivobiomarkkeritutkimukset\/nfl\/#breadcrumb"},"inLanguage":"fi","potentialAction":[{"@type":"ReadAction","target":["https:\/\/sites.uef.fi\/aivobiomarkkeritutkimukset\/nfl\/"]}]},{"@type":"ImageObject","inLanguage":"fi","@id":"https:\/\/sites.uef.fi\/aivobiomarkkeritutkimukset\/nfl\/#primaryimage","url":"https:\/\/sites.uef.fi\/alzheimermarkkeritutkimukset\/wp-content\/uploads\/sites\/112\/2020\/11\/ADBIOMARKKERI-Logo-oikea-600-levea-300x85.jpg","contentUrl":"https:\/\/sites.uef.fi\/alzheimermarkkeritutkimukset\/wp-content\/uploads\/sites\/112\/2020\/11\/ADBIOMARKKERI-Logo-oikea-600-levea-300x85.jpg"},{"@type":"BreadcrumbList","@id":"https:\/\/sites.uef.fi\/aivobiomarkkeritutkimukset\/nfl\/#breadcrumb","itemListElement":[{"@type":"ListItem","position":1,"name":"Home","item":"https:\/\/sites.uef.fi\/aivobiomarkkeritutkimukset\/"},{"@type":"ListItem","position":2,"name":"Plasman neurofilamentti, kevytketju (P-NfLc)"}]},{"@type":"WebSite","@id":"https:\/\/sites.uef.fi\/aivobiomarkkeritutkimukset\/#website","url":"https:\/\/sites.uef.fi\/aivobiomarkkeritutkimukset\/","name":"Aivobiomarkkeritutkimukset","description":"","potentialAction":[{"@type":"SearchAction","target":{"@type":"EntryPoint","urlTemplate":"https:\/\/sites.uef.fi\/aivobiomarkkeritutkimukset\/?s={search_term_string}"},"query-input":{"@type":"PropertyValueSpecification","valueRequired":true,"valueName":"search_term_string"}}],"inLanguage":"fi"}]}},"_links":{"self":[{"href":"https:\/\/sites.uef.fi\/aivobiomarkkeritutkimukset\/wp-json\/wp\/v2\/pages\/166","targetHints":{"allow":["GET"]}}],"collection":[{"href":"https:\/\/sites.uef.fi\/aivobiomarkkeritutkimukset\/wp-json\/wp\/v2\/pages"}],"about":[{"href":"https:\/\/sites.uef.fi\/aivobiomarkkeritutkimukset\/wp-json\/wp\/v2\/types\/page"}],"author":[{"embeddable":true,"href":"https:\/\/sites.uef.fi\/aivobiomarkkeritutkimukset\/wp-json\/wp\/v2\/users\/153"}],"replies":[{"embeddable":true,"href":"https:\/\/sites.uef.fi\/aivobiomarkkeritutkimukset\/wp-json\/wp\/v2\/comments?post=166"}],"version-history":[{"count":1,"href":"https:\/\/sites.uef.fi\/aivobiomarkkeritutkimukset\/wp-json\/wp\/v2\/pages\/166\/revisions"}],"predecessor-version":[{"id":3212,"href":"https:\/\/sites.uef.fi\/aivobiomarkkeritutkimukset\/wp-json\/wp\/v2\/pages\/166\/revisions\/3212"}],"wp:attachment":[{"href":"https:\/\/sites.uef.fi\/aivobiomarkkeritutkimukset\/wp-json\/wp\/v2\/media?parent=166"}],"curies":[{"name":"wp","href":"https:\/\/api.w.org\/{rel}","templated":true}]}}