{"id":216,"date":"2020-04-22T16:43:22","date_gmt":"2020-04-22T13:43:22","guid":{"rendered":"https:\/\/sites.uef.fi\/bgc\/?page_id=216"},"modified":"2024-04-03T13:05:34","modified_gmt":"2024-04-03T10:05:34","slug":"other-publications","status":"publish","type":"page","link":"https:\/\/sites.uef.fi\/bgc\/english\/publications\/other-publications\/","title":{"rendered":"Other publications"},"content":{"rendered":"<h2>Book chapters<\/h2>\n<p>Shurpali NJ, 2018. Perennial Energy Crops on Drained Peatlands in Finland. In: Varjani S, Parameswaran B, Kumar S, Khare S (eds), Biosynthetic Technology and Environmental Challenges. Energy, Environment, and Sustainability. Springer, Singapore. 401 pp. Doi: https:\/\/doi.org\/10.1007\/978-981-10-7434-9_14.<\/p>\n<p>B\u00e4ck J, Nikinmaa E, Kulmala M, Simojoki A, Hari P, H\u00e4kkinen R, Linkosalo T, H\u00e4nninen H, Juurola E, Kolari P, Kabiri Koupaei K, Porcar-Castell A, Heinonsalo J, Timonen S, Heli\u00f6vaara K, Raivonen M, Joensuu J, Pihlatie M, Pumpanen J, Kurola J, Salkinoja-Salonen MS, K\u00e4hk\u00f6nen M, 2013.\u00a0Processes in Living Structures. In: Physical and Physiologial Forest Ecology. Hari P, Heli\u00f6vaara K, Kulmala L (eds.). Dordrecht: Springer, p. 43-223, 182 p.<\/p>\n<p>Hari P, Havimo M, Helmisaari H-S, Kulmala L, Nikinmaa E, Vesala T, R\u00e4is\u00e4nen J, Pet\u00e4j\u00e4 T, Siivola E, Tuomenvirta H, B\u00e4ck J, Grace J, Magnani F, van Noije T, Pumpanen J, Stevenson D, Kulmala M, Smolander S, Riipinen I, Dal Maso M, 2013. How to Utilise the Knowledge of Causal Responses. In: Physical and Physiological Forest Ecology. Hari P, Heli\u00f6vaara K,\u00a0 Kulmala L (eds.). Springer Science, 74 p.<\/p>\n<p>H\u00f6ltt\u00e4 T, Hari P, Heli\u00f6vaara K, Nikinmaa E, Pumpanen J, Vesala T, Kolari P, Launiainen S, Rannik U, Kulmala L, Kabiri Koupaei K, Pulkkinen M, Pihlatie M,Korhonen J, Simojoki A, Kieloaho A-J, B\u00e4ck J, Kulmala M, 2013.\u00a0Fluxes of Carbon, Water and Nutrients. In:\u00a0 Physical and Physiological Forest Ecology. Hari P, Heli\u00f6vaara K, Kulmala L (eds.). Springer Science, p. 225-328, 104 p.<\/p>\n<p>Pumpanen J, 2013.\u00a0Water dynamics in forest soil. In: Physical and Physiological Forest Ecology. Hari P, Heli\u00f6vaara K, Kulmala L (eds.). Springer Science+Business Media, p. 254-258, 5 p.<\/p>\n<p>Pumpanen, J. 2013.\u00a0Carbon dioxide in soil. In: Physical and Physiological Forest Ecology. Hari P, Heli\u00f6vaara K, Kulmala L (eds.). Springer Science+Business Media, p. 258-268, 11 p.<\/p>\n<p>Dise Nancy B, Shurpali Narasinha J, Weishampel Peter, Verma Shashi B, Verry Elon S, Gorham Eville, Crill Patrick M, Harriss Robert C, Kelley Cheryl A, Yavitt Joseph B, Smemo Kurt A, Kolka Randall K, Smith Kelly, Kim Joon, Clement Robert J, Arkebauer Timothy J, Bartlett Karen B, Billesbach David P, Bridgham Scott D, Elling Art E, Flebbe Patricia A, King Jennifer Y, Martens Christopher S, Sebacher, 2011. Chapter: Carbon Emissions from Peatlands (p. 297-347). In: Peatland Biogeochemistry and Watershed Hydrology at the Marcell Experimental Forest. Kolka RK, Sebestyen SD, Verry ES, Brooks KN (eds). CRC Press, Taylor &amp; Francis Group.<\/p>\n<p>Pumpanen J, Longdoz\u00a0 B, Kutsch W, 2009.\u00a0Field measurements of soil respiration: principles and constraints, potentials and limitations of different methods. In: Soil Carbon Dynamics. An Integrated Methodology . K. W. B. M. H. A. (ed.). Cambridge University Press, p. 16-33.<\/p>\n<p>Hari P, Nikinmaa E, Vesala T, Pohja T, Siivola E, Lahti T, Aalto P, Hiltunen V, Ilvesniemi H, Keronen P, Kolari P, Gr\u00f6nholm T, Palva L, Pumpanen J, Pet\u00e4j\u00e4 T,Rannik U, Kulmala M, 2008.\u00a0SMEAR network: chapter 2.5. In:\u00a0 Boreal forest and climate change. P. H. L. K. . (ed.). [Dordrecht]: Springer, p. 46-56 11 p. (Advances in global change research; vol. 34).<\/p>\n<p>Pumpanen J, 2008.\u00a0Temporal and spatial variation: soil. In:\u00a0 Boreal forest and climate change. P. H. L. K. (ed.). [Dordrecht]: Springer, p. 72-74, 3 p. (Advances in global change research;\u00a0 vol. 34).<\/p>\n<p>Simojoki A, Garcia H, Pihlatie M, Pumpanen J, Kurola J, Salkinoja-Salonen M, Hari P, 2008.\u00a0Soil: chapter 5.4. In:\u00a0 Boreal forest and climate change. P. H. L. K. (ed.). [Dordrecht]: Springer, p. 132-142 11 p. (Advances in global change research; vol. 34).<\/p>\n<p>Launiainen S, Pumpanen J, M\u00f6lder M, Kulmala L, Lankreier H, Kolari P,\u00a0 J\u00e4rvi L, Markkanen T, Pohja T, Siivola E, Lindroth A, Hari P, Vesala T, 2006.\u00a0Vertical variations in fluxes and turbulence characteristics within a forest &#8211; a joint NECC campaign in Hyyti\u00e4l\u00e4, southern Finland. In: Proceedings of BACCI, NECC and FCoE activities 2005. Kulmala M, Lindroth A,\u00a0 Ruuskanen TM (eds.). Helsinki, p. 303-308, 6 p. (Report Series in Aerosol Science; vol. 81A).<\/p>\n<p>Lindroth A, Lagergren F, Johansson T, Laurila T, Pilegaard K, Sigurdsson B, Vesala T, Rinne J, Launiainen S, Altimir N, Keronen P, Pumpanen J, Aurela M, Lohila A, Thum T, Bjarnadottir B, Ibrom A, Christensen T, Lankreijer H, M\u00f6lder M, 2006.\u00a0Parameters characterizing net ecosystem exchange and respiration in Nordic forest ecosystems. In:\u00a0 Proceedings of BACCI, NECC and FCoE activities 2005. Kulmala M, Lindroth A, Ruuskanen TM (eds.). Helsinki, p. 331-336, 6 p. (Report Seriews in Aerosol Science; vol. 81A).<\/p>\n<p>Pihlatie M, Pumpanen J, Rinne J, Ilvesniemi H, Simojoki A, Hari P, Vesala T, 2006.\u00a0Nitrous oxide fluxes in a boreal forest determined by soil gas concentrations and chambers. In:\u00a0 Proceegings of BACCI, NECC and FCoE activities 2005. Kulmala M, Lindroth A, Ruuskanen, T. M. (eds.). Helsinki, p. 449-454, 6 p. (Report Series in Aerosol Science; vol. 81B).<\/p>\n<p>Lehtola MJ, Miettinen IT, Martikainen PJ, 2005. Microbiological quality control in distribution systems. In: Lehr JH, Keeley J (ed.) , Water Encyclopedia: Water Quality and Resource Development.Wiley. p. 243-247.<\/p>\n<p>Kuhry P, Arvola L, Eronen M, Heikkinen J, Huitu E, J\u00e4rvikoski T, Karjalainen T, Kultti S, Martikainen P, Mikkola K, Nikula A, Oksanen P, Virtanen T, Vuojala-Magga T, V\u00e4liranta M. 2002. Arctic feedbacks to global warming. In: K\u00e4yhk\u00f6 J, Talve L (ed.) , Understanding the Global System. The Finnish Perspective. Finnish Global Change Research Programme FIGARE. ss. 107-118.<\/p>\n","protected":false},"excerpt":{"rendered":"<p>Book chapters Shurpali NJ, 2018. Perennial Energy Crops on Drained Peatlands in Finland. In: Varjani S, Parameswaran B, Kumar S, Khare S (eds), Biosynthetic Technology and Environmental Challenges. Energy, Environment, and Sustainability. Springer, Singapore. 401 pp. Doi: https:\/\/doi.org\/10.1007\/978-981-10-7434-9_14. B\u00e4ck J, Nikinmaa E, Kulmala M, Simojoki A, Hari P, H\u00e4kkinen R, Linkosalo T, H\u00e4nninen H, Juurola [&hellip;]<\/p>\n","protected":false},"author":23,"featured_media":0,"parent":210,"menu_order":3,"comment_status":"closed","ping_status":"closed","template":"","meta":{"_acf_changed":false,"_monsterinsights_skip_tracking":false,"_monsterinsights_sitenote_active":false,"_monsterinsights_sitenote_note":"","_monsterinsights_sitenote_category":0,"footnotes":""},"class_list":["post-216","page","type-page","status-publish","hentry"],"acf":[],"yoast_head":"<!-- This site is optimized with the Yoast SEO plugin v27.3 - https:\/\/yoast.com\/product\/yoast-seo-wordpress\/ -->\n<title>Other publications - Biogeochemistry Research Group<\/title>\n<meta name=\"robots\" content=\"index, follow, max-snippet:-1, max-image-preview:large, max-video-preview:-1\" \/>\n<link rel=\"canonical\" href=\"https:\/\/sites.uef.fi\/bgc\/english\/publications\/other-publications\/\" \/>\n<meta property=\"og:locale\" content=\"en_US\" \/>\n<meta property=\"og:type\" content=\"article\" \/>\n<meta property=\"og:title\" content=\"Other publications - Biogeochemistry Research Group\" \/>\n<meta property=\"og:description\" content=\"Book chapters Shurpali NJ, 2018. Perennial Energy Crops on Drained Peatlands in Finland. In: Varjani S, Parameswaran B, Kumar S, Khare S (eds), Biosynthetic Technology and Environmental Challenges. Energy, Environment, and Sustainability. Springer, Singapore. 401 pp. Doi: https:\/\/doi.org\/10.1007\/978-981-10-7434-9_14. B\u00e4ck J, Nikinmaa E, Kulmala M, Simojoki A, Hari P, H\u00e4kkinen R, Linkosalo T, H\u00e4nninen H, Juurola [&hellip;]\" \/>\n<meta property=\"og:url\" content=\"https:\/\/sites.uef.fi\/bgc\/english\/publications\/other-publications\/\" \/>\n<meta property=\"og:site_name\" content=\"Biogeochemistry Research Group\" \/>\n<meta property=\"article:modified_time\" content=\"2024-04-03T10:05:34+00:00\" \/>\n<meta name=\"twitter:card\" content=\"summary_large_image\" \/>\n<meta name=\"twitter:label1\" content=\"Est. reading time\" \/>\n\t<meta name=\"twitter:data1\" content=\"4 minutes\" \/>\n<script type=\"application\/ld+json\" class=\"yoast-schema-graph\">{\"@context\":\"https:\\\/\\\/schema.org\",\"@graph\":[{\"@type\":\"WebPage\",\"@id\":\"https:\\\/\\\/sites.uef.fi\\\/bgc\\\/english\\\/publications\\\/other-publications\\\/\",\"url\":\"https:\\\/\\\/sites.uef.fi\\\/bgc\\\/english\\\/publications\\\/other-publications\\\/\",\"name\":\"Other publications - Biogeochemistry Research Group\",\"isPartOf\":{\"@id\":\"https:\\\/\\\/sites.uef.fi\\\/bgc\\\/#website\"},\"datePublished\":\"2020-04-22T13:43:22+00:00\",\"dateModified\":\"2024-04-03T10:05:34+00:00\",\"breadcrumb\":{\"@id\":\"https:\\\/\\\/sites.uef.fi\\\/bgc\\\/english\\\/publications\\\/other-publications\\\/#breadcrumb\"},\"inLanguage\":\"en-US\",\"potentialAction\":[{\"@type\":\"ReadAction\",\"target\":[\"https:\\\/\\\/sites.uef.fi\\\/bgc\\\/english\\\/publications\\\/other-publications\\\/\"]}]},{\"@type\":\"BreadcrumbList\",\"@id\":\"https:\\\/\\\/sites.uef.fi\\\/bgc\\\/english\\\/publications\\\/other-publications\\\/#breadcrumb\",\"itemListElement\":[{\"@type\":\"ListItem\",\"position\":1,\"name\":\"Home\",\"item\":\"https:\\\/\\\/sites.uef.fi\\\/bgc\\\/\"},{\"@type\":\"ListItem\",\"position\":2,\"name\":\"Biogeochemistry research group\",\"item\":\"https:\\\/\\\/sites.uef.fi\\\/bgc\\\/\"},{\"@type\":\"ListItem\",\"position\":3,\"name\":\"Publications\",\"item\":\"https:\\\/\\\/sites.uef.fi\\\/bgc\\\/english\\\/publications\\\/\"},{\"@type\":\"ListItem\",\"position\":4,\"name\":\"Other publications\"}]},{\"@type\":\"WebSite\",\"@id\":\"https:\\\/\\\/sites.uef.fi\\\/bgc\\\/#website\",\"url\":\"https:\\\/\\\/sites.uef.fi\\\/bgc\\\/\",\"name\":\"Biogeochemistry Research Group\",\"description\":\"\",\"potentialAction\":[{\"@type\":\"SearchAction\",\"target\":{\"@type\":\"EntryPoint\",\"urlTemplate\":\"https:\\\/\\\/sites.uef.fi\\\/bgc\\\/?s={search_term_string}\"},\"query-input\":{\"@type\":\"PropertyValueSpecification\",\"valueRequired\":true,\"valueName\":\"search_term_string\"}}],\"inLanguage\":\"en-US\"}]}<\/script>\n<!-- \/ Yoast SEO plugin. -->","yoast_head_json":{"title":"Other publications - Biogeochemistry Research Group","robots":{"index":"index","follow":"follow","max-snippet":"max-snippet:-1","max-image-preview":"max-image-preview:large","max-video-preview":"max-video-preview:-1"},"canonical":"https:\/\/sites.uef.fi\/bgc\/english\/publications\/other-publications\/","og_locale":"en_US","og_type":"article","og_title":"Other publications - Biogeochemistry Research Group","og_description":"Book chapters Shurpali NJ, 2018. Perennial Energy Crops on Drained Peatlands in Finland. In: Varjani S, Parameswaran B, Kumar S, Khare S (eds), Biosynthetic Technology and Environmental Challenges. Energy, Environment, and Sustainability. Springer, Singapore. 401 pp. Doi: https:\/\/doi.org\/10.1007\/978-981-10-7434-9_14. B\u00e4ck J, Nikinmaa E, Kulmala M, Simojoki A, Hari P, H\u00e4kkinen R, Linkosalo T, H\u00e4nninen H, Juurola [&hellip;]","og_url":"https:\/\/sites.uef.fi\/bgc\/english\/publications\/other-publications\/","og_site_name":"Biogeochemistry Research Group","article_modified_time":"2024-04-03T10:05:34+00:00","twitter_card":"summary_large_image","twitter_misc":{"Est. reading time":"4 minutes"},"schema":{"@context":"https:\/\/schema.org","@graph":[{"@type":"WebPage","@id":"https:\/\/sites.uef.fi\/bgc\/english\/publications\/other-publications\/","url":"https:\/\/sites.uef.fi\/bgc\/english\/publications\/other-publications\/","name":"Other publications - Biogeochemistry Research Group","isPartOf":{"@id":"https:\/\/sites.uef.fi\/bgc\/#website"},"datePublished":"2020-04-22T13:43:22+00:00","dateModified":"2024-04-03T10:05:34+00:00","breadcrumb":{"@id":"https:\/\/sites.uef.fi\/bgc\/english\/publications\/other-publications\/#breadcrumb"},"inLanguage":"en-US","potentialAction":[{"@type":"ReadAction","target":["https:\/\/sites.uef.fi\/bgc\/english\/publications\/other-publications\/"]}]},{"@type":"BreadcrumbList","@id":"https:\/\/sites.uef.fi\/bgc\/english\/publications\/other-publications\/#breadcrumb","itemListElement":[{"@type":"ListItem","position":1,"name":"Home","item":"https:\/\/sites.uef.fi\/bgc\/"},{"@type":"ListItem","position":2,"name":"Biogeochemistry research group","item":"https:\/\/sites.uef.fi\/bgc\/"},{"@type":"ListItem","position":3,"name":"Publications","item":"https:\/\/sites.uef.fi\/bgc\/english\/publications\/"},{"@type":"ListItem","position":4,"name":"Other publications"}]},{"@type":"WebSite","@id":"https:\/\/sites.uef.fi\/bgc\/#website","url":"https:\/\/sites.uef.fi\/bgc\/","name":"Biogeochemistry Research Group","description":"","potentialAction":[{"@type":"SearchAction","target":{"@type":"EntryPoint","urlTemplate":"https:\/\/sites.uef.fi\/bgc\/?s={search_term_string}"},"query-input":{"@type":"PropertyValueSpecification","valueRequired":true,"valueName":"search_term_string"}}],"inLanguage":"en-US"}]}},"_links":{"self":[{"href":"https:\/\/sites.uef.fi\/bgc\/wp-json\/wp\/v2\/pages\/216","targetHints":{"allow":["GET"]}}],"collection":[{"href":"https:\/\/sites.uef.fi\/bgc\/wp-json\/wp\/v2\/pages"}],"about":[{"href":"https:\/\/sites.uef.fi\/bgc\/wp-json\/wp\/v2\/types\/page"}],"author":[{"embeddable":true,"href":"https:\/\/sites.uef.fi\/bgc\/wp-json\/wp\/v2\/users\/23"}],"replies":[{"embeddable":true,"href":"https:\/\/sites.uef.fi\/bgc\/wp-json\/wp\/v2\/comments?post=216"}],"version-history":[{"count":2,"href":"https:\/\/sites.uef.fi\/bgc\/wp-json\/wp\/v2\/pages\/216\/revisions"}],"predecessor-version":[{"id":1544,"href":"https:\/\/sites.uef.fi\/bgc\/wp-json\/wp\/v2\/pages\/216\/revisions\/1544"}],"up":[{"embeddable":true,"href":"https:\/\/sites.uef.fi\/bgc\/wp-json\/wp\/v2\/pages\/210"}],"wp:attachment":[{"href":"https:\/\/sites.uef.fi\/bgc\/wp-json\/wp\/v2\/media?parent=216"}],"curies":[{"name":"wp","href":"https:\/\/api.w.org\/{rel}","templated":true}]}}