{"id":127,"date":"2026-01-27T15:04:20","date_gmt":"2026-01-27T13:04:20","guid":{"rendered":"https:\/\/sites.uef.fi\/biodiversitygenomics\/?page_id=127"},"modified":"2026-01-27T15:28:25","modified_gmt":"2026-01-27T13:28:25","slug":"rusakko","status":"publish","type":"page","link":"https:\/\/sites.uef.fi\/biodiversitygenomics\/rusakko\/","title":{"rendered":"Rusakko"},"content":{"rendered":"\n<figure class=\"wp-block-image size-large\"><img loading=\"lazy\" decoding=\"async\" width=\"1024\" height=\"714\" src=\"https:\/\/sites.uef.fi\/biodiversitygenomics\/wp-content\/uploads\/sites\/569\/2026\/01\/Rusakko-1024x714.png\" alt=\"\" class=\"wp-image-128\" srcset=\"https:\/\/sites.uef.fi\/biodiversitygenomics\/wp-content\/uploads\/sites\/569\/2026\/01\/Rusakko-1024x714.png 1024w, https:\/\/sites.uef.fi\/biodiversitygenomics\/wp-content\/uploads\/sites\/569\/2026\/01\/Rusakko-300x209.png 300w, https:\/\/sites.uef.fi\/biodiversitygenomics\/wp-content\/uploads\/sites\/569\/2026\/01\/Rusakko-768x535.png 768w, https:\/\/sites.uef.fi\/biodiversitygenomics\/wp-content\/uploads\/sites\/569\/2026\/01\/Rusakko.png 1366w\" sizes=\"auto, (max-width: 1024px) 100vw, 1024px\" \/><figcaption class=\"wp-element-caption\">Komea urosrusakko lajiaan edustamassa. Kuva: Mervi Kunnasranta.<\/figcaption><\/figure>\n\n\n\n<p>Rusakon (<em>Lepus europaeus<\/em>) verrokki- eli referenssiperim\u00e4 on sekvensoitu ja koottu liperil\u00e4isest\u00e4 urosrusakosta. Genomi on kooltaan 2,930 miljardia em\u00e4sparia ja koostuu 23 autosomista sek\u00e4 X- ja Y-sukupuolikromosomeista. Geenej\u00e4 siin\u00e4 on 21 467.<\/p>\n\n\n\n<p>Genomi on julkaistu ja sit\u00e4 voi tarkastella <a href=\"https:\/\/www.ncbi.nlm.nih.gov\/datasets\/genome\/GCF_033115175.1\/\">NCBI:n genomitietokannassa.<\/a> Genomin tarkempi esittely on julkaistu <a href=\"https:\/\/peercommunityjournal.org\/articles\/10.24072\/pcjournal.393\/\">PCI Genomics<\/a>-sarjassa.<\/p>\n\n\n\n<p>Rusakon ja mets\u00e4j\u00e4niksen verrokkiperim\u00e4t ovat keskeisi\u00e4 ty\u00f6kaluja n\u00e4iden lajien tutkimuksessa. It\u00e4-Suomen yliopiston ymp\u00e4rist\u00f6- ja biotieteiden laitoksella toimiva <a href=\"https:\/\/uefconnect.uef.fi\/janiselaintutkimus\/\">j\u00e4nistutkimus<\/a> hy\u00f6dynt\u00e4\u00e4 perim\u00e4tietoa laaja-alaisesti sek\u00e4 populaatiogenetiikan ett\u00e4 kokeellisen tutkimuksen parissa.<\/p>\n","protected":false},"excerpt":{"rendered":"<p>Rusakon (Lepus europaeus) verrokki- eli referenssiperim\u00e4 on sekvensoitu ja koottu liperil\u00e4isest\u00e4 urosrusakosta. Genomi on kooltaan 2,930 miljardia em\u00e4sparia ja koostuu 23 autosomista sek\u00e4 X- ja Y-sukupuolikromosomeista. Geenej\u00e4 siin\u00e4 on 21 467. Genomi on julkaistu ja sit\u00e4 voi tarkastella NCBI:n genomitietokannassa. Genomin tarkempi esittely on julkaistu PCI Genomics-sarjassa. Rusakon ja mets\u00e4j\u00e4niksen verrokkiperim\u00e4t ovat keskeisi\u00e4 ty\u00f6kaluja n\u00e4iden [&hellip;]<\/p>\n","protected":false},"author":1000,"featured_media":0,"parent":0,"menu_order":0,"comment_status":"closed","ping_status":"closed","template":"","meta":{"_acf_changed":false,"footnotes":""},"class_list":["post-127","page","type-page","status-publish","hentry"],"acf":[],"yoast_head":"<!-- This site is optimized with the Yoast SEO plugin v27.1.1 - https:\/\/yoast.com\/product\/yoast-seo-wordpress\/ -->\n<title>Rusakko - UEF Biodiversiteettigenetiikka<\/title>\n<meta name=\"robots\" content=\"index, follow, max-snippet:-1, max-image-preview:large, max-video-preview:-1\" \/>\n<link rel=\"canonical\" href=\"https:\/\/sites.uef.fi\/biodiversitygenomics\/rusakko\/\" \/>\n<meta property=\"og:locale\" content=\"fi_FI\" \/>\n<meta property=\"og:type\" content=\"article\" \/>\n<meta property=\"og:title\" content=\"Rusakko - UEF Biodiversiteettigenetiikka\" \/>\n<meta property=\"og:description\" content=\"Rusakon (Lepus europaeus) verrokki- eli referenssiperim\u00e4 on sekvensoitu ja koottu liperil\u00e4isest\u00e4 urosrusakosta. Genomi on kooltaan 2,930 miljardia em\u00e4sparia ja koostuu 23 autosomista sek\u00e4 X- ja Y-sukupuolikromosomeista. Geenej\u00e4 siin\u00e4 on 21 467. Genomi on julkaistu ja sit\u00e4 voi tarkastella NCBI:n genomitietokannassa. Genomin tarkempi esittely on julkaistu PCI Genomics-sarjassa. Rusakon ja mets\u00e4j\u00e4niksen verrokkiperim\u00e4t ovat keskeisi\u00e4 ty\u00f6kaluja n\u00e4iden [&hellip;]\" \/>\n<meta property=\"og:url\" content=\"https:\/\/sites.uef.fi\/biodiversitygenomics\/rusakko\/\" \/>\n<meta property=\"og:site_name\" content=\"UEF Biodiversiteettigenetiikka\" \/>\n<meta property=\"article:modified_time\" content=\"2026-01-27T13:28:25+00:00\" \/>\n<meta property=\"og:image\" content=\"https:\/\/sites.uef.fi\/biodiversitygenomics\/wp-content\/uploads\/sites\/569\/2026\/01\/Rusakko-1024x714.png\" \/>\n\t<meta property=\"og:image:width\" content=\"1024\" \/>\n\t<meta property=\"og:image:height\" content=\"714\" \/>\n\t<meta property=\"og:image:type\" content=\"image\/png\" \/>\n<meta name=\"twitter:card\" content=\"summary_large_image\" \/>\n<meta name=\"twitter:label1\" content=\"Arvioitu lukuaika\" \/>\n\t<meta name=\"twitter:data1\" content=\"1 minuutti\" \/>\n<script type=\"application\/ld+json\" class=\"yoast-schema-graph\">{\"@context\":\"https:\/\/schema.org\",\"@graph\":[{\"@type\":\"WebPage\",\"@id\":\"https:\/\/sites.uef.fi\/biodiversitygenomics\/rusakko\/\",\"url\":\"https:\/\/sites.uef.fi\/biodiversitygenomics\/rusakko\/\",\"name\":\"Rusakko - UEF Biodiversiteettigenetiikka\",\"isPartOf\":{\"@id\":\"https:\/\/sites.uef.fi\/biodiversitygenomics\/#website\"},\"primaryImageOfPage\":{\"@id\":\"https:\/\/sites.uef.fi\/biodiversitygenomics\/rusakko\/#primaryimage\"},\"image\":{\"@id\":\"https:\/\/sites.uef.fi\/biodiversitygenomics\/rusakko\/#primaryimage\"},\"thumbnailUrl\":\"https:\/\/sites.uef.fi\/biodiversitygenomics\/wp-content\/uploads\/sites\/569\/2026\/01\/Rusakko-1024x714.png\",\"datePublished\":\"2026-01-27T13:04:20+00:00\",\"dateModified\":\"2026-01-27T13:28:25+00:00\",\"breadcrumb\":{\"@id\":\"https:\/\/sites.uef.fi\/biodiversitygenomics\/rusakko\/#breadcrumb\"},\"inLanguage\":\"fi\",\"potentialAction\":[{\"@type\":\"ReadAction\",\"target\":[\"https:\/\/sites.uef.fi\/biodiversitygenomics\/rusakko\/\"]}]},{\"@type\":\"ImageObject\",\"inLanguage\":\"fi\",\"@id\":\"https:\/\/sites.uef.fi\/biodiversitygenomics\/rusakko\/#primaryimage\",\"url\":\"https:\/\/sites.uef.fi\/biodiversitygenomics\/wp-content\/uploads\/sites\/569\/2026\/01\/Rusakko.png\",\"contentUrl\":\"https:\/\/sites.uef.fi\/biodiversitygenomics\/wp-content\/uploads\/sites\/569\/2026\/01\/Rusakko.png\",\"width\":1366,\"height\":952,\"caption\":\"Komea urosrusakko lajiaan edustamassa. Kuva: Mervi Kunnasranta.\"},{\"@type\":\"BreadcrumbList\",\"@id\":\"https:\/\/sites.uef.fi\/biodiversitygenomics\/rusakko\/#breadcrumb\",\"itemListElement\":[{\"@type\":\"ListItem\",\"position\":1,\"name\":\"Etusivu\",\"item\":\"https:\/\/sites.uef.fi\/biodiversitygenomics\/\"},{\"@type\":\"ListItem\",\"position\":2,\"name\":\"Rusakko\"}]},{\"@type\":\"WebSite\",\"@id\":\"https:\/\/sites.uef.fi\/biodiversitygenomics\/#website\",\"url\":\"https:\/\/sites.uef.fi\/biodiversitygenomics\/\",\"name\":\"UEF Biodiversiteettigenetiikka\",\"description\":\"\",\"potentialAction\":[{\"@type\":\"SearchAction\",\"target\":{\"@type\":\"EntryPoint\",\"urlTemplate\":\"https:\/\/sites.uef.fi\/biodiversitygenomics\/?s={search_term_string}\"},\"query-input\":{\"@type\":\"PropertyValueSpecification\",\"valueRequired\":true,\"valueName\":\"search_term_string\"}}],\"inLanguage\":\"fi\"}]}<\/script>\n<!-- \/ Yoast SEO plugin. -->","yoast_head_json":{"title":"Rusakko - UEF Biodiversiteettigenetiikka","robots":{"index":"index","follow":"follow","max-snippet":"max-snippet:-1","max-image-preview":"max-image-preview:large","max-video-preview":"max-video-preview:-1"},"canonical":"https:\/\/sites.uef.fi\/biodiversitygenomics\/rusakko\/","og_locale":"fi_FI","og_type":"article","og_title":"Rusakko - UEF Biodiversiteettigenetiikka","og_description":"Rusakon (Lepus europaeus) verrokki- eli referenssiperim\u00e4 on sekvensoitu ja koottu liperil\u00e4isest\u00e4 urosrusakosta. Genomi on kooltaan 2,930 miljardia em\u00e4sparia ja koostuu 23 autosomista sek\u00e4 X- ja Y-sukupuolikromosomeista. Geenej\u00e4 siin\u00e4 on 21 467. Genomi on julkaistu ja sit\u00e4 voi tarkastella NCBI:n genomitietokannassa. Genomin tarkempi esittely on julkaistu PCI Genomics-sarjassa. Rusakon ja mets\u00e4j\u00e4niksen verrokkiperim\u00e4t ovat keskeisi\u00e4 ty\u00f6kaluja n\u00e4iden [&hellip;]","og_url":"https:\/\/sites.uef.fi\/biodiversitygenomics\/rusakko\/","og_site_name":"UEF Biodiversiteettigenetiikka","article_modified_time":"2026-01-27T13:28:25+00:00","og_image":[{"width":1024,"height":714,"url":"https:\/\/sites.uef.fi\/biodiversitygenomics\/wp-content\/uploads\/sites\/569\/2026\/01\/Rusakko-1024x714.png","type":"image\/png"}],"twitter_card":"summary_large_image","twitter_misc":{"Arvioitu lukuaika":"1 minuutti"},"schema":{"@context":"https:\/\/schema.org","@graph":[{"@type":"WebPage","@id":"https:\/\/sites.uef.fi\/biodiversitygenomics\/rusakko\/","url":"https:\/\/sites.uef.fi\/biodiversitygenomics\/rusakko\/","name":"Rusakko - UEF Biodiversiteettigenetiikka","isPartOf":{"@id":"https:\/\/sites.uef.fi\/biodiversitygenomics\/#website"},"primaryImageOfPage":{"@id":"https:\/\/sites.uef.fi\/biodiversitygenomics\/rusakko\/#primaryimage"},"image":{"@id":"https:\/\/sites.uef.fi\/biodiversitygenomics\/rusakko\/#primaryimage"},"thumbnailUrl":"https:\/\/sites.uef.fi\/biodiversitygenomics\/wp-content\/uploads\/sites\/569\/2026\/01\/Rusakko-1024x714.png","datePublished":"2026-01-27T13:04:20+00:00","dateModified":"2026-01-27T13:28:25+00:00","breadcrumb":{"@id":"https:\/\/sites.uef.fi\/biodiversitygenomics\/rusakko\/#breadcrumb"},"inLanguage":"fi","potentialAction":[{"@type":"ReadAction","target":["https:\/\/sites.uef.fi\/biodiversitygenomics\/rusakko\/"]}]},{"@type":"ImageObject","inLanguage":"fi","@id":"https:\/\/sites.uef.fi\/biodiversitygenomics\/rusakko\/#primaryimage","url":"https:\/\/sites.uef.fi\/biodiversitygenomics\/wp-content\/uploads\/sites\/569\/2026\/01\/Rusakko.png","contentUrl":"https:\/\/sites.uef.fi\/biodiversitygenomics\/wp-content\/uploads\/sites\/569\/2026\/01\/Rusakko.png","width":1366,"height":952,"caption":"Komea urosrusakko lajiaan edustamassa. Kuva: Mervi Kunnasranta."},{"@type":"BreadcrumbList","@id":"https:\/\/sites.uef.fi\/biodiversitygenomics\/rusakko\/#breadcrumb","itemListElement":[{"@type":"ListItem","position":1,"name":"Etusivu","item":"https:\/\/sites.uef.fi\/biodiversitygenomics\/"},{"@type":"ListItem","position":2,"name":"Rusakko"}]},{"@type":"WebSite","@id":"https:\/\/sites.uef.fi\/biodiversitygenomics\/#website","url":"https:\/\/sites.uef.fi\/biodiversitygenomics\/","name":"UEF Biodiversiteettigenetiikka","description":"","potentialAction":[{"@type":"SearchAction","target":{"@type":"EntryPoint","urlTemplate":"https:\/\/sites.uef.fi\/biodiversitygenomics\/?s={search_term_string}"},"query-input":{"@type":"PropertyValueSpecification","valueRequired":true,"valueName":"search_term_string"}}],"inLanguage":"fi"}]}},"_links":{"self":[{"href":"https:\/\/sites.uef.fi\/biodiversitygenomics\/wp-json\/wp\/v2\/pages\/127","targetHints":{"allow":["GET"]}}],"collection":[{"href":"https:\/\/sites.uef.fi\/biodiversitygenomics\/wp-json\/wp\/v2\/pages"}],"about":[{"href":"https:\/\/sites.uef.fi\/biodiversitygenomics\/wp-json\/wp\/v2\/types\/page"}],"author":[{"embeddable":true,"href":"https:\/\/sites.uef.fi\/biodiversitygenomics\/wp-json\/wp\/v2\/users\/1000"}],"replies":[{"embeddable":true,"href":"https:\/\/sites.uef.fi\/biodiversitygenomics\/wp-json\/wp\/v2\/comments?post=127"}],"version-history":[{"count":2,"href":"https:\/\/sites.uef.fi\/biodiversitygenomics\/wp-json\/wp\/v2\/pages\/127\/revisions"}],"predecessor-version":[{"id":143,"href":"https:\/\/sites.uef.fi\/biodiversitygenomics\/wp-json\/wp\/v2\/pages\/127\/revisions\/143"}],"wp:attachment":[{"href":"https:\/\/sites.uef.fi\/biodiversitygenomics\/wp-json\/wp\/v2\/media?parent=127"}],"curies":[{"name":"wp","href":"https:\/\/api.w.org\/{rel}","templated":true}]}}