{"id":271,"date":"2026-02-05T14:21:25","date_gmt":"2026-02-05T12:21:25","guid":{"rendered":"https:\/\/sites.uef.fi\/biodiversitygenomics\/?page_id=271"},"modified":"2026-02-07T15:33:00","modified_gmt":"2026-02-07T13:33:00","slug":"hankkeet","status":"publish","type":"page","link":"https:\/\/sites.uef.fi\/biodiversitygenomics\/hankkeet\/","title":{"rendered":"Hankkeet"},"content":{"rendered":"\n<h2 class=\"wp-block-heading\">HARECY<\/h2>\n\n\n\n<figure class=\"wp-block-image size-large is-resized\"><img loading=\"lazy\" decoding=\"async\" width=\"1024\" height=\"1024\" src=\"https:\/\/sites.uef.fi\/biodiversitygenomics\/wp-content\/uploads\/sites\/569\/2026\/02\/05033707-ae03-4721-a7f3-aa0f2ed74da7-1024x1024.jpg\" alt=\"\" class=\"wp-image-272\" style=\"width:444px;height:auto\" srcset=\"https:\/\/sites.uef.fi\/biodiversitygenomics\/wp-content\/uploads\/sites\/569\/2026\/02\/05033707-ae03-4721-a7f3-aa0f2ed74da7-1024x1024.jpg 1024w, https:\/\/sites.uef.fi\/biodiversitygenomics\/wp-content\/uploads\/sites\/569\/2026\/02\/05033707-ae03-4721-a7f3-aa0f2ed74da7-300x300.jpg 300w, https:\/\/sites.uef.fi\/biodiversitygenomics\/wp-content\/uploads\/sites\/569\/2026\/02\/05033707-ae03-4721-a7f3-aa0f2ed74da7-150x150.jpg 150w, https:\/\/sites.uef.fi\/biodiversitygenomics\/wp-content\/uploads\/sites\/569\/2026\/02\/05033707-ae03-4721-a7f3-aa0f2ed74da7-768x768.jpg 768w, https:\/\/sites.uef.fi\/biodiversitygenomics\/wp-content\/uploads\/sites\/569\/2026\/02\/05033707-ae03-4721-a7f3-aa0f2ed74da7-1536x1536.jpg 1536w, https:\/\/sites.uef.fi\/biodiversitygenomics\/wp-content\/uploads\/sites\/569\/2026\/02\/05033707-ae03-4721-a7f3-aa0f2ed74da7.jpg 1600w\" sizes=\"auto, (max-width: 1024px) 100vw, 1024px\" \/><\/figure>\n\n\n\n<p>Suomen Akatemian rahoittamassa\u00a0<strong><a href=\"https:\/\/tiedejatutkimus.fi\/fi\/results\/funding\/83250\">HARECY-konsortiohankkeessa<\/a><\/strong>\u00a0tutkimme elintapastrategioiden evoluutiota ja sit\u00e4, miten aineenvaihdunnallisiin sopeumiin liittyv\u00e4t kustannukset heijastuvat solusyklin s\u00e4\u00e4telyyn ja edelleen ik\u00e4\u00e4ntymiseen, lis\u00e4\u00e4ntymiseen ja sy\u00f6p\u00e4alttiuteen. Hanketta toteutetaan yhteisty\u00f6ss\u00e4 Tampereen yliopiston mitokondriometabolian tutkimusryhm\u00e4n kanssa, ja mallij\u00e4rjestelm\u00e4n\u00e4 hy\u00f6dynnet\u00e4\u00e4n j\u00e4nisel\u00e4imi\u00e4, joiden elinkiertostrategiat ja fysiologiset erot tarjoavat eritt\u00e4in hy\u00f6dyllisen vertailuasetelman.<\/p>\n\n\n\n<p>HARECY on luonteva jatko aiemmalle\u00a0<strong><a href=\"https:\/\/www.aka.fi\/globalassets\/1-tutkimusrahoitus\/4-ohjelmat-ja-muut-rahoitusmuodot\/1-akatemiaohjelmat\/rlife\/rlife-hanke-esittely-pohjoismaki_jpg_s_hires.pdf\">CROSSHARES-konsortiohankkeelle<\/a><\/strong>, jossa selvitimme j\u00e4nisel\u00e4inten lajirajoja yll\u00e4pit\u00e4vi\u00e4 solunsis\u00e4isi\u00e4 ja erityisesti mitokondriaalisia mekanismeja. HARECYss\u00e4 fokusta laajennetaan lajienv\u00e4lisest\u00e4 vertailusta kohti elinkiertostrategioiden evolutiivista perustaa ja solutason kompromisseja resurssien jaossa lis\u00e4\u00e4ntymisen, solujen yll\u00e4pidon ja genomin vakauden v\u00e4lill\u00e4.<\/p>\n\n\n\n<p>Tutkimuksessa hy\u00f6dynn\u00e4mme laajasti genomiikan, solu- ja molekyylibiologian menetelmi\u00e4, mukaan lukien\u00a0single-cell-transkriptomiikkaa, solusyklin etenemist\u00e4 seuraavia\u00a0reportterigeenikonstruktioita\u00a0sek\u00e4 kokeellisia solumalleja eri j\u00e4nislajeista. Yhdist\u00e4m\u00e4ll\u00e4 vertailevaa genomiikkaa ja kokeellista solubiologiaa hanke tuottaa uutta tietoa siit\u00e4, miten mitokondrioiden toiminta, solusyklin s\u00e4\u00e4tely ja elinkiertostrategiat ovat kytkeytyneet toisiinsa evoluution aikana.<\/p>\n\n\n\n<h2 class=\"wp-block-heading\">Populaatiogenetiikka<\/h2>\n\n\n\n<p>Olemme kiinnostuneita my\u00f6s eri suomalaisten nis\u00e4kk\u00e4iden populaatiogenetiikasta, sopeutumismekanismeista pohjoisiin olosuhteisiin sek\u00e4 lajien levitt\u00e4ytymishistoriasta.<\/p>\n\n\n\n<p>Tutkimusryhm\u00e4mme on muun muassa selvitt\u00e4nyt rusakon ja mets\u00e4j\u00e4niksen risteytymisen genomisia seurauksia, valinnan kohteena olevia genomialueita sek\u00e4 suomalaisten rusakoiden alkuper\u00e4\u00e4 ja geneettist\u00e4 koostumusta noin 200 mets\u00e4j\u00e4niksen ja 200 rusakon maantieteellisesti kattavasta otoksesta. Vertailuaineistoksi on ker\u00e4tty vastaavat genomiset aineistot nelj\u00e4st\u00e4 rusakkokannasta (Saksa, It\u00e4valta, Pyreneet ja Unkari) sek\u00e4 viidest\u00e4 mets\u00e4j\u00e4niskannasta (Ruotsi, Ural, Kolyma, Magadan ja Primorjen alue Kaukoid\u00e4ss\u00e4). Ty\u00f6 edustaa Biodiversity Genomics Europe-hankkeen <a href=\"https:\/\/biodiversitygenomics.eu\/2025\/01\/27\/reference-genomes-illuminate-the-colonisation-histories-adaptation-and-hybridisation-of-two-hare-species\/\">yht\u00e4 tapaustutkimusta<\/a>.<\/p>\n\n\n\n<p>Aiemmin ERGA-pilottihankkeessa tuottamamme rusakon ja mets\u00e4j\u00e4niksen referenssigenomit ovat analyysien kannalta keskeisi\u00e4, sill\u00e4 ne mahdollistavat luotettavan SNP-tunnistuksen, kytkeytyneiden varianttien havaitsemisen sek\u00e4 valinnan kohteena olevien geenien tarkan paikantamisen. Tulokset ovat jo paljastaneet lajienv\u00e4lisen risteytymisen rakenteita, geneettist\u00e4 alkuper\u00e4\u00e4 ja viitteit\u00e4 alarakenteesta molemmissa lajeissa. K\u00e4ynniss\u00e4 olevassa ty\u00f6ss\u00e4 tutkimme lis\u00e4ksi sukupuoleen kytkeytyvi\u00e4 vinoumia lajien v\u00e4lisess\u00e4 geenivirrassa, mik\u00e4 voi paljastaa uroksiin liittyvi\u00e4 yhteensopimattomuuksia hybridien v\u00e4lill\u00e4, sek\u00e4 tunnistamme geenej\u00e4, joihin luonnonvalinta mahdollisesti kohdistuu.<\/p>\n\n\n\n<h2 class=\"wp-block-heading\">Verrokkigenomihankkeet<\/h2>\n\n\n\n<p>Teemme sek\u00e4 itse ett\u00e4 yhteisty\u00f6ss\u00e4 muiden tutkimusryhmien kanssa kromosomeittain koottuja, korkealaatuisia verrokkigenomeita tutkimusk\u00e4ytt\u00f6\u00f6n. Lue lis\u00e4\u00e4 <a href=\"https:\/\/sites.uef.fi\/biodiversitygenomics\/verrokki-eli-referenssigenomit\/\">t\u00e4\u00e4lt\u00e4<\/a>.<\/p>\n\n\n\n<h2 class=\"wp-block-heading\">DNA-ty\u00f6kalut lajien rajaamisessa ja laji-inventaarioissa<\/h2>\n\n\n\n<p>Osallistumme aktiivisesti <a href=\"https:\/\/www.finbol.org\">Suomen DNA-viivakoodihankkeisiin<\/a> ja olemme mukana kehitt\u00e4m\u00e4ss\u00e4 DNA-ty\u00f6kaluja lajien tunnistamiseen sek\u00e4 laji-inventaarioiden tekemiseen.<\/p>\n","protected":false},"excerpt":{"rendered":"<p>HARECY Suomen Akatemian rahoittamassa\u00a0HARECY-konsortiohankkeessa\u00a0tutkimme elintapastrategioiden evoluutiota ja sit\u00e4, miten aineenvaihdunnallisiin sopeumiin liittyv\u00e4t kustannukset heijastuvat solusyklin s\u00e4\u00e4telyyn ja edelleen ik\u00e4\u00e4ntymiseen, lis\u00e4\u00e4ntymiseen ja sy\u00f6p\u00e4alttiuteen. Hanketta toteutetaan yhteisty\u00f6ss\u00e4 Tampereen yliopiston mitokondriometabolian tutkimusryhm\u00e4n kanssa, ja mallij\u00e4rjestelm\u00e4n\u00e4 hy\u00f6dynnet\u00e4\u00e4n j\u00e4nisel\u00e4imi\u00e4, joiden elinkiertostrategiat ja fysiologiset erot tarjoavat eritt\u00e4in hy\u00f6dyllisen vertailuasetelman. HARECY on luonteva jatko aiemmalle\u00a0CROSSHARES-konsortiohankkeelle, jossa selvitimme j\u00e4nisel\u00e4inten lajirajoja yll\u00e4pit\u00e4vi\u00e4 solunsis\u00e4isi\u00e4 ja [&hellip;]<\/p>\n","protected":false},"author":1000,"featured_media":0,"parent":0,"menu_order":0,"comment_status":"closed","ping_status":"closed","template":"","meta":{"_acf_changed":false,"footnotes":""},"class_list":["post-271","page","type-page","status-publish","hentry"],"acf":[],"yoast_head":"<!-- This site is optimized with the Yoast SEO plugin v27.1.1 - https:\/\/yoast.com\/product\/yoast-seo-wordpress\/ -->\n<title>Hankkeet - UEF Biodiversiteettigenetiikka<\/title>\n<meta name=\"robots\" content=\"index, follow, max-snippet:-1, max-image-preview:large, max-video-preview:-1\" \/>\n<link rel=\"canonical\" href=\"https:\/\/sites.uef.fi\/biodiversitygenomics\/hankkeet\/\" \/>\n<meta property=\"og:locale\" content=\"fi_FI\" \/>\n<meta property=\"og:type\" content=\"article\" \/>\n<meta property=\"og:title\" content=\"Hankkeet - UEF Biodiversiteettigenetiikka\" \/>\n<meta property=\"og:description\" content=\"HARECY Suomen Akatemian rahoittamassa\u00a0HARECY-konsortiohankkeessa\u00a0tutkimme elintapastrategioiden evoluutiota ja sit\u00e4, miten aineenvaihdunnallisiin sopeumiin liittyv\u00e4t kustannukset heijastuvat solusyklin s\u00e4\u00e4telyyn ja edelleen ik\u00e4\u00e4ntymiseen, lis\u00e4\u00e4ntymiseen ja sy\u00f6p\u00e4alttiuteen. Hanketta toteutetaan yhteisty\u00f6ss\u00e4 Tampereen yliopiston mitokondriometabolian tutkimusryhm\u00e4n kanssa, ja mallij\u00e4rjestelm\u00e4n\u00e4 hy\u00f6dynnet\u00e4\u00e4n j\u00e4nisel\u00e4imi\u00e4, joiden elinkiertostrategiat ja fysiologiset erot tarjoavat eritt\u00e4in hy\u00f6dyllisen vertailuasetelman. HARECY on luonteva jatko aiemmalle\u00a0CROSSHARES-konsortiohankkeelle, jossa selvitimme j\u00e4nisel\u00e4inten lajirajoja yll\u00e4pit\u00e4vi\u00e4 solunsis\u00e4isi\u00e4 ja [&hellip;]\" \/>\n<meta property=\"og:url\" content=\"https:\/\/sites.uef.fi\/biodiversitygenomics\/hankkeet\/\" \/>\n<meta property=\"og:site_name\" content=\"UEF Biodiversiteettigenetiikka\" \/>\n<meta property=\"article:modified_time\" content=\"2026-02-07T13:33:00+00:00\" \/>\n<meta property=\"og:image\" content=\"https:\/\/sites.uef.fi\/biodiversitygenomics\/wp-content\/uploads\/sites\/569\/2026\/02\/05033707-ae03-4721-a7f3-aa0f2ed74da7.jpg\" \/>\n\t<meta property=\"og:image:width\" content=\"1600\" \/>\n\t<meta property=\"og:image:height\" content=\"1600\" \/>\n\t<meta property=\"og:image:type\" content=\"image\/jpeg\" \/>\n<meta name=\"twitter:card\" content=\"summary_large_image\" \/>\n<meta name=\"twitter:label1\" content=\"Arvioitu lukuaika\" \/>\n\t<meta name=\"twitter:data1\" content=\"3 minuuttia\" \/>\n<script type=\"application\/ld+json\" class=\"yoast-schema-graph\">{\"@context\":\"https:\/\/schema.org\",\"@graph\":[{\"@type\":\"WebPage\",\"@id\":\"https:\/\/sites.uef.fi\/biodiversitygenomics\/hankkeet\/\",\"url\":\"https:\/\/sites.uef.fi\/biodiversitygenomics\/hankkeet\/\",\"name\":\"Hankkeet - UEF Biodiversiteettigenetiikka\",\"isPartOf\":{\"@id\":\"https:\/\/sites.uef.fi\/biodiversitygenomics\/#website\"},\"primaryImageOfPage\":{\"@id\":\"https:\/\/sites.uef.fi\/biodiversitygenomics\/hankkeet\/#primaryimage\"},\"image\":{\"@id\":\"https:\/\/sites.uef.fi\/biodiversitygenomics\/hankkeet\/#primaryimage\"},\"thumbnailUrl\":\"https:\/\/sites.uef.fi\/biodiversitygenomics\/wp-content\/uploads\/sites\/569\/2026\/02\/05033707-ae03-4721-a7f3-aa0f2ed74da7-1024x1024.jpg\",\"datePublished\":\"2026-02-05T12:21:25+00:00\",\"dateModified\":\"2026-02-07T13:33:00+00:00\",\"breadcrumb\":{\"@id\":\"https:\/\/sites.uef.fi\/biodiversitygenomics\/hankkeet\/#breadcrumb\"},\"inLanguage\":\"fi\",\"potentialAction\":[{\"@type\":\"ReadAction\",\"target\":[\"https:\/\/sites.uef.fi\/biodiversitygenomics\/hankkeet\/\"]}]},{\"@type\":\"ImageObject\",\"inLanguage\":\"fi\",\"@id\":\"https:\/\/sites.uef.fi\/biodiversitygenomics\/hankkeet\/#primaryimage\",\"url\":\"https:\/\/sites.uef.fi\/biodiversitygenomics\/wp-content\/uploads\/sites\/569\/2026\/02\/05033707-ae03-4721-a7f3-aa0f2ed74da7.jpg\",\"contentUrl\":\"https:\/\/sites.uef.fi\/biodiversitygenomics\/wp-content\/uploads\/sites\/569\/2026\/02\/05033707-ae03-4721-a7f3-aa0f2ed74da7.jpg\",\"width\":1600,\"height\":1600},{\"@type\":\"BreadcrumbList\",\"@id\":\"https:\/\/sites.uef.fi\/biodiversitygenomics\/hankkeet\/#breadcrumb\",\"itemListElement\":[{\"@type\":\"ListItem\",\"position\":1,\"name\":\"Etusivu\",\"item\":\"https:\/\/sites.uef.fi\/biodiversitygenomics\/\"},{\"@type\":\"ListItem\",\"position\":2,\"name\":\"Hankkeet\"}]},{\"@type\":\"WebSite\",\"@id\":\"https:\/\/sites.uef.fi\/biodiversitygenomics\/#website\",\"url\":\"https:\/\/sites.uef.fi\/biodiversitygenomics\/\",\"name\":\"UEF Biodiversiteettigenetiikka\",\"description\":\"\",\"potentialAction\":[{\"@type\":\"SearchAction\",\"target\":{\"@type\":\"EntryPoint\",\"urlTemplate\":\"https:\/\/sites.uef.fi\/biodiversitygenomics\/?s={search_term_string}\"},\"query-input\":{\"@type\":\"PropertyValueSpecification\",\"valueRequired\":true,\"valueName\":\"search_term_string\"}}],\"inLanguage\":\"fi\"}]}<\/script>\n<!-- \/ Yoast SEO plugin. -->","yoast_head_json":{"title":"Hankkeet - UEF Biodiversiteettigenetiikka","robots":{"index":"index","follow":"follow","max-snippet":"max-snippet:-1","max-image-preview":"max-image-preview:large","max-video-preview":"max-video-preview:-1"},"canonical":"https:\/\/sites.uef.fi\/biodiversitygenomics\/hankkeet\/","og_locale":"fi_FI","og_type":"article","og_title":"Hankkeet - UEF Biodiversiteettigenetiikka","og_description":"HARECY Suomen Akatemian rahoittamassa\u00a0HARECY-konsortiohankkeessa\u00a0tutkimme elintapastrategioiden evoluutiota ja sit\u00e4, miten aineenvaihdunnallisiin sopeumiin liittyv\u00e4t kustannukset heijastuvat solusyklin s\u00e4\u00e4telyyn ja edelleen ik\u00e4\u00e4ntymiseen, lis\u00e4\u00e4ntymiseen ja sy\u00f6p\u00e4alttiuteen. Hanketta toteutetaan yhteisty\u00f6ss\u00e4 Tampereen yliopiston mitokondriometabolian tutkimusryhm\u00e4n kanssa, ja mallij\u00e4rjestelm\u00e4n\u00e4 hy\u00f6dynnet\u00e4\u00e4n j\u00e4nisel\u00e4imi\u00e4, joiden elinkiertostrategiat ja fysiologiset erot tarjoavat eritt\u00e4in hy\u00f6dyllisen vertailuasetelman. HARECY on luonteva jatko aiemmalle\u00a0CROSSHARES-konsortiohankkeelle, jossa selvitimme j\u00e4nisel\u00e4inten lajirajoja yll\u00e4pit\u00e4vi\u00e4 solunsis\u00e4isi\u00e4 ja [&hellip;]","og_url":"https:\/\/sites.uef.fi\/biodiversitygenomics\/hankkeet\/","og_site_name":"UEF Biodiversiteettigenetiikka","article_modified_time":"2026-02-07T13:33:00+00:00","og_image":[{"width":1600,"height":1600,"url":"https:\/\/sites.uef.fi\/biodiversitygenomics\/wp-content\/uploads\/sites\/569\/2026\/02\/05033707-ae03-4721-a7f3-aa0f2ed74da7.jpg","type":"image\/jpeg"}],"twitter_card":"summary_large_image","twitter_misc":{"Arvioitu lukuaika":"3 minuuttia"},"schema":{"@context":"https:\/\/schema.org","@graph":[{"@type":"WebPage","@id":"https:\/\/sites.uef.fi\/biodiversitygenomics\/hankkeet\/","url":"https:\/\/sites.uef.fi\/biodiversitygenomics\/hankkeet\/","name":"Hankkeet - UEF Biodiversiteettigenetiikka","isPartOf":{"@id":"https:\/\/sites.uef.fi\/biodiversitygenomics\/#website"},"primaryImageOfPage":{"@id":"https:\/\/sites.uef.fi\/biodiversitygenomics\/hankkeet\/#primaryimage"},"image":{"@id":"https:\/\/sites.uef.fi\/biodiversitygenomics\/hankkeet\/#primaryimage"},"thumbnailUrl":"https:\/\/sites.uef.fi\/biodiversitygenomics\/wp-content\/uploads\/sites\/569\/2026\/02\/05033707-ae03-4721-a7f3-aa0f2ed74da7-1024x1024.jpg","datePublished":"2026-02-05T12:21:25+00:00","dateModified":"2026-02-07T13:33:00+00:00","breadcrumb":{"@id":"https:\/\/sites.uef.fi\/biodiversitygenomics\/hankkeet\/#breadcrumb"},"inLanguage":"fi","potentialAction":[{"@type":"ReadAction","target":["https:\/\/sites.uef.fi\/biodiversitygenomics\/hankkeet\/"]}]},{"@type":"ImageObject","inLanguage":"fi","@id":"https:\/\/sites.uef.fi\/biodiversitygenomics\/hankkeet\/#primaryimage","url":"https:\/\/sites.uef.fi\/biodiversitygenomics\/wp-content\/uploads\/sites\/569\/2026\/02\/05033707-ae03-4721-a7f3-aa0f2ed74da7.jpg","contentUrl":"https:\/\/sites.uef.fi\/biodiversitygenomics\/wp-content\/uploads\/sites\/569\/2026\/02\/05033707-ae03-4721-a7f3-aa0f2ed74da7.jpg","width":1600,"height":1600},{"@type":"BreadcrumbList","@id":"https:\/\/sites.uef.fi\/biodiversitygenomics\/hankkeet\/#breadcrumb","itemListElement":[{"@type":"ListItem","position":1,"name":"Etusivu","item":"https:\/\/sites.uef.fi\/biodiversitygenomics\/"},{"@type":"ListItem","position":2,"name":"Hankkeet"}]},{"@type":"WebSite","@id":"https:\/\/sites.uef.fi\/biodiversitygenomics\/#website","url":"https:\/\/sites.uef.fi\/biodiversitygenomics\/","name":"UEF Biodiversiteettigenetiikka","description":"","potentialAction":[{"@type":"SearchAction","target":{"@type":"EntryPoint","urlTemplate":"https:\/\/sites.uef.fi\/biodiversitygenomics\/?s={search_term_string}"},"query-input":{"@type":"PropertyValueSpecification","valueRequired":true,"valueName":"search_term_string"}}],"inLanguage":"fi"}]}},"_links":{"self":[{"href":"https:\/\/sites.uef.fi\/biodiversitygenomics\/wp-json\/wp\/v2\/pages\/271","targetHints":{"allow":["GET"]}}],"collection":[{"href":"https:\/\/sites.uef.fi\/biodiversitygenomics\/wp-json\/wp\/v2\/pages"}],"about":[{"href":"https:\/\/sites.uef.fi\/biodiversitygenomics\/wp-json\/wp\/v2\/types\/page"}],"author":[{"embeddable":true,"href":"https:\/\/sites.uef.fi\/biodiversitygenomics\/wp-json\/wp\/v2\/users\/1000"}],"replies":[{"embeddable":true,"href":"https:\/\/sites.uef.fi\/biodiversitygenomics\/wp-json\/wp\/v2\/comments?post=271"}],"version-history":[{"count":1,"href":"https:\/\/sites.uef.fi\/biodiversitygenomics\/wp-json\/wp\/v2\/pages\/271\/revisions"}],"predecessor-version":[{"id":311,"href":"https:\/\/sites.uef.fi\/biodiversitygenomics\/wp-json\/wp\/v2\/pages\/271\/revisions\/311"}],"wp:attachment":[{"href":"https:\/\/sites.uef.fi\/biodiversitygenomics\/wp-json\/wp\/v2\/media?parent=271"}],"curies":[{"name":"wp","href":"https:\/\/api.w.org\/{rel}","templated":true}]}}