{"id":219,"date":"2023-01-25T17:03:29","date_gmt":"2023-01-25T15:03:29","guid":{"rendered":"https:\/\/sites.uef.fi\/biopro\/?page_id=219"},"modified":"2024-02-19T08:10:13","modified_gmt":"2024-02-19T06:10:13","slug":"materials","status":"publish","type":"page","link":"https:\/\/sites.uef.fi\/biopro\/courses\/bioenenergy-markets-and-policies\/materials\/","title":{"rendered":"Materials"},"content":{"rendered":"\n<h1 class=\"wp-block-heading\" id=\"id-4.StudyMaterials-Basiccoursereadingmaterials\">Basic reading materials<\/h1>\n\n\n\n<p>This list contains the basic syllabus for the course. In addition, each lecture\/session suggests reading materials that can be checked in\u00a0<a href=\"https:\/\/studentuef.sharepoint.com\/sites\/Biopro\/SitePages\/Markets.aspx\">lectures\u00a0pages<\/a> and <a href=\"https:\/\/studentuef.sharepoint.com\/:f:\/r\/sites\/Biopro\/Shared%20Documents\/Bioenergy%20Markets%20and%20Policies\/Materials?csf=1&amp;web=1&amp;e=HMeiHc\">internal folders<\/a>. Also, there is some complementary readings in the section\u00a0<a href=\"https:\/\/studentuef.sharepoint.com\/:f:\/r\/sites\/Biopro\/Shared%20Documents\/Bioenergy%20Markets%20and%20Policies\/Materials?csf=1&amp;web=1&amp;e=ZwWj3A\">additional Resources<\/a>. In order to prepare the final exam, there is a list of\u00a0<a href=\"https:\/\/studentuef.sharepoint.com\/:f:\/r\/sites\/Biopro\/Shared%20Documents\/Bioenergy%20Markets%20and%20Policies\/Materials\/Preparing%20the%20exam?csf=1&amp;web=1&amp;e=mwBHz1\">topics<\/a>.<\/p>\n\n\n\n<h2 class=\"wp-block-heading\" id=\"id-4.StudyMaterials-CourseBooks\">Course Books<\/h2>\n\n\n\n<p>Pelkonen, P. et al. eds. (2014)&nbsp;<em>Forest Bioenergy for Europe<\/em>. What Science can tell us, 4. European Forest Institute. pp 109.&nbsp;<a href=\"https:\/\/efi.int\/publications-bank\/forest-bioenergy-europe\">[PDF]<\/a><\/p>\n\n\n\n<h2 class=\"wp-block-heading\" id=\"id-4.StudyMaterials-BackgroundMaterials\">Background Materials<\/h2>\n\n\n\n<p>For those not familiarized with the main concepts related to biomass production for energy, feel free to use these materials to expand your background:<\/p>\n\n\n\n<p>R\u00f6ser, D., Asikainen, A., Raulund-Rasmussen, K. and Stupak, I. eds. (2008)&nbsp;<em>Sustainable use of forest biomass for energy a synthesis with focus on the Baltic and Nordic region<\/em>.&nbsp;Vol. 12. Springer Science &amp; Business Media&nbsp;<a href=\"http:\/\/site.ebrary.com\/lib\/uef\/detail.action?docID=10230462\">[e-brary link]<\/a><\/p>\n\n\n\n<p>Richardson, J., Bj\u00f6rheden, R., Hakkila, P., Lowe, A. T., &amp; Smith, C. T. (Eds.). (2006).&nbsp;<em>Bioenergy from sustainable forestry: guiding principles and practice<\/em>&nbsp;(Vol. 71). Springer Science &amp; Business Media.&nbsp;[<a href=\"http:\/\/site.ebrary.com\/lib\/uef\/detail.action?docID=10052679&amp;p00=bioenergy+trade\">e-library link<\/a>]<\/p>\n\n\n\n<p>Schubert R et al (2010)&nbsp;<em>Future bioenergy and sustainable land use<\/em>, 365 pp. Earthscale&nbsp;<a href=\"http:\/\/site.ebrary.com\/lib\/uef\/detail.action?docID=10364882\">[e-brary link]<\/a><\/p>\n\n\n\n<p>Energy from the forest- Benefits for the local economy<a href=\"https:\/\/www.youtube.com\/watch?v=s1YPcJOPWn4\">&nbsp;[Youtube]<\/a><\/p>\n\n\n\n<p>Machines in biomass procurement operations<a href=\"https:\/\/www.youtube.com\/user\/ForestEnergyPortal\/featured\">&nbsp;[YouTube] ForestEnergy Portal<\/a><\/p>\n\n\n\n<p>Harvesting of fast growing plantations<a href=\"http:\/\/salixodlarna.se\/\">&nbsp;[Youtube]<\/a>&nbsp;at&nbsp;<em>Salixodlarna<\/em><\/p>\n\n\n\n<h2 class=\"wp-block-heading\" id=\"id-4.StudyMaterials-LectureMaterials\">Lecture Materials<\/h2>\n\n\n\n<p>Along the lectures, there has been recommended and complementary readings that are related to the topic of each session. This is the list of the compulsory topics mentioned in the lectures:<\/p>\n\n\n\n<p>Chapter 1, Markets and policy. In: Pelkonen, P. et al. eds. (2014)&nbsp;<em>Forest Bioenergy for Europe<\/em>. What Science can tell us, 4. European Forest Institute. pp 109.&nbsp;<a href=\"https:\/\/efi.int\/publications-bank\/wsctu\">[PDF]<\/a><\/p>\n\n\n\n<p>Chapter 4. Development of bioenergy trade in four different settings\u2013The role of potential and policies. Thr\u00e4n, D., Hennig, C., Thiffault, E., Heinim\u00f6, J., &amp; Andrade, O. (2014). In&nbsp;<em>International Bioenergy Trade<\/em>&nbsp;(pp. 65-101). Springer Netherlands.&nbsp;[<a href=\"https:\/\/www.researchgate.net\/publication\/278717857_Development_of_Bioenergy_Trade_in_Four_Different_Settings_The_Role_of_Potential_and_Policies\">RG<\/a>]&nbsp;[<a href=\"attachments\/41911000\/52297809.pdf\">printouts<\/a>]<\/p>\n\n\n\n<p>Mola-Yudego, B., Dimitriou, I., Gagnon, B., Schweinle, J., &amp; Kuli\u0161i\u0107, B. (2024). Priorities for the sustainability criteria of biomass supply chains for energy.&nbsp;<em>Journal of Cleaner Production<\/em>,&nbsp;<em>434<\/em>, 140075. [<a href=\"https:\/\/www.sciencedirect.com\/science\/article\/pii\/S0959652623042336\">PDF<\/a>][<a href=\"https:\/\/www.researchgate.net\/publication\/376321049_Priorities_for_the_sustainability_criteria_of_biomass_supply_chains_for_energy\">RG<\/a>]<\/p>\n\n\n\n<p>Ericsson, K., Huttunen, S., Nilsson, L. J., &amp; Svenningsson, P. (2004). Bioenergy policy and market development in Finland and Sweden.&nbsp;<em>Energy policy<\/em>,&nbsp;<em>32<\/em>(15), 1707-1721.&nbsp;[<a href=\"http:\/\/citeseerx.ist.psu.edu\/viewdoc\/download?doi=10.1.1.578.6717&amp;rep=rep1&amp;type=pdf\">PDF<\/a>]<\/p>\n\n\n\n<p>Helby, P., B\u00f6rjesson, P., Hansen, A. C., Roos, A., Rosenqvist, H., &amp; Takeuchi, L. (2004). Market Development Problems for Sustainable Bio-energy Systems in Sweden:(The BIOMARK Project). Environmental and Energy Systems Studies, Lund University.&nbsp;[<a href=\"http:\/\/www.iaea.org\/inis\/collection\/NCLCollectionStore\/_Public\/35\/018\/35018132.pdf\">PDF<\/a>]<\/p>\n\n\n\n<p>Roos, A., Graham, R. L., Hektor, B., &amp; Rakos, C. (1999). Critical factors to bioenergy implementation.&nbsp;<em>Biomass and Bioenergy<\/em>,&nbsp;<em>17<\/em>(2), 113-126.&nbsp;[<a href=\"http:\/\/www.sciencedirect.com\/science\/article\/pii\/S0961953499000288\">PDF<\/a>]<\/p>\n\n\n\n<p>Mola-Yudego, B., Dimitriou, I., Gonzalez-Garcia, S., Gritten, D., &amp; Aronsson, P. (2014). A conceptual framework for the introduction of energy crops. <em>Renewable Energy<\/em>,&nbsp;<em>72<\/em>, 29-38.&nbsp;[<a href=\"http:\/\/www.sciencedirect.com\/science\/article\/pii\/S0960148114003528\">PDF<\/a>][<a href=\"https:\/\/www.researchgate.net\/profile\/Blas-Mola-Yudego\/post\/Is_there_anybody_can_suggest_me_articles_about_the_willow_biomass_production_in_2014\/attachment\/59d61dde79197b807797b5d6\/AS%3A273767413026817%401442282645183\/download\/Mola-Yudego+et+al%2C+2014b.pdf\">RG<\/a>]<\/p>\n\n\n\n<p>McCormick, K., &amp; K\u00e5berger, T. (2005). Exploring a pioneering bioenergy system: The case of Enk\u00f6ping in Sweden.&nbsp;<em>Journal of Cleaner production<\/em>,<em>13<\/em>(10), 1003-1014.&nbsp;[<a href=\"http:\/\/www.sciencedirect.com\/science\/article\/pii\/S0959652604002677\">PDF<\/a>]<\/p>\n\n\n\n<p>Arevalo, J., Ochieng, R., Mola-Yudego, B., &amp; Gritten, D. (2014). Understanding bioenergy conflicts: Case of a jatropha project in Kenya&#8217;s Tana Delta.&nbsp;<em>Land Use Policy<\/em>,&nbsp;<em>41<\/em>, 138-148&nbsp;[<a href=\"http:\/\/www.sciencedirect.com\/science\/article\/pii\/S0264837714000933\">PDF<\/a>][<a href=\"https:\/\/www.researchgate.net\/publication\/263127107_Understanding_bioenergy_conflicts_Case_of_a_jatropha_project_in_Kenya's_Tana_Delta\">RG<\/a>]<\/p>\n\n\n\n<p>Gritten, D., Saastamoinen, O., &amp; Sajama, S. (2009). Ethical analysis: A structured approach to facilitate the resolution of forest conflicts.&nbsp;<em>Forest Policy and Economics<\/em>,&nbsp;<em>11<\/em>(8), 555-560&nbsp;[<a href=\"http:\/\/www.sciencedirect.com\/science\/article\/pii\/S1389934109000811\">PDF<\/a>]<\/p>\n\n\n\n<p>Selkim\u00e4ki, M., Mola-Yudego, B., R\u00f6ser, D., Prinz, R., &amp; Sikanen, L. (2010). Present and future trends in pellet markets, raw materials, and supply logistics in Sweden and Finland. Renewable and Sustainable Energy Reviews, 14(9), 3068-3075.&nbsp;[<a href=\"http:\/\/www.sciencedirect.com\/science\/article\/pii\/S1364032110001565\">PDF<\/a>][<a href=\"https:\/\/www.researchgate.net\/publication\/227421296_Present_and_future_trends_in_pellet_markets_raw_materials_and_supply_logistics_in_Sweden_and_Finland\">RG<\/a>]<\/p>\n\n\n\n<p>Mola-Yudego, B., Selkim\u00e4ki, M., &amp; Gonz\u00e1lez-Olabarria, J. R. (2014). Spatial analysis of the wood pellet production for energy in Europe. Renewable Energy, 63, 76-83.&nbsp;[<a href=\"http:\/\/www.sciencedirect.com\/science\/article\/pii\/S0960148113004369\">PDF<\/a>][<a href=\"https:\/\/www.researchgate.net\/publication\/257140833_Spatial_analysis_of_the_wood_pellet_production_for_energy_in_Europe\">RG<\/a>]<\/p>\n\n\n\n<p>Heinim\u00f6, J. (2008). Methodological aspects on international biofuels trade: international streams and trade of solid and liquid biofuels in Finland.&nbsp;<em>Biomass and Bioenergy<\/em>,&nbsp;<em>32<\/em>(8), 702-716.&nbsp;[<a href=\"http:\/\/www.sciencedirect.com\/science\/article\/pii\/S0961953408000111\">PDF<\/a>]<\/p>\n\n\n\n<p>Albrecht, M. (2016). The role of translation loops in policy mutation processes: State designated Bioenergy Regions in Germany.&nbsp;<em>Environment and Planning C: Government and Policy<\/em>, 0263774X16669354 [<a href=\"http:\/\/journals.sagepub.com\/doi\/abs\/10.1177\/0263774X16669354\">PDF<\/a>] [<a href=\"https:\/\/wiki.uef.fi\/download\/attachments\/41911739\/translation%20loops%20bioenergy%20regions%20Germany%202017%20%281%29.pdf?version=1&amp;modificationDate=1485774186000&amp;api=v2\">author copy PDF<\/a>]<\/p>\n\n\n\n<p>Leduc S, Wetterlund E,&nbsp; Dotzauer E, Schmidt J, Natarajan K, and Khatiwada D. 2015. Policies and Modeling of Energy Systems for Reaching European Bioenergy Targets. Handbook of Clean Energy Systems.&nbsp;<a href=\"http:\/\/onlinelibrary.wiley.com\/doi\/10.1002\/9781118991978.hces102\/abstract\">http:\/\/onlinelibrary.wiley.com\/doi\/10.1002\/9781118991978.hces102\/abstract<\/a><\/p>\n\n\n\n<p>World energy outlook.&nbsp;<em>Paris: International Energy Agency<\/em>&nbsp;(2016)&nbsp;[<a href=\"https:\/\/wiki.uef.fi\/download\/attachments\/41912284\/WEO2016SUM%20%281%29.pdf?version=1&amp;modificationDate=1484917527000&amp;api=v2\">PDF<\/a>] and Market Report Analysis and Forecasts till 2021 [<a href=\"https:\/\/wiki.uef.fi\/download\/attachments\/41912284\/WEO2016SUM%20%281%29.pdf?version=1&amp;modificationDate=1484917527000&amp;api=v2\">PDF<\/a>]<\/p>\n\n\n\n<p>Khanam, T., Matero, J., Mola-Yudego, B., Sikanen, L., &amp; Rahman, A. (2014). Assessing external factors on substitution of fossil fuel by biofuels: model perspective from the Nordic region. Mitigation and Adaptation Strategies for Global Change, 1-16.&nbsp;[<a href=\"http:\/\/link.springer.com\/article\/10.1007\/s11027-014-9608-x\">PDF<\/a>][<a href=\"https:\/\/www.researchgate.net\/publication\/266200698_Assessing_external_factors_on_substitution_of_fossil_fuel_by_biofuels_model_perspective_from_the_Nordic_region\">RG<\/a>]<\/p>\n\n\n\n<p>Kunttu, J., Hurmekoski, E., Myllyviita, T., Wallius, V., Kilpel\u00e4inen, A., Hujala, T., &#8230; &amp; Her\u00e4j\u00e4rvi, H. (2021). Targeting net climate benefits by wood utilization in Finland: Participatory backcasting combined with quantitative scenario exploration.&nbsp;<em>Futures<\/em>,&nbsp;<em>134<\/em>, 102833.<\/p>\n","protected":false},"excerpt":{"rendered":"<p>Basic reading materials This list contains the basic syllabus for the course. In addition, each lecture\/session suggests reading materials that can be checked in\u00a0lectures\u00a0pages and internal folders. Also, there is some complementary readings in the section\u00a0additional Resources. In order to prepare the final exam, there is a list of\u00a0topics. Course Books Pelkonen, P. et al. &hellip; <\/p>\n<p class=\"link-more\"><a href=\"https:\/\/sites.uef.fi\/biopro\/courses\/bioenenergy-markets-and-policies\/materials\/\" class=\"more-link\">Continue reading<span class=\"screen-reader-text\"> &#8220;Materials&#8221;<\/span><\/a><\/p>\n","protected":false},"author":836,"featured_media":0,"parent":123,"menu_order":0,"comment_status":"closed","ping_status":"closed","template":"","meta":{"_acf_changed":false,"footnotes":""},"class_list":["post-219","page","type-page","status-publish","hentry"],"acf":[],"yoast_head":"<!-- This site is optimized with the Yoast SEO plugin v27.1.1 - https:\/\/yoast.com\/product\/yoast-seo-wordpress\/ -->\n<title>Materials - Biomass Production<\/title>\n<meta name=\"robots\" content=\"index, follow, max-snippet:-1, max-image-preview:large, max-video-preview:-1\" \/>\n<link rel=\"canonical\" href=\"https:\/\/sites.uef.fi\/biopro\/courses\/bioenenergy-markets-and-policies\/materials\/\" \/>\n<meta property=\"og:locale\" content=\"en_US\" \/>\n<meta property=\"og:type\" content=\"article\" \/>\n<meta property=\"og:title\" content=\"Materials - Biomass Production\" \/>\n<meta property=\"og:description\" content=\"Basic reading materials This list contains the basic syllabus for the course. In addition, each lecture\/session suggests reading materials that can be checked in\u00a0lectures\u00a0pages and internal folders. Also, there is some complementary readings in the section\u00a0additional Resources. In order to prepare the final exam, there is a list of\u00a0topics. Course Books Pelkonen, P. et al. &hellip; Continue reading &quot;Materials&quot;\" \/>\n<meta property=\"og:url\" content=\"https:\/\/sites.uef.fi\/biopro\/courses\/bioenenergy-markets-and-policies\/materials\/\" \/>\n<meta property=\"og:site_name\" content=\"Biomass Production\" \/>\n<meta property=\"article:modified_time\" content=\"2024-02-19T06:10:13+00:00\" \/>\n<meta name=\"twitter:card\" content=\"summary_large_image\" \/>\n<meta name=\"twitter:label1\" content=\"Est. reading time\" \/>\n\t<meta name=\"twitter:data1\" content=\"4 minutes\" \/>\n<script type=\"application\/ld+json\" class=\"yoast-schema-graph\">{\"@context\":\"https:\/\/schema.org\",\"@graph\":[{\"@type\":\"WebPage\",\"@id\":\"https:\/\/sites.uef.fi\/biopro\/courses\/bioenenergy-markets-and-policies\/materials\/\",\"url\":\"https:\/\/sites.uef.fi\/biopro\/courses\/bioenenergy-markets-and-policies\/materials\/\",\"name\":\"Materials - Biomass Production\",\"isPartOf\":{\"@id\":\"https:\/\/sites.uef.fi\/biopro\/#website\"},\"datePublished\":\"2023-01-25T15:03:29+00:00\",\"dateModified\":\"2024-02-19T06:10:13+00:00\",\"breadcrumb\":{\"@id\":\"https:\/\/sites.uef.fi\/biopro\/courses\/bioenenergy-markets-and-policies\/materials\/#breadcrumb\"},\"inLanguage\":\"en-US\",\"potentialAction\":[{\"@type\":\"ReadAction\",\"target\":[\"https:\/\/sites.uef.fi\/biopro\/courses\/bioenenergy-markets-and-policies\/materials\/\"]}]},{\"@type\":\"BreadcrumbList\",\"@id\":\"https:\/\/sites.uef.fi\/biopro\/courses\/bioenenergy-markets-and-policies\/materials\/#breadcrumb\",\"itemListElement\":[{\"@type\":\"ListItem\",\"position\":1,\"name\":\"Home\",\"item\":\"https:\/\/sites.uef.fi\/biopro\/\"},{\"@type\":\"ListItem\",\"position\":2,\"name\":\"Courses\",\"item\":\"https:\/\/sites.uef.fi\/biopro\/courses\/\"},{\"@type\":\"ListItem\",\"position\":3,\"name\":\"Bioenergy Markets and Policy\",\"item\":\"https:\/\/sites.uef.fi\/biopro\/courses\/bioenenergy-markets-and-policies\/\"},{\"@type\":\"ListItem\",\"position\":4,\"name\":\"Materials\"}]},{\"@type\":\"WebSite\",\"@id\":\"https:\/\/sites.uef.fi\/biopro\/#website\",\"url\":\"https:\/\/sites.uef.fi\/biopro\/\",\"name\":\"Biomass Production\",\"description\":\"\",\"publisher\":{\"@id\":\"https:\/\/sites.uef.fi\/biopro\/#organization\"},\"potentialAction\":[{\"@type\":\"SearchAction\",\"target\":{\"@type\":\"EntryPoint\",\"urlTemplate\":\"https:\/\/sites.uef.fi\/biopro\/?s={search_term_string}\"},\"query-input\":{\"@type\":\"PropertyValueSpecification\",\"valueRequired\":true,\"valueName\":\"search_term_string\"}}],\"inLanguage\":\"en-US\"},{\"@type\":\"Organization\",\"@id\":\"https:\/\/sites.uef.fi\/biopro\/#organization\",\"name\":\"Biomass Production\",\"url\":\"https:\/\/sites.uef.fi\/biopro\/\",\"logo\":{\"@type\":\"ImageObject\",\"inLanguage\":\"en-US\",\"@id\":\"https:\/\/sites.uef.fi\/biopro\/#\/schema\/logo\/image\/\",\"url\":\"https:\/\/sites.uef.fi\/biopro\/wp-content\/uploads\/sites\/380\/2025\/08\/cropped-Biomass-Production-Research-Group-Logo-Square.png\",\"contentUrl\":\"https:\/\/sites.uef.fi\/biopro\/wp-content\/uploads\/sites\/380\/2025\/08\/cropped-Biomass-Production-Research-Group-Logo-Square.png\",\"width\":250,\"height\":250,\"caption\":\"Biomass Production\"},\"image\":{\"@id\":\"https:\/\/sites.uef.fi\/biopro\/#\/schema\/logo\/image\/\"}}]}<\/script>\n<!-- \/ Yoast SEO plugin. -->","yoast_head_json":{"title":"Materials - Biomass Production","robots":{"index":"index","follow":"follow","max-snippet":"max-snippet:-1","max-image-preview":"max-image-preview:large","max-video-preview":"max-video-preview:-1"},"canonical":"https:\/\/sites.uef.fi\/biopro\/courses\/bioenenergy-markets-and-policies\/materials\/","og_locale":"en_US","og_type":"article","og_title":"Materials - Biomass Production","og_description":"Basic reading materials This list contains the basic syllabus for the course. In addition, each lecture\/session suggests reading materials that can be checked in\u00a0lectures\u00a0pages and internal folders. Also, there is some complementary readings in the section\u00a0additional Resources. In order to prepare the final exam, there is a list of\u00a0topics. Course Books Pelkonen, P. et al. &hellip; Continue reading \"Materials\"","og_url":"https:\/\/sites.uef.fi\/biopro\/courses\/bioenenergy-markets-and-policies\/materials\/","og_site_name":"Biomass Production","article_modified_time":"2024-02-19T06:10:13+00:00","twitter_card":"summary_large_image","twitter_misc":{"Est. reading time":"4 minutes"},"schema":{"@context":"https:\/\/schema.org","@graph":[{"@type":"WebPage","@id":"https:\/\/sites.uef.fi\/biopro\/courses\/bioenenergy-markets-and-policies\/materials\/","url":"https:\/\/sites.uef.fi\/biopro\/courses\/bioenenergy-markets-and-policies\/materials\/","name":"Materials - Biomass Production","isPartOf":{"@id":"https:\/\/sites.uef.fi\/biopro\/#website"},"datePublished":"2023-01-25T15:03:29+00:00","dateModified":"2024-02-19T06:10:13+00:00","breadcrumb":{"@id":"https:\/\/sites.uef.fi\/biopro\/courses\/bioenenergy-markets-and-policies\/materials\/#breadcrumb"},"inLanguage":"en-US","potentialAction":[{"@type":"ReadAction","target":["https:\/\/sites.uef.fi\/biopro\/courses\/bioenenergy-markets-and-policies\/materials\/"]}]},{"@type":"BreadcrumbList","@id":"https:\/\/sites.uef.fi\/biopro\/courses\/bioenenergy-markets-and-policies\/materials\/#breadcrumb","itemListElement":[{"@type":"ListItem","position":1,"name":"Home","item":"https:\/\/sites.uef.fi\/biopro\/"},{"@type":"ListItem","position":2,"name":"Courses","item":"https:\/\/sites.uef.fi\/biopro\/courses\/"},{"@type":"ListItem","position":3,"name":"Bioenergy Markets and Policy","item":"https:\/\/sites.uef.fi\/biopro\/courses\/bioenenergy-markets-and-policies\/"},{"@type":"ListItem","position":4,"name":"Materials"}]},{"@type":"WebSite","@id":"https:\/\/sites.uef.fi\/biopro\/#website","url":"https:\/\/sites.uef.fi\/biopro\/","name":"Biomass Production","description":"","publisher":{"@id":"https:\/\/sites.uef.fi\/biopro\/#organization"},"potentialAction":[{"@type":"SearchAction","target":{"@type":"EntryPoint","urlTemplate":"https:\/\/sites.uef.fi\/biopro\/?s={search_term_string}"},"query-input":{"@type":"PropertyValueSpecification","valueRequired":true,"valueName":"search_term_string"}}],"inLanguage":"en-US"},{"@type":"Organization","@id":"https:\/\/sites.uef.fi\/biopro\/#organization","name":"Biomass Production","url":"https:\/\/sites.uef.fi\/biopro\/","logo":{"@type":"ImageObject","inLanguage":"en-US","@id":"https:\/\/sites.uef.fi\/biopro\/#\/schema\/logo\/image\/","url":"https:\/\/sites.uef.fi\/biopro\/wp-content\/uploads\/sites\/380\/2025\/08\/cropped-Biomass-Production-Research-Group-Logo-Square.png","contentUrl":"https:\/\/sites.uef.fi\/biopro\/wp-content\/uploads\/sites\/380\/2025\/08\/cropped-Biomass-Production-Research-Group-Logo-Square.png","width":250,"height":250,"caption":"Biomass Production"},"image":{"@id":"https:\/\/sites.uef.fi\/biopro\/#\/schema\/logo\/image\/"}}]}},"_links":{"self":[{"href":"https:\/\/sites.uef.fi\/biopro\/wp-json\/wp\/v2\/pages\/219","targetHints":{"allow":["GET"]}}],"collection":[{"href":"https:\/\/sites.uef.fi\/biopro\/wp-json\/wp\/v2\/pages"}],"about":[{"href":"https:\/\/sites.uef.fi\/biopro\/wp-json\/wp\/v2\/types\/page"}],"author":[{"embeddable":true,"href":"https:\/\/sites.uef.fi\/biopro\/wp-json\/wp\/v2\/users\/836"}],"replies":[{"embeddable":true,"href":"https:\/\/sites.uef.fi\/biopro\/wp-json\/wp\/v2\/comments?post=219"}],"version-history":[{"count":2,"href":"https:\/\/sites.uef.fi\/biopro\/wp-json\/wp\/v2\/pages\/219\/revisions"}],"predecessor-version":[{"id":1586,"href":"https:\/\/sites.uef.fi\/biopro\/wp-json\/wp\/v2\/pages\/219\/revisions\/1586"}],"up":[{"embeddable":true,"href":"https:\/\/sites.uef.fi\/biopro\/wp-json\/wp\/v2\/pages\/123"}],"wp:attachment":[{"href":"https:\/\/sites.uef.fi\/biopro\/wp-json\/wp\/v2\/media?parent=219"}],"curies":[{"name":"wp","href":"https:\/\/api.w.org\/{rel}","templated":true}]}}