{"id":1732,"date":"2024-06-18T07:51:38","date_gmt":"2024-06-18T05:51:38","guid":{"rendered":"https:\/\/sites.uef.fi\/bru\/?page_id=1732"},"modified":"2026-05-12T11:49:56","modified_gmt":"2026-05-12T09:49:56","slug":"tapahtumat-ja-koulutukset","status":"publish","type":"page","link":"https:\/\/sites.uef.fi\/bru\/tapahtumat-ja-koulutukset\/","title":{"rendered":"Tapahtumat ja koulutukset"},"content":{"rendered":"\n<div class=\"links-block\">\n\n    \n    <ul class=\"link-list\">\n            <\/ul>\n<\/div>\n\n\n<figure class=\"wp-block-image size-large\"><img loading=\"lazy\" decoding=\"async\" width=\"1024\" height=\"446\" src=\"https:\/\/sites.uef.fi\/bru\/wp-content\/uploads\/sites\/472\/2026\/05\/UEF_modern_research_9647-1024x446.jpg\" alt=\"\" class=\"wp-image-4103\" srcset=\"https:\/\/sites.uef.fi\/bru\/wp-content\/uploads\/sites\/472\/2026\/05\/UEF_modern_research_9647-1024x446.jpg 1024w, https:\/\/sites.uef.fi\/bru\/wp-content\/uploads\/sites\/472\/2026\/05\/UEF_modern_research_9647-300x131.jpg 300w, https:\/\/sites.uef.fi\/bru\/wp-content\/uploads\/sites\/472\/2026\/05\/UEF_modern_research_9647-768x335.jpg 768w, https:\/\/sites.uef.fi\/bru\/wp-content\/uploads\/sites\/472\/2026\/05\/UEF_modern_research_9647-1536x669.jpg 1536w, https:\/\/sites.uef.fi\/bru\/wp-content\/uploads\/sites\/472\/2026\/05\/UEF_modern_research_9647.jpg 1918w\" sizes=\"auto, (max-width: 1024px) 100vw, 1024px\" \/><\/figure>\n\n\n\n<p><\/p>\n\n\n\n<h2 class=\"wp-block-heading\">Kev\u00e4t &amp; kes\u00e4 2026<\/h2>\n\n\n\n<ul class=\"wp-block-list\">\n<li><strong><a href=\"https:\/\/sites.uef.fi\/neuro50\/\">Kuopio Neuroscience 50 Years<\/a> Symposium<\/strong> 15. &#8211; 17.6.2026 Kuopio Music Centre<\/li>\n\n\n\n<li><strong><a href=\"https:\/\/sites.uef.fi\/neuro50\/networking-and-other-meetings\/#:~:text=%E2%80%93%20Current%20trends%20in%20clinical%2C%20basic%2C%20and%20translational%20research%20on%20FTD\">FinFTD Minisymposium<\/a> \u2013 Current trends in clinical, basic, and translational research on FTD <\/strong>15.6.2026 Kuopio Music Centre<\/li>\n\n\n\n<li><strong><a href=\"https:\/\/sites.uef.fi\/bru\/wp-content\/uploads\/sites\/472\/2026\/04\/NEU-meetingit-tammi_toukokuu2026_270426.pdf\">NEU meetingit tammi-toukokuu 2026<\/a><\/strong><\/li>\n\n\n\n<li><a href=\"https:\/\/sites.uef.fi\/bru\/wp-content\/uploads\/sites\/472\/2026\/01\/Kuopio-Neuroscience-Meeting-series-Spring-2026_.pdf\"><strong>Kuopio Neuroscience Meeting series Spring 2026<\/strong><\/a><\/li>\n\n\n\n<li><a href=\"https:\/\/sites.uef.fi\/bru\/wp-content\/uploads\/sites\/472\/2025\/12\/Neurokir-kevat-2026-meetingohjelma.pdf\"><strong>Kev\u00e4t 2026 KYS UEF Neurokirurgian meetingohjelma<\/strong><\/a> (Linkki\u00e4 klikatessasi PDF-tiedosto avautuu, mutta ei lataudu laitteellesi)<\/li>\n<\/ul>\n\n\n\n<h2 class=\"wp-block-heading\">Syksy 2026<\/h2>\n\n\n\n<ul class=\"wp-block-list\">\n<li><a href=\"https:\/\/eur03.safelinks.protection.outlook.com\/?url=https%3A%2F%2Fwww.neurochallenge.fi%2F&amp;data=05%7C02%7Cjohanna.jarventaus%40uef.fi%7Cc75e762fb86b4950cb3908dea067296b%7C87879f2e73044bf2baf263e7f83f3c34%7C0%7C0%7C639124562091563016%7CUnknown%7CTWFpbGZsb3d8eyJFbXB0eU1hcGkiOnRydWUsIlYiOiIwLjAuMDAwMCIsIlAiOiJXaW4zMiIsIkFOIjoiTWFpbCIsIldUIjoyfQ%3D%3D%7C0%7C%7C%7C&amp;sdata=Q1BJyjyG%2B8nk7n7vIxTyNBTSBYGGvS9s03WE5F4q5eE%3D&amp;reserved=0\" id=\"https:\/\/eur03.safelinks.protection.outlook.com\/?url=https%3A%2F%2Fwww.neurochallenge.fi%2F&amp;data=05%7C02%7Cjohanna.jarventaus%40uef.fi%7Cc75e762fb86b4950cb3908dea067296b%7C87879f2e73044bf2baf263e7f83f3c34%7C0%7C0%7C639124562091563016%7CUnknown%7CTWFpbGZsb3d8eyJFbXB0eU1hcGkiOnRydWUsIlYiOiIwLjAuMDAwMCIsIlAiOiJXaW4zMiIsIkFOIjoiTWFpbCIsIldUIjoyfQ%3D%3D%7C0%7C%7C%7C&amp;sdata=Q1BJyjyG%2B8nk7n7vIxTyNBTSBYGGvS9s03WE5F4q5eE%3D&amp;reserved=0\"><strong>NeuroChallenge 2026<\/strong><\/a> 8.10. &amp; 27.-29.11.2026<\/li>\n\n\n\n<li><a href=\"https:\/\/www.neurocenterfinland.fi\/annual-event-2026\/\"><strong>Annual Event 2026 &#8211; Kansallinen Neurokeskus<\/strong><\/a> 5. &#8211; 6.11.2026<\/li>\n<\/ul>\n\n\n\n<p><br>P\u00e4ivitetty 12.5.2026<\/p>\n\n\n\n\n\n<p><\/p>\n","protected":false},"excerpt":{"rendered":"<p>Kev\u00e4t &amp; kes\u00e4 2026 Syksy 2026 P\u00e4ivitetty 12.5.2026<\/p>\n","protected":false},"author":1121,"featured_media":0,"parent":0,"menu_order":0,"comment_status":"closed","ping_status":"closed","template":"","meta":{"_acf_changed":false,"footnotes":""},"class_list":["post-1732","page","type-page","status-publish","hentry"],"acf":[],"yoast_head":"<!-- This site is optimized with the Yoast SEO plugin v27.3 - https:\/\/yoast.com\/product\/yoast-seo-wordpress\/ -->\n<title>Tapahtumat ja koulutukset - UEF Aivotutkimusyksikk\u00f6<\/title>\n<meta name=\"robots\" content=\"index, follow, max-snippet:-1, max-image-preview:large, max-video-preview:-1\" \/>\n<link rel=\"canonical\" href=\"https:\/\/sites.uef.fi\/bru\/tapahtumat-ja-koulutukset\/\" \/>\n<meta property=\"og:locale\" content=\"fi_FI\" \/>\n<meta property=\"og:type\" content=\"article\" \/>\n<meta property=\"og:title\" content=\"Tapahtumat ja koulutukset - UEF Aivotutkimusyksikk\u00f6\" \/>\n<meta property=\"og:description\" content=\"Kev\u00e4t &amp; kes\u00e4 2026 Syksy 2026 P\u00e4ivitetty 12.5.2026\" \/>\n<meta property=\"og:url\" content=\"https:\/\/sites.uef.fi\/bru\/tapahtumat-ja-koulutukset\/\" \/>\n<meta property=\"og:site_name\" content=\"UEF Aivotutkimusyksikk\u00f6\" \/>\n<meta property=\"article:modified_time\" content=\"2026-05-12T09:49:56+00:00\" \/>\n<meta property=\"og:image\" content=\"https:\/\/sites.uef.fi\/bru\/wp-content\/uploads\/sites\/472\/2026\/05\/UEF_modern_research_9647.jpg\" \/>\n\t<meta property=\"og:image:width\" content=\"1918\" \/>\n\t<meta property=\"og:image:height\" content=\"836\" \/>\n\t<meta property=\"og:image:type\" content=\"image\/jpeg\" \/>\n<meta name=\"twitter:card\" content=\"summary_large_image\" \/>\n<meta name=\"twitter:label1\" content=\"Arvioitu lukuaika\" \/>\n\t<meta name=\"twitter:data1\" content=\"1 minuutti\" \/>\n<script type=\"application\/ld+json\" class=\"yoast-schema-graph\">{\"@context\":\"https:\\\/\\\/schema.org\",\"@graph\":[{\"@type\":\"WebPage\",\"@id\":\"https:\\\/\\\/sites.uef.fi\\\/bru\\\/tapahtumat-ja-koulutukset\\\/\",\"url\":\"https:\\\/\\\/sites.uef.fi\\\/bru\\\/tapahtumat-ja-koulutukset\\\/\",\"name\":\"Tapahtumat ja koulutukset - UEF Aivotutkimusyksikk\u00f6\",\"isPartOf\":{\"@id\":\"https:\\\/\\\/sites.uef.fi\\\/bru\\\/#website\"},\"primaryImageOfPage\":{\"@id\":\"https:\\\/\\\/sites.uef.fi\\\/bru\\\/tapahtumat-ja-koulutukset\\\/#primaryimage\"},\"image\":{\"@id\":\"https:\\\/\\\/sites.uef.fi\\\/bru\\\/tapahtumat-ja-koulutukset\\\/#primaryimage\"},\"thumbnailUrl\":\"https:\\\/\\\/sites.uef.fi\\\/bru\\\/wp-content\\\/uploads\\\/sites\\\/472\\\/2026\\\/05\\\/UEF_modern_research_9647-1024x446.jpg\",\"datePublished\":\"2024-06-18T05:51:38+00:00\",\"dateModified\":\"2026-05-12T09:49:56+00:00\",\"breadcrumb\":{\"@id\":\"https:\\\/\\\/sites.uef.fi\\\/bru\\\/tapahtumat-ja-koulutukset\\\/#breadcrumb\"},\"inLanguage\":\"fi\",\"potentialAction\":[{\"@type\":\"ReadAction\",\"target\":[\"https:\\\/\\\/sites.uef.fi\\\/bru\\\/tapahtumat-ja-koulutukset\\\/\"]}]},{\"@type\":\"ImageObject\",\"inLanguage\":\"fi\",\"@id\":\"https:\\\/\\\/sites.uef.fi\\\/bru\\\/tapahtumat-ja-koulutukset\\\/#primaryimage\",\"url\":\"https:\\\/\\\/sites.uef.fi\\\/bru\\\/wp-content\\\/uploads\\\/sites\\\/472\\\/2026\\\/05\\\/UEF_modern_research_9647.jpg\",\"contentUrl\":\"https:\\\/\\\/sites.uef.fi\\\/bru\\\/wp-content\\\/uploads\\\/sites\\\/472\\\/2026\\\/05\\\/UEF_modern_research_9647.jpg\",\"width\":1918,\"height\":836,\"caption\":\"Sein\u00e4 Kuopion kampuksen hallinnon monitilatoimistossa.\"},{\"@type\":\"BreadcrumbList\",\"@id\":\"https:\\\/\\\/sites.uef.fi\\\/bru\\\/tapahtumat-ja-koulutukset\\\/#breadcrumb\",\"itemListElement\":[{\"@type\":\"ListItem\",\"position\":1,\"name\":\"Home\",\"item\":\"https:\\\/\\\/sites.uef.fi\\\/bru\\\/\"},{\"@type\":\"ListItem\",\"position\":2,\"name\":\"Tapahtumat ja koulutukset\"}]},{\"@type\":\"WebSite\",\"@id\":\"https:\\\/\\\/sites.uef.fi\\\/bru\\\/#website\",\"url\":\"https:\\\/\\\/sites.uef.fi\\\/bru\\\/\",\"name\":\"UEF Aivotutkimusyksikk\u00f6\",\"description\":\"\",\"potentialAction\":[{\"@type\":\"SearchAction\",\"target\":{\"@type\":\"EntryPoint\",\"urlTemplate\":\"https:\\\/\\\/sites.uef.fi\\\/bru\\\/?s={search_term_string}\"},\"query-input\":{\"@type\":\"PropertyValueSpecification\",\"valueRequired\":true,\"valueName\":\"search_term_string\"}}],\"inLanguage\":\"fi\"}]}<\/script>\n<!-- \/ Yoast SEO plugin. -->","yoast_head_json":{"title":"Tapahtumat ja koulutukset - UEF Aivotutkimusyksikk\u00f6","robots":{"index":"index","follow":"follow","max-snippet":"max-snippet:-1","max-image-preview":"max-image-preview:large","max-video-preview":"max-video-preview:-1"},"canonical":"https:\/\/sites.uef.fi\/bru\/tapahtumat-ja-koulutukset\/","og_locale":"fi_FI","og_type":"article","og_title":"Tapahtumat ja koulutukset - UEF Aivotutkimusyksikk\u00f6","og_description":"Kev\u00e4t &amp; kes\u00e4 2026 Syksy 2026 P\u00e4ivitetty 12.5.2026","og_url":"https:\/\/sites.uef.fi\/bru\/tapahtumat-ja-koulutukset\/","og_site_name":"UEF Aivotutkimusyksikk\u00f6","article_modified_time":"2026-05-12T09:49:56+00:00","og_image":[{"width":1918,"height":836,"url":"https:\/\/sites.uef.fi\/bru\/wp-content\/uploads\/sites\/472\/2026\/05\/UEF_modern_research_9647.jpg","type":"image\/jpeg"}],"twitter_card":"summary_large_image","twitter_misc":{"Arvioitu lukuaika":"1 minuutti"},"schema":{"@context":"https:\/\/schema.org","@graph":[{"@type":"WebPage","@id":"https:\/\/sites.uef.fi\/bru\/tapahtumat-ja-koulutukset\/","url":"https:\/\/sites.uef.fi\/bru\/tapahtumat-ja-koulutukset\/","name":"Tapahtumat ja koulutukset - UEF Aivotutkimusyksikk\u00f6","isPartOf":{"@id":"https:\/\/sites.uef.fi\/bru\/#website"},"primaryImageOfPage":{"@id":"https:\/\/sites.uef.fi\/bru\/tapahtumat-ja-koulutukset\/#primaryimage"},"image":{"@id":"https:\/\/sites.uef.fi\/bru\/tapahtumat-ja-koulutukset\/#primaryimage"},"thumbnailUrl":"https:\/\/sites.uef.fi\/bru\/wp-content\/uploads\/sites\/472\/2026\/05\/UEF_modern_research_9647-1024x446.jpg","datePublished":"2024-06-18T05:51:38+00:00","dateModified":"2026-05-12T09:49:56+00:00","breadcrumb":{"@id":"https:\/\/sites.uef.fi\/bru\/tapahtumat-ja-koulutukset\/#breadcrumb"},"inLanguage":"fi","potentialAction":[{"@type":"ReadAction","target":["https:\/\/sites.uef.fi\/bru\/tapahtumat-ja-koulutukset\/"]}]},{"@type":"ImageObject","inLanguage":"fi","@id":"https:\/\/sites.uef.fi\/bru\/tapahtumat-ja-koulutukset\/#primaryimage","url":"https:\/\/sites.uef.fi\/bru\/wp-content\/uploads\/sites\/472\/2026\/05\/UEF_modern_research_9647.jpg","contentUrl":"https:\/\/sites.uef.fi\/bru\/wp-content\/uploads\/sites\/472\/2026\/05\/UEF_modern_research_9647.jpg","width":1918,"height":836,"caption":"Sein\u00e4 Kuopion kampuksen hallinnon monitilatoimistossa."},{"@type":"BreadcrumbList","@id":"https:\/\/sites.uef.fi\/bru\/tapahtumat-ja-koulutukset\/#breadcrumb","itemListElement":[{"@type":"ListItem","position":1,"name":"Home","item":"https:\/\/sites.uef.fi\/bru\/"},{"@type":"ListItem","position":2,"name":"Tapahtumat ja koulutukset"}]},{"@type":"WebSite","@id":"https:\/\/sites.uef.fi\/bru\/#website","url":"https:\/\/sites.uef.fi\/bru\/","name":"UEF Aivotutkimusyksikk\u00f6","description":"","potentialAction":[{"@type":"SearchAction","target":{"@type":"EntryPoint","urlTemplate":"https:\/\/sites.uef.fi\/bru\/?s={search_term_string}"},"query-input":{"@type":"PropertyValueSpecification","valueRequired":true,"valueName":"search_term_string"}}],"inLanguage":"fi"}]}},"_links":{"self":[{"href":"https:\/\/sites.uef.fi\/bru\/wp-json\/wp\/v2\/pages\/1732","targetHints":{"allow":["GET"]}}],"collection":[{"href":"https:\/\/sites.uef.fi\/bru\/wp-json\/wp\/v2\/pages"}],"about":[{"href":"https:\/\/sites.uef.fi\/bru\/wp-json\/wp\/v2\/types\/page"}],"author":[{"embeddable":true,"href":"https:\/\/sites.uef.fi\/bru\/wp-json\/wp\/v2\/users\/1121"}],"replies":[{"embeddable":true,"href":"https:\/\/sites.uef.fi\/bru\/wp-json\/wp\/v2\/comments?post=1732"}],"version-history":[{"count":1,"href":"https:\/\/sites.uef.fi\/bru\/wp-json\/wp\/v2\/pages\/1732\/revisions"}],"predecessor-version":[{"id":4105,"href":"https:\/\/sites.uef.fi\/bru\/wp-json\/wp\/v2\/pages\/1732\/revisions\/4105"}],"wp:attachment":[{"href":"https:\/\/sites.uef.fi\/bru\/wp-json\/wp\/v2\/media?parent=1732"}],"curies":[{"name":"wp","href":"https:\/\/api.w.org\/{rel}","templated":true}]}}