{"id":447,"date":"2024-04-16T14:27:27","date_gmt":"2024-04-16T12:27:27","guid":{"rendered":"https:\/\/sites.uef.fi\/bru\/?page_id=447"},"modified":"2026-01-12T10:38:07","modified_gmt":"2026-01-12T08:38:07","slug":"saapumisohjeet-ja-yhteystiedot","status":"publish","type":"page","link":"https:\/\/sites.uef.fi\/bru\/saapumisohjeet-ja-yhteystiedot\/","title":{"rendered":"Saapumisohjeet ja yhteystiedot\u00a0"},"content":{"rendered":"\t<div id=\"accordion-block_3ab11d679e64393001e75d67f2c4cb27\" class=\"accordions\">\n\t\t\t\t\t<div class=\"accordion accordion-js\">\n\t\t\t\t<button class=\"accordion__button\" aria-controls=\"content-1171\" aria-expanded=\"false\" id=\"accordion-control-1171\">\n\t\t\t\t\t<h3 class=\"accordion__heading\" >\n\t\t\t\t\t\tSaapumisohjeet\t\t\t\t\t<\/h3>\n\t\t\t\t<\/button>\n\t\t\t\t<div class=\"accordion__content\" role=\"region\" aria-labelledby=\"accordion-control-1171\" aria-hidden=\"true\" id=\"content-1171\">\n\t\t\t\t\t<p><strong>K\u00e4yntiosoite\u00a0<\/strong><\/p>\n<p>It\u00e4-Suomen yliopisto, Kuopion kampus, <span data-contrast=\"none\">Mediteknia-rakennus C2 C3 &#8211; ovi,<\/span>\u00a0Yliopistonrinne 3, 70210 Kuopio.<\/p>\n<p><strong>Opaskartta\u00a0<\/strong><\/p>\n<p>Aivotutkimusyksikk\u00f6 sijaitsee It\u00e4-Suomen yliopiston Kuopion kampuksen Mediteknia-rakennuksessa (<a href=\"https:\/\/sites.uef.fi\/bru\/wp-content\/uploads\/sites\/472\/2024\/09\/UEF_Mediteknia_Opastus_Kartta.pdf\"><span data-contrast=\"none\">UEFn opaskartta<\/span><\/a><span data-contrast=\"none\">)<\/span>. P\u00e4\u00e4sis\u00e4\u00e4nk\u00e4ynti odotustilaan on ovesta C2 C3. Lis\u00e4tietoja Kuopion kampuksesta l\u00f6ytyy uef.fi-sivustolta\u202f<a href=\"https:\/\/www.uef.fi\/fi\/kuopion-kampus\"><span data-contrast=\"none\">https:\/\/www.uef.fi\/fi\/kuopion-kampus<\/span><\/a><span data-ccp-props=\"{&quot;134233117&quot;:false,&quot;134233118&quot;:false,&quot;201341983&quot;:0,&quot;335559738&quot;:0,&quot;335559739&quot;:0,&quot;335559740&quot;:240}\">. <\/span><\/p>\n<p><img loading=\"lazy\" decoding=\"async\" class=\"alignnone size-medium wp-image-1879\" src=\"https:\/\/sites.uef.fi\/bru\/wp-content\/uploads\/sites\/472\/2024\/06\/Saapumiskuva_ATY-300x295.jpg\" alt=\"\" width=\"300\" height=\"295\" srcset=\"https:\/\/sites.uef.fi\/bru\/wp-content\/uploads\/sites\/472\/2024\/06\/Saapumiskuva_ATY-300x295.jpg 300w, https:\/\/sites.uef.fi\/bru\/wp-content\/uploads\/sites\/472\/2024\/06\/Saapumiskuva_ATY.jpg 568w\" sizes=\"auto, (max-width: 300px) 100vw, 300px\" \/><\/p>\n<p><strong>Pys\u00e4k\u00f6inti\u00a0<\/strong><\/p>\n<p><span data-contrast=\"none\">Pys\u00e4k\u00f6inti on tutkimusasiakkaille 1B-sis\u00e4\u00e4nk\u00e4ynnin edustalla ilmainen. Pys\u00e4k\u00f6intiluvan saatte tutkimushoitajalta. Vierailijalle pys\u00e4k\u00f6inti on maksullinen. Yleist\u00e4 l<\/span>is\u00e4tietoa pys\u00e4k\u00f6innist\u00e4 Kuopion kampusalueella l\u00f6yd\u00e4t <a href=\"https:\/\/www.uef.fi\/fi\/kuopion-kampus\">t\u00e4\u00e4lt\u00e4<\/a>.<\/p>\n<p><span data-ccp-props=\"{&quot;201341983&quot;:0,&quot;335559739&quot;:0,&quot;335559740&quot;:240}\">\u00a0<\/span><\/p>\n\t\t\t\t<\/div>\n\t\t\t<\/div>\n\t\t\t\t\t<div class=\"accordion accordion-js\">\n\t\t\t\t<button class=\"accordion__button\" aria-controls=\"content-6629\" aria-expanded=\"false\" id=\"accordion-control-6629\">\n\t\t\t\t\t<h3 class=\"accordion__heading\" >\n\t\t\t\t\t\tYhteystiedot\t\t\t\t\t<\/h3>\n\t\t\t\t<\/button>\n\t\t\t\t<div class=\"accordion__content\" role=\"region\" aria-labelledby=\"accordion-control-6629\" aria-hidden=\"true\" id=\"content-6629\">\n\t\t\t\t\t<p><strong>K\u00e4yntiosoite\u00a0<\/strong><\/p>\n<p><span data-contrast=\"none\">It\u00e4-Suomen yliopisto, Kuopion kampus, Yliopistonrinne 3, Mediteknia-rakennus, C2 C3-ovi<\/span><span data-ccp-props=\"{&quot;134233117&quot;:false,&quot;134233118&quot;:false,&quot;201341983&quot;:0,&quot;335559738&quot;:0,&quot;335559739&quot;:0,&quot;335559740&quot;:240}\">\u00a0<\/span><\/p>\n<p><strong>Postiosoite\u00a0<\/strong><\/p>\n<p><span data-contrast=\"none\">It\u00e4-Suomen yliopisto<\/span><br \/>\n<span data-contrast=\"none\">Terveystieteiden tiedekunta<\/span><br \/>\n<span data-contrast=\"none\">L\u00e4\u00e4ketieteen laitos \/ Kliinisen l\u00e4\u00e4ketieteen yksikk\u00f6<\/span><br \/>\n<span data-contrast=\"none\">Kliininen tutkimuskeskus: Aivotutkimusyksikk\u00f6<\/span><br \/>\n<span data-contrast=\"none\">Yliopistonrinne 3 (Mediteknia, 3krs.)<\/span><br \/>\n<span data-contrast=\"none\">70210 Kuopio<\/span><span data-ccp-props=\"{&quot;134233117&quot;:false,&quot;134233118&quot;:false,&quot;201341983&quot;:0,&quot;335559738&quot;:0,&quot;335559739&quot;:0,&quot;335559740&quot;:240}\">\u00a0<\/span><\/p>\n<p><strong>Puhelin<\/strong>: +358 50 56505 98<\/p>\n<p><strong>S\u00e4hk\u00f6posti<\/strong>: bru@uef.fi<\/p>\n\t\t\t\t<\/div>\n\t\t\t<\/div>\n\t\t\t<\/div>\n\t\n\n\n<p><\/p>\n\n\n\n<p>P\u00e4ivitetty 12.1.2026<\/p>\n","protected":false},"excerpt":{"rendered":"<p>P\u00e4ivitetty 12.1.2026<\/p>\n","protected":false},"author":1118,"featured_media":0,"parent":0,"menu_order":0,"comment_status":"closed","ping_status":"closed","template":"","meta":{"_acf_changed":false,"footnotes":""},"class_list":["post-447","page","type-page","status-publish","hentry"],"acf":[],"yoast_head":"<!-- This site is optimized with the Yoast SEO plugin v27.1.1 - https:\/\/yoast.com\/product\/yoast-seo-wordpress\/ -->\n<title>Saapumisohjeet ja yhteystiedot\u00a0 - UEF Aivotutkimusyksikk\u00f6<\/title>\n<meta name=\"robots\" content=\"index, follow, max-snippet:-1, max-image-preview:large, max-video-preview:-1\" \/>\n<link rel=\"canonical\" href=\"https:\/\/sites.uef.fi\/bru\/saapumisohjeet-ja-yhteystiedot\/\" \/>\n<meta property=\"og:locale\" content=\"fi_FI\" \/>\n<meta property=\"og:type\" content=\"article\" \/>\n<meta property=\"og:title\" content=\"Saapumisohjeet ja yhteystiedot\u00a0 - UEF Aivotutkimusyksikk\u00f6\" \/>\n<meta property=\"og:description\" content=\"P\u00e4ivitetty 12.1.2026\" \/>\n<meta property=\"og:url\" content=\"https:\/\/sites.uef.fi\/bru\/saapumisohjeet-ja-yhteystiedot\/\" \/>\n<meta property=\"og:site_name\" content=\"UEF Aivotutkimusyksikk\u00f6\" \/>\n<meta property=\"article:modified_time\" content=\"2026-01-12T08:38:07+00:00\" \/>\n<meta name=\"twitter:card\" content=\"summary_large_image\" \/>\n<meta name=\"twitter:label1\" content=\"Arvioitu lukuaika\" \/>\n\t<meta name=\"twitter:data1\" content=\"1 minuutti\" \/>\n<script type=\"application\/ld+json\" class=\"yoast-schema-graph\">{\"@context\":\"https:\/\/schema.org\",\"@graph\":[{\"@type\":\"WebPage\",\"@id\":\"https:\/\/sites.uef.fi\/bru\/saapumisohjeet-ja-yhteystiedot\/\",\"url\":\"https:\/\/sites.uef.fi\/bru\/saapumisohjeet-ja-yhteystiedot\/\",\"name\":\"Saapumisohjeet ja yhteystiedot\u00a0 - UEF Aivotutkimusyksikk\u00f6\",\"isPartOf\":{\"@id\":\"https:\/\/sites.uef.fi\/bru\/#website\"},\"datePublished\":\"2024-04-16T12:27:27+00:00\",\"dateModified\":\"2026-01-12T08:38:07+00:00\",\"breadcrumb\":{\"@id\":\"https:\/\/sites.uef.fi\/bru\/saapumisohjeet-ja-yhteystiedot\/#breadcrumb\"},\"inLanguage\":\"fi\",\"potentialAction\":[{\"@type\":\"ReadAction\",\"target\":[\"https:\/\/sites.uef.fi\/bru\/saapumisohjeet-ja-yhteystiedot\/\"]}]},{\"@type\":\"BreadcrumbList\",\"@id\":\"https:\/\/sites.uef.fi\/bru\/saapumisohjeet-ja-yhteystiedot\/#breadcrumb\",\"itemListElement\":[{\"@type\":\"ListItem\",\"position\":1,\"name\":\"Home\",\"item\":\"https:\/\/sites.uef.fi\/bru\/\"},{\"@type\":\"ListItem\",\"position\":2,\"name\":\"Saapumisohjeet ja yhteystiedot\u00a0\"}]},{\"@type\":\"WebSite\",\"@id\":\"https:\/\/sites.uef.fi\/bru\/#website\",\"url\":\"https:\/\/sites.uef.fi\/bru\/\",\"name\":\"UEF Aivotutkimusyksikk\u00f6\",\"description\":\"\",\"potentialAction\":[{\"@type\":\"SearchAction\",\"target\":{\"@type\":\"EntryPoint\",\"urlTemplate\":\"https:\/\/sites.uef.fi\/bru\/?s={search_term_string}\"},\"query-input\":{\"@type\":\"PropertyValueSpecification\",\"valueRequired\":true,\"valueName\":\"search_term_string\"}}],\"inLanguage\":\"fi\"}]}<\/script>\n<!-- \/ Yoast SEO plugin. -->","yoast_head_json":{"title":"Saapumisohjeet ja yhteystiedot\u00a0 - UEF Aivotutkimusyksikk\u00f6","robots":{"index":"index","follow":"follow","max-snippet":"max-snippet:-1","max-image-preview":"max-image-preview:large","max-video-preview":"max-video-preview:-1"},"canonical":"https:\/\/sites.uef.fi\/bru\/saapumisohjeet-ja-yhteystiedot\/","og_locale":"fi_FI","og_type":"article","og_title":"Saapumisohjeet ja yhteystiedot\u00a0 - UEF Aivotutkimusyksikk\u00f6","og_description":"P\u00e4ivitetty 12.1.2026","og_url":"https:\/\/sites.uef.fi\/bru\/saapumisohjeet-ja-yhteystiedot\/","og_site_name":"UEF Aivotutkimusyksikk\u00f6","article_modified_time":"2026-01-12T08:38:07+00:00","twitter_card":"summary_large_image","twitter_misc":{"Arvioitu lukuaika":"1 minuutti"},"schema":{"@context":"https:\/\/schema.org","@graph":[{"@type":"WebPage","@id":"https:\/\/sites.uef.fi\/bru\/saapumisohjeet-ja-yhteystiedot\/","url":"https:\/\/sites.uef.fi\/bru\/saapumisohjeet-ja-yhteystiedot\/","name":"Saapumisohjeet ja yhteystiedot\u00a0 - UEF Aivotutkimusyksikk\u00f6","isPartOf":{"@id":"https:\/\/sites.uef.fi\/bru\/#website"},"datePublished":"2024-04-16T12:27:27+00:00","dateModified":"2026-01-12T08:38:07+00:00","breadcrumb":{"@id":"https:\/\/sites.uef.fi\/bru\/saapumisohjeet-ja-yhteystiedot\/#breadcrumb"},"inLanguage":"fi","potentialAction":[{"@type":"ReadAction","target":["https:\/\/sites.uef.fi\/bru\/saapumisohjeet-ja-yhteystiedot\/"]}]},{"@type":"BreadcrumbList","@id":"https:\/\/sites.uef.fi\/bru\/saapumisohjeet-ja-yhteystiedot\/#breadcrumb","itemListElement":[{"@type":"ListItem","position":1,"name":"Home","item":"https:\/\/sites.uef.fi\/bru\/"},{"@type":"ListItem","position":2,"name":"Saapumisohjeet ja yhteystiedot\u00a0"}]},{"@type":"WebSite","@id":"https:\/\/sites.uef.fi\/bru\/#website","url":"https:\/\/sites.uef.fi\/bru\/","name":"UEF Aivotutkimusyksikk\u00f6","description":"","potentialAction":[{"@type":"SearchAction","target":{"@type":"EntryPoint","urlTemplate":"https:\/\/sites.uef.fi\/bru\/?s={search_term_string}"},"query-input":{"@type":"PropertyValueSpecification","valueRequired":true,"valueName":"search_term_string"}}],"inLanguage":"fi"}]}},"_links":{"self":[{"href":"https:\/\/sites.uef.fi\/bru\/wp-json\/wp\/v2\/pages\/447","targetHints":{"allow":["GET"]}}],"collection":[{"href":"https:\/\/sites.uef.fi\/bru\/wp-json\/wp\/v2\/pages"}],"about":[{"href":"https:\/\/sites.uef.fi\/bru\/wp-json\/wp\/v2\/types\/page"}],"author":[{"embeddable":true,"href":"https:\/\/sites.uef.fi\/bru\/wp-json\/wp\/v2\/users\/1118"}],"replies":[{"embeddable":true,"href":"https:\/\/sites.uef.fi\/bru\/wp-json\/wp\/v2\/comments?post=447"}],"version-history":[{"count":2,"href":"https:\/\/sites.uef.fi\/bru\/wp-json\/wp\/v2\/pages\/447\/revisions"}],"predecessor-version":[{"id":3952,"href":"https:\/\/sites.uef.fi\/bru\/wp-json\/wp\/v2\/pages\/447\/revisions\/3952"}],"wp:attachment":[{"href":"https:\/\/sites.uef.fi\/bru\/wp-json\/wp\/v2\/media?parent=447"}],"curies":[{"name":"wp","href":"https:\/\/api.w.org\/{rel}","templated":true}]}}