{"id":2979,"date":"2021-08-30T19:18:46","date_gmt":"2021-08-30T16:18:46","guid":{"rendered":"https:\/\/sites.uef.fi\/kmru\/?page_id=2979"},"modified":"2023-09-15T10:41:34","modified_gmt":"2023-09-15T07:41:34","slug":"eu-law-as-an-instrument-for-energy-justice-ensuring-energy-security-in-a-contemporary-global-context-eujust-9-2021-8-2024","status":"publish","type":"page","link":"https:\/\/sites.uef.fi\/cceel\/eu-law-as-an-instrument-for-energy-justice-ensuring-energy-security-in-a-contemporary-global-context-eujust-9-2021-8-2024\/","title":{"rendered":"EU Law as an Instrument for Energy Justice"},"content":{"rendered":"\n<p class=\"has-text-align-center has-nv-light-bg-background-color has-background has-medium-font-size\"><strong>Ensuring Energy Security in a Contemporary Global Context (2021-2024)<\/strong><\/p>\n\n\n\n<p>Principal Investigator: Dr Kaisa Huhta<\/p>\n\n\n\n<p>The project, led by Dr Kaisa Huhta, examines the role of European Union law in addressing the justice dimensions of ensuring energy security in the global low-carbon transition. The project analyses the structure, interpretation and functioning of EU law in an effort to find alignment between the imperative of ensuring energy security and the theoretical ideal of energy justice. The research project develops theoretical energy justice criteria for law that enable the EU to achieve energy security in a just and equitable way without compromising the low-carbon transition.<\/p>\n\n\n\n<p>The research is funded by the Academy of Finland (grant 340998).<\/p>\n\n\n\n<p><strong>Project publications:<\/strong><\/p>\n\n\n\n<p>Kaisa Huhta and Leonie Reins, \u2018Solidarity in EU Law and Its Application in the Energy Sector\u2019 <em>International and Comparative Law Quarterly<\/em> (2023).<br><br>Kaisa Huhta, \u2018EU:n toimivallan reunaehdot puhtaan energian siirtym\u00e4lle\u2019, <em>Ymp\u00e4rist\u00f6juridiikka <\/em>(2023). (Translated title: \u2018The limits of EU competences in the energy transition\u2019)<\/p>\n\n\n\n<p>Mariia Kozlova, Kaisa Huhta and Alena Lohrmann, \u2018The interface between subsidies for renewable energy and security of supply: reviewing capacity mechanisms and support schemes for renewable energy in Europe\u2019 <em>Energy Policy (202<\/em>3).<\/p>\n\n\n\n<p>Kaisa Huhta, \u2018The evolution of the public security defence in EU free movement law: lessons from the energy sector\u2019 <em>Cambridge Yearbook of European Legal Studies<\/em> (2023).<\/p>\n\n\n\n<p>Kaisa Huhta and Seita Romppanen, \u2018Comparing legal disciplines as an approach to understanding the role of law in decarbonizing societies\u2019 <em>Transnational Environmental Law<\/em> (2023).<\/p>\n\n\n\n<p>Kaisa Huhta, \u2018Conceptualizing Energy Justice in the Context of Human Rights Law\u2019, <em>Nordic Journal of Human Rights<\/em> (2023).<\/p>\n\n\n\n<p>Kaisa Huhta, \u2018Case T\u2011295\/20 Aquind: Clarifying the division of powers in the EU energy sector\u2019, <em>European Energy and Environmental Law Review<\/em> (2023).<\/p>\n\n\n\n<p>Seita Romppanen and Kaisa Huhta, \u2018The Interface Between EU Climate and Energy Law\u2019, <em>Maastricht Journal of European and Comparative Law<\/em> (2023).<\/p>\n\n\n\n<p>Kaisa Huhta and Seita Romppanen, \u2018Why is energy law resistant to changes required by climate policies?\u2019 <em>Energy and Climate Change <\/em>(2023).<\/p>\n\n\n\n<p>Kaisa Huhta, Energy Security in the Energy Transition: A Legal Perspective, in Geoffrey Wood, Vincent Onyang, Komali Yenneti and Mariana Liakopoulou (eds), <em>Handbook of Zero Carbon Energy Systems and Energy Transitions<\/em> (Palgrave, 2022).<\/p>\n\n\n\n<p>Seita Romppanen and Kaisa Huhta, \u2019EU:n ilmasto- ja energiaoikeus kest\u00e4vyysmurroksen vauhdittajina\u2019, <em>Ymp\u00e4rist\u00f6politiikan- ja oikeuden vuosikirja<\/em> (2022) (Translated title: The EU climate and energy law as catalysts for the sustainability transition).<\/p>\n\n\n\n<p>Jaakko J\u00e4\u00e4skel\u00e4inen, Kaisa Huhta and Sanna Syri, \u2018The Anatomy of Unaffordable Electricity in Northern Europe in 2021\u2019, <em>Energies <\/em>(2022).<\/p>\n\n\n\n<p>Niko Soininen, Seita Romppanen, Kaisa Huhta and Antti Belinskij, \u2018A brake or an accelerator? The role of law in sustainability transitions\u2019, 41 <em>Environmental Innovation and Societal Transitions <\/em>(2021), 71-73.<\/p>\n\n\n\n<p>Leigh Hancher, Adrien de Hauteclocque, Kaisa Huhta and Malgorzata Sadowska (eds.), <em>Capacity Mechanisms in the EU Energy Market. Law, Policy, and Economics<\/em> (Oxford University Press 2022).<br><br>Peter Oliver and Kaisa Huhta, \u2018Free Movement of Goods in the Labyrinth of Energy Policy and Capacity Mechanisms\u2019, in Leigh Hancher, Adrien de Hauteclocque, Kaisa Huhta and Malgorzata Sadowska (eds.), <em>Capacity Mechanisms in the EU Energy Market. Law, Policy, and Economics<\/em> (Oxford University Press 2022).<br><br>Kaisa Huhta, &#8216;The contribution of energy law to the energy transition and energy research&#8217;, 73 <em>Global Environmental Change<\/em> (2022).<\/p>\n\n\n\n<p>Kaisa Huhta, \u2018The \u2018Fit for 55\u2019 -Package in the Context of EU Energy Law and Policy&#8217;, 1 <em>OGEL<\/em> (2022).<br><br>Kaisa Huhta, &#8216;C-718\/18 Commission v. Germany: Critical Reflections on the Independence of National Regulatory Authorities in EU Energy Law&#8217;, 30(6) <em>European Energy and Environmental Law Review<\/em> (2021), 255-265.<br><br>Kaisa Huhta, \u2018The Scope of State Sovereignty under Article 194(2) TFEU and the Evolution of EU Competences in the Energy Sector\u2019, 4 <em>International &amp; Comparative Law Quarterly<\/em> (2021).<\/p>\n\n\n\n<p>Ruven Fleming, Kaisa Huhta and Leonie Reins, \u2018What Is Sustainable Energy Democracy in Law\u2019? in Kaisa Huhta, Ruven Fleming and Leonie Reins (eds.), Sustainable Energy Democracy and the Law (Brill, 2021).<\/p>\n\n\n\n<p>Niko Soininen and Kaisa Huhta, \u2018Law for Decentralized Electricity Systems. Lessons from Complexity Theory\u2019, in Ruven Fleming, Kaisa Huhta and Leonie Reins (eds.), Sustainable Energy Democracy and the Law (Brill, 2021).<\/p>\n\n\n\n<p class=\"has-text-align-right\"><sup><span class=\"has-inline-color has-neve-link-hover-color-color\"><a href=\"https:\/\/link.webropolsurveys.com\/S\/32CA524610C14557\" data-type=\"URL\" data-id=\"https:\/\/link.webropolsurveys.com\/S\/32CA524610C14557\">Give feedback<\/a><\/span> | <span class=\"has-inline-color has-neve-link-hover-color-color\"><a href=\"https:\/\/www.uef.fi\/en\/data-protection\" data-type=\"URL\" data-id=\"https:\/\/www.uef.fi\/en\/data-protection\">Data Protection<\/a><\/span> | <span class=\"has-inline-color has-neve-link-hover-color-color\"><a href=\"https:\/\/sites.uef.fi\/kmru\/accessibility-statement\/\" data-type=\"URL\" data-id=\"https:\/\/sites.uef.fi\/kmru\/accessibility-statement\/\">Accessibility<\/a><\/span><\/sup><\/p>\n\n\n\n<div class=\"wp-block-themeisle-blocks-advanced-columns has-undefined-columns has-desktop-undefined-layout has-tablet-equal-layout has-mobile-equal-layout has-default-gap has-vertical-unset\" id=\"wp-block-themeisle-blocks-advanced-columns-2842c25c\"><div class=\"wp-block-themeisle-blocks-advanced-columns-overlay\"><\/div><div class=\"innerblocks-wrap\"><\/div><\/div>\n","protected":false},"excerpt":{"rendered":"<p>Ensuring Energy Security in a Contemporary Global Context (2021-2024) Principal Investigator: Dr Kaisa Huhta The project, led by Dr Kaisa Huhta, examines the role of European Union law in addressing the justice dimensions of ensuring energy security in the global low-carbon transition. The project analyses the structure, interpretation and functioning of EU law in an [&hellip;]<\/p>\n","protected":false},"author":210,"featured_media":0,"parent":0,"menu_order":0,"comment_status":"closed","ping_status":"closed","template":"","meta":{"_acf_changed":false,"_monsterinsights_skip_tracking":false,"_monsterinsights_sitenote_active":false,"_monsterinsights_sitenote_note":"","_monsterinsights_sitenote_category":0,"footnotes":""},"class_list":["post-2979","page","type-page","status-publish","hentry"],"acf":[],"yoast_head":"<!-- This site is optimized with the Yoast SEO plugin v27.1.1 - https:\/\/yoast.com\/product\/yoast-seo-wordpress\/ -->\n<title>EU Law as an Instrument for Energy Justice - The Center for Climate Change, Energy and Environmental Law<\/title>\n<meta name=\"robots\" content=\"index, follow, max-snippet:-1, max-image-preview:large, max-video-preview:-1\" \/>\n<link rel=\"canonical\" href=\"https:\/\/sites.uef.fi\/cceel\/eu-law-as-an-instrument-for-energy-justice-ensuring-energy-security-in-a-contemporary-global-context-eujust-9-2021-8-2024\/\" \/>\n<meta property=\"og:locale\" content=\"en_US\" \/>\n<meta property=\"og:type\" content=\"article\" \/>\n<meta property=\"og:title\" content=\"EU Law as an Instrument for Energy Justice - The Center for Climate Change, Energy and Environmental Law\" \/>\n<meta property=\"og:description\" content=\"Ensuring Energy Security in a Contemporary Global Context (2021-2024) Principal Investigator: Dr Kaisa Huhta The project, led by Dr Kaisa Huhta, examines the role of European Union law in addressing the justice dimensions of ensuring energy security in the global low-carbon transition. The project analyses the structure, interpretation and functioning of EU law in an [&hellip;]\" \/>\n<meta property=\"og:url\" content=\"https:\/\/sites.uef.fi\/cceel\/eu-law-as-an-instrument-for-energy-justice-ensuring-energy-security-in-a-contemporary-global-context-eujust-9-2021-8-2024\/\" \/>\n<meta property=\"og:site_name\" content=\"The Center for Climate Change, Energy and Environmental Law\" \/>\n<meta property=\"article:modified_time\" content=\"2023-09-15T07:41:34+00:00\" \/>\n<meta name=\"twitter:card\" content=\"summary_large_image\" \/>\n<meta name=\"twitter:label1\" content=\"Est. reading time\" \/>\n\t<meta name=\"twitter:data1\" content=\"3 minutes\" \/>\n<script type=\"application\/ld+json\" class=\"yoast-schema-graph\">{\"@context\":\"https:\/\/schema.org\",\"@graph\":[{\"@type\":\"WebPage\",\"@id\":\"https:\/\/sites.uef.fi\/cceel\/eu-law-as-an-instrument-for-energy-justice-ensuring-energy-security-in-a-contemporary-global-context-eujust-9-2021-8-2024\/\",\"url\":\"https:\/\/sites.uef.fi\/cceel\/eu-law-as-an-instrument-for-energy-justice-ensuring-energy-security-in-a-contemporary-global-context-eujust-9-2021-8-2024\/\",\"name\":\"EU Law as an Instrument for Energy Justice - The Center for Climate Change, Energy and Environmental Law\",\"isPartOf\":{\"@id\":\"https:\/\/sites.uef.fi\/cceel\/#website\"},\"datePublished\":\"2021-08-30T16:18:46+00:00\",\"dateModified\":\"2023-09-15T07:41:34+00:00\",\"breadcrumb\":{\"@id\":\"https:\/\/sites.uef.fi\/cceel\/eu-law-as-an-instrument-for-energy-justice-ensuring-energy-security-in-a-contemporary-global-context-eujust-9-2021-8-2024\/#breadcrumb\"},\"inLanguage\":\"en-US\",\"potentialAction\":[{\"@type\":\"ReadAction\",\"target\":[\"https:\/\/sites.uef.fi\/cceel\/eu-law-as-an-instrument-for-energy-justice-ensuring-energy-security-in-a-contemporary-global-context-eujust-9-2021-8-2024\/\"]}]},{\"@type\":\"BreadcrumbList\",\"@id\":\"https:\/\/sites.uef.fi\/cceel\/eu-law-as-an-instrument-for-energy-justice-ensuring-energy-security-in-a-contemporary-global-context-eujust-9-2021-8-2024\/#breadcrumb\",\"itemListElement\":[{\"@type\":\"ListItem\",\"position\":1,\"name\":\"Home\",\"item\":\"https:\/\/sites.uef.fi\/cceel\/\"},{\"@type\":\"ListItem\",\"position\":2,\"name\":\"EU Law as an Instrument for Energy Justice\"}]},{\"@type\":\"WebSite\",\"@id\":\"https:\/\/sites.uef.fi\/cceel\/#website\",\"url\":\"https:\/\/sites.uef.fi\/cceel\/\",\"name\":\"The Center for Climate Change, Energy and Environmental Law\",\"description\":\"\",\"potentialAction\":[{\"@type\":\"SearchAction\",\"target\":{\"@type\":\"EntryPoint\",\"urlTemplate\":\"https:\/\/sites.uef.fi\/cceel\/?s={search_term_string}\"},\"query-input\":{\"@type\":\"PropertyValueSpecification\",\"valueRequired\":true,\"valueName\":\"search_term_string\"}}],\"inLanguage\":\"en-US\"}]}<\/script>\n<!-- \/ Yoast SEO plugin. -->","yoast_head_json":{"title":"EU Law as an Instrument for Energy Justice - The Center for Climate Change, Energy and Environmental Law","robots":{"index":"index","follow":"follow","max-snippet":"max-snippet:-1","max-image-preview":"max-image-preview:large","max-video-preview":"max-video-preview:-1"},"canonical":"https:\/\/sites.uef.fi\/cceel\/eu-law-as-an-instrument-for-energy-justice-ensuring-energy-security-in-a-contemporary-global-context-eujust-9-2021-8-2024\/","og_locale":"en_US","og_type":"article","og_title":"EU Law as an Instrument for Energy Justice - The Center for Climate Change, Energy and Environmental Law","og_description":"Ensuring Energy Security in a Contemporary Global Context (2021-2024) Principal Investigator: Dr Kaisa Huhta The project, led by Dr Kaisa Huhta, examines the role of European Union law in addressing the justice dimensions of ensuring energy security in the global low-carbon transition. The project analyses the structure, interpretation and functioning of EU law in an [&hellip;]","og_url":"https:\/\/sites.uef.fi\/cceel\/eu-law-as-an-instrument-for-energy-justice-ensuring-energy-security-in-a-contemporary-global-context-eujust-9-2021-8-2024\/","og_site_name":"The Center for Climate Change, Energy and Environmental Law","article_modified_time":"2023-09-15T07:41:34+00:00","twitter_card":"summary_large_image","twitter_misc":{"Est. reading time":"3 minutes"},"schema":{"@context":"https:\/\/schema.org","@graph":[{"@type":"WebPage","@id":"https:\/\/sites.uef.fi\/cceel\/eu-law-as-an-instrument-for-energy-justice-ensuring-energy-security-in-a-contemporary-global-context-eujust-9-2021-8-2024\/","url":"https:\/\/sites.uef.fi\/cceel\/eu-law-as-an-instrument-for-energy-justice-ensuring-energy-security-in-a-contemporary-global-context-eujust-9-2021-8-2024\/","name":"EU Law as an Instrument for Energy Justice - The Center for Climate Change, Energy and Environmental Law","isPartOf":{"@id":"https:\/\/sites.uef.fi\/cceel\/#website"},"datePublished":"2021-08-30T16:18:46+00:00","dateModified":"2023-09-15T07:41:34+00:00","breadcrumb":{"@id":"https:\/\/sites.uef.fi\/cceel\/eu-law-as-an-instrument-for-energy-justice-ensuring-energy-security-in-a-contemporary-global-context-eujust-9-2021-8-2024\/#breadcrumb"},"inLanguage":"en-US","potentialAction":[{"@type":"ReadAction","target":["https:\/\/sites.uef.fi\/cceel\/eu-law-as-an-instrument-for-energy-justice-ensuring-energy-security-in-a-contemporary-global-context-eujust-9-2021-8-2024\/"]}]},{"@type":"BreadcrumbList","@id":"https:\/\/sites.uef.fi\/cceel\/eu-law-as-an-instrument-for-energy-justice-ensuring-energy-security-in-a-contemporary-global-context-eujust-9-2021-8-2024\/#breadcrumb","itemListElement":[{"@type":"ListItem","position":1,"name":"Home","item":"https:\/\/sites.uef.fi\/cceel\/"},{"@type":"ListItem","position":2,"name":"EU Law as an Instrument for Energy Justice"}]},{"@type":"WebSite","@id":"https:\/\/sites.uef.fi\/cceel\/#website","url":"https:\/\/sites.uef.fi\/cceel\/","name":"The Center for Climate Change, Energy and Environmental Law","description":"","potentialAction":[{"@type":"SearchAction","target":{"@type":"EntryPoint","urlTemplate":"https:\/\/sites.uef.fi\/cceel\/?s={search_term_string}"},"query-input":{"@type":"PropertyValueSpecification","valueRequired":true,"valueName":"search_term_string"}}],"inLanguage":"en-US"}]}},"_links":{"self":[{"href":"https:\/\/sites.uef.fi\/cceel\/wp-json\/wp\/v2\/pages\/2979","targetHints":{"allow":["GET"]}}],"collection":[{"href":"https:\/\/sites.uef.fi\/cceel\/wp-json\/wp\/v2\/pages"}],"about":[{"href":"https:\/\/sites.uef.fi\/cceel\/wp-json\/wp\/v2\/types\/page"}],"author":[{"embeddable":true,"href":"https:\/\/sites.uef.fi\/cceel\/wp-json\/wp\/v2\/users\/210"}],"replies":[{"embeddable":true,"href":"https:\/\/sites.uef.fi\/cceel\/wp-json\/wp\/v2\/comments?post=2979"}],"version-history":[{"count":0,"href":"https:\/\/sites.uef.fi\/cceel\/wp-json\/wp\/v2\/pages\/2979\/revisions"}],"wp:attachment":[{"href":"https:\/\/sites.uef.fi\/cceel\/wp-json\/wp\/v2\/media?parent=2979"}],"curies":[{"name":"wp","href":"https:\/\/api.w.org\/{rel}","templated":true}]}}