{"id":402,"date":"2023-03-08T17:22:17","date_gmt":"2023-03-08T15:22:17","guid":{"rendered":"https:\/\/sites.uef.fi\/data-driven-research\/?page_id=402"},"modified":"2023-05-24T12:46:14","modified_gmt":"2023-05-24T10:46:14","slug":"2023-workshop-on-the-imaging-data","status":"publish","type":"page","link":"https:\/\/sites.uef.fi\/data-driven-research\/2023-workshop-on-the-imaging-data\/","title":{"rendered":"2023 Workshop on imaging data"},"content":{"rendered":"\n<p><\/p>\n\n\n\n<h2 class=\"wp-block-heading\">UEF Workshop on Imaging Data \u2014 22 May 2023 @ Kuopio<\/h2>\n\n\n\n<p>UEF Workshop on Imaging Data will gather together researchers around UEF working with imaging data.  The research day provides UEF researchers a place to meet colleagues working with similar types of data and to exchange knowledge. Researchers who collect or analyze imaging data as well as researchers developing methods to analyze imaging data are both welcome. <\/p>\n\n\n\n<p>The research day&#8217;s program one keynote presentation by Prof. Vesa Kiviniemi from University of Oulu and short invited presentations from UEF&#8217;s research groups. <\/p>\n\n\n\n<p>The day is open and free for everyone. For planning coffee and transport, we request <a rel=\"noreferrer noopener\" href=\"https:\/\/forms.office.com\/e\/f56AZLbZmU\" data-type=\"URL\" data-id=\"https:\/\/forms.office.com\/e\/f56AZLbZmU\" target=\"_blank\">registration<\/a> by 13 May 2023. [<a rel=\"noreferrer noopener\" href=\"https:\/\/forms.office.com\/e\/f56AZLbZmU\" data-type=\"URL\" data-id=\"https:\/\/forms.office.com\/e\/f56AZLbZmU\" target=\"_blank\">Register here<\/a>] Transport from\/to Joensuu campus is going to be arranged!<\/p>\n\n\n\n<p>If you want to present your own research, you can sign-in to provide a lightning talk. They will max 2 minutes in length and can contain up 3 slides. The organizers would urge PhD student and post-docs working with imaging data to give a talk in this event. This can truly open up new and important collaborations. <\/p>\n\n\n\n<p><a href=\"https:\/\/forms.office.com\/e\/xBA5NYvWqK\" data-type=\"URL\" data-id=\"https:\/\/forms.office.com\/e\/xBA5NYvWqK\" target=\"_blank\" rel=\"noreferrer noopener\">Sign-up to give a lightning talk here<\/a>. <\/p>\n\n\n\n<p>The deadline for lightning talks is (extended) to  10th May 2023. (Please remember also to fill-in the registration form as the coffee service and transport from\/to Joensuu will be based on information in that form) <\/p>\n\n\n\n<h2 class=\"wp-block-heading\">Time and Place<\/h2>\n\n\n\n<p>22 May 2023 at Kuopio campus, lecture hall MD100. Program runs between 10 am and 5 pm with morning coffee served at 9.30 am and afternoon coffee served at 4 pm. Lunch break (on your own) is at noon. <\/p>\n\n\n\n<h2 class=\"wp-block-heading\">Program at a Glance<\/h2>\n\n\n\n<figure class=\"wp-block-table\"><table><tbody><tr><td>9:30 &#8211; 10:00<\/td><td>Coffee<\/td><td><\/td><\/tr><tr><td>10:00 &#8211; 11:00<\/td><td><a href=\"https:\/\/www.oulu.fi\/en\/research-groups\/oulu-functional-neuroimaging-ofni\">Vesa Kiviniemi<\/a>, University of Oulu <\/td><td>Imaging and therapeutic approaches to the brain glymphatic system<\/td><\/tr><tr><td>11:00 &#8211; 11:30<\/td><td><a href=\"https:\/\/uefconnect.uef.fi\/henkilo\/juhana.hakumaki\/\" data-type=\"URL\" data-id=\"https:\/\/uefconnect.uef.fi\/henkilo\/juhana.hakumaki\/\" target=\"_blank\" rel=\"noreferrer noopener\">Juhana Hakum\u00e4ki<\/a>, Kuopio University Hospital &amp; UEF <\/td><td>From digital images to metadata &#8211; Emerging opportunities for radiological data mining<\/td><\/tr><tr><td>11:30 &#8211; 11:50<\/td><td><a href=\"https:\/\/uefconnect.uef.fi\/en\/group\/biomedical-mri\/\" data-type=\"URL\" data-id=\"https:\/\/uefconnect.uef.fi\/en\/group\/biomedical-mri\/\" target=\"_blank\" rel=\"noreferrer noopener\">Olli Gr\u00f6hn<\/a>, Biomedical Imaging Unit, UEF  <\/td><td>Biomedical Imaging Unit&nbsp; &#8211; Research activities &nbsp;in European level infrastructure<\/td><\/tr><tr><td>11:50 &#8211; 12:10<\/td><td><a href=\"https:\/\/uefconnect.uef.fi\/en\/person\/sylvain.tollis\/\">Sylvain Tollis<\/a>, Institute of Biomedicine, UEF<\/td><td>Noise and auto-fluorescence removal in time-resolved single photon counting applications<\/td><\/tr><tr><td>12:10 -13:00<\/td><td>Lunch (on your own)<\/td><td><\/td><\/tr><tr><td>13:00 &#8211; 13:20<\/td><td>Sami V\u00e4\u00e4n\u00e4nen, Kuopio University Hospital &amp; UEF <\/td><td>Machine learning and deep learning techniques could improve DXA-based fracture prediction<\/td><\/tr><tr><td>13:20 &#8211; 13:40<\/td><td><br><a rel=\"noreferrer noopener\" href=\"https:\/\/uefconnect.uef.fi\/en\/group\/computational-neuroimaging-research-group\/\" target=\"_blank\">Baran Aydogan<\/a>, A.I. Virtanen Institute, UEF<\/td><td>Challenges and promises of diffusion MRI-based tractography<br><\/td><\/tr><tr><td>13:40 &#8211; 14:00<\/td><td><a href=\"https:\/\/uefconnect.uef.fi\/henkilo\/miguel.villoslada\/\" data-type=\"URL\" data-id=\"https:\/\/uefconnect.uef.fi\/henkilo\/miguel.villoslada\/\">Miguel Villoslada<\/a>,  Digital Geosciences Lab, UEF <\/td><td>Eye in the sky: Combining Unmanned Aerial Systems with satellite data to unveil shrubification patterns in the subarctic tundra<\/td><\/tr><tr><td>14:00 &#8211; 14:20<\/td><td><a href=\"https:\/\/uefconnect.uef.fi\/en\/person\/jari.vauhkonen\/\" data-type=\"URL\" data-id=\"https:\/\/uefconnect.uef.fi\/en\/person\/jari.vauhkonen\/\" target=\"_blank\" rel=\"noreferrer noopener\">Jari Vauhkonen<\/a>, Forest Planning, UEF<\/td><td>Deep learning for forestry decision processes<\/td><\/tr><tr><td>14:20 &#8211; 14:40<\/td><td><a href=\"https:\/\/en.ilmatieteenlaitos.fi\/cv-antti-lipponen\" data-type=\"URL\" data-id=\"https:\/\/en.ilmatieteenlaitos.fi\/cv-antti-lipponen\" target=\"_blank\" rel=\"noreferrer noopener\">Antti Lipponen<\/a>, Atmospheric Research Centre of Eastern Finland, Finnish Meteorological Institute<\/td><td>Eyes on the Sky: How Satellite Remote Sensing is Paving the Way for Improved Air Quality Monitoring<\/td><\/tr><tr><td>14:40 &#8211; 15:00<\/td><td><a rel=\"noreferrer noopener\" href=\"https:\/\/uefconnect.uef.fi\/en\/person\/timo.lahivaara\/\" data-type=\"URL\" data-id=\"https:\/\/uefconnect.uef.fi\/en\/person\/timo.lahivaara\/\" target=\"_blank\">Timo L\u00e4hivaara<\/a>, Department of Technical Physics, UEF<\/td><td>Seismic monitoring of water table level and volume of water in a porous storage<\/td><\/tr><tr><td>15:00 &#8211; 15:10<\/td><td>Break<\/td><td><\/td><\/tr><tr><td>15:10 &#8211; 16:00<\/td><td>Lightning talks (please see below)<\/td><td><\/td><\/tr><tr><td>16:00 &#8211; 16:30<\/td><td>Coffee &amp; lightning talk discussion<\/td><td><\/td><\/tr><tr><td>16:30 &#8211; 16:45<\/td><td>Wrap-up <\/td><td><\/td><\/tr><\/tbody><\/table><\/figure>\n\n\n\n<p><\/p>\n\n\n\n<h2 class=\"wp-block-heading\">Lightining talks<\/h2>\n\n\n\n<figure class=\"wp-block-table\"><table><tbody><tr><td>Farzad Jahangiri<\/td><td>Biopesticides<\/td><\/tr><tr><td>Tomi Nissinen, Department of Technical Physics, University of Eastern Finland \/ Kuopio University Hospital<\/td><td>Predicting fragility fractures with machine learning<\/td><\/tr><tr><td>Sonja Koivukoski, Institute of Biomedicine, UEF<\/td><td>Unstained tissue imaging and virtual HE-staining of histological whole slide images<\/td><\/tr><tr><td>Elaheh Moradi, A.I. Virtanen Institute for Molecular Sciences , University of Eastern Finland<\/td><td>Machine learning prediction of future amyloid \u03b2 positivity in amyloid-negative individuals<\/td><\/tr><tr><td>Heta Orava, Department of Technical Physics, Biophysics research group, UEF<\/td><td>Triple contrast-enhanced computed tomography of human knee joint<\/td><\/tr><tr><td>Raimo Salo, A. I. Virtanen Institute, University of Eastern Finland<\/td><td>Brain tissue compartments and their contribution to diffusion MRI signal<\/td><\/tr><tr><td>Omar Narvaez, A. I. Virtanen Institute, University of Eastern Finland<\/td><td>Unsupervised tissue classification by massively multidimensional diffusion-relaxation correlation MRI<\/td><\/tr><tr><td>Gudhe Raju, Institute of Clinical Medicine, Pathology and Forensic Medicine<\/td><td>From Pixels to Insights: Evidential Deep Regression for Mammogram Percentage Density Estimation<\/td><\/tr><tr><td>Mustafa Beter, DPMM AIVI, UEF<\/td><td>SproutAngio: an open-source bioimage informatics tool for quantitative analysis of sprouting angiogenesis and lumen space<\/td><\/tr><tr><td>Mastaneh Torkamani-Azar, A.I. Virtanen Institute, UEF<\/td><td>Automated tool detection with deep learning for monitoring kinematics and eye-hand coordination in microsurgery<\/td><\/tr><\/tbody><\/table><\/figure>\n\n\n\n<p> <\/p>\n\n\n\n<h2 class=\"wp-block-heading\">Main organizers<\/h2>\n\n\n\n<p>Jussi Tohka, A.I. Virtanen Institute, UEF <\/p>\n\n\n\n<p>Pauli Miettinen, School of Computing, UEF<\/p>\n","protected":false},"excerpt":{"rendered":"<p>UEF Workshop on Imaging Data \u2014 22 May 2023 @ Kuopio UEF Workshop on Imaging Data will gather together researchers around UEF working with imaging data. The research day provides UEF researchers a place to meet colleagues working with similar types of data and to exchange knowledge. Researchers who collect or analyze imaging data as [&hellip;]<\/p>\n","protected":false},"author":518,"featured_media":0,"parent":0,"menu_order":2,"comment_status":"closed","ping_status":"closed","template":"","meta":{"_acf_changed":false,"_monsterinsights_skip_tracking":false,"_monsterinsights_sitenote_active":false,"_monsterinsights_sitenote_note":"","_monsterinsights_sitenote_category":0,"footnotes":""},"class_list":["post-402","page","type-page","status-publish","hentry"],"acf":[],"yoast_head":"<!-- This site is optimized with the Yoast SEO plugin v27.1.1 - https:\/\/yoast.com\/product\/yoast-seo-wordpress\/ -->\n<title>2023 Workshop on imaging data - Data-Driven Research Collaboration Group<\/title>\n<meta name=\"robots\" content=\"index, follow, max-snippet:-1, max-image-preview:large, max-video-preview:-1\" \/>\n<link rel=\"canonical\" href=\"https:\/\/sites.uef.fi\/data-driven-research\/2023-workshop-on-the-imaging-data\/\" \/>\n<meta property=\"og:locale\" content=\"en_US\" \/>\n<meta property=\"og:type\" content=\"article\" \/>\n<meta property=\"og:title\" content=\"2023 Workshop on imaging data - Data-Driven Research Collaboration Group\" \/>\n<meta property=\"og:description\" content=\"UEF Workshop on Imaging Data \u2014 22 May 2023 @ Kuopio UEF Workshop on Imaging Data will gather together researchers around UEF working with imaging data. The research day provides UEF researchers a place to meet colleagues working with similar types of data and to exchange knowledge. Researchers who collect or analyze imaging data as [&hellip;]\" \/>\n<meta property=\"og:url\" content=\"https:\/\/sites.uef.fi\/data-driven-research\/2023-workshop-on-the-imaging-data\/\" \/>\n<meta property=\"og:site_name\" content=\"Data-Driven Research Collaboration Group\" \/>\n<meta property=\"article:modified_time\" content=\"2023-05-24T10:46:14+00:00\" \/>\n<meta name=\"twitter:card\" content=\"summary_large_image\" \/>\n<meta name=\"twitter:label1\" content=\"Est. reading time\" \/>\n\t<meta name=\"twitter:data1\" content=\"3 minutes\" \/>\n<script type=\"application\/ld+json\" class=\"yoast-schema-graph\">{\"@context\":\"https:\/\/schema.org\",\"@graph\":[{\"@type\":\"WebPage\",\"@id\":\"https:\/\/sites.uef.fi\/data-driven-research\/2023-workshop-on-the-imaging-data\/\",\"url\":\"https:\/\/sites.uef.fi\/data-driven-research\/2023-workshop-on-the-imaging-data\/\",\"name\":\"2023 Workshop on imaging data - Data-Driven Research Collaboration Group\",\"isPartOf\":{\"@id\":\"https:\/\/sites.uef.fi\/data-driven-research\/#website\"},\"datePublished\":\"2023-03-08T15:22:17+00:00\",\"dateModified\":\"2023-05-24T10:46:14+00:00\",\"breadcrumb\":{\"@id\":\"https:\/\/sites.uef.fi\/data-driven-research\/2023-workshop-on-the-imaging-data\/#breadcrumb\"},\"inLanguage\":\"en-US\",\"potentialAction\":[{\"@type\":\"ReadAction\",\"target\":[\"https:\/\/sites.uef.fi\/data-driven-research\/2023-workshop-on-the-imaging-data\/\"]}]},{\"@type\":\"BreadcrumbList\",\"@id\":\"https:\/\/sites.uef.fi\/data-driven-research\/2023-workshop-on-the-imaging-data\/#breadcrumb\",\"itemListElement\":[{\"@type\":\"ListItem\",\"position\":1,\"name\":\"Home\",\"item\":\"https:\/\/sites.uef.fi\/data-driven-research\/\"},{\"@type\":\"ListItem\",\"position\":2,\"name\":\"2023 Workshop on imaging data\"}]},{\"@type\":\"WebSite\",\"@id\":\"https:\/\/sites.uef.fi\/data-driven-research\/#website\",\"url\":\"https:\/\/sites.uef.fi\/data-driven-research\/\",\"name\":\"Data-Driven Research Collaboration Group\",\"description\":\"\",\"potentialAction\":[{\"@type\":\"SearchAction\",\"target\":{\"@type\":\"EntryPoint\",\"urlTemplate\":\"https:\/\/sites.uef.fi\/data-driven-research\/?s={search_term_string}\"},\"query-input\":{\"@type\":\"PropertyValueSpecification\",\"valueRequired\":true,\"valueName\":\"search_term_string\"}}],\"inLanguage\":\"en-US\"}]}<\/script>\n<!-- \/ Yoast SEO plugin. -->","yoast_head_json":{"title":"2023 Workshop on imaging data - Data-Driven Research Collaboration Group","robots":{"index":"index","follow":"follow","max-snippet":"max-snippet:-1","max-image-preview":"max-image-preview:large","max-video-preview":"max-video-preview:-1"},"canonical":"https:\/\/sites.uef.fi\/data-driven-research\/2023-workshop-on-the-imaging-data\/","og_locale":"en_US","og_type":"article","og_title":"2023 Workshop on imaging data - Data-Driven Research Collaboration Group","og_description":"UEF Workshop on Imaging Data \u2014 22 May 2023 @ Kuopio UEF Workshop on Imaging Data will gather together researchers around UEF working with imaging data. The research day provides UEF researchers a place to meet colleagues working with similar types of data and to exchange knowledge. Researchers who collect or analyze imaging data as [&hellip;]","og_url":"https:\/\/sites.uef.fi\/data-driven-research\/2023-workshop-on-the-imaging-data\/","og_site_name":"Data-Driven Research Collaboration Group","article_modified_time":"2023-05-24T10:46:14+00:00","twitter_card":"summary_large_image","twitter_misc":{"Est. reading time":"3 minutes"},"schema":{"@context":"https:\/\/schema.org","@graph":[{"@type":"WebPage","@id":"https:\/\/sites.uef.fi\/data-driven-research\/2023-workshop-on-the-imaging-data\/","url":"https:\/\/sites.uef.fi\/data-driven-research\/2023-workshop-on-the-imaging-data\/","name":"2023 Workshop on imaging data - Data-Driven Research Collaboration Group","isPartOf":{"@id":"https:\/\/sites.uef.fi\/data-driven-research\/#website"},"datePublished":"2023-03-08T15:22:17+00:00","dateModified":"2023-05-24T10:46:14+00:00","breadcrumb":{"@id":"https:\/\/sites.uef.fi\/data-driven-research\/2023-workshop-on-the-imaging-data\/#breadcrumb"},"inLanguage":"en-US","potentialAction":[{"@type":"ReadAction","target":["https:\/\/sites.uef.fi\/data-driven-research\/2023-workshop-on-the-imaging-data\/"]}]},{"@type":"BreadcrumbList","@id":"https:\/\/sites.uef.fi\/data-driven-research\/2023-workshop-on-the-imaging-data\/#breadcrumb","itemListElement":[{"@type":"ListItem","position":1,"name":"Home","item":"https:\/\/sites.uef.fi\/data-driven-research\/"},{"@type":"ListItem","position":2,"name":"2023 Workshop on imaging data"}]},{"@type":"WebSite","@id":"https:\/\/sites.uef.fi\/data-driven-research\/#website","url":"https:\/\/sites.uef.fi\/data-driven-research\/","name":"Data-Driven Research Collaboration Group","description":"","potentialAction":[{"@type":"SearchAction","target":{"@type":"EntryPoint","urlTemplate":"https:\/\/sites.uef.fi\/data-driven-research\/?s={search_term_string}"},"query-input":{"@type":"PropertyValueSpecification","valueRequired":true,"valueName":"search_term_string"}}],"inLanguage":"en-US"}]}},"_links":{"self":[{"href":"https:\/\/sites.uef.fi\/data-driven-research\/wp-json\/wp\/v2\/pages\/402","targetHints":{"allow":["GET"]}}],"collection":[{"href":"https:\/\/sites.uef.fi\/data-driven-research\/wp-json\/wp\/v2\/pages"}],"about":[{"href":"https:\/\/sites.uef.fi\/data-driven-research\/wp-json\/wp\/v2\/types\/page"}],"author":[{"embeddable":true,"href":"https:\/\/sites.uef.fi\/data-driven-research\/wp-json\/wp\/v2\/users\/518"}],"replies":[{"embeddable":true,"href":"https:\/\/sites.uef.fi\/data-driven-research\/wp-json\/wp\/v2\/comments?post=402"}],"version-history":[{"count":1,"href":"https:\/\/sites.uef.fi\/data-driven-research\/wp-json\/wp\/v2\/pages\/402\/revisions"}],"predecessor-version":[{"id":576,"href":"https:\/\/sites.uef.fi\/data-driven-research\/wp-json\/wp\/v2\/pages\/402\/revisions\/576"}],"wp:attachment":[{"href":"https:\/\/sites.uef.fi\/data-driven-research\/wp-json\/wp\/v2\/media?parent=402"}],"curies":[{"name":"wp","href":"https:\/\/api.w.org\/{rel}","templated":true}]}}