{"id":2491,"date":"2022-12-19T23:51:09","date_gmt":"2022-12-19T21:51:09","guid":{"rendered":"https:\/\/sites.uef.fi\/edtech\/?page_id=2491"},"modified":"2023-05-18T17:05:52","modified_gmt":"2023-05-18T14:05:52","slug":"tell2023","status":"publish","type":"page","link":"https:\/\/sites.uef.fi\/edtech\/projects\/tell2023\/","title":{"rendered":"Technology-enhanced learning in laboratories (TELL 2023)"},"content":{"rendered":"<p><i><span style=\"font-weight: 400\">We are glad to announce that the European Network for Virtual lab &amp; Interactive SImulated ONline learning_2027 (<\/span><\/i><a href=\"https:\/\/sites.utu.fi\/envision2027\/\"><i><span style=\"font-weight: 400\">ENVISION 2027<\/span><\/i><\/a><i><span style=\"font-weight: 400\">) will organize an online Workshop in April 2023 focused on the learning analytics of practical and simulated learning, titled: <\/span><\/i><b>\u201cTechnology-enhanced learning in laboratories\u201d\u00a0<\/b><\/p>\n<p><strong>This online workshop will be hosted by the University of Eastern Finland (UEF) and the Centre for the Science of Learning &amp; Technology (SLATE) from the University of <\/strong><strong>Bergen (UiB), Norway.<\/strong><\/p>\n<h3><span style=\"color: #ff0000\">\u00a0<\/span><\/h3>\n<h3><span style=\"color: #ff0000\">workshop Proceedings:\u00a0<\/span><\/h3>\n<p><b>The proceedings of the workshop is now online at: <a href=\"https:\/\/ceur-ws.org\/Vol-3393\/\">https:\/\/ceur-ws.org\/Vol-3393\/\u00a0<\/a><\/b><\/p>\n<h2><span style=\"color: #800000\"><strong>Schedule<\/strong><\/span><\/h2>\n<p>Download the <a href=\"https:\/\/sites.uef.fi\/edtech\/wp-content\/uploads\/sites\/31\/2023\/04\/TELL_2023_Schedule.pdf\">TELL_2023_Schedule<\/a><\/p>\n<table style=\"height: 621px\" width=\"1412\">\n<tbody>\n<tr>\n<td width=\"136\"><strong>Time<\/strong><\/td>\n<td width=\"780\"><strong>Research<\/strong><\/td>\n<td width=\"427\"><strong>Authors<\/strong><\/td>\n<\/tr>\n<tr>\n<td>13:10 -13:15<\/td>\n<td>Zoom gate open and Welcome Message<\/td>\n<td><\/td>\n<\/tr>\n<tr>\n<td>13:15 \u2013 13:30<\/td>\n<td>Digital labs as a complement to practical laboratory training for Bachelor and Master biomedicine students<\/td>\n<td>o\u00a0 L. Cheung, L. Strauss, P. Antonson, S. Soini, M. Kirkham and R. M. Fisher<\/td>\n<\/tr>\n<tr>\n<td>13:35 \u2013 13:50<\/td>\n<td>Towards an integrated online learning system for microscopic pathology: Two teaching examples<\/td>\n<td>o\u00a0 M. Kainulainen, L. Helle, P. Kronqvist, K. L. Vincken, F. Pawelka, K. Korpinen and B. de Leng<\/td>\n<\/tr>\n<tr>\n<td>13:55 \u2013 14:10<\/td>\n<td>Supporting microscopy learning with Ocul-AR, a virtual and augmented reality -powered mobile application<\/td>\n<td>o\u00a0 J. W. Pylv\u00e4n\u00e4inen, L. Mairinoja, T. Tuomisto, J. Solis, D. M. Toivola and P. Kankaanp\u00e4\u00e4<\/td>\n<\/tr>\n<tr>\n<td>14:15 \u2013 14:30<\/td>\n<td>Enhancing laboratory teaching through digital tools \u2013 emerging examples from the UK and other European institutions<\/td>\n<td>o\u00a0 A. Divan and C. Randall<\/td>\n<\/tr>\n<tr>\n<td>14:35 \u2013 14:50<\/td>\n<td>Virtual Laboratories for STEM in Nigerian Higher Education: The National Open University of Nigeria Learners\u2019 Perspective<\/td>\n<td>o\u00a0 J. Ndunagu, K. Ukhurebor and A. Adesina<\/td>\n<\/tr>\n<tr>\n<td>14:55 \u2013 15:10<\/td>\n<td>International online team-based learning in higher education of biomedicine: Evaluation by learning analytics<\/td>\n<td>o\u00a0 L. Mairinoja, S. L\u00f3pez-Pernas, R. Elmoazen, E. A Niskanen, T. Kuningas, A. W\u00e4rri, M. Saqr and L. Strauss<\/td>\n<\/tr>\n<tr>\n<td>15:15 \u2013 15:30<\/td>\n<td>Tackling the challenges with data access in learning analytics research: A case study of virtual labs<\/td>\n<td>o\u00a0 K. Misiejuk, M. Khalil and B. Wasson<\/td>\n<\/tr>\n<tr>\n<td>15:35 \u2013 15:50<\/td>\n<td>Exploring Barriers and Challenges to Accessibility in Virtual Laboratories: A Preliminary Review<\/td>\n<td>o\u00a0 F. Deriba, M. Saqr and M. Tukiainen<\/td>\n<\/tr>\n<tr>\n<td>15:55 &#8211;\u00a0 16:00<\/td>\n<td>\u00a0\u00a0\u00a0 Workshop Wrap up<\/td>\n<td><\/td>\n<\/tr>\n<tr>\n<td colspan=\"2\">*Helsinki Time (+3 GMT)<\/td>\n<td><\/td>\n<\/tr>\n<tr>\n<td colspan=\"2\">Event starts at: 12:00 (Sweden, Norway) , 11:00 (UK, Nigeria)<\/td>\n<td><\/td>\n<\/tr>\n<\/tbody>\n<\/table>\n<p>&nbsp;<\/p>\n<p><span style=\"color: #800000\"><b><i>Workshop description<\/i><\/b><\/span><\/p>\n<p><b>Focus and aims:<\/b><span style=\"font-weight: 400\">\u00a0<\/span><\/p>\n<ul>\n<li style=\"font-weight: 400\"><span style=\"font-weight: 400\">The workshop aims to understand the global practices of virtual labs and simulated learning.<\/span><\/li>\n<li style=\"font-weight: 400\"><span style=\"font-weight: 400\">The workshop will focus on how technology can support education with its Learning Analytics and computer-supported applications.\u00a0<\/span><\/li>\n<li style=\"font-weight: 400\"><span style=\"font-weight: 400\">The workshop brings together researchers from different countries and various disciplinary traditions to present their research on virtual labs, remote learning, learning analytics, and computer-supported education, to discuss their use in learning support.\u00a0<\/span><\/li>\n<\/ul>\n<p><span style=\"color: #800000\"><b>Call for proposals:<\/b><\/span><\/p>\n<ul>\n<li style=\"font-weight: 400\"><span style=\"font-weight: 400\">Researches are kindly encouraged to contribute to and help shape the workshop through submissions of their research abstracts and papers (instructions below).\u00a0<\/span><\/li>\n<li style=\"font-weight: 400\"><span style=\"font-weight: 400\">The workshop invites both junior and senior scholars to present their work.<\/span><\/li>\n<li style=\"font-weight: 400\"><span style=\"font-weight: 400\">We welcome papers that address, for example, the following questions<\/span> <span style=\"color: #800000\"><i><span style=\"font-weight: 400\">(<span style=\"text-decoration: underline\"><strong>not limited to the list<\/strong><\/span>)<\/span><\/i><\/span><span style=\"font-weight: 400\">:<\/span>\n<ol>\n<li style=\"font-weight: 400\"><span style=\"font-weight: 400\">How to support virtual laboratory and teamwork course modules through the use of Learning Analytics (LA)?<\/span><\/li>\n<li style=\"font-weight: 400\"><span style=\"font-weight: 400\">How can virtual labs \/VR complement teaching by replacing expensive equipment or potentially dangerous laboratory exercises?<\/span><\/li>\n<li style=\"font-weight: 400\"><span style=\"font-weight: 400\">How can students learn essential laboratory skills through personalized teaching, guided by real-time LA?<\/span><\/li>\n<li><span style=\"font-weight: 400\">What are teaching obstacles of laboratory work including teamwork in their transition to digital teaching<\/span><\/li>\n<li style=\"font-weight: 400\"><span style=\"font-weight: 400\">How do new emerging technologies overcome difficulties and obstacles in education?<\/span><\/li>\n<\/ol>\n<\/li>\n<\/ul>\n<p><span style=\"color: #800000\"><b><i>Instructions for abstract submission<\/i><\/b><\/span><\/p>\n<p><span style=\"font-weight: 400\">High-quality research contributions describing original and unpublished results of conceptual, constructive, empirical, experimental, or theoretical work in virtual labs and interactive simulated online learning are invited for presentation at the workshop. The workshop solicits contributions in the form of abstracts and papers that address the themes and topics of the workshop .<\/span><\/p>\n<ul>\n<li style=\"font-weight: 400\"><span style=\"font-weight: 400\">You can submit <\/span><span style=\"font-weight: 400\">a) <\/span><span style=\"font-weight: 400\">a <\/span><b>full paper<\/b><span style=\"font-weight: 400\">, or <\/span><span style=\"font-weight: 400\">b) <\/span><b>an abstract<\/b><span style=\"font-weight: 400\"> for oral presentation only.\u00a0<\/span><\/li>\n<li style=\"font-weight: 400\"><span style=\"font-weight: 400\">All abstracts\/papers should be written in English.\u00a0<\/span><\/li>\n<li style=\"font-weight: 400\">Please use the online system for your submission:<br \/>\n<a href=\"https:\/\/easychair.org\/conferences\/?conf=tell2023\"><strong>https:\/\/easychair.org\/conferences\/?conf=tell2023<\/strong><\/a><\/li>\n<\/ul>\n<p><strong>An abstract should be submitted by February 15th, 2023 for both full papers and oral presentations. The deadline for full paper submissions is March 25th, 2023. All submissions will be peer-reviewed.<\/strong><\/p>\n<p>&nbsp;<\/p>\n<p><span style=\"color: #800000\"><b>Submission types:\u00a0<\/b><\/span><\/p>\n<ol>\n<li style=\"font-weight: 400\"><span style=\"font-weight: 400\">A <\/span><b>full paper <\/b><span style=\"font-weight: 400\">(6-14 pages), which will be published in <\/span><a href=\"https:\/\/ceur-ws.org\/\"><span style=\"font-weight: 400\">the <\/span><b>CEUR Workshop Proceedings<\/b><\/a><span style=\"font-weight: 400\"> if accepted, or<\/span><\/li>\n<li style=\"font-weight: 400\"><span style=\"font-weight: 400\">An <\/span><b>abstract<\/b><span style=\"font-weight: 400\"> (150-500 words) for oral presentation only. Oral presentation time will be 15 minutes plus discussion.<\/span><\/li>\n<\/ol>\n<p><span style=\"color: #800000\"><b>Paper Manuscript :\u00a0<\/b><\/span><\/p>\n<ul>\n<li>The length of the manuscript is 6-14 pages (excluding references). Please use CEUR template\u00a0<a href=\"https:\/\/sites.uef.fi\/flaiec\/wp-content\/uploads\/sites\/341\/2022\/02\/CEUR-Template-1col.docx\" data-type=\"URL\" data-id=\"https:\/\/sites.uef.fi\/flaiec\/wp-content\/uploads\/sites\/341\/2022\/02\/CEUR-Template-1col.docx\">[download the template]<\/a>.<\/li>\n<li>The manuscript should include: abstract, introduction, theoretical background, methods, results, and discussion\/conclusions. Depending on the topic and field of research, also other structure is possible.\n<ul>\n<li>Add at least three keywords, that describe your research<\/li>\n<\/ul>\n<\/li>\n<li>The research should be original and not published elsewhere.<\/li>\n<li>For references, please follow numbered elsarticle style, that is used in the template. For more information, see e.g.\u00a0<a href=\"https:\/\/www.bibtex.com\/s\/bibliography-style-elsarticle-elsarticle-num\/\" target=\"_blank\" rel=\"noreferrer noopener\">https:\/\/www.bibtex.com\/s\/bibliography-style-elsarticle-elsarticle-num\/<\/a><\/li>\n<li>Please prepare\u00a0<strong>a blind review version<\/strong>\u00a0of your manuscript for submission.<\/li>\n<li>KINDLY NOTE: An article in workshop proceedings requires a presentation at a workshop.<\/li>\n<\/ul>\n<p>Accepted full papers will be included into workshop proceedings and published in CEUR Workshop Proceedings (CEUR-WS.org). CEUR is indexed in Scopus and Finnish JUFO Level 1.<\/p>\n<p><span style=\"color: #800000\"><b>Timeline:\u00a0<\/b><\/span><\/p>\n<ul>\n<li style=\"list-style-type: none\">\n<ul>\n<li style=\"font-weight: 400\"><span style=\"font-weight: 400\">The abstract submission for oral presentations is <\/span><b>March 25<\/b><b>th<\/b><b>, 2023<\/b><span style=\"font-weight: 400\">.\u00a0<\/span><\/li>\n<li><span style=\"font-weight: 400\">The deadline for the full paper submission is <\/span><b>March 25<\/b><b>th<\/b><b>, 2023<\/b><span style=\"font-weight: 400\"> .\u00a0<\/span><\/li>\n<li style=\"font-weight: 400\"><span style=\"font-weight: 400\">The review board will review the papers, and a notice of acceptance will be sent to the corresponding author by <\/span><b>\u00a0April 5th 2023. <\/b><\/li>\n<li style=\"font-weight: 400\">Registration for the event is<b> open from 1<\/b><b>st<\/b><b> to April 25<\/b><b>th<\/b><b>, 2023<\/b><\/li>\n<li><span style=\"font-weight: 400\">The workshop will take place on <strong>April 26, 2023.<\/strong><\/span><\/li>\n<\/ul>\n<\/li>\n<\/ul>\n<p>&nbsp;<\/p>\n<h5><img loading=\"lazy\" decoding=\"async\" class=\"alignnone wp-image-1726\" src=\"https:\/\/sites.uef.fi\/edtech\/wp-content\/uploads\/sites\/31\/2022\/02\/enviision-logo-300x198.jpg\" alt=\"\" width=\"164\" height=\"108\" srcset=\"https:\/\/sites.uef.fi\/edtech\/wp-content\/uploads\/sites\/31\/2022\/02\/enviision-logo-300x198.jpg 300w, https:\/\/sites.uef.fi\/edtech\/wp-content\/uploads\/sites\/31\/2022\/02\/enviision-logo-1024x674.jpg 1024w, https:\/\/sites.uef.fi\/edtech\/wp-content\/uploads\/sites\/31\/2022\/02\/enviision-logo-768x506.jpg 768w, https:\/\/sites.uef.fi\/edtech\/wp-content\/uploads\/sites\/31\/2022\/02\/enviision-logo-930x620.jpg 930w, https:\/\/sites.uef.fi\/edtech\/wp-content\/uploads\/sites\/31\/2022\/02\/enviision-logo.jpg 1271w\" sizes=\"auto, (max-width: 164px) 100vw, 164px\" \/><\/h5>\n<h5><strong>The workshop is co-funded by the EU\u2019s Erasmus+ program within the project \u201cEuropean Network for Virtual lab &amp; Interactive SImulated ONline learning (ENVISION_2027)<\/strong><\/h5>\n<p>for more information : ramy.elmoazen@uef.fi<\/p>\n<p>&nbsp;<\/p>\n<p>&nbsp;<\/p>\n<p>&nbsp;<\/p>\n<p>&nbsp;<\/p>\n<p>&nbsp;<\/p>\n<p>&nbsp;<\/p>\n<p>&nbsp;<\/p>\n<p>&nbsp;<\/p>\n<p>&nbsp;<\/p>\n<p>&nbsp;<\/p>\n<p>&nbsp;<\/p>\n<p>&nbsp;<\/p>\n","protected":false},"excerpt":{"rendered":"<p>We are glad to announce that the European Network for Virtual lab &amp; Interactive SImulated ONline learning_2027 (ENVISION 2027) will organize an online Workshop in April 2023 focused on the learning analytics of practical and simulated learning, titled: \u201cTechnology-enhanced learning in laboratories\u201d\u00a0 This online workshop will be hosted by the University of Eastern Finland (UEF) [&hellip;]<\/p>\n","protected":false},"author":704,"featured_media":0,"parent":178,"menu_order":0,"comment_status":"closed","ping_status":"closed","template":"","meta":{"_acf_changed":false,"footnotes":""},"class_list":["post-2491","page","type-page","status-publish","hentry"],"acf":[],"yoast_head":"<!-- This site is optimized with the Yoast SEO plugin v27.1.1 - https:\/\/yoast.com\/product\/yoast-seo-wordpress\/ -->\n<title>Technology-enhanced learning in laboratories (TELL 2023) - Technologies for Learning and Development<\/title>\n<meta name=\"robots\" content=\"index, follow, max-snippet:-1, max-image-preview:large, max-video-preview:-1\" \/>\n<link rel=\"canonical\" href=\"https:\/\/sites.uef.fi\/edtech\/projects\/tell2023\/\" \/>\n<meta property=\"og:locale\" content=\"en_US\" \/>\n<meta property=\"og:type\" content=\"article\" \/>\n<meta property=\"og:title\" content=\"Technology-enhanced learning in laboratories (TELL 2023) - Technologies for Learning and Development\" \/>\n<meta property=\"og:description\" content=\"We are glad to announce that the European Network for Virtual lab &amp; Interactive SImulated ONline learning_2027 (ENVISION 2027) will organize an online Workshop in April 2023 focused on the learning analytics of practical and simulated learning, titled: \u201cTechnology-enhanced learning in laboratories\u201d\u00a0 This online workshop will be hosted by the University of Eastern Finland (UEF) [&hellip;]\" \/>\n<meta property=\"og:url\" content=\"https:\/\/sites.uef.fi\/edtech\/projects\/tell2023\/\" \/>\n<meta property=\"og:site_name\" content=\"Technologies for Learning and Development\" \/>\n<meta property=\"article:modified_time\" content=\"2023-05-18T14:05:52+00:00\" \/>\n<meta property=\"og:image\" content=\"https:\/\/sites.uef.fi\/edtech\/wp-content\/uploads\/sites\/31\/2022\/02\/enviision-logo-300x198.jpg\" \/>\n<meta name=\"twitter:card\" content=\"summary_large_image\" \/>\n<meta name=\"twitter:label1\" content=\"Est. reading time\" \/>\n\t<meta name=\"twitter:data1\" content=\"5 minutes\" \/>\n<script type=\"application\/ld+json\" class=\"yoast-schema-graph\">{\"@context\":\"https:\/\/schema.org\",\"@graph\":[{\"@type\":\"WebPage\",\"@id\":\"https:\/\/sites.uef.fi\/edtech\/projects\/tell2023\/\",\"url\":\"https:\/\/sites.uef.fi\/edtech\/projects\/tell2023\/\",\"name\":\"Technology-enhanced learning in laboratories (TELL 2023) - Technologies for Learning and Development\",\"isPartOf\":{\"@id\":\"https:\/\/sites.uef.fi\/edtech\/#website\"},\"primaryImageOfPage\":{\"@id\":\"https:\/\/sites.uef.fi\/edtech\/projects\/tell2023\/#primaryimage\"},\"image\":{\"@id\":\"https:\/\/sites.uef.fi\/edtech\/projects\/tell2023\/#primaryimage\"},\"thumbnailUrl\":\"https:\/\/sites.uef.fi\/edtech\/wp-content\/uploads\/sites\/31\/2022\/02\/enviision-logo-300x198.jpg\",\"datePublished\":\"2022-12-19T21:51:09+00:00\",\"dateModified\":\"2023-05-18T14:05:52+00:00\",\"breadcrumb\":{\"@id\":\"https:\/\/sites.uef.fi\/edtech\/projects\/tell2023\/#breadcrumb\"},\"inLanguage\":\"en-US\",\"potentialAction\":[{\"@type\":\"ReadAction\",\"target\":[\"https:\/\/sites.uef.fi\/edtech\/projects\/tell2023\/\"]}]},{\"@type\":\"ImageObject\",\"inLanguage\":\"en-US\",\"@id\":\"https:\/\/sites.uef.fi\/edtech\/projects\/tell2023\/#primaryimage\",\"url\":\"https:\/\/sites.uef.fi\/edtech\/wp-content\/uploads\/sites\/31\/2022\/02\/enviision-logo.jpg\",\"contentUrl\":\"https:\/\/sites.uef.fi\/edtech\/wp-content\/uploads\/sites\/31\/2022\/02\/enviision-logo.jpg\",\"width\":1271,\"height\":837},{\"@type\":\"BreadcrumbList\",\"@id\":\"https:\/\/sites.uef.fi\/edtech\/projects\/tell2023\/#breadcrumb\",\"itemListElement\":[{\"@type\":\"ListItem\",\"position\":1,\"name\":\"Home\",\"item\":\"https:\/\/sites.uef.fi\/edtech\/\"},{\"@type\":\"ListItem\",\"position\":2,\"name\":\"Projects\",\"item\":\"https:\/\/sites.uef.fi\/edtech\/projects\/\"},{\"@type\":\"ListItem\",\"position\":3,\"name\":\"Technology-enhanced learning in laboratories (TELL 2023)\"}]},{\"@type\":\"WebSite\",\"@id\":\"https:\/\/sites.uef.fi\/edtech\/#website\",\"url\":\"https:\/\/sites.uef.fi\/edtech\/\",\"name\":\"Technologies for Learning and Development\",\"description\":\"\",\"potentialAction\":[{\"@type\":\"SearchAction\",\"target\":{\"@type\":\"EntryPoint\",\"urlTemplate\":\"https:\/\/sites.uef.fi\/edtech\/?s={search_term_string}\"},\"query-input\":{\"@type\":\"PropertyValueSpecification\",\"valueRequired\":true,\"valueName\":\"search_term_string\"}}],\"inLanguage\":\"en-US\"}]}<\/script>\n<!-- \/ Yoast SEO plugin. -->","yoast_head_json":{"title":"Technology-enhanced learning in laboratories (TELL 2023) - Technologies for Learning and Development","robots":{"index":"index","follow":"follow","max-snippet":"max-snippet:-1","max-image-preview":"max-image-preview:large","max-video-preview":"max-video-preview:-1"},"canonical":"https:\/\/sites.uef.fi\/edtech\/projects\/tell2023\/","og_locale":"en_US","og_type":"article","og_title":"Technology-enhanced learning in laboratories (TELL 2023) - Technologies for Learning and Development","og_description":"We are glad to announce that the European Network for Virtual lab &amp; Interactive SImulated ONline learning_2027 (ENVISION 2027) will organize an online Workshop in April 2023 focused on the learning analytics of practical and simulated learning, titled: \u201cTechnology-enhanced learning in laboratories\u201d\u00a0 This online workshop will be hosted by the University of Eastern Finland (UEF) [&hellip;]","og_url":"https:\/\/sites.uef.fi\/edtech\/projects\/tell2023\/","og_site_name":"Technologies for Learning and Development","article_modified_time":"2023-05-18T14:05:52+00:00","og_image":[{"url":"https:\/\/sites.uef.fi\/edtech\/wp-content\/uploads\/sites\/31\/2022\/02\/enviision-logo-300x198.jpg","type":"","width":"","height":""}],"twitter_card":"summary_large_image","twitter_misc":{"Est. reading time":"5 minutes"},"schema":{"@context":"https:\/\/schema.org","@graph":[{"@type":"WebPage","@id":"https:\/\/sites.uef.fi\/edtech\/projects\/tell2023\/","url":"https:\/\/sites.uef.fi\/edtech\/projects\/tell2023\/","name":"Technology-enhanced learning in laboratories (TELL 2023) - Technologies for Learning and Development","isPartOf":{"@id":"https:\/\/sites.uef.fi\/edtech\/#website"},"primaryImageOfPage":{"@id":"https:\/\/sites.uef.fi\/edtech\/projects\/tell2023\/#primaryimage"},"image":{"@id":"https:\/\/sites.uef.fi\/edtech\/projects\/tell2023\/#primaryimage"},"thumbnailUrl":"https:\/\/sites.uef.fi\/edtech\/wp-content\/uploads\/sites\/31\/2022\/02\/enviision-logo-300x198.jpg","datePublished":"2022-12-19T21:51:09+00:00","dateModified":"2023-05-18T14:05:52+00:00","breadcrumb":{"@id":"https:\/\/sites.uef.fi\/edtech\/projects\/tell2023\/#breadcrumb"},"inLanguage":"en-US","potentialAction":[{"@type":"ReadAction","target":["https:\/\/sites.uef.fi\/edtech\/projects\/tell2023\/"]}]},{"@type":"ImageObject","inLanguage":"en-US","@id":"https:\/\/sites.uef.fi\/edtech\/projects\/tell2023\/#primaryimage","url":"https:\/\/sites.uef.fi\/edtech\/wp-content\/uploads\/sites\/31\/2022\/02\/enviision-logo.jpg","contentUrl":"https:\/\/sites.uef.fi\/edtech\/wp-content\/uploads\/sites\/31\/2022\/02\/enviision-logo.jpg","width":1271,"height":837},{"@type":"BreadcrumbList","@id":"https:\/\/sites.uef.fi\/edtech\/projects\/tell2023\/#breadcrumb","itemListElement":[{"@type":"ListItem","position":1,"name":"Home","item":"https:\/\/sites.uef.fi\/edtech\/"},{"@type":"ListItem","position":2,"name":"Projects","item":"https:\/\/sites.uef.fi\/edtech\/projects\/"},{"@type":"ListItem","position":3,"name":"Technology-enhanced learning in laboratories (TELL 2023)"}]},{"@type":"WebSite","@id":"https:\/\/sites.uef.fi\/edtech\/#website","url":"https:\/\/sites.uef.fi\/edtech\/","name":"Technologies for Learning and Development","description":"","potentialAction":[{"@type":"SearchAction","target":{"@type":"EntryPoint","urlTemplate":"https:\/\/sites.uef.fi\/edtech\/?s={search_term_string}"},"query-input":{"@type":"PropertyValueSpecification","valueRequired":true,"valueName":"search_term_string"}}],"inLanguage":"en-US"}]}},"_links":{"self":[{"href":"https:\/\/sites.uef.fi\/edtech\/wp-json\/wp\/v2\/pages\/2491","targetHints":{"allow":["GET"]}}],"collection":[{"href":"https:\/\/sites.uef.fi\/edtech\/wp-json\/wp\/v2\/pages"}],"about":[{"href":"https:\/\/sites.uef.fi\/edtech\/wp-json\/wp\/v2\/types\/page"}],"author":[{"embeddable":true,"href":"https:\/\/sites.uef.fi\/edtech\/wp-json\/wp\/v2\/users\/704"}],"replies":[{"embeddable":true,"href":"https:\/\/sites.uef.fi\/edtech\/wp-json\/wp\/v2\/comments?post=2491"}],"version-history":[{"count":2,"href":"https:\/\/sites.uef.fi\/edtech\/wp-json\/wp\/v2\/pages\/2491\/revisions"}],"predecessor-version":[{"id":2497,"href":"https:\/\/sites.uef.fi\/edtech\/wp-json\/wp\/v2\/pages\/2491\/revisions\/2497"}],"up":[{"embeddable":true,"href":"https:\/\/sites.uef.fi\/edtech\/wp-json\/wp\/v2\/pages\/178"}],"wp:attachment":[{"href":"https:\/\/sites.uef.fi\/edtech\/wp-json\/wp\/v2\/media?parent=2491"}],"curies":[{"name":"wp","href":"https:\/\/api.w.org\/{rel}","templated":true}]}}