{"id":22,"date":"2021-10-27T05:00:28","date_gmt":"2021-10-27T05:00:28","guid":{"rendered":"https:\/\/sites.uef.fi\/eduentr\/?page_id=22"},"modified":"2023-11-07T10:35:40","modified_gmt":"2023-11-07T10:35:40","slug":"etusivu","status":"publish","type":"page","link":"https:\/\/sites.uef.fi\/eduentr\/","title":{"rendered":"ETUSIVU"},"content":{"rendered":"\n<h1 class=\"wp-block-heading\">EduEntr &#8211; koulutusyritt\u00e4jyys ja -yritysyhteisty\u00f6<\/h1>\n\n\n\n<p>Hankkeen kesto: 1.8.2021 &#8211; 31.8.2023. Hanketta rahoittaa Euroopan Sosiaalirahasto (ESR). Hankeen p\u00e4\u00e4toteuttaja on It\u00e4-Suomen yliopisto (UEF).<\/p>\n\n\n\n<h2 class=\"wp-block-heading\">Tavoitteena on <\/h2>\n\n\n\n<ul class=\"wp-block-list\">\n<li>vahvistaa koulutusyritt\u00e4jyytt\u00e4 ja \u2013osaamista erityisesti opettajaopiskelijoiden keskuudessa<\/li>\n\n\n\n<li>luoda uusia koulu-yritysyhteisty\u00f6n muotoja ja mahdollisuuksia<\/li>\n\n\n\n<li>kehitt\u00e4\u00e4 pitk\u00e4j\u00e4nteisesti Pohjois-Karjalan koulutusekosysteemin toimintaa<\/li>\n<\/ul>\n\n\n\n<p>Yhteisty\u00f6kumppaneitamme ovat Pohjois-Karjalan suurimmat koulutusorganisaatiot ja koulutuskuntayhtym\u00e4t. Teemme yhteisty\u00f6t\u00e4 aktiivisesti my\u00f6s yritt\u00e4jien ja yritt\u00e4jyysyhteis\u00f6jen kanssa.<\/p>\n\n\n\n<div class=\"wp-block-columns is-layout-flex wp-container-core-columns-is-layout-9d6595d7 wp-block-columns-is-layout-flex\">\n<div class=\"wp-block-column is-layout-flow wp-block-column-is-layout-flow\">\n<p><\/p>\n\n\n\n<p>Innostamme nuoria yritt\u00e4jyyteen ja  innovointiin sek\u00e4 erilaisten urapolkujen l\u00f6yt\u00e4miseen. <\/p>\n\n\n\n<p>Pilotoimme uusia koulu-yritysyhteisty\u00f6n muotoja ja vahvistamme yritysten ammattitaitoisen ty\u00f6voiman saantia. Tarjoamme opettajille lis\u00e4\u00e4 pedagogisia valmiuksia yritysyhteisty\u00f6n hy\u00f6dynt\u00e4miseen opetuksessaan. <\/p>\n\n\n\n<p>Ker\u00e4\u00e4mme hyvi\u00e4 jo olemassa olevia yhteisty\u00f6n muotoja koulutusekosysteemin sis\u00e4lt\u00e4 ja esit\u00e4mme kehitysehdotuksia jatkoon.<\/p>\n<\/div>\n\n\n\n<div class=\"wp-block-column is-vertically-aligned-top is-layout-flow wp-block-column-is-layout-flow\">\n<figure class=\"wp-block-image alignleft size-large is-resized\"><img loading=\"lazy\" decoding=\"async\" width=\"2555\" height=\"2560\" src=\"https:\/\/sites.uef.fi\/eduentr\/wp-content\/uploads\/sites\/331\/2021\/11\/DSC1554-edited-scaled.jpg\" alt=\"opiskelijoita istuu rappusilla\" class=\"wp-image-511\" srcset=\"https:\/\/sites.uef.fi\/eduentr\/wp-content\/uploads\/sites\/331\/2021\/11\/DSC1554-edited-scaled.jpg 2555w, https:\/\/sites.uef.fi\/eduentr\/wp-content\/uploads\/sites\/331\/2021\/11\/DSC1554-edited-300x300.jpg 300w, https:\/\/sites.uef.fi\/eduentr\/wp-content\/uploads\/sites\/331\/2021\/11\/DSC1554-edited-1022x1024.jpg 1022w, https:\/\/sites.uef.fi\/eduentr\/wp-content\/uploads\/sites\/331\/2021\/11\/DSC1554-edited-150x150.jpg 150w, https:\/\/sites.uef.fi\/eduentr\/wp-content\/uploads\/sites\/331\/2021\/11\/DSC1554-edited-768x769.jpg 768w, https:\/\/sites.uef.fi\/eduentr\/wp-content\/uploads\/sites\/331\/2021\/11\/DSC1554-edited-1533x1536.jpg 1533w, https:\/\/sites.uef.fi\/eduentr\/wp-content\/uploads\/sites\/331\/2021\/11\/DSC1554-edited-2044x2048.jpg 2044w, https:\/\/sites.uef.fi\/eduentr\/wp-content\/uploads\/sites\/331\/2021\/11\/DSC1554-edited-100x100.jpg 100w\" sizes=\"auto, (max-width: 2555px) 100vw, 2555px\" \/><\/figure>\n<\/div>\n<\/div>\n\n\n\n<figure class=\"wp-block-image size-large is-resized\"><img loading=\"lazy\" decoding=\"async\" width=\"1024\" height=\"564\" src=\"https:\/\/sites.uef.fi\/eduentr\/wp-content\/uploads\/sites\/331\/2021\/11\/tyopaketit-1024x564.png\" alt=\"\" class=\"wp-image-641\" srcset=\"https:\/\/sites.uef.fi\/eduentr\/wp-content\/uploads\/sites\/331\/2021\/11\/tyopaketit-1024x564.png 1024w, https:\/\/sites.uef.fi\/eduentr\/wp-content\/uploads\/sites\/331\/2021\/11\/tyopaketit-300x165.png 300w, https:\/\/sites.uef.fi\/eduentr\/wp-content\/uploads\/sites\/331\/2021\/11\/tyopaketit-768x423.png 768w, https:\/\/sites.uef.fi\/eduentr\/wp-content\/uploads\/sites\/331\/2021\/11\/tyopaketit-1536x847.png 1536w, https:\/\/sites.uef.fi\/eduentr\/wp-content\/uploads\/sites\/331\/2021\/11\/tyopaketit.png 1956w\" sizes=\"auto, (max-width: 1024px) 100vw, 1024px\" \/><\/figure>\n\n\n\n<h2 class=\"wp-block-heading\">Mit\u00e4 koulutusyritt\u00e4jyys on?<\/h2>\n\n\n\n<p>Koulutusyritt\u00e4jyys yhdist\u00e4\u00e4 yritt\u00e4j\u00e4m\u00e4isen asenteen, koulutus- ja kasvatusalan sek\u00e4 tuote- ja palvelumuotoilun.<\/p>\n\n\n\n<p>Koulutusyritt\u00e4jyyden tuotteita ja palveluita ovat esimerkiksi<strong> pedagogiset innovaatiot<\/strong>, <strong>opetusteknologia, asiantuntijakonsultaatio, koulutuspalvelut, opettajayritt\u00e4jyys<\/strong> ja <strong>sivutoiminen koulutus<\/strong>. Tuotteiden ja palvelujen asiakkaita voivat olla voivat olla yritykset ja yhdistykset, oppilaitokset mutta my\u00f6s yksitt\u00e4iset henkil\u00f6t.<\/p>\n\n\n\n<p>Tutustu <strong><a href=\"https:\/\/uefconnect.uef.fi\/tutkimusryhma\/eduentr-koulutusyrittajyys-ja-yritysyhteistyo\/\">t\u00e4st\u00e4<\/a> <\/strong>hankkeen tiivistelm\u00e4\u00e4n.<\/p>\n\n\n\n<div class=\"wp-block-media-text alignwide is-stacked-on-mobile\"><figure class=\"wp-block-media-text__media\"><img loading=\"lazy\" decoding=\"async\" width=\"1024\" height=\"683\" src=\"https:\/\/sites.uef.fi\/eduentr\/wp-content\/uploads\/sites\/331\/2021\/10\/Nettisivulle-lapsi-1024x683.jpg\" alt=\"koululaiset ty\u00f6skentelev\u00e4t tietokoneella\" class=\"wp-image-165 size-full\" srcset=\"https:\/\/sites.uef.fi\/eduentr\/wp-content\/uploads\/sites\/331\/2021\/10\/Nettisivulle-lapsi-1024x683.jpg 1024w, https:\/\/sites.uef.fi\/eduentr\/wp-content\/uploads\/sites\/331\/2021\/10\/Nettisivulle-lapsi-300x200.jpg 300w, https:\/\/sites.uef.fi\/eduentr\/wp-content\/uploads\/sites\/331\/2021\/10\/Nettisivulle-lapsi-768x512.jpg 768w, https:\/\/sites.uef.fi\/eduentr\/wp-content\/uploads\/sites\/331\/2021\/10\/Nettisivulle-lapsi.jpg 1080w\" sizes=\"auto, (max-width: 1024px) 100vw, 1024px\" \/><\/figure><div class=\"wp-block-media-text__content\">\n<blockquote class=\"wp-block-quote is-layout-flow wp-block-quote-is-layout-flow\">\n<p><em>Tuotteet tai palvelut voivat tuottaa taloudellista, kulttuurista, sosiaalista tai yhteiskunnallista arvoa.<\/em><\/p>\n<\/blockquote>\n<\/div><\/div>\n\n\n    <div class=\"funders grid\">\n                        <div class=\"funders__item grid__item\">\n                            <div class=\"funders__image\">\n                    <img decoding=\"async\" src=\"https:\/\/sites.uef.fi\/eduentr\/wp-content\/uploads\/sites\/331\/2023\/11\/EU_ESR_FI_vertical_20mm_rgb.png\" alt=\"Euroopan unioni lippulogo\" \/>\n                <\/div>\n                                                <\/div>\n                        \n                        <div class=\"funders__item grid__item\">\n                            <div class=\"funders__image\">\n                    <img decoding=\"async\" src=\"https:\/\/sites.uef.fi\/eduentr\/wp-content\/uploads\/sites\/331\/2023\/11\/VipuvoimaaEU_2014_2020_rgb.png\" alt=\"Vipuvoimaa logo\" \/>\n                <\/div>\n                                                <\/div>\n                        \n                        <div class=\"funders__item grid__item\">\n                            <div class=\"funders__image\">\n                    <img decoding=\"async\" src=\"https:\/\/sites.uef.fi\/eduentr\/wp-content\/uploads\/sites\/331\/2023\/11\/ELY_LA01_Logo___FI_B3___RGB.png\" alt=\"ELY-keskus logo\" \/>\n                <\/div>\n                                                <\/div>\n                        \n            <\/div>\n","protected":false},"excerpt":{"rendered":"<p>EduEntr &#8211; koulutusyritt\u00e4jyys ja -yritysyhteisty\u00f6 Hankkeen kesto: 1.8.2021 &#8211; 31.8.2023. Hanketta rahoittaa Euroopan Sosiaalirahasto (ESR). Hankeen p\u00e4\u00e4toteuttaja on It\u00e4-Suomen yliopisto (UEF). Tavoitteena on Yhteisty\u00f6kumppaneitamme ovat Pohjois-Karjalan suurimmat koulutusorganisaatiot ja koulutuskuntayhtym\u00e4t. Teemme yhteisty\u00f6t\u00e4 aktiivisesti my\u00f6s yritt\u00e4jien ja yritt\u00e4jyysyhteis\u00f6jen kanssa. Innostamme nuoria yritt\u00e4jyyteen ja innovointiin sek\u00e4 erilaisten urapolkujen l\u00f6yt\u00e4miseen. Pilotoimme uusia koulu-yritysyhteisty\u00f6n muotoja ja vahvistamme yritysten ammattitaitoisen [&hellip;]<\/p>\n","protected":false},"author":2,"featured_media":0,"parent":0,"menu_order":0,"comment_status":"closed","ping_status":"closed","template":"","meta":{"_acf_changed":false,"footnotes":""},"class_list":["post-22","page","type-page","status-publish","hentry"],"acf":[],"yoast_head":"<!-- This site is optimized with the Yoast SEO plugin v27.3 - https:\/\/yoast.com\/product\/yoast-seo-wordpress\/ -->\n<title>ETUSIVU - EduEntr<\/title>\n<meta name=\"robots\" content=\"index, follow, max-snippet:-1, max-image-preview:large, max-video-preview:-1\" \/>\n<link rel=\"canonical\" href=\"https:\/\/sites.uef.fi\/eduentr\/\" \/>\n<meta property=\"og:locale\" content=\"fi_FI\" \/>\n<meta property=\"og:type\" content=\"article\" \/>\n<meta property=\"og:title\" content=\"ETUSIVU - EduEntr\" \/>\n<meta property=\"og:description\" content=\"EduEntr &#8211; koulutusyritt\u00e4jyys ja -yritysyhteisty\u00f6 Hankkeen kesto: 1.8.2021 &#8211; 31.8.2023. Hanketta rahoittaa Euroopan Sosiaalirahasto (ESR). Hankeen p\u00e4\u00e4toteuttaja on It\u00e4-Suomen yliopisto (UEF). Tavoitteena on Yhteisty\u00f6kumppaneitamme ovat Pohjois-Karjalan suurimmat koulutusorganisaatiot ja koulutuskuntayhtym\u00e4t. Teemme yhteisty\u00f6t\u00e4 aktiivisesti my\u00f6s yritt\u00e4jien ja yritt\u00e4jyysyhteis\u00f6jen kanssa. Innostamme nuoria yritt\u00e4jyyteen ja innovointiin sek\u00e4 erilaisten urapolkujen l\u00f6yt\u00e4miseen. Pilotoimme uusia koulu-yritysyhteisty\u00f6n muotoja ja vahvistamme yritysten ammattitaitoisen [&hellip;]\" \/>\n<meta property=\"og:url\" content=\"https:\/\/sites.uef.fi\/eduentr\/\" \/>\n<meta property=\"og:site_name\" content=\"EduEntr\" \/>\n<meta property=\"article:modified_time\" content=\"2023-11-07T10:35:40+00:00\" \/>\n<meta property=\"og:image\" content=\"https:\/\/sites.uef.fi\/eduentr\/wp-content\/uploads\/sites\/331\/2021\/11\/DSC1554-edited-scaled.jpg\" \/>\n<meta name=\"twitter:card\" content=\"summary_large_image\" \/>\n<meta name=\"twitter:label1\" content=\"Arvioitu lukuaika\" \/>\n\t<meta name=\"twitter:data1\" content=\"2 minuuttia\" \/>\n<script type=\"application\/ld+json\" class=\"yoast-schema-graph\">{\"@context\":\"https:\\\/\\\/schema.org\",\"@graph\":[{\"@type\":\"WebPage\",\"@id\":\"https:\\\/\\\/sites.uef.fi\\\/eduentr\\\/\",\"url\":\"https:\\\/\\\/sites.uef.fi\\\/eduentr\\\/\",\"name\":\"ETUSIVU - EduEntr\",\"isPartOf\":{\"@id\":\"https:\\\/\\\/sites.uef.fi\\\/eduentr\\\/#website\"},\"primaryImageOfPage\":{\"@id\":\"https:\\\/\\\/sites.uef.fi\\\/eduentr\\\/#primaryimage\"},\"image\":{\"@id\":\"https:\\\/\\\/sites.uef.fi\\\/eduentr\\\/#primaryimage\"},\"thumbnailUrl\":\"https:\\\/\\\/sites.uef.fi\\\/eduentr\\\/wp-content\\\/uploads\\\/sites\\\/331\\\/2021\\\/11\\\/DSC1554-edited-scaled.jpg\",\"datePublished\":\"2021-10-27T05:00:28+00:00\",\"dateModified\":\"2023-11-07T10:35:40+00:00\",\"breadcrumb\":{\"@id\":\"https:\\\/\\\/sites.uef.fi\\\/eduentr\\\/#breadcrumb\"},\"inLanguage\":\"fi\",\"potentialAction\":[{\"@type\":\"ReadAction\",\"target\":[\"https:\\\/\\\/sites.uef.fi\\\/eduentr\\\/\"]}]},{\"@type\":\"ImageObject\",\"inLanguage\":\"fi\",\"@id\":\"https:\\\/\\\/sites.uef.fi\\\/eduentr\\\/#primaryimage\",\"url\":\"https:\\\/\\\/sites.uef.fi\\\/eduentr\\\/wp-content\\\/uploads\\\/sites\\\/331\\\/2021\\\/11\\\/DSC1554-edited-scaled.jpg\",\"contentUrl\":\"https:\\\/\\\/sites.uef.fi\\\/eduentr\\\/wp-content\\\/uploads\\\/sites\\\/331\\\/2021\\\/11\\\/DSC1554-edited-scaled.jpg\",\"width\":2555,\"height\":2560,\"caption\":\"opiskelijoita istuu rappusilla\"},{\"@type\":\"BreadcrumbList\",\"@id\":\"https:\\\/\\\/sites.uef.fi\\\/eduentr\\\/#breadcrumb\",\"itemListElement\":[{\"@type\":\"ListItem\",\"position\":1,\"name\":\"Home\",\"item\":\"https:\\\/\\\/sites.uef.fi\\\/eduentr\\\/\"},{\"@type\":\"ListItem\",\"position\":2,\"name\":\"ETUSIVU\"}]},{\"@type\":\"WebSite\",\"@id\":\"https:\\\/\\\/sites.uef.fi\\\/eduentr\\\/#website\",\"url\":\"https:\\\/\\\/sites.uef.fi\\\/eduentr\\\/\",\"name\":\"EduEntr\",\"description\":\"\",\"publisher\":{\"@id\":\"https:\\\/\\\/sites.uef.fi\\\/eduentr\\\/#organization\"},\"potentialAction\":[{\"@type\":\"SearchAction\",\"target\":{\"@type\":\"EntryPoint\",\"urlTemplate\":\"https:\\\/\\\/sites.uef.fi\\\/eduentr\\\/?s={search_term_string}\"},\"query-input\":{\"@type\":\"PropertyValueSpecification\",\"valueRequired\":true,\"valueName\":\"search_term_string\"}}],\"inLanguage\":\"fi\"},{\"@type\":\"Organization\",\"@id\":\"https:\\\/\\\/sites.uef.fi\\\/eduentr\\\/#organization\",\"name\":\"EduEntr\",\"url\":\"https:\\\/\\\/sites.uef.fi\\\/eduentr\\\/\",\"logo\":{\"@type\":\"ImageObject\",\"inLanguage\":\"fi\",\"@id\":\"https:\\\/\\\/sites.uef.fi\\\/eduentr\\\/#\\\/schema\\\/logo\\\/image\\\/\",\"url\":\"https:\\\/\\\/sites.uef.fi\\\/eduentr\\\/wp-content\\\/uploads\\\/sites\\\/331\\\/2021\\\/10\\\/cropped-EduEntr-ympyra-2.png\",\"contentUrl\":\"https:\\\/\\\/sites.uef.fi\\\/eduentr\\\/wp-content\\\/uploads\\\/sites\\\/331\\\/2021\\\/10\\\/cropped-EduEntr-ympyra-2.png\",\"width\":250,\"height\":250,\"caption\":\"EduEntr\"},\"image\":{\"@id\":\"https:\\\/\\\/sites.uef.fi\\\/eduentr\\\/#\\\/schema\\\/logo\\\/image\\\/\"}}]}<\/script>\n<!-- \/ Yoast SEO plugin. -->","yoast_head_json":{"title":"ETUSIVU - EduEntr","robots":{"index":"index","follow":"follow","max-snippet":"max-snippet:-1","max-image-preview":"max-image-preview:large","max-video-preview":"max-video-preview:-1"},"canonical":"https:\/\/sites.uef.fi\/eduentr\/","og_locale":"fi_FI","og_type":"article","og_title":"ETUSIVU - EduEntr","og_description":"EduEntr &#8211; koulutusyritt\u00e4jyys ja -yritysyhteisty\u00f6 Hankkeen kesto: 1.8.2021 &#8211; 31.8.2023. Hanketta rahoittaa Euroopan Sosiaalirahasto (ESR). Hankeen p\u00e4\u00e4toteuttaja on It\u00e4-Suomen yliopisto (UEF). Tavoitteena on Yhteisty\u00f6kumppaneitamme ovat Pohjois-Karjalan suurimmat koulutusorganisaatiot ja koulutuskuntayhtym\u00e4t. Teemme yhteisty\u00f6t\u00e4 aktiivisesti my\u00f6s yritt\u00e4jien ja yritt\u00e4jyysyhteis\u00f6jen kanssa. Innostamme nuoria yritt\u00e4jyyteen ja innovointiin sek\u00e4 erilaisten urapolkujen l\u00f6yt\u00e4miseen. Pilotoimme uusia koulu-yritysyhteisty\u00f6n muotoja ja vahvistamme yritysten ammattitaitoisen [&hellip;]","og_url":"https:\/\/sites.uef.fi\/eduentr\/","og_site_name":"EduEntr","article_modified_time":"2023-11-07T10:35:40+00:00","og_image":[{"url":"https:\/\/sites.uef.fi\/eduentr\/wp-content\/uploads\/sites\/331\/2021\/11\/DSC1554-edited-scaled.jpg","type":"","width":"","height":""}],"twitter_card":"summary_large_image","twitter_misc":{"Arvioitu lukuaika":"2 minuuttia"},"schema":{"@context":"https:\/\/schema.org","@graph":[{"@type":"WebPage","@id":"https:\/\/sites.uef.fi\/eduentr\/","url":"https:\/\/sites.uef.fi\/eduentr\/","name":"ETUSIVU - EduEntr","isPartOf":{"@id":"https:\/\/sites.uef.fi\/eduentr\/#website"},"primaryImageOfPage":{"@id":"https:\/\/sites.uef.fi\/eduentr\/#primaryimage"},"image":{"@id":"https:\/\/sites.uef.fi\/eduentr\/#primaryimage"},"thumbnailUrl":"https:\/\/sites.uef.fi\/eduentr\/wp-content\/uploads\/sites\/331\/2021\/11\/DSC1554-edited-scaled.jpg","datePublished":"2021-10-27T05:00:28+00:00","dateModified":"2023-11-07T10:35:40+00:00","breadcrumb":{"@id":"https:\/\/sites.uef.fi\/eduentr\/#breadcrumb"},"inLanguage":"fi","potentialAction":[{"@type":"ReadAction","target":["https:\/\/sites.uef.fi\/eduentr\/"]}]},{"@type":"ImageObject","inLanguage":"fi","@id":"https:\/\/sites.uef.fi\/eduentr\/#primaryimage","url":"https:\/\/sites.uef.fi\/eduentr\/wp-content\/uploads\/sites\/331\/2021\/11\/DSC1554-edited-scaled.jpg","contentUrl":"https:\/\/sites.uef.fi\/eduentr\/wp-content\/uploads\/sites\/331\/2021\/11\/DSC1554-edited-scaled.jpg","width":2555,"height":2560,"caption":"opiskelijoita istuu rappusilla"},{"@type":"BreadcrumbList","@id":"https:\/\/sites.uef.fi\/eduentr\/#breadcrumb","itemListElement":[{"@type":"ListItem","position":1,"name":"Home","item":"https:\/\/sites.uef.fi\/eduentr\/"},{"@type":"ListItem","position":2,"name":"ETUSIVU"}]},{"@type":"WebSite","@id":"https:\/\/sites.uef.fi\/eduentr\/#website","url":"https:\/\/sites.uef.fi\/eduentr\/","name":"EduEntr","description":"","publisher":{"@id":"https:\/\/sites.uef.fi\/eduentr\/#organization"},"potentialAction":[{"@type":"SearchAction","target":{"@type":"EntryPoint","urlTemplate":"https:\/\/sites.uef.fi\/eduentr\/?s={search_term_string}"},"query-input":{"@type":"PropertyValueSpecification","valueRequired":true,"valueName":"search_term_string"}}],"inLanguage":"fi"},{"@type":"Organization","@id":"https:\/\/sites.uef.fi\/eduentr\/#organization","name":"EduEntr","url":"https:\/\/sites.uef.fi\/eduentr\/","logo":{"@type":"ImageObject","inLanguage":"fi","@id":"https:\/\/sites.uef.fi\/eduentr\/#\/schema\/logo\/image\/","url":"https:\/\/sites.uef.fi\/eduentr\/wp-content\/uploads\/sites\/331\/2021\/10\/cropped-EduEntr-ympyra-2.png","contentUrl":"https:\/\/sites.uef.fi\/eduentr\/wp-content\/uploads\/sites\/331\/2021\/10\/cropped-EduEntr-ympyra-2.png","width":250,"height":250,"caption":"EduEntr"},"image":{"@id":"https:\/\/sites.uef.fi\/eduentr\/#\/schema\/logo\/image\/"}}]}},"_links":{"self":[{"href":"https:\/\/sites.uef.fi\/eduentr\/wp-json\/wp\/v2\/pages\/22","targetHints":{"allow":["GET"]}}],"collection":[{"href":"https:\/\/sites.uef.fi\/eduentr\/wp-json\/wp\/v2\/pages"}],"about":[{"href":"https:\/\/sites.uef.fi\/eduentr\/wp-json\/wp\/v2\/types\/page"}],"author":[{"embeddable":true,"href":"https:\/\/sites.uef.fi\/eduentr\/wp-json\/wp\/v2\/users\/2"}],"replies":[{"embeddable":true,"href":"https:\/\/sites.uef.fi\/eduentr\/wp-json\/wp\/v2\/comments?post=22"}],"version-history":[{"count":2,"href":"https:\/\/sites.uef.fi\/eduentr\/wp-json\/wp\/v2\/pages\/22\/revisions"}],"predecessor-version":[{"id":1421,"href":"https:\/\/sites.uef.fi\/eduentr\/wp-json\/wp\/v2\/pages\/22\/revisions\/1421"}],"wp:attachment":[{"href":"https:\/\/sites.uef.fi\/eduentr\/wp-json\/wp\/v2\/media?parent=22"}],"curies":[{"name":"wp","href":"https:\/\/api.w.org\/{rel}","templated":true}]}}