{"id":332,"date":"2021-11-03T13:16:21","date_gmt":"2021-11-03T13:16:21","guid":{"rendered":"https:\/\/sites.uef.fi\/eduentr\/?page_id=332"},"modified":"2023-09-08T13:48:20","modified_gmt":"2023-09-08T13:48:20","slug":"yhteistyo-ja-materiaalit","status":"publish","type":"page","link":"https:\/\/sites.uef.fi\/eduentr\/yhteistyo-ja-materiaalit\/","title":{"rendered":"Materiaalit ja yhteisty\u00f6"},"content":{"rendered":"\n<h2 class=\"wp-block-heading\">Raportit ja katsaukset<\/h2>\n\n\n\n<p class=\"has-small-font-size\">Yhteisty\u00f6ss\u00e4 eri sidosryhmien kanssa on tuotettu kaksi katsausta, joista ensimm\u00e4inen k\u00e4sittelee opiskelijayritt\u00e4jyytt\u00e4 yliopistossa ja laajemmin Pohjois-Karjalassa sek\u00e4 toimenpiteit\u00e4 sen kehitt\u00e4miseksi. <\/p>\n\n\n\n<div class=\"wp-block-group is-layout-constrained wp-block-group-is-layout-constrained\">\n<div class=\"wp-block-group is-layout-constrained wp-block-group-is-layout-constrained\">\n<div class=\"wp-block-file\"><a id=\"wp-block-file--media-dbdf69fd-4434-4aa8-96fe-d04cfdae3f42\" href=\"https:\/\/sites.uef.fi\/eduentr\/wp-content\/uploads\/sites\/331\/2023\/09\/EduEntr_Opiskelijayrittajyys.pdf\" target=\"_blank\" rel=\"noreferrer noopener\">EduEntr_Opiskelijayrittajyys<\/a><\/div>\n\n\n\n<p><\/p>\n\n\n\n<p class=\"has-small-font-size\">Toinen katsaus tarkastelee koulutusekosysteemiajattelua konkreettisella tasolla Pohjois-Karjalassa<\/p>\n\n\n\n<div class=\"wp-block-file\"><a id=\"wp-block-file--media-97d0b2f2-52b9-401b-9337-f6679c17609b\" href=\"https:\/\/sites.uef.fi\/eduentr\/wp-content\/uploads\/sites\/331\/2023\/09\/EduEntr_koulutusekosysteemi.pdf\" target=\"_blank\" rel=\"noreferrer noopener\">EduEntr_koulutusekosysteemi<\/a><\/div>\n<\/div>\n<\/div>\n\n\n\n<p class=\"has-small-font-size\"><\/p>\n\n\n\n<h2 class=\"wp-block-heading\">10 syyt\u00e4 onnistua<\/h2>\n\n\n\n<p class=\"has-small-font-size\">Yhteisty\u00f6ss\u00e4 eri alojen yritt\u00e4jien kanssa syntyi video <strong><a href=\"https:\/\/youtu.be\/VOrFPJkykz4\">10 syyt\u00e4 onnistua<\/a><\/strong>. Yritt\u00e4j\u00e4t kertovat videolla, mist\u00e4 innostus on syntynyt, mik\u00e4 siin\u00e4 on parasta ja miksi kannattaa yritt\u00e4\u00e4. <\/p>\n\n\n\n<h3 class=\"wp-block-heading\">Koulu-yritysyhteisty\u00f6n materiaalit (Hankkeessa testatut pilotit)<\/h3>\n\n\n\n<div class=\"wp-block-group is-layout-constrained wp-block-group-is-layout-constrained\">\n<div class=\"wp-block-file\"><a id=\"wp-block-file--media-d7cf8246-d577-4137-b98b-45a93c1628d6\" href=\"https:\/\/sites.uef.fi\/eduentr\/wp-content\/uploads\/sites\/331\/2023\/09\/PILOTTI-Ohjelmointileiri.pdf\">PILOTTI-Ohjelmointileiri<\/a><a href=\"https:\/\/sites.uef.fi\/eduentr\/wp-content\/uploads\/sites\/331\/2023\/09\/PILOTTI-Ohjelmointileiri.pdf\" class=\"wp-block-file__button wp-element-button\" download aria-describedby=\"wp-block-file--media-d7cf8246-d577-4137-b98b-45a93c1628d6\">Lataa<\/a><\/div>\n<\/div>\n\n\n\n<div class=\"wp-block-file\"><a id=\"wp-block-file--media-aec1ddd2-8f8b-4a02-a09c-260fa7554ddc\" href=\"https:\/\/sites.uef.fi\/eduentr\/wp-content\/uploads\/sites\/331\/2023\/09\/PILOTTI-Tyoelamapaivat.pdf\">PILOTTI-Tyoelamapaivat<\/a><a href=\"https:\/\/sites.uef.fi\/eduentr\/wp-content\/uploads\/sites\/331\/2023\/09\/PILOTTI-Tyoelamapaivat.pdf\" class=\"wp-block-file__button wp-element-button\" download aria-describedby=\"wp-block-file--media-aec1ddd2-8f8b-4a02-a09c-260fa7554ddc\">Lataa<\/a><\/div>\n\n\n\n<div class=\"wp-block-file\"><a id=\"wp-block-file--media-1df65e4d-67df-4bfc-aca1-ab823ed7f979\" href=\"https:\/\/sites.uef.fi\/eduentr\/wp-content\/uploads\/sites\/331\/2023\/09\/PILOTTI-Tilaesittely.pdf\">PILOTTI-Tilaesittely<\/a><a href=\"https:\/\/sites.uef.fi\/eduentr\/wp-content\/uploads\/sites\/331\/2023\/09\/PILOTTI-Tilaesittely.pdf\" class=\"wp-block-file__button wp-element-button\" download aria-describedby=\"wp-block-file--media-1df65e4d-67df-4bfc-aca1-ab823ed7f979\">Lataa<\/a><\/div>\n\n\n\n<div class=\"wp-block-file\"><a id=\"wp-block-file--media-3c760d10-2d02-4b91-8669-cb3b530cf919\" href=\"https:\/\/sites.uef.fi\/eduentr\/wp-content\/uploads\/sites\/331\/2023\/09\/PILOTTI-Pelitestaus.pdf\">PILOTTI-Pelitestaus<\/a><a href=\"https:\/\/sites.uef.fi\/eduentr\/wp-content\/uploads\/sites\/331\/2023\/09\/PILOTTI-Pelitestaus.pdf\" class=\"wp-block-file__button wp-element-button\" download aria-describedby=\"wp-block-file--media-3c760d10-2d02-4b91-8669-cb3b530cf919\">Lataa<\/a><\/div>\n\n\n\n<div class=\"wp-block-file\"><a id=\"wp-block-file--media-7f035f30-22a9-4724-a514-02ac53c6dc90\" href=\"https:\/\/sites.uef.fi\/eduentr\/wp-content\/uploads\/sites\/331\/2023\/09\/PILOTTI-Pelialan-tyoelamakeskustelu.pdf\" target=\"_blank\" rel=\"noreferrer noopener\">PILOTTI-Pelialan-tyoelamakeskustelu<\/a><a href=\"https:\/\/sites.uef.fi\/eduentr\/wp-content\/uploads\/sites\/331\/2023\/09\/PILOTTI-Pelialan-tyoelamakeskustelu.pdf\" class=\"wp-block-file__button wp-element-button\" download aria-describedby=\"wp-block-file--media-7f035f30-22a9-4724-a514-02ac53c6dc90\">Lataa<\/a><\/div>\n\n\n\n<h2 class=\"wp-block-heading\">Yhteisty\u00f6<\/h2>\n\n\n\n<p>Toiminta-alueemme on Pohjois-Karjala ja toimimme aktiivisesti yhteisty\u00f6ss\u00e4 muiden koulutusorganisaatioiden sek\u00e4 yritt\u00e4jyys- ja j\u00e4rjest\u00f6kent\u00e4n kanssa.  <\/p>\n\n\n\n<h2 class=\"wp-block-heading\">Oppilaitoksia <\/h2>\n\n\n\n<div class=\"wp-block-columns alignwide are-vertically-aligned-top is-layout-flex wp-container-core-columns-is-layout-9d6595d7 wp-block-columns-is-layout-flex\">\n<div class=\"wp-block-column is-layout-flow wp-block-column-is-layout-flow\" style=\"flex-basis:30%\">\n<figure class=\"wp-block-image\"><img loading=\"lazy\" decoding=\"async\" width=\"433\" height=\"88\" src=\"https:\/\/sites.uef.fi\/eduentr\/wp-content\/uploads\/sites\/331\/2021\/11\/Jns.png\" alt=\"\" class=\"wp-image-577\" srcset=\"https:\/\/sites.uef.fi\/eduentr\/wp-content\/uploads\/sites\/331\/2021\/11\/Jns.png 433w, https:\/\/sites.uef.fi\/eduentr\/wp-content\/uploads\/sites\/331\/2021\/11\/Jns-300x61.png 300w\" sizes=\"auto, (max-width: 433px) 100vw, 433px\" \/><\/figure>\n<\/div>\n\n\n\n<div class=\"wp-block-column is-layout-flow wp-block-column-is-layout-flow\" style=\"flex-basis:70%\">\n<div class=\"wp-block-group is-layout-flow wp-block-group-is-layout-flow\">\n<div class=\"wp-block-columns is-layout-flex wp-container-core-columns-is-layout-9d6595d7 wp-block-columns-is-layout-flex\">\n<div class=\"wp-block-column is-vertically-aligned-center is-layout-flow wp-block-column-is-layout-flow\" style=\"flex-basis:100%\">\n<p>Lyseon peruskoulu<br>Lyseon lukio<br>Pielisjoen koulu<br>Pyh\u00e4sel\u00e4n koulu ja lukio<br>Joensuun Steinerkoulu<br><\/p>\n\n\n\n<p><\/p>\n<\/div>\n<\/div>\n<\/div>\n<\/div>\n\n\n\n<div class=\"wp-block-column is-layout-flow wp-block-column-is-layout-flow\" style=\"flex-basis:30%\">\n<figure class=\"wp-block-image size-full\"><img loading=\"lazy\" decoding=\"async\" width=\"254\" height=\"83\" src=\"https:\/\/sites.uef.fi\/eduentr\/wp-content\/uploads\/sites\/331\/2022\/05\/Heinavesi_logo2018.png\" alt=\"\" class=\"wp-image-879\" \/><\/figure>\n<\/div>\n\n\n\n<div class=\"wp-block-column is-layout-flow wp-block-column-is-layout-flow\" style=\"flex-basis:70%\">\n<div class=\"wp-block-group is-layout-flow wp-block-group-is-layout-flow\">\n<div class=\"wp-block-columns is-layout-flex wp-container-core-columns-is-layout-9d6595d7 wp-block-columns-is-layout-flex\">\n<div class=\"wp-block-column is-vertically-aligned-center is-layout-flow wp-block-column-is-layout-flow\" style=\"flex-basis:100%\">\n<p>Hein\u00e4veden yl\u00e4koulu ja lukio <br><br><\/p>\n\n\n\n<p><\/p>\n<\/div>\n<\/div>\n<\/div>\n<\/div>\n\n\n\n<div class=\"wp-block-column is-layout-flow wp-block-column-is-layout-flow\" style=\"flex-basis:30%\">\n<figure class=\"wp-block-image size-full\"><img loading=\"lazy\" decoding=\"async\" width=\"600\" height=\"93\" src=\"https:\/\/sites.uef.fi\/eduentr\/wp-content\/uploads\/sites\/331\/2022\/05\/layout_set_logo.png\" alt=\"\" class=\"wp-image-882\" srcset=\"https:\/\/sites.uef.fi\/eduentr\/wp-content\/uploads\/sites\/331\/2022\/05\/layout_set_logo.png 600w, https:\/\/sites.uef.fi\/eduentr\/wp-content\/uploads\/sites\/331\/2022\/05\/layout_set_logo-300x47.png 300w\" sizes=\"auto, (max-width: 600px) 100vw, 600px\" \/><\/figure>\n<\/div>\n\n\n\n<div class=\"wp-block-column is-layout-flow wp-block-column-is-layout-flow\" style=\"flex-basis:70%\">\n<div class=\"wp-block-group is-layout-flow wp-block-group-is-layout-flow\">\n<div class=\"wp-block-columns is-layout-flex wp-container-core-columns-is-layout-9d6595d7 wp-block-columns-is-layout-flex\">\n<div class=\"wp-block-column is-vertically-aligned-center is-layout-flow wp-block-column-is-layout-flow\" style=\"flex-basis:100%\">\n<p>Kummun koulu<br><br><\/p>\n\n\n\n<p><\/p>\n<\/div>\n<\/div>\n<\/div>\n<\/div>\n<\/div>\n\n\n\n<div class=\"wp-block-columns are-vertically-aligned-top is-layout-flex wp-container-core-columns-is-layout-9d6595d7 wp-block-columns-is-layout-flex\">\n<div class=\"wp-block-column is-vertically-aligned-top is-layout-flow wp-block-column-is-layout-flow\" style=\"flex-basis:100%\">\n<div class=\"wp-block-columns is-layout-flex wp-container-core-columns-is-layout-9d6595d7 wp-block-columns-is-layout-flex\">\n<div class=\"wp-block-column is-layout-flow wp-block-column-is-layout-flow\" style=\"flex-basis:100%\">\n<div class=\"wp-block-columns is-layout-flex wp-container-core-columns-is-layout-9d6595d7 wp-block-columns-is-layout-flex\">\n<div class=\"wp-block-column is-layout-flow wp-block-column-is-layout-flow\">\n<figure class=\"wp-block-image size-full\"><a href=\"https:\/\/karelia.fi\/\"><img loading=\"lazy\" decoding=\"async\" width=\"526\" height=\"236\" src=\"https:\/\/sites.uef.fi\/eduentr\/wp-content\/uploads\/sites\/331\/2021\/11\/Karelia_AMK_logo_RGB.jpg\" alt=\"\" class=\"wp-image-580\" srcset=\"https:\/\/sites.uef.fi\/eduentr\/wp-content\/uploads\/sites\/331\/2021\/11\/Karelia_AMK_logo_RGB.jpg 526w, https:\/\/sites.uef.fi\/eduentr\/wp-content\/uploads\/sites\/331\/2021\/11\/Karelia_AMK_logo_RGB-300x135.jpg 300w\" sizes=\"auto, (max-width: 526px) 100vw, 526px\" \/><\/a><\/figure>\n<\/div>\n\n\n\n<div class=\"wp-block-column is-layout-flow wp-block-column-is-layout-flow\">\n<figure class=\"wp-block-image size-full\"><a href=\"https:\/\/www.riveria.fi\/\"><img loading=\"lazy\" decoding=\"async\" width=\"426\" height=\"186\" src=\"https:\/\/sites.uef.fi\/eduentr\/wp-content\/uploads\/sites\/331\/2021\/11\/Riveria_logo_musta-1.png\" alt=\"\" class=\"wp-image-583\" srcset=\"https:\/\/sites.uef.fi\/eduentr\/wp-content\/uploads\/sites\/331\/2021\/11\/Riveria_logo_musta-1.png 426w, https:\/\/sites.uef.fi\/eduentr\/wp-content\/uploads\/sites\/331\/2021\/11\/Riveria_logo_musta-1-300x131.png 300w\" sizes=\"auto, (max-width: 426px) 100vw, 426px\" \/><\/a><\/figure>\n<\/div>\n\n\n\n<div class=\"wp-block-column is-layout-flow wp-block-column-is-layout-flow\">\n<figure class=\"wp-block-image size-full is-resized\"><a href=\"https:\/\/www.oamk.fi\/fi\/\"><img loading=\"lazy\" decoding=\"async\" src=\"https:\/\/sites.uef.fi\/eduentr\/wp-content\/uploads\/sites\/331\/2021\/11\/www_sivut_ja_sahkoiset_esitykset_suomeksi_varillinen-02.png\" alt=\"\" class=\"wp-image-589\" width=\"294\" height=\"70\" srcset=\"https:\/\/sites.uef.fi\/eduentr\/wp-content\/uploads\/sites\/331\/2021\/11\/www_sivut_ja_sahkoiset_esitykset_suomeksi_varillinen-02.png 775w, https:\/\/sites.uef.fi\/eduentr\/wp-content\/uploads\/sites\/331\/2021\/11\/www_sivut_ja_sahkoiset_esitykset_suomeksi_varillinen-02-300x72.png 300w, https:\/\/sites.uef.fi\/eduentr\/wp-content\/uploads\/sites\/331\/2021\/11\/www_sivut_ja_sahkoiset_esitykset_suomeksi_varillinen-02-768x185.png 768w\" sizes=\"auto, (max-width: 294px) 100vw, 294px\" \/><\/a><\/figure>\n<\/div>\n<\/div>\n<\/div>\n<\/div>\n<\/div>\n<\/div>\n\n\n\n<h2 class=\"wp-block-heading\">Yrityksi\u00e4<\/h2>\n\n\n\n<div class=\"wp-block-group is-layout-flow wp-block-group-is-layout-flow\"><\/div>\n\n\n\n<div class=\"wp-block-group is-layout-flow wp-block-group-is-layout-flow\">\n<div class=\"wp-block-columns is-layout-flex wp-container-core-columns-is-layout-9d6595d7 wp-block-columns-is-layout-flex\">\n<div class=\"wp-block-column is-layout-flow wp-block-column-is-layout-flow\" style=\"flex-basis:100%\">\n<div class=\"wp-block-columns are-vertically-aligned-center is-layout-flex wp-container-core-columns-is-layout-9d6595d7 wp-block-columns-is-layout-flex\">\n<div class=\"wp-block-column is-vertically-aligned-center is-layout-flow wp-block-column-is-layout-flow\" style=\"flex-basis:100%\">\n<div class=\"wp-block-columns is-layout-flex wp-container-core-columns-is-layout-9d6595d7 wp-block-columns-is-layout-flex\">\n<div class=\"wp-block-column is-vertically-aligned-bottom is-layout-flow wp-block-column-is-layout-flow\">\n<figure class=\"wp-block-image alignleft size-full is-resized\"><a href=\"https:\/\/www.vakigames.com\/#\"><img loading=\"lazy\" decoding=\"async\" src=\"https:\/\/sites.uef.fi\/eduentr\/wp-content\/uploads\/sites\/331\/2021\/11\/vaki-games-1.jpg\" alt=\"\" class=\"wp-image-604\" width=\"115\" height=\"115\" srcset=\"https:\/\/sites.uef.fi\/eduentr\/wp-content\/uploads\/sites\/331\/2021\/11\/vaki-games-1.jpg 200w, https:\/\/sites.uef.fi\/eduentr\/wp-content\/uploads\/sites\/331\/2021\/11\/vaki-games-1-150x150.jpg 150w, https:\/\/sites.uef.fi\/eduentr\/wp-content\/uploads\/sites\/331\/2021\/11\/vaki-games-1-100x100.jpg 100w\" sizes=\"auto, (max-width: 115px) 100vw, 115px\" \/><\/a><\/figure>\n<\/div>\n\n\n\n<div class=\"wp-block-column is-layout-flow wp-block-column-is-layout-flow\">\n<figure class=\"wp-block-image aligncenter size-full is-resized\"><a href=\"https:\/\/www.thinglink.com\/\"><img loading=\"lazy\" decoding=\"async\" src=\"https:\/\/sites.uef.fi\/eduentr\/wp-content\/uploads\/sites\/331\/2021\/11\/thinglink-logo2.png\" alt=\"\" class=\"wp-image-598\" width=\"149\" height=\"74\" srcset=\"https:\/\/sites.uef.fi\/eduentr\/wp-content\/uploads\/sites\/331\/2021\/11\/thinglink-logo2.png 1000w, https:\/\/sites.uef.fi\/eduentr\/wp-content\/uploads\/sites\/331\/2021\/11\/thinglink-logo2-300x150.png 300w, https:\/\/sites.uef.fi\/eduentr\/wp-content\/uploads\/sites\/331\/2021\/11\/thinglink-logo2-768x384.png 768w\" sizes=\"auto, (max-width: 149px) 100vw, 149px\" \/><\/a><\/figure>\n<\/div>\n\n\n\n<div class=\"wp-block-column is-layout-flow wp-block-column-is-layout-flow\">\n<figure class=\"wp-block-image size-large is-resized\"><a href=\"https:\/\/www.vaisala.com\/fi\"><img loading=\"lazy\" decoding=\"async\" src=\"https:\/\/sites.uef.fi\/eduentr\/wp-content\/uploads\/sites\/331\/2021\/11\/vaisala-1024x319.jpg\" alt=\"vaisala logo\" class=\"wp-image-601\" width=\"123\" height=\"38\" srcset=\"https:\/\/sites.uef.fi\/eduentr\/wp-content\/uploads\/sites\/331\/2021\/11\/vaisala-1024x319.jpg 1024w, https:\/\/sites.uef.fi\/eduentr\/wp-content\/uploads\/sites\/331\/2021\/11\/vaisala-300x93.jpg 300w, https:\/\/sites.uef.fi\/eduentr\/wp-content\/uploads\/sites\/331\/2021\/11\/vaisala-768x239.jpg 768w, https:\/\/sites.uef.fi\/eduentr\/wp-content\/uploads\/sites\/331\/2021\/11\/vaisala-1536x478.jpg 1536w, https:\/\/sites.uef.fi\/eduentr\/wp-content\/uploads\/sites\/331\/2021\/11\/vaisala.jpg 1748w\" sizes=\"auto, (max-width: 123px) 100vw, 123px\" \/><\/a><\/figure>\n\n\n\n<figure class=\"wp-block-image size-full is-resized\"><a href=\"https:\/\/www.arbonaut.com\/fi\/\"><img loading=\"lazy\" decoding=\"async\" src=\"https:\/\/sites.uef.fi\/eduentr\/wp-content\/uploads\/sites\/331\/2021\/11\/arbonaut.png\" alt=\"\" class=\"wp-image-592\" width=\"148\" height=\"27\" \/><\/a><\/figure>\n<\/div>\n<\/div>\n<\/div>\n<\/div>\n<\/div>\n<\/div>\n<\/div>\n\n\n\n<div class=\"wp-block-media-text alignwide is-stacked-on-mobile\"><figure class=\"wp-block-media-text__media\"><img loading=\"lazy\" decoding=\"async\" width=\"852\" height=\"479\" src=\"https:\/\/sites.uef.fi\/eduentr\/wp-content\/uploads\/sites\/331\/2021\/11\/Kuva1.jpg\" alt=\"\" class=\"wp-image-338 size-full\" srcset=\"https:\/\/sites.uef.fi\/eduentr\/wp-content\/uploads\/sites\/331\/2021\/11\/Kuva1.jpg 852w, https:\/\/sites.uef.fi\/eduentr\/wp-content\/uploads\/sites\/331\/2021\/11\/Kuva1-300x169.jpg 300w, https:\/\/sites.uef.fi\/eduentr\/wp-content\/uploads\/sites\/331\/2021\/11\/Kuva1-768x432.jpg 768w\" sizes=\"auto, (max-width: 852px) 100vw, 852px\" \/><\/figure><div class=\"wp-block-media-text__content\">\n<p class=\"has-medium-font-size\">Teemme yhteisty\u00f6t\u00e4 my\u00f6s monien projektien ja yhteis\u00f6jen kanssa. <\/p>\n<\/div><\/div>\n","protected":false},"excerpt":{"rendered":"<p>Raportit ja katsaukset Yhteisty\u00f6ss\u00e4 eri sidosryhmien kanssa on tuotettu kaksi katsausta, joista ensimm\u00e4inen k\u00e4sittelee opiskelijayritt\u00e4jyytt\u00e4 yliopistossa ja laajemmin Pohjois-Karjalassa sek\u00e4 toimenpiteit\u00e4 sen kehitt\u00e4miseksi. Toinen katsaus tarkastelee koulutusekosysteemiajattelua konkreettisella tasolla Pohjois-Karjalassa 10 syyt\u00e4 onnistua Yhteisty\u00f6ss\u00e4 eri alojen yritt\u00e4jien kanssa syntyi video 10 syyt\u00e4 onnistua. Yritt\u00e4j\u00e4t kertovat videolla, mist\u00e4 innostus on syntynyt, mik\u00e4 siin\u00e4 on parasta ja [&hellip;]<\/p>\n","protected":false},"author":656,"featured_media":0,"parent":0,"menu_order":0,"comment_status":"closed","ping_status":"closed","template":"","meta":{"_acf_changed":false,"footnotes":""},"class_list":["post-332","page","type-page","status-publish","hentry"],"acf":[],"yoast_head":"<!-- This site is optimized with the Yoast SEO plugin v27.3 - https:\/\/yoast.com\/product\/yoast-seo-wordpress\/ -->\n<title>Materiaalit ja yhteisty\u00f6 - EduEntr<\/title>\n<meta name=\"robots\" content=\"index, follow, max-snippet:-1, max-image-preview:large, max-video-preview:-1\" \/>\n<link rel=\"canonical\" href=\"https:\/\/sites.uef.fi\/eduentr\/yhteistyo-ja-materiaalit\/\" \/>\n<meta property=\"og:locale\" content=\"fi_FI\" \/>\n<meta property=\"og:type\" content=\"article\" \/>\n<meta property=\"og:title\" content=\"Materiaalit ja yhteisty\u00f6 - EduEntr\" \/>\n<meta property=\"og:description\" content=\"Raportit ja katsaukset Yhteisty\u00f6ss\u00e4 eri sidosryhmien kanssa on tuotettu kaksi katsausta, joista ensimm\u00e4inen k\u00e4sittelee opiskelijayritt\u00e4jyytt\u00e4 yliopistossa ja laajemmin Pohjois-Karjalassa sek\u00e4 toimenpiteit\u00e4 sen kehitt\u00e4miseksi. Toinen katsaus tarkastelee koulutusekosysteemiajattelua konkreettisella tasolla Pohjois-Karjalassa 10 syyt\u00e4 onnistua Yhteisty\u00f6ss\u00e4 eri alojen yritt\u00e4jien kanssa syntyi video 10 syyt\u00e4 onnistua. Yritt\u00e4j\u00e4t kertovat videolla, mist\u00e4 innostus on syntynyt, mik\u00e4 siin\u00e4 on parasta ja [&hellip;]\" \/>\n<meta property=\"og:url\" content=\"https:\/\/sites.uef.fi\/eduentr\/yhteistyo-ja-materiaalit\/\" \/>\n<meta property=\"og:site_name\" content=\"EduEntr\" \/>\n<meta property=\"article:modified_time\" content=\"2023-09-08T13:48:20+00:00\" \/>\n<meta property=\"og:image\" content=\"https:\/\/sites.uef.fi\/eduentr\/wp-content\/uploads\/sites\/331\/2021\/11\/Jns.png\" \/>\n<meta name=\"twitter:card\" content=\"summary_large_image\" \/>\n<meta name=\"twitter:label1\" content=\"Arvioitu lukuaika\" \/>\n\t<meta name=\"twitter:data1\" content=\"3 minuuttia\" \/>\n<script type=\"application\/ld+json\" class=\"yoast-schema-graph\">{\"@context\":\"https:\\\/\\\/schema.org\",\"@graph\":[{\"@type\":\"WebPage\",\"@id\":\"https:\\\/\\\/sites.uef.fi\\\/eduentr\\\/yhteistyo-ja-materiaalit\\\/\",\"url\":\"https:\\\/\\\/sites.uef.fi\\\/eduentr\\\/yhteistyo-ja-materiaalit\\\/\",\"name\":\"Materiaalit ja yhteisty\u00f6 - EduEntr\",\"isPartOf\":{\"@id\":\"https:\\\/\\\/sites.uef.fi\\\/eduentr\\\/#website\"},\"primaryImageOfPage\":{\"@id\":\"https:\\\/\\\/sites.uef.fi\\\/eduentr\\\/yhteistyo-ja-materiaalit\\\/#primaryimage\"},\"image\":{\"@id\":\"https:\\\/\\\/sites.uef.fi\\\/eduentr\\\/yhteistyo-ja-materiaalit\\\/#primaryimage\"},\"thumbnailUrl\":\"https:\\\/\\\/sites.uef.fi\\\/eduentr\\\/wp-content\\\/uploads\\\/sites\\\/331\\\/2021\\\/11\\\/Jns.png\",\"datePublished\":\"2021-11-03T13:16:21+00:00\",\"dateModified\":\"2023-09-08T13:48:20+00:00\",\"breadcrumb\":{\"@id\":\"https:\\\/\\\/sites.uef.fi\\\/eduentr\\\/yhteistyo-ja-materiaalit\\\/#breadcrumb\"},\"inLanguage\":\"fi\",\"potentialAction\":[{\"@type\":\"ReadAction\",\"target\":[\"https:\\\/\\\/sites.uef.fi\\\/eduentr\\\/yhteistyo-ja-materiaalit\\\/\"]}]},{\"@type\":\"ImageObject\",\"inLanguage\":\"fi\",\"@id\":\"https:\\\/\\\/sites.uef.fi\\\/eduentr\\\/yhteistyo-ja-materiaalit\\\/#primaryimage\",\"url\":\"https:\\\/\\\/sites.uef.fi\\\/eduentr\\\/wp-content\\\/uploads\\\/sites\\\/331\\\/2021\\\/11\\\/Jns.png\",\"contentUrl\":\"https:\\\/\\\/sites.uef.fi\\\/eduentr\\\/wp-content\\\/uploads\\\/sites\\\/331\\\/2021\\\/11\\\/Jns.png\",\"width\":433,\"height\":88},{\"@type\":\"BreadcrumbList\",\"@id\":\"https:\\\/\\\/sites.uef.fi\\\/eduentr\\\/yhteistyo-ja-materiaalit\\\/#breadcrumb\",\"itemListElement\":[{\"@type\":\"ListItem\",\"position\":1,\"name\":\"Home\",\"item\":\"https:\\\/\\\/sites.uef.fi\\\/eduentr\\\/\"},{\"@type\":\"ListItem\",\"position\":2,\"name\":\"Materiaalit ja yhteisty\u00f6\"}]},{\"@type\":\"WebSite\",\"@id\":\"https:\\\/\\\/sites.uef.fi\\\/eduentr\\\/#website\",\"url\":\"https:\\\/\\\/sites.uef.fi\\\/eduentr\\\/\",\"name\":\"EduEntr\",\"description\":\"\",\"publisher\":{\"@id\":\"https:\\\/\\\/sites.uef.fi\\\/eduentr\\\/#organization\"},\"potentialAction\":[{\"@type\":\"SearchAction\",\"target\":{\"@type\":\"EntryPoint\",\"urlTemplate\":\"https:\\\/\\\/sites.uef.fi\\\/eduentr\\\/?s={search_term_string}\"},\"query-input\":{\"@type\":\"PropertyValueSpecification\",\"valueRequired\":true,\"valueName\":\"search_term_string\"}}],\"inLanguage\":\"fi\"},{\"@type\":\"Organization\",\"@id\":\"https:\\\/\\\/sites.uef.fi\\\/eduentr\\\/#organization\",\"name\":\"EduEntr\",\"url\":\"https:\\\/\\\/sites.uef.fi\\\/eduentr\\\/\",\"logo\":{\"@type\":\"ImageObject\",\"inLanguage\":\"fi\",\"@id\":\"https:\\\/\\\/sites.uef.fi\\\/eduentr\\\/#\\\/schema\\\/logo\\\/image\\\/\",\"url\":\"https:\\\/\\\/sites.uef.fi\\\/eduentr\\\/wp-content\\\/uploads\\\/sites\\\/331\\\/2021\\\/10\\\/cropped-EduEntr-ympyra-2.png\",\"contentUrl\":\"https:\\\/\\\/sites.uef.fi\\\/eduentr\\\/wp-content\\\/uploads\\\/sites\\\/331\\\/2021\\\/10\\\/cropped-EduEntr-ympyra-2.png\",\"width\":250,\"height\":250,\"caption\":\"EduEntr\"},\"image\":{\"@id\":\"https:\\\/\\\/sites.uef.fi\\\/eduentr\\\/#\\\/schema\\\/logo\\\/image\\\/\"}}]}<\/script>\n<!-- \/ Yoast SEO plugin. -->","yoast_head_json":{"title":"Materiaalit ja yhteisty\u00f6 - EduEntr","robots":{"index":"index","follow":"follow","max-snippet":"max-snippet:-1","max-image-preview":"max-image-preview:large","max-video-preview":"max-video-preview:-1"},"canonical":"https:\/\/sites.uef.fi\/eduentr\/yhteistyo-ja-materiaalit\/","og_locale":"fi_FI","og_type":"article","og_title":"Materiaalit ja yhteisty\u00f6 - EduEntr","og_description":"Raportit ja katsaukset Yhteisty\u00f6ss\u00e4 eri sidosryhmien kanssa on tuotettu kaksi katsausta, joista ensimm\u00e4inen k\u00e4sittelee opiskelijayritt\u00e4jyytt\u00e4 yliopistossa ja laajemmin Pohjois-Karjalassa sek\u00e4 toimenpiteit\u00e4 sen kehitt\u00e4miseksi. Toinen katsaus tarkastelee koulutusekosysteemiajattelua konkreettisella tasolla Pohjois-Karjalassa 10 syyt\u00e4 onnistua Yhteisty\u00f6ss\u00e4 eri alojen yritt\u00e4jien kanssa syntyi video 10 syyt\u00e4 onnistua. Yritt\u00e4j\u00e4t kertovat videolla, mist\u00e4 innostus on syntynyt, mik\u00e4 siin\u00e4 on parasta ja [&hellip;]","og_url":"https:\/\/sites.uef.fi\/eduentr\/yhteistyo-ja-materiaalit\/","og_site_name":"EduEntr","article_modified_time":"2023-09-08T13:48:20+00:00","og_image":[{"url":"https:\/\/sites.uef.fi\/eduentr\/wp-content\/uploads\/sites\/331\/2021\/11\/Jns.png","type":"","width":"","height":""}],"twitter_card":"summary_large_image","twitter_misc":{"Arvioitu lukuaika":"3 minuuttia"},"schema":{"@context":"https:\/\/schema.org","@graph":[{"@type":"WebPage","@id":"https:\/\/sites.uef.fi\/eduentr\/yhteistyo-ja-materiaalit\/","url":"https:\/\/sites.uef.fi\/eduentr\/yhteistyo-ja-materiaalit\/","name":"Materiaalit ja yhteisty\u00f6 - EduEntr","isPartOf":{"@id":"https:\/\/sites.uef.fi\/eduentr\/#website"},"primaryImageOfPage":{"@id":"https:\/\/sites.uef.fi\/eduentr\/yhteistyo-ja-materiaalit\/#primaryimage"},"image":{"@id":"https:\/\/sites.uef.fi\/eduentr\/yhteistyo-ja-materiaalit\/#primaryimage"},"thumbnailUrl":"https:\/\/sites.uef.fi\/eduentr\/wp-content\/uploads\/sites\/331\/2021\/11\/Jns.png","datePublished":"2021-11-03T13:16:21+00:00","dateModified":"2023-09-08T13:48:20+00:00","breadcrumb":{"@id":"https:\/\/sites.uef.fi\/eduentr\/yhteistyo-ja-materiaalit\/#breadcrumb"},"inLanguage":"fi","potentialAction":[{"@type":"ReadAction","target":["https:\/\/sites.uef.fi\/eduentr\/yhteistyo-ja-materiaalit\/"]}]},{"@type":"ImageObject","inLanguage":"fi","@id":"https:\/\/sites.uef.fi\/eduentr\/yhteistyo-ja-materiaalit\/#primaryimage","url":"https:\/\/sites.uef.fi\/eduentr\/wp-content\/uploads\/sites\/331\/2021\/11\/Jns.png","contentUrl":"https:\/\/sites.uef.fi\/eduentr\/wp-content\/uploads\/sites\/331\/2021\/11\/Jns.png","width":433,"height":88},{"@type":"BreadcrumbList","@id":"https:\/\/sites.uef.fi\/eduentr\/yhteistyo-ja-materiaalit\/#breadcrumb","itemListElement":[{"@type":"ListItem","position":1,"name":"Home","item":"https:\/\/sites.uef.fi\/eduentr\/"},{"@type":"ListItem","position":2,"name":"Materiaalit ja yhteisty\u00f6"}]},{"@type":"WebSite","@id":"https:\/\/sites.uef.fi\/eduentr\/#website","url":"https:\/\/sites.uef.fi\/eduentr\/","name":"EduEntr","description":"","publisher":{"@id":"https:\/\/sites.uef.fi\/eduentr\/#organization"},"potentialAction":[{"@type":"SearchAction","target":{"@type":"EntryPoint","urlTemplate":"https:\/\/sites.uef.fi\/eduentr\/?s={search_term_string}"},"query-input":{"@type":"PropertyValueSpecification","valueRequired":true,"valueName":"search_term_string"}}],"inLanguage":"fi"},{"@type":"Organization","@id":"https:\/\/sites.uef.fi\/eduentr\/#organization","name":"EduEntr","url":"https:\/\/sites.uef.fi\/eduentr\/","logo":{"@type":"ImageObject","inLanguage":"fi","@id":"https:\/\/sites.uef.fi\/eduentr\/#\/schema\/logo\/image\/","url":"https:\/\/sites.uef.fi\/eduentr\/wp-content\/uploads\/sites\/331\/2021\/10\/cropped-EduEntr-ympyra-2.png","contentUrl":"https:\/\/sites.uef.fi\/eduentr\/wp-content\/uploads\/sites\/331\/2021\/10\/cropped-EduEntr-ympyra-2.png","width":250,"height":250,"caption":"EduEntr"},"image":{"@id":"https:\/\/sites.uef.fi\/eduentr\/#\/schema\/logo\/image\/"}}]}},"_links":{"self":[{"href":"https:\/\/sites.uef.fi\/eduentr\/wp-json\/wp\/v2\/pages\/332","targetHints":{"allow":["GET"]}}],"collection":[{"href":"https:\/\/sites.uef.fi\/eduentr\/wp-json\/wp\/v2\/pages"}],"about":[{"href":"https:\/\/sites.uef.fi\/eduentr\/wp-json\/wp\/v2\/types\/page"}],"author":[{"embeddable":true,"href":"https:\/\/sites.uef.fi\/eduentr\/wp-json\/wp\/v2\/users\/656"}],"replies":[{"embeddable":true,"href":"https:\/\/sites.uef.fi\/eduentr\/wp-json\/wp\/v2\/comments?post=332"}],"version-history":[{"count":2,"href":"https:\/\/sites.uef.fi\/eduentr\/wp-json\/wp\/v2\/pages\/332\/revisions"}],"predecessor-version":[{"id":1078,"href":"https:\/\/sites.uef.fi\/eduentr\/wp-json\/wp\/v2\/pages\/332\/revisions\/1078"}],"wp:attachment":[{"href":"https:\/\/sites.uef.fi\/eduentr\/wp-json\/wp\/v2\/media?parent=332"}],"curies":[{"name":"wp","href":"https:\/\/api.w.org\/{rel}","templated":true}]}}