{"id":391,"date":"2021-11-05T08:21:58","date_gmt":"2021-11-05T08:21:58","guid":{"rendered":"https:\/\/sites.uef.fi\/eduentr\/?page_id=391"},"modified":"2023-04-05T08:35:07","modified_gmt":"2023-04-05T08:35:07","slug":"tapahtumat","status":"publish","type":"page","link":"https:\/\/sites.uef.fi\/eduentr\/tapahtumat\/","title":{"rendered":"Tapahtumat ja koulutukset"},"content":{"rendered":"\n<p>Haluatko jakaa ajatuksiasi yritt\u00e4jyydest\u00e4? Kaipaatko neuvoja ja vinkkej\u00e4? Janoatko tietoa eri yritysmuodoista, rahoituksesta tai verkkokaupasta? Kiinnostavatko sinua innovaatiot ja luovuus? Haluatko tiet\u00e4\u00e4, mit\u00e4 sis\u00e4inen yritt\u00e4jyys tarkoittaa?  <\/p>\n\n\n\n<h1 class=\"wp-block-heading\"><strong>Kasvatusyritt\u00e4jien tapahtumia ja instaa!!!<\/strong><\/h1>\n\n\n\n<p>Seuraathan jo Kasvatusyritt\u00e4jien instaa! Mukana on opiskelijoita opettajankoulutuksesta, kasvatustieteest\u00e4 ja humanistisilta aloilta. Tule mukaan ryhm\u00e4n toimintaan kehitt\u00e4m\u00e4\u00e4n yhteis\u00f6\u00e4, jossa kaikilla on vahva kiinnostus mm. sis\u00e4iseen tai ulkoiseen yritt\u00e4jyyteen ja\/tai yritt\u00e4jyyskasvatukseen. Tsekkaa <a href=\"https:\/\/www.instagram.com\/reel\/CnXSRM0sQcf\/?utm_source=ig_web_copy_link\">t\u00e4\u00e4lt\u00e4<\/a>, mist\u00e4 on kyse<\/p>\n\n\n\n<figure class=\"wp-block-image size-full is-resized\"><img loading=\"lazy\" decoding=\"async\" src=\"https:\/\/sites.uef.fi\/eduentr\/wp-content\/uploads\/sites\/331\/2023\/02\/image.png\" alt=\"\" class=\"wp-image-995\" width=\"93\" height=\"94\" srcset=\"https:\/\/sites.uef.fi\/eduentr\/wp-content\/uploads\/sites\/331\/2023\/02\/image.png 167w, https:\/\/sites.uef.fi\/eduentr\/wp-content\/uploads\/sites\/331\/2023\/02\/image-150x150.png 150w, https:\/\/sites.uef.fi\/eduentr\/wp-content\/uploads\/sites\/331\/2023\/02\/image-100x100.png 100w\" sizes=\"auto, (max-width: 93px) 100vw, 93px\" \/><\/figure>\n\n\n\n<div class=\"wp-block-media-text alignwide is-stacked-on-mobile\"><figure class=\"wp-block-media-text__media\"><img loading=\"lazy\" decoding=\"async\" width=\"1024\" height=\"1024\" src=\"https:\/\/sites.uef.fi\/eduentr\/wp-content\/uploads\/sites\/331\/2023\/02\/2-Impropitsaus-ja-pitsailta-IG-julkaisu-1-1024x1024.jpg\" alt=\"\" class=\"wp-image-974 size-full\" srcset=\"https:\/\/sites.uef.fi\/eduentr\/wp-content\/uploads\/sites\/331\/2023\/02\/2-Impropitsaus-ja-pitsailta-IG-julkaisu-1-1024x1024.jpg 1024w, https:\/\/sites.uef.fi\/eduentr\/wp-content\/uploads\/sites\/331\/2023\/02\/2-Impropitsaus-ja-pitsailta-IG-julkaisu-1-300x300.jpg 300w, https:\/\/sites.uef.fi\/eduentr\/wp-content\/uploads\/sites\/331\/2023\/02\/2-Impropitsaus-ja-pitsailta-IG-julkaisu-1-150x150.jpg 150w, https:\/\/sites.uef.fi\/eduentr\/wp-content\/uploads\/sites\/331\/2023\/02\/2-Impropitsaus-ja-pitsailta-IG-julkaisu-1-768x768.jpg 768w, https:\/\/sites.uef.fi\/eduentr\/wp-content\/uploads\/sites\/331\/2023\/02\/2-Impropitsaus-ja-pitsailta-IG-julkaisu-1-100x100.jpg 100w, https:\/\/sites.uef.fi\/eduentr\/wp-content\/uploads\/sites\/331\/2023\/02\/2-Impropitsaus-ja-pitsailta-IG-julkaisu-1.jpg 1080w\" sizes=\"auto, (max-width: 1024px) 100vw, 1024px\" \/><\/figure><div class=\"wp-block-media-text__content\">\n<p>Kiitos osallistujille! Hieno ilta \ud83d\ude0d<\/p>\n<\/div><\/div>\n\n\n\n<p><\/p>\n\n\n\n<h1 class=\"wp-block-heading\"><strong>The Power of Pitch -kilpailu<\/strong><\/h1>\n\n\n\n<p>Joensuulaisten oppilaitosten yhteisty\u00f6<strong>, THE POWER OF PITCH<\/strong> -pitchauskilpailu tuli p\u00e4\u00e4t\u00f6kseens\u00e4 Pestuu tapahtumassa Joensuun <strong>Joensuun Areenalla <\/strong>helmikuun lopulla.  Yleis\u00f6 \u00e4\u00e4nesti voittajan kuudesta finalistista. Kiitos valmentajille, sponsoriyrityksille ja osallistujille!!<\/p>\n\n\n\n<div class=\"wp-block-media-text alignwide is-stacked-on-mobile\" style=\"grid-template-columns:63% auto\"><figure class=\"wp-block-media-text__media\"><img loading=\"lazy\" decoding=\"async\" width=\"1024\" height=\"576\" src=\"https:\/\/sites.uef.fi\/eduentr\/wp-content\/uploads\/sites\/331\/2023\/02\/The-Power-of-Pitch-HD-FINAALI-default-1024x576.jpg\" alt=\"\" class=\"wp-image-956 size-full\" srcset=\"https:\/\/sites.uef.fi\/eduentr\/wp-content\/uploads\/sites\/331\/2023\/02\/The-Power-of-Pitch-HD-FINAALI-default-1024x576.jpg 1024w, https:\/\/sites.uef.fi\/eduentr\/wp-content\/uploads\/sites\/331\/2023\/02\/The-Power-of-Pitch-HD-FINAALI-default-300x169.jpg 300w, https:\/\/sites.uef.fi\/eduentr\/wp-content\/uploads\/sites\/331\/2023\/02\/The-Power-of-Pitch-HD-FINAALI-default-768x432.jpg 768w, https:\/\/sites.uef.fi\/eduentr\/wp-content\/uploads\/sites\/331\/2023\/02\/The-Power-of-Pitch-HD-FINAALI-default-1536x864.jpg 1536w, https:\/\/sites.uef.fi\/eduentr\/wp-content\/uploads\/sites\/331\/2023\/02\/The-Power-of-Pitch-HD-FINAALI-default.jpg 1920w\" sizes=\"auto, (max-width: 1024px) 100vw, 1024px\" \/><\/figure><div class=\"wp-block-media-text__content\">\n<p class=\"has-large-font-size\"><\/p>\n<\/div><\/div>\n\n\n\n<h1 class=\"wp-block-heading\"><strong>Kasvatus- ja koulutusalan yritt\u00e4jyys -opintojakso<\/strong><\/h1>\n\n\n\n<p>Tulossa j\u00e4lleen kev\u00e4\u00e4ll\u00e4 2023. Laajuus on 5 op ja sen voi yhdist\u00e4\u00e4 muihin teemaan sopiviin opintoihin (esim. yritt\u00e4jyyden sivuaine). <\/p>\n\n\n\n<p>Opintojaksolla perehdyt luovaan ongelmanratkaisuun yhdess\u00e4 ryhm\u00e4l\u00e4isten kanssa. Saat perustietoa yritt\u00e4jyyskasvatuksesta ja osaat soveltaa sit\u00e4 tulevassa ty\u00f6ss\u00e4si. Kuulet lis\u00e4ksi mielenkiintoisten vieraiden kokemuksista ja saat heilt\u00e4 vinkkej\u00e4. <\/p>\n\n\n\n<p>Lue <a href=\"https:\/\/uefconnect.uef.fi\/wp-content\/uploads\/2022\/09\/Esite-koulutusyrittajyys-kevat-2023.pdf\"><strong>esitteest\u00e4<\/strong><\/a> lis\u00e4\u00e4 ja ilmoittaudu! Kurssi alkaa olla t\u00e4ynn\u00e4, mutta viel\u00e4 saattaa paikka l\u00f6yty\u00e4 yhdelle tai kahdelle. <\/p>\n\n\n\n<h1 class=\"wp-block-heading\"><strong>Minecraft Education Edition -ty\u00f6paja <\/strong><\/h1>\n\n\n\n<p><\/p>\n\n\n\n<p><strong>Minecraft EDU-ty\u00f6paja peruskoulun opettajille ja opettajaopiskelijoille<\/strong><\/p>\n\n\n\n<p><strong>Aika: 9.12.2022 klo 9-12<\/strong><br>Paikka: It\u00e4-Suomen yliopisto, Joensuun kampus, Taitola-rakennus (Tulliportinkatu 1), luokka TA 123.<br>Kouluttaja: Santeri Koivisto, Teacher Gaming<\/p>\n\n\n\n<p>Lauantaibrunssi <strong>10.12. klo 11.30-13.30<\/strong>. Toivotamme opettajat tervetulleiksi <strong>brunssille <\/strong>Joensuuhun ravintola Suloon, kauppakeskus Iso Myyhyn. Brunssin lomassa keskustellaan mm. koulutusyritt\u00e4jyyden monista mahdollisuuksista. Brunssia is\u00e4nn\u00f6i innovaattori ja opettaja Santeri Koivisto Teacher Gaming -yrityksest\u00e4. Ilmoittaudu 2.12. menness\u00e4 t\u00e4st\u00e4: <a href=\"https:\/\/eur03.safelinks.protection.outlook.com\/?url=https%3A%2F%2Furly.fi%2F2S8l&amp;data=05%7C01%7C%7Cd7b6838968194b0d058008dacbd30af4%7C87879f2e73044bf2baf263e7f83f3c34%7C0%7C0%7C638046404515863005%7CUnknown%7CTWFpbGZsb3d8eyJWIjoiMC4wLjAwMDAiLCJQIjoiV2luMzIiLCJBTiI6Ik1haWwiLCJXVCI6Mn0%3D%7C3000%7C%7C%7C&amp;sdata=rN9%2FLH6AcvQ7cgYeEstD8lTeF7ZkD1A1LhMp31BU0tA%3D&amp;reserved=0\">https:\/\/urly.fi\/2S8l<\/a><\/p>\n\n\n\n<h1 class=\"wp-block-heading\"><strong>Buustia verkkokauppaan<\/strong><\/h1>\n\n\n\n<div class=\"wp-block-media-text alignwide is-stacked-on-mobile is-image-fill\" style=\"grid-template-columns:85% auto\"><figure class=\"wp-block-media-text__media\" style=\"background-image:url(https:\/\/sites.uef.fi\/eduentr\/wp-content\/uploads\/sites\/331\/2022\/02\/Boostia-Verkkokauppaan-fullHD2-1024x412.jpg);background-position:50% 50%\"><img loading=\"lazy\" decoding=\"async\" width=\"1024\" height=\"412\" src=\"https:\/\/sites.uef.fi\/eduentr\/wp-content\/uploads\/sites\/331\/2022\/02\/Boostia-Verkkokauppaan-fullHD2-1024x412.jpg\" alt=\"\" class=\"wp-image-766 size-full\" srcset=\"https:\/\/sites.uef.fi\/eduentr\/wp-content\/uploads\/sites\/331\/2022\/02\/Boostia-Verkkokauppaan-fullHD2-1024x412.jpg 1024w, https:\/\/sites.uef.fi\/eduentr\/wp-content\/uploads\/sites\/331\/2022\/02\/Boostia-Verkkokauppaan-fullHD2-300x121.jpg 300w, https:\/\/sites.uef.fi\/eduentr\/wp-content\/uploads\/sites\/331\/2022\/02\/Boostia-Verkkokauppaan-fullHD2-768x309.jpg 768w, https:\/\/sites.uef.fi\/eduentr\/wp-content\/uploads\/sites\/331\/2022\/02\/Boostia-Verkkokauppaan-fullHD2-1536x617.jpg 1536w, https:\/\/sites.uef.fi\/eduentr\/wp-content\/uploads\/sites\/331\/2022\/02\/Boostia-Verkkokauppaan-fullHD2.jpg 1689w\" sizes=\"auto, (max-width: 1024px) 100vw, 1024px\" \/><\/figure><div class=\"wp-block-media-text__content\">\n<p class=\"has-large-font-size\"><\/p>\n<\/div><\/div>\n\n\n\n<h4 class=\"wp-block-heading\">ke 6.4.2022 14-16 koulutus ja verkostoituminen sen j\u00e4lkeen<\/h4>\n\n\n\n<p>Nyt on mahdollisuus oppia ja kuulla lis\u00e4\u00e4, miten saat verkkokaupan kunnolla tulille!<\/p>\n\n\n\n<p>Tilaisuus j\u00e4rjestet\u00e4\u00e4n hybridin\u00e4. Paikan p\u00e4\u00e4lle voit saapua Joensuun Tiedepuistolle, Kiteelle tai Nurmekseen. <br><strong>14:00-14:10<\/strong> Tervetulosanat: Anssi Salonen, EduEntr-hanke, UEF ja Marko Soikkeli, Business Joensuu<br><strong>14:10-15:00<\/strong> Antti Uotila, Mobiilitukku.fi: Verkkokaupan tehot t\u00e4ysille!<br><strong>15:00-15:50<\/strong> Joona Kotilainen, mainostoimisto Tovari: N\u00e4in teet somesta verkkokaupan myynnin turboahtimen<br><strong>15:50-16:00<\/strong> Anni Korhonen, Majatalo Puukarin pys\u00e4kki: karjalaisten ruokien valmistamisen verkkokurssit<br><strong>16:00-17:00<\/strong> Verkostoitumista, karjalanpiirakoita ja mahdollisuus katsella Puukarin verkkokurssia<\/p>\n\n\n\n<p>Saat selke\u00e4n kuvan, mit\u00e4 Mobiilitukku.com ja Inkitcase.com -verkkokauppojen perustamisessa tehtiin oikein ja mik\u00e4 tekee niist\u00e4 edelleen kehittyvi\u00e4 verkkokaupan menestystarinoita. Kuulet lis\u00e4ksi, mitk\u00e4 ovat verkkokaupan t\u00e4m\u00e4n hetken kuumimmat trendit ja miten ne t\u00e4ytyy ottaa huomioon oman verkkokaupan perustamisessa.<\/p>\n\n\n\n<p>Moni yritt\u00e4j\u00e4 ja markkinoija mainostaa somessa, mutta ei k\u00e4yt\u00e4 puoliakaan somemainonnan tehostamiskeinoista. Koulutuksessa k\u00e4yd\u00e4\u00e4n l\u00e4pi Facebookin ja Instagramin mainosty\u00f6kaluja, sis\u00e4lt\u00f6j\u00e4, taktiikoita ja esimerkkej\u00e4, joilla verkkokauppaa py\u00f6ritt\u00e4v\u00e4t saavat lis\u00e4\u00e4 tehoja mainontaan.<\/p>\n\n\n\n<p>Tilaisuuden j\u00e4rjest\u00e4v\u00e4t EduEntr-hanke ja Business Joensuu. Yhteisty\u00f6kumppaneitamme  ovat Keski-Karjalan kehitt\u00e4misyhti\u00f6 Oy, KETI&nbsp;ja Pielisen-Karjalan Kehitt\u00e4miskeskus Oy, PIKES, Mainostoimisto Tovari Oy, Pohjois-Karjalan Yritt\u00e4j\u00e4t ry ja Joensuu Entrepreneurship, JoES.<\/p>\n\n\n\n<p><mark class=\"has-inline-color has-pale-pink-color\"><strong>Tervetuloa!<\/strong><\/mark><br>  <\/p>\n\n\n\n<h1 class=\"wp-block-heading\">Koulutusyritt\u00e4jyyden virtuaaliset aamukahvit <\/h1>\n\n\n\n<div class=\"wp-block-media-text alignwide has-media-on-the-right is-stacked-on-mobile is-vertically-aligned-top\" style=\"grid-template-columns:auto 24%\"><div class=\"wp-block-media-text__content\">\n<p>Helmikuun Koulutusyritt\u00e4jyyden aamukahveilla vieraili monitoiminainen Outi Per\u00e4l\u00e4, jonka titteli voisi olla yritt\u00e4j\u00e4, opettaja, sairaanhoitaja tai rugby-valmentaja. Tammikuussa Ellimaija Ahonen Learning Scoopista avarsi koulutusviennin n\u00e4kymi\u00e4. <\/p>\n\n\n\n<p>Kiitos my\u00f6s aiemmille, eritt\u00e4in inspiroiville vieraillemme Joensuun hierojakoulun Petri ja Katariina, luokanopettaja, sis\u00e4ll\u00f6ntuottaja Esa Kejonen ja OhjausOprakan opot Hanna ja Heli.<\/p>\n<\/div><figure class=\"wp-block-media-text__media\"><img loading=\"lazy\" decoding=\"async\" width=\"300\" height=\"350\" src=\"https:\/\/sites.uef.fi\/eduentr\/wp-content\/uploads\/sites\/331\/2022\/02\/kahvi-e1644394235838.png\" alt=\"\" class=\"wp-image-769 size-full\" \/><\/figure><\/div>\n\n\n\n<div class=\"wp-block-columns is-layout-flex wp-container-core-columns-is-layout-9d6595d7 wp-block-columns-is-layout-flex\">\n<div class=\"wp-block-column is-layout-flow wp-block-column-is-layout-flow\"><\/div>\n<\/div>\n\n\n\n<div class=\"wp-block-columns is-layout-flex wp-container-core-columns-is-layout-9d6595d7 wp-block-columns-is-layout-flex\">\n<div class=\"wp-block-column is-layout-flow wp-block-column-is-layout-flow\">\n<p><\/p>\n\n\n\n<p><br><\/p>\n<\/div>\n<\/div>\n","protected":false},"excerpt":{"rendered":"<p>Haluatko jakaa ajatuksiasi yritt\u00e4jyydest\u00e4? Kaipaatko neuvoja ja vinkkej\u00e4? Janoatko tietoa eri yritysmuodoista, rahoituksesta tai verkkokaupasta? Kiinnostavatko sinua innovaatiot ja luovuus? Haluatko tiet\u00e4\u00e4, mit\u00e4 sis\u00e4inen yritt\u00e4jyys tarkoittaa? Kasvatusyritt\u00e4jien tapahtumia ja instaa!!! Seuraathan jo Kasvatusyritt\u00e4jien instaa! Mukana on opiskelijoita opettajankoulutuksesta, kasvatustieteest\u00e4 ja humanistisilta aloilta. Tule mukaan ryhm\u00e4n toimintaan kehitt\u00e4m\u00e4\u00e4n yhteis\u00f6\u00e4, jossa kaikilla on vahva kiinnostus mm. sis\u00e4iseen [&hellip;]<\/p>\n","protected":false},"author":656,"featured_media":0,"parent":0,"menu_order":0,"comment_status":"closed","ping_status":"closed","template":"","meta":{"_acf_changed":false,"footnotes":""},"class_list":["post-391","page","type-page","status-publish","hentry"],"acf":[],"yoast_head":"<!-- This site is optimized with the Yoast SEO plugin v27.3 - https:\/\/yoast.com\/product\/yoast-seo-wordpress\/ -->\n<title>Tapahtumat ja koulutukset - EduEntr<\/title>\n<meta name=\"robots\" content=\"index, follow, max-snippet:-1, max-image-preview:large, max-video-preview:-1\" \/>\n<link rel=\"canonical\" href=\"https:\/\/sites.uef.fi\/eduentr\/tapahtumat\/\" \/>\n<meta property=\"og:locale\" content=\"fi_FI\" \/>\n<meta property=\"og:type\" content=\"article\" \/>\n<meta property=\"og:title\" content=\"Tapahtumat ja koulutukset - EduEntr\" \/>\n<meta property=\"og:description\" content=\"Haluatko jakaa ajatuksiasi yritt\u00e4jyydest\u00e4? Kaipaatko neuvoja ja vinkkej\u00e4? Janoatko tietoa eri yritysmuodoista, rahoituksesta tai verkkokaupasta? Kiinnostavatko sinua innovaatiot ja luovuus? Haluatko tiet\u00e4\u00e4, mit\u00e4 sis\u00e4inen yritt\u00e4jyys tarkoittaa? Kasvatusyritt\u00e4jien tapahtumia ja instaa!!! Seuraathan jo Kasvatusyritt\u00e4jien instaa! Mukana on opiskelijoita opettajankoulutuksesta, kasvatustieteest\u00e4 ja humanistisilta aloilta. Tule mukaan ryhm\u00e4n toimintaan kehitt\u00e4m\u00e4\u00e4n yhteis\u00f6\u00e4, jossa kaikilla on vahva kiinnostus mm. sis\u00e4iseen [&hellip;]\" \/>\n<meta property=\"og:url\" content=\"https:\/\/sites.uef.fi\/eduentr\/tapahtumat\/\" \/>\n<meta property=\"og:site_name\" content=\"EduEntr\" \/>\n<meta property=\"article:modified_time\" content=\"2023-04-05T08:35:07+00:00\" \/>\n<meta property=\"og:image\" content=\"https:\/\/sites.uef.fi\/eduentr\/wp-content\/uploads\/sites\/331\/2023\/02\/image.png\" \/>\n<meta name=\"twitter:card\" content=\"summary_large_image\" \/>\n<meta name=\"twitter:label1\" content=\"Arvioitu lukuaika\" \/>\n\t<meta name=\"twitter:data1\" content=\"3 minuuttia\" \/>\n<script type=\"application\/ld+json\" class=\"yoast-schema-graph\">{\"@context\":\"https:\\\/\\\/schema.org\",\"@graph\":[{\"@type\":\"WebPage\",\"@id\":\"https:\\\/\\\/sites.uef.fi\\\/eduentr\\\/tapahtumat\\\/\",\"url\":\"https:\\\/\\\/sites.uef.fi\\\/eduentr\\\/tapahtumat\\\/\",\"name\":\"Tapahtumat ja koulutukset - EduEntr\",\"isPartOf\":{\"@id\":\"https:\\\/\\\/sites.uef.fi\\\/eduentr\\\/#website\"},\"primaryImageOfPage\":{\"@id\":\"https:\\\/\\\/sites.uef.fi\\\/eduentr\\\/tapahtumat\\\/#primaryimage\"},\"image\":{\"@id\":\"https:\\\/\\\/sites.uef.fi\\\/eduentr\\\/tapahtumat\\\/#primaryimage\"},\"thumbnailUrl\":\"https:\\\/\\\/sites.uef.fi\\\/eduentr\\\/wp-content\\\/uploads\\\/sites\\\/331\\\/2023\\\/02\\\/image.png\",\"datePublished\":\"2021-11-05T08:21:58+00:00\",\"dateModified\":\"2023-04-05T08:35:07+00:00\",\"breadcrumb\":{\"@id\":\"https:\\\/\\\/sites.uef.fi\\\/eduentr\\\/tapahtumat\\\/#breadcrumb\"},\"inLanguage\":\"fi\",\"potentialAction\":[{\"@type\":\"ReadAction\",\"target\":[\"https:\\\/\\\/sites.uef.fi\\\/eduentr\\\/tapahtumat\\\/\"]}]},{\"@type\":\"ImageObject\",\"inLanguage\":\"fi\",\"@id\":\"https:\\\/\\\/sites.uef.fi\\\/eduentr\\\/tapahtumat\\\/#primaryimage\",\"url\":\"https:\\\/\\\/sites.uef.fi\\\/eduentr\\\/wp-content\\\/uploads\\\/sites\\\/331\\\/2023\\\/02\\\/image.png\",\"contentUrl\":\"https:\\\/\\\/sites.uef.fi\\\/eduentr\\\/wp-content\\\/uploads\\\/sites\\\/331\\\/2023\\\/02\\\/image.png\",\"width\":167,\"height\":169},{\"@type\":\"BreadcrumbList\",\"@id\":\"https:\\\/\\\/sites.uef.fi\\\/eduentr\\\/tapahtumat\\\/#breadcrumb\",\"itemListElement\":[{\"@type\":\"ListItem\",\"position\":1,\"name\":\"Home\",\"item\":\"https:\\\/\\\/sites.uef.fi\\\/eduentr\\\/\"},{\"@type\":\"ListItem\",\"position\":2,\"name\":\"Tapahtumat ja koulutukset\"}]},{\"@type\":\"WebSite\",\"@id\":\"https:\\\/\\\/sites.uef.fi\\\/eduentr\\\/#website\",\"url\":\"https:\\\/\\\/sites.uef.fi\\\/eduentr\\\/\",\"name\":\"EduEntr\",\"description\":\"\",\"publisher\":{\"@id\":\"https:\\\/\\\/sites.uef.fi\\\/eduentr\\\/#organization\"},\"potentialAction\":[{\"@type\":\"SearchAction\",\"target\":{\"@type\":\"EntryPoint\",\"urlTemplate\":\"https:\\\/\\\/sites.uef.fi\\\/eduentr\\\/?s={search_term_string}\"},\"query-input\":{\"@type\":\"PropertyValueSpecification\",\"valueRequired\":true,\"valueName\":\"search_term_string\"}}],\"inLanguage\":\"fi\"},{\"@type\":\"Organization\",\"@id\":\"https:\\\/\\\/sites.uef.fi\\\/eduentr\\\/#organization\",\"name\":\"EduEntr\",\"url\":\"https:\\\/\\\/sites.uef.fi\\\/eduentr\\\/\",\"logo\":{\"@type\":\"ImageObject\",\"inLanguage\":\"fi\",\"@id\":\"https:\\\/\\\/sites.uef.fi\\\/eduentr\\\/#\\\/schema\\\/logo\\\/image\\\/\",\"url\":\"https:\\\/\\\/sites.uef.fi\\\/eduentr\\\/wp-content\\\/uploads\\\/sites\\\/331\\\/2021\\\/10\\\/cropped-EduEntr-ympyra-2.png\",\"contentUrl\":\"https:\\\/\\\/sites.uef.fi\\\/eduentr\\\/wp-content\\\/uploads\\\/sites\\\/331\\\/2021\\\/10\\\/cropped-EduEntr-ympyra-2.png\",\"width\":250,\"height\":250,\"caption\":\"EduEntr\"},\"image\":{\"@id\":\"https:\\\/\\\/sites.uef.fi\\\/eduentr\\\/#\\\/schema\\\/logo\\\/image\\\/\"}}]}<\/script>\n<!-- \/ Yoast SEO plugin. -->","yoast_head_json":{"title":"Tapahtumat ja koulutukset - EduEntr","robots":{"index":"index","follow":"follow","max-snippet":"max-snippet:-1","max-image-preview":"max-image-preview:large","max-video-preview":"max-video-preview:-1"},"canonical":"https:\/\/sites.uef.fi\/eduentr\/tapahtumat\/","og_locale":"fi_FI","og_type":"article","og_title":"Tapahtumat ja koulutukset - EduEntr","og_description":"Haluatko jakaa ajatuksiasi yritt\u00e4jyydest\u00e4? Kaipaatko neuvoja ja vinkkej\u00e4? Janoatko tietoa eri yritysmuodoista, rahoituksesta tai verkkokaupasta? Kiinnostavatko sinua innovaatiot ja luovuus? Haluatko tiet\u00e4\u00e4, mit\u00e4 sis\u00e4inen yritt\u00e4jyys tarkoittaa? Kasvatusyritt\u00e4jien tapahtumia ja instaa!!! Seuraathan jo Kasvatusyritt\u00e4jien instaa! Mukana on opiskelijoita opettajankoulutuksesta, kasvatustieteest\u00e4 ja humanistisilta aloilta. Tule mukaan ryhm\u00e4n toimintaan kehitt\u00e4m\u00e4\u00e4n yhteis\u00f6\u00e4, jossa kaikilla on vahva kiinnostus mm. sis\u00e4iseen [&hellip;]","og_url":"https:\/\/sites.uef.fi\/eduentr\/tapahtumat\/","og_site_name":"EduEntr","article_modified_time":"2023-04-05T08:35:07+00:00","og_image":[{"url":"https:\/\/sites.uef.fi\/eduentr\/wp-content\/uploads\/sites\/331\/2023\/02\/image.png","type":"","width":"","height":""}],"twitter_card":"summary_large_image","twitter_misc":{"Arvioitu lukuaika":"3 minuuttia"},"schema":{"@context":"https:\/\/schema.org","@graph":[{"@type":"WebPage","@id":"https:\/\/sites.uef.fi\/eduentr\/tapahtumat\/","url":"https:\/\/sites.uef.fi\/eduentr\/tapahtumat\/","name":"Tapahtumat ja koulutukset - EduEntr","isPartOf":{"@id":"https:\/\/sites.uef.fi\/eduentr\/#website"},"primaryImageOfPage":{"@id":"https:\/\/sites.uef.fi\/eduentr\/tapahtumat\/#primaryimage"},"image":{"@id":"https:\/\/sites.uef.fi\/eduentr\/tapahtumat\/#primaryimage"},"thumbnailUrl":"https:\/\/sites.uef.fi\/eduentr\/wp-content\/uploads\/sites\/331\/2023\/02\/image.png","datePublished":"2021-11-05T08:21:58+00:00","dateModified":"2023-04-05T08:35:07+00:00","breadcrumb":{"@id":"https:\/\/sites.uef.fi\/eduentr\/tapahtumat\/#breadcrumb"},"inLanguage":"fi","potentialAction":[{"@type":"ReadAction","target":["https:\/\/sites.uef.fi\/eduentr\/tapahtumat\/"]}]},{"@type":"ImageObject","inLanguage":"fi","@id":"https:\/\/sites.uef.fi\/eduentr\/tapahtumat\/#primaryimage","url":"https:\/\/sites.uef.fi\/eduentr\/wp-content\/uploads\/sites\/331\/2023\/02\/image.png","contentUrl":"https:\/\/sites.uef.fi\/eduentr\/wp-content\/uploads\/sites\/331\/2023\/02\/image.png","width":167,"height":169},{"@type":"BreadcrumbList","@id":"https:\/\/sites.uef.fi\/eduentr\/tapahtumat\/#breadcrumb","itemListElement":[{"@type":"ListItem","position":1,"name":"Home","item":"https:\/\/sites.uef.fi\/eduentr\/"},{"@type":"ListItem","position":2,"name":"Tapahtumat ja koulutukset"}]},{"@type":"WebSite","@id":"https:\/\/sites.uef.fi\/eduentr\/#website","url":"https:\/\/sites.uef.fi\/eduentr\/","name":"EduEntr","description":"","publisher":{"@id":"https:\/\/sites.uef.fi\/eduentr\/#organization"},"potentialAction":[{"@type":"SearchAction","target":{"@type":"EntryPoint","urlTemplate":"https:\/\/sites.uef.fi\/eduentr\/?s={search_term_string}"},"query-input":{"@type":"PropertyValueSpecification","valueRequired":true,"valueName":"search_term_string"}}],"inLanguage":"fi"},{"@type":"Organization","@id":"https:\/\/sites.uef.fi\/eduentr\/#organization","name":"EduEntr","url":"https:\/\/sites.uef.fi\/eduentr\/","logo":{"@type":"ImageObject","inLanguage":"fi","@id":"https:\/\/sites.uef.fi\/eduentr\/#\/schema\/logo\/image\/","url":"https:\/\/sites.uef.fi\/eduentr\/wp-content\/uploads\/sites\/331\/2021\/10\/cropped-EduEntr-ympyra-2.png","contentUrl":"https:\/\/sites.uef.fi\/eduentr\/wp-content\/uploads\/sites\/331\/2021\/10\/cropped-EduEntr-ympyra-2.png","width":250,"height":250,"caption":"EduEntr"},"image":{"@id":"https:\/\/sites.uef.fi\/eduentr\/#\/schema\/logo\/image\/"}}]}},"_links":{"self":[{"href":"https:\/\/sites.uef.fi\/eduentr\/wp-json\/wp\/v2\/pages\/391","targetHints":{"allow":["GET"]}}],"collection":[{"href":"https:\/\/sites.uef.fi\/eduentr\/wp-json\/wp\/v2\/pages"}],"about":[{"href":"https:\/\/sites.uef.fi\/eduentr\/wp-json\/wp\/v2\/types\/page"}],"author":[{"embeddable":true,"href":"https:\/\/sites.uef.fi\/eduentr\/wp-json\/wp\/v2\/users\/656"}],"replies":[{"embeddable":true,"href":"https:\/\/sites.uef.fi\/eduentr\/wp-json\/wp\/v2\/comments?post=391"}],"version-history":[{"count":1,"href":"https:\/\/sites.uef.fi\/eduentr\/wp-json\/wp\/v2\/pages\/391\/revisions"}],"predecessor-version":[{"id":1027,"href":"https:\/\/sites.uef.fi\/eduentr\/wp-json\/wp\/v2\/pages\/391\/revisions\/1027"}],"wp:attachment":[{"href":"https:\/\/sites.uef.fi\/eduentr\/wp-json\/wp\/v2\/media?parent=391"}],"curies":[{"name":"wp","href":"https:\/\/api.w.org\/{rel}","templated":true}]}}