{"id":99,"date":"2025-10-14T09:17:06","date_gmt":"2025-10-14T07:17:06","guid":{"rendered":"https:\/\/sites.uef.fi\/erkkaa-yhdessa\/?page_id=99"},"modified":"2025-10-22T08:45:15","modified_gmt":"2025-10-22T06:45:15","slug":"yhteystiedot","status":"publish","type":"page","link":"https:\/\/sites.uef.fi\/erkkaa-yhdessa\/yhteystiedot\/","title":{"rendered":"Yhteydenotto"},"content":{"rendered":"\n<p>Kysytt\u00e4v\u00e4\u00e4 tai kommentoitavaa Erkkaa yhdess\u00e4- hankkeesta? Olethan yhteydess\u00e4 meihin!<\/p>\n\n\n\n<div class=\"person-card\">\n    \n                    <div class=\"person-card-item\">\n                    <div class=\"person-card-column-left\">\n                                                    <img decoding=\"async\" class=\"person-card-image\" src=\"https:\/\/sites.uef.fi\/erkkaa-yhdessa\/wp-content\/uploads\/sites\/559\/2025\/08\/thumbnail_Laurinkari-Helena.jpg\" alt=\"Helena Laurinkarin kuva\" \/>\n                                            <\/div>\n\n                    <div class=\"person-card-column-right\">\n                                                <p class=\"person-card-name\">Helena Laurinkari<\/p>\n                        \n                                                <p class=\"person-card-position\">Hankekoordinaattori, yliopisto-opettaja<\/p>\n                        \n                                                <p class=\"person-card-organisation\">It\u00e4-Suomen yliopisto<\/p>\n                        \n                                                <p class=\"person-card-text\">helena.laurinkari(at)uef.fi<\/p>\n                        \n                                            <\/div>\n                <\/div>\n                                        <div class=\"person-card-item\">\n                    <div class=\"person-card-column-left\">\n                                                    <img decoding=\"async\" class=\"person-card-image\" src=\"https:\/\/sites.uef.fi\/erkkaa-yhdessa\/wp-content\/uploads\/sites\/559\/2025\/08\/Erkko-Sointu.jpg\" alt=\"Erkko Sointu\" \/>\n                                            <\/div>\n\n                    <div class=\"person-card-column-right\">\n                                                <p class=\"person-card-name\">Erkko Sointu<\/p>\n                        \n                                                <p class=\"person-card-position\">Hankkeen johtaja, professori<\/p>\n                        \n                                                <p class=\"person-card-organisation\">It\u00e4-Suomen yliopisto<\/p>\n                        \n                                                <p class=\"person-card-text\">erkko.sointu(at)uef.fi<\/p>\n                        \n                                            <\/div>\n                <\/div>\n                            <\/div>\n\n\n\n<p><\/p>\n","protected":false},"excerpt":{"rendered":"<p>Kysytt\u00e4v\u00e4\u00e4 tai kommentoitavaa Erkkaa yhdess\u00e4- hankkeesta? Olethan yhteydess\u00e4 meihin!<\/p>\n","protected":false},"author":1324,"featured_media":0,"parent":0,"menu_order":0,"comment_status":"closed","ping_status":"closed","template":"","meta":{"_acf_changed":false,"footnotes":""},"class_list":["post-99","page","type-page","status-publish","hentry"],"acf":[],"yoast_head":"<!-- This site is optimized with the Yoast SEO plugin v27.1.1 - https:\/\/yoast.com\/product\/yoast-seo-wordpress\/ -->\n<title>Yhteydenotto - Erkkaa yhdess\u00e4 (Erkkaa1)<\/title>\n<meta name=\"robots\" content=\"index, follow, max-snippet:-1, max-image-preview:large, max-video-preview:-1\" \/>\n<link rel=\"canonical\" href=\"https:\/\/sites.uef.fi\/erkkaa-yhdessa\/yhteystiedot\/\" \/>\n<meta property=\"og:locale\" content=\"fi_FI\" \/>\n<meta property=\"og:type\" content=\"article\" \/>\n<meta property=\"og:title\" content=\"Yhteydenotto - Erkkaa yhdess\u00e4 (Erkkaa1)\" \/>\n<meta property=\"og:description\" content=\"Kysytt\u00e4v\u00e4\u00e4 tai kommentoitavaa Erkkaa yhdess\u00e4- hankkeesta? Olethan yhteydess\u00e4 meihin!\" \/>\n<meta property=\"og:url\" content=\"https:\/\/sites.uef.fi\/erkkaa-yhdessa\/yhteystiedot\/\" \/>\n<meta property=\"og:site_name\" content=\"Erkkaa yhdess\u00e4 (Erkkaa1)\" \/>\n<meta property=\"article:modified_time\" content=\"2025-10-22T06:45:15+00:00\" \/>\n<meta name=\"twitter:card\" content=\"summary_large_image\" \/>\n<meta name=\"twitter:label1\" content=\"Arvioitu lukuaika\" \/>\n\t<meta name=\"twitter:data1\" content=\"1 minuutti\" \/>\n<script type=\"application\/ld+json\" class=\"yoast-schema-graph\">{\"@context\":\"https:\/\/schema.org\",\"@graph\":[{\"@type\":\"WebPage\",\"@id\":\"https:\/\/sites.uef.fi\/erkkaa-yhdessa\/yhteystiedot\/\",\"url\":\"https:\/\/sites.uef.fi\/erkkaa-yhdessa\/yhteystiedot\/\",\"name\":\"Yhteydenotto - Erkkaa yhdess\u00e4 (Erkkaa1)\",\"isPartOf\":{\"@id\":\"https:\/\/sites.uef.fi\/erkkaa-yhdessa\/#website\"},\"datePublished\":\"2025-10-14T07:17:06+00:00\",\"dateModified\":\"2025-10-22T06:45:15+00:00\",\"breadcrumb\":{\"@id\":\"https:\/\/sites.uef.fi\/erkkaa-yhdessa\/yhteystiedot\/#breadcrumb\"},\"inLanguage\":\"fi\",\"potentialAction\":[{\"@type\":\"ReadAction\",\"target\":[\"https:\/\/sites.uef.fi\/erkkaa-yhdessa\/yhteystiedot\/\"]}]},{\"@type\":\"BreadcrumbList\",\"@id\":\"https:\/\/sites.uef.fi\/erkkaa-yhdessa\/yhteystiedot\/#breadcrumb\",\"itemListElement\":[{\"@type\":\"ListItem\",\"position\":1,\"name\":\"Home\",\"item\":\"https:\/\/sites.uef.fi\/erkkaa-yhdessa\/\"},{\"@type\":\"ListItem\",\"position\":2,\"name\":\"Yhteydenotto\"}]},{\"@type\":\"WebSite\",\"@id\":\"https:\/\/sites.uef.fi\/erkkaa-yhdessa\/#website\",\"url\":\"https:\/\/sites.uef.fi\/erkkaa-yhdessa\/\",\"name\":\"Erkkaa yhdess\u00e4 (Erkkaa1)\",\"description\":\"\",\"potentialAction\":[{\"@type\":\"SearchAction\",\"target\":{\"@type\":\"EntryPoint\",\"urlTemplate\":\"https:\/\/sites.uef.fi\/erkkaa-yhdessa\/?s={search_term_string}\"},\"query-input\":{\"@type\":\"PropertyValueSpecification\",\"valueRequired\":true,\"valueName\":\"search_term_string\"}}],\"inLanguage\":\"fi\"}]}<\/script>\n<!-- \/ Yoast SEO plugin. -->","yoast_head_json":{"title":"Yhteydenotto - Erkkaa yhdess\u00e4 (Erkkaa1)","robots":{"index":"index","follow":"follow","max-snippet":"max-snippet:-1","max-image-preview":"max-image-preview:large","max-video-preview":"max-video-preview:-1"},"canonical":"https:\/\/sites.uef.fi\/erkkaa-yhdessa\/yhteystiedot\/","og_locale":"fi_FI","og_type":"article","og_title":"Yhteydenotto - Erkkaa yhdess\u00e4 (Erkkaa1)","og_description":"Kysytt\u00e4v\u00e4\u00e4 tai kommentoitavaa Erkkaa yhdess\u00e4- hankkeesta? Olethan yhteydess\u00e4 meihin!","og_url":"https:\/\/sites.uef.fi\/erkkaa-yhdessa\/yhteystiedot\/","og_site_name":"Erkkaa yhdess\u00e4 (Erkkaa1)","article_modified_time":"2025-10-22T06:45:15+00:00","twitter_card":"summary_large_image","twitter_misc":{"Arvioitu lukuaika":"1 minuutti"},"schema":{"@context":"https:\/\/schema.org","@graph":[{"@type":"WebPage","@id":"https:\/\/sites.uef.fi\/erkkaa-yhdessa\/yhteystiedot\/","url":"https:\/\/sites.uef.fi\/erkkaa-yhdessa\/yhteystiedot\/","name":"Yhteydenotto - Erkkaa yhdess\u00e4 (Erkkaa1)","isPartOf":{"@id":"https:\/\/sites.uef.fi\/erkkaa-yhdessa\/#website"},"datePublished":"2025-10-14T07:17:06+00:00","dateModified":"2025-10-22T06:45:15+00:00","breadcrumb":{"@id":"https:\/\/sites.uef.fi\/erkkaa-yhdessa\/yhteystiedot\/#breadcrumb"},"inLanguage":"fi","potentialAction":[{"@type":"ReadAction","target":["https:\/\/sites.uef.fi\/erkkaa-yhdessa\/yhteystiedot\/"]}]},{"@type":"BreadcrumbList","@id":"https:\/\/sites.uef.fi\/erkkaa-yhdessa\/yhteystiedot\/#breadcrumb","itemListElement":[{"@type":"ListItem","position":1,"name":"Home","item":"https:\/\/sites.uef.fi\/erkkaa-yhdessa\/"},{"@type":"ListItem","position":2,"name":"Yhteydenotto"}]},{"@type":"WebSite","@id":"https:\/\/sites.uef.fi\/erkkaa-yhdessa\/#website","url":"https:\/\/sites.uef.fi\/erkkaa-yhdessa\/","name":"Erkkaa yhdess\u00e4 (Erkkaa1)","description":"","potentialAction":[{"@type":"SearchAction","target":{"@type":"EntryPoint","urlTemplate":"https:\/\/sites.uef.fi\/erkkaa-yhdessa\/?s={search_term_string}"},"query-input":{"@type":"PropertyValueSpecification","valueRequired":true,"valueName":"search_term_string"}}],"inLanguage":"fi"}]}},"_links":{"self":[{"href":"https:\/\/sites.uef.fi\/erkkaa-yhdessa\/wp-json\/wp\/v2\/pages\/99","targetHints":{"allow":["GET"]}}],"collection":[{"href":"https:\/\/sites.uef.fi\/erkkaa-yhdessa\/wp-json\/wp\/v2\/pages"}],"about":[{"href":"https:\/\/sites.uef.fi\/erkkaa-yhdessa\/wp-json\/wp\/v2\/types\/page"}],"author":[{"embeddable":true,"href":"https:\/\/sites.uef.fi\/erkkaa-yhdessa\/wp-json\/wp\/v2\/users\/1324"}],"replies":[{"embeddable":true,"href":"https:\/\/sites.uef.fi\/erkkaa-yhdessa\/wp-json\/wp\/v2\/comments?post=99"}],"version-history":[{"count":2,"href":"https:\/\/sites.uef.fi\/erkkaa-yhdessa\/wp-json\/wp\/v2\/pages\/99\/revisions"}],"predecessor-version":[{"id":640,"href":"https:\/\/sites.uef.fi\/erkkaa-yhdessa\/wp-json\/wp\/v2\/pages\/99\/revisions\/640"}],"wp:attachment":[{"href":"https:\/\/sites.uef.fi\/erkkaa-yhdessa\/wp-json\/wp\/v2\/media?parent=99"}],"curies":[{"name":"wp","href":"https:\/\/api.w.org\/{rel}","templated":true}]}}