{"id":307,"date":"2020-12-04T08:59:51","date_gmt":"2020-12-04T06:59:51","guid":{"rendered":"https:\/\/sites.uef.fi\/farmakokinetiikka\/?page_id=307"},"modified":"2023-02-23T12:49:34","modified_gmt":"2023-02-23T10:49:34","slug":"johdanto","status":"publish","type":"page","link":"https:\/\/sites.uef.fi\/farmakokinetiikka\/simulaatiotehtava-2\/johdanto\/","title":{"rendered":"Johdanto"},"content":{"rendered":"\n<p>Semifenaakki (kuvitteellinen l\u00e4\u00e4keaine) on anti-inflammatorinen kipul\u00e4\u00e4ke, jota k\u00e4ytet\u00e4\u00e4n lievitt\u00e4m\u00e4\u00e4n sek\u00e4 akuuttia ett\u00e4 kroonista kipua. Semifenaakista on formuloitu v\u00e4litt\u00f6m\u00e4sti ja s\u00e4\u00e4dellysti l\u00e4\u00e4keainetta vapauttavia valmisteita erilaisiin k\u00e4ytt\u00f6tarkoituksiin. T\u00e4ss\u00e4 teht\u00e4v\u00e4kokonaisuudessa tarkastellaan biofarmasian ja farmakokinetiikan n\u00e4k\u00f6kulmasta semifenaakin imeytymist\u00e4 suun kautta otettavista valmisteista kuten liuoksesta, tabletista, enterotabletista ja depottabletista.<\/p>\n\n\n\n<p><strong>AIHEET<\/strong><\/p>\n\n\n\n<ol class=\"wp-block-list\" type=\"1\"><li>Peroraalinen imeytyminen nestem\u00e4isest\u00e4 l\u00e4\u00e4kevalmisteesta, tabletista ja s\u00e4\u00e4t\u00f6valmisteista<\/li><li>Ruoan vaikutus peroraaliseen imeytymiseen<\/li><li>Yksil\u00f6iden v\u00e4liset erot l\u00e4\u00e4keaineen imeytymisess\u00e4<\/li><\/ol>\n\n\n\n<p><strong>TAVOITTEENA OPPIA<\/strong><\/p>\n\n\n\n<ol class=\"wp-block-list\" type=\"1\"><li>Miten l\u00e4\u00e4keaineen vapautumis- ja imeytymisnopeudet eroavat erilaissa l\u00e4\u00e4kemuodoissa ja miten t\u00e4m\u00e4 n\u00e4kyy l\u00e4\u00e4keaineen pitoisuudessa plasmassa<\/li><li>Miten ruoka vaikuttaa l\u00e4\u00e4keaineen imeytymisnopeuteen ja l\u00e4\u00e4keaineen pitoisuuteen plasmassa<\/li><\/ol>\n\n\n\n<p><a href=\"https:\/\/sites.uef.fi\/farmakokinetiikka\/simulaatiotehtava-2\/semifenaakki\/\">Jatka seuraavalle sivulle &gt;&gt;&gt;<\/a><\/p>\n","protected":false},"excerpt":{"rendered":"<p>Semifenaakki (kuvitteellinen l\u00e4\u00e4keaine) on anti-inflammatorinen kipul\u00e4\u00e4ke, jota k\u00e4ytet\u00e4\u00e4n lievitt\u00e4m\u00e4\u00e4n sek\u00e4 akuuttia ett\u00e4 kroonista kipua. Semifenaakista on formuloitu v\u00e4litt\u00f6m\u00e4sti ja s\u00e4\u00e4dellysti l\u00e4\u00e4keainetta vapauttavia valmisteita erilaisiin k\u00e4ytt\u00f6tarkoituksiin. T\u00e4ss\u00e4 teht\u00e4v\u00e4kokonaisuudessa tarkastellaan biofarmasian ja farmakokinetiikan n\u00e4k\u00f6kulmasta semifenaakin imeytymist\u00e4 suun kautta otettavista valmisteista kuten liuoksesta, tabletista, enterotabletista ja depottabletista. AIHEET Peroraalinen imeytyminen nestem\u00e4isest\u00e4 l\u00e4\u00e4kevalmisteesta, tabletista ja s\u00e4\u00e4t\u00f6valmisteista Ruoan vaikutus peroraaliseen &hellip; <\/p>\n<p class=\"link-more\"><a href=\"https:\/\/sites.uef.fi\/farmakokinetiikka\/simulaatiotehtava-2\/johdanto\/\" class=\"more-link\">Jatka lukemista<span class=\"screen-reader-text\"> &#8221;Johdanto&#8221;<\/span><\/a><\/p>\n","protected":false},"author":348,"featured_media":0,"parent":63,"menu_order":1,"comment_status":"closed","ping_status":"closed","template":"","meta":{"_acf_changed":false,"footnotes":""},"class_list":["post-307","page","type-page","status-publish","hentry"],"acf":[],"yoast_head":"<!-- This site is optimized with the Yoast SEO plugin v27.1.1 - https:\/\/yoast.com\/product\/yoast-seo-wordpress\/ -->\n<title>Johdanto - L\u00e4\u00e4kkeiden antoreitit ja farmakokinetiikka \u2013kurssi Oppimisteht\u00e4v\u00e4t<\/title>\n<meta name=\"robots\" content=\"index, follow, max-snippet:-1, max-image-preview:large, max-video-preview:-1\" \/>\n<link rel=\"canonical\" href=\"https:\/\/sites.uef.fi\/farmakokinetiikka\/simulaatiotehtava-2\/johdanto\/\" \/>\n<meta property=\"og:locale\" content=\"fi_FI\" \/>\n<meta property=\"og:type\" content=\"article\" \/>\n<meta property=\"og:title\" content=\"Johdanto - L\u00e4\u00e4kkeiden antoreitit ja farmakokinetiikka \u2013kurssi Oppimisteht\u00e4v\u00e4t\" \/>\n<meta property=\"og:description\" content=\"Semifenaakki (kuvitteellinen l\u00e4\u00e4keaine) on anti-inflammatorinen kipul\u00e4\u00e4ke, jota k\u00e4ytet\u00e4\u00e4n lievitt\u00e4m\u00e4\u00e4n sek\u00e4 akuuttia ett\u00e4 kroonista kipua. Semifenaakista on formuloitu v\u00e4litt\u00f6m\u00e4sti ja s\u00e4\u00e4dellysti l\u00e4\u00e4keainetta vapauttavia valmisteita erilaisiin k\u00e4ytt\u00f6tarkoituksiin. T\u00e4ss\u00e4 teht\u00e4v\u00e4kokonaisuudessa tarkastellaan biofarmasian ja farmakokinetiikan n\u00e4k\u00f6kulmasta semifenaakin imeytymist\u00e4 suun kautta otettavista valmisteista kuten liuoksesta, tabletista, enterotabletista ja depottabletista. AIHEET Peroraalinen imeytyminen nestem\u00e4isest\u00e4 l\u00e4\u00e4kevalmisteesta, tabletista ja s\u00e4\u00e4t\u00f6valmisteista Ruoan vaikutus peroraaliseen &hellip; Jatka lukemista &quot;Johdanto&quot;\" \/>\n<meta property=\"og:url\" content=\"https:\/\/sites.uef.fi\/farmakokinetiikka\/simulaatiotehtava-2\/johdanto\/\" \/>\n<meta property=\"og:site_name\" content=\"L\u00e4\u00e4kkeiden antoreitit ja farmakokinetiikka \u2013kurssi Oppimisteht\u00e4v\u00e4t\" \/>\n<meta property=\"article:modified_time\" content=\"2023-02-23T10:49:34+00:00\" \/>\n<meta name=\"twitter:card\" content=\"summary_large_image\" \/>\n<meta name=\"twitter:label1\" content=\"Arvioitu lukuaika\" \/>\n\t<meta name=\"twitter:data1\" content=\"1 minuutti\" \/>\n<script type=\"application\/ld+json\" class=\"yoast-schema-graph\">{\"@context\":\"https:\/\/schema.org\",\"@graph\":[{\"@type\":\"WebPage\",\"@id\":\"https:\/\/sites.uef.fi\/farmakokinetiikka\/simulaatiotehtava-2\/johdanto\/\",\"url\":\"https:\/\/sites.uef.fi\/farmakokinetiikka\/simulaatiotehtava-2\/johdanto\/\",\"name\":\"Johdanto - L\u00e4\u00e4kkeiden antoreitit ja farmakokinetiikka \u2013kurssi Oppimisteht\u00e4v\u00e4t\",\"isPartOf\":{\"@id\":\"https:\/\/sites.uef.fi\/farmakokinetiikka\/#website\"},\"datePublished\":\"2020-12-04T06:59:51+00:00\",\"dateModified\":\"2023-02-23T10:49:34+00:00\",\"breadcrumb\":{\"@id\":\"https:\/\/sites.uef.fi\/farmakokinetiikka\/simulaatiotehtava-2\/johdanto\/#breadcrumb\"},\"inLanguage\":\"fi\",\"potentialAction\":[{\"@type\":\"ReadAction\",\"target\":[\"https:\/\/sites.uef.fi\/farmakokinetiikka\/simulaatiotehtava-2\/johdanto\/\"]}]},{\"@type\":\"BreadcrumbList\",\"@id\":\"https:\/\/sites.uef.fi\/farmakokinetiikka\/simulaatiotehtava-2\/johdanto\/#breadcrumb\",\"itemListElement\":[{\"@type\":\"ListItem\",\"position\":1,\"name\":\"Home\",\"item\":\"https:\/\/sites.uef.fi\/farmakokinetiikka\/\"},{\"@type\":\"ListItem\",\"position\":2,\"name\":\"Osa 3\",\"item\":\"https:\/\/sites.uef.fi\/farmakokinetiikka\/simulaatiotehtava-2\/\"},{\"@type\":\"ListItem\",\"position\":3,\"name\":\"Johdanto\"}]},{\"@type\":\"WebSite\",\"@id\":\"https:\/\/sites.uef.fi\/farmakokinetiikka\/#website\",\"url\":\"https:\/\/sites.uef.fi\/farmakokinetiikka\/\",\"name\":\"L\u00e4\u00e4kkeiden antoreitit ja farmakokinetiikka \u2013kurssi Oppimisteht\u00e4v\u00e4t\",\"description\":\"\",\"publisher\":{\"@id\":\"https:\/\/sites.uef.fi\/farmakokinetiikka\/#organization\"},\"potentialAction\":[{\"@type\":\"SearchAction\",\"target\":{\"@type\":\"EntryPoint\",\"urlTemplate\":\"https:\/\/sites.uef.fi\/farmakokinetiikka\/?s={search_term_string}\"},\"query-input\":{\"@type\":\"PropertyValueSpecification\",\"valueRequired\":true,\"valueName\":\"search_term_string\"}}],\"inLanguage\":\"fi\"},{\"@type\":\"Organization\",\"@id\":\"https:\/\/sites.uef.fi\/farmakokinetiikka\/#organization\",\"name\":\"L\u00e4\u00e4kkeiden antoreitit ja farmakokinetiikka \u2013kurssi Oppimisteht\u00e4v\u00e4t\",\"url\":\"https:\/\/sites.uef.fi\/farmakokinetiikka\/\",\"logo\":{\"@type\":\"ImageObject\",\"inLanguage\":\"fi\",\"@id\":\"https:\/\/sites.uef.fi\/farmakokinetiikka\/#\/schema\/logo\/image\/\",\"url\":\"https:\/\/sites.uef.fi\/farmakokinetiikka\/wp-content\/uploads\/sites\/226\/2020\/11\/cropped-UEF_wordpress_white.png\",\"contentUrl\":\"https:\/\/sites.uef.fi\/farmakokinetiikka\/wp-content\/uploads\/sites\/226\/2020\/11\/cropped-UEF_wordpress_white.png\",\"width\":250,\"height\":250,\"caption\":\"L\u00e4\u00e4kkeiden antoreitit ja farmakokinetiikka \u2013kurssi Oppimisteht\u00e4v\u00e4t\"},\"image\":{\"@id\":\"https:\/\/sites.uef.fi\/farmakokinetiikka\/#\/schema\/logo\/image\/\"}}]}<\/script>\n<!-- \/ Yoast SEO plugin. -->","yoast_head_json":{"title":"Johdanto - L\u00e4\u00e4kkeiden antoreitit ja farmakokinetiikka \u2013kurssi Oppimisteht\u00e4v\u00e4t","robots":{"index":"index","follow":"follow","max-snippet":"max-snippet:-1","max-image-preview":"max-image-preview:large","max-video-preview":"max-video-preview:-1"},"canonical":"https:\/\/sites.uef.fi\/farmakokinetiikka\/simulaatiotehtava-2\/johdanto\/","og_locale":"fi_FI","og_type":"article","og_title":"Johdanto - L\u00e4\u00e4kkeiden antoreitit ja farmakokinetiikka \u2013kurssi Oppimisteht\u00e4v\u00e4t","og_description":"Semifenaakki (kuvitteellinen l\u00e4\u00e4keaine) on anti-inflammatorinen kipul\u00e4\u00e4ke, jota k\u00e4ytet\u00e4\u00e4n lievitt\u00e4m\u00e4\u00e4n sek\u00e4 akuuttia ett\u00e4 kroonista kipua. Semifenaakista on formuloitu v\u00e4litt\u00f6m\u00e4sti ja s\u00e4\u00e4dellysti l\u00e4\u00e4keainetta vapauttavia valmisteita erilaisiin k\u00e4ytt\u00f6tarkoituksiin. T\u00e4ss\u00e4 teht\u00e4v\u00e4kokonaisuudessa tarkastellaan biofarmasian ja farmakokinetiikan n\u00e4k\u00f6kulmasta semifenaakin imeytymist\u00e4 suun kautta otettavista valmisteista kuten liuoksesta, tabletista, enterotabletista ja depottabletista. AIHEET Peroraalinen imeytyminen nestem\u00e4isest\u00e4 l\u00e4\u00e4kevalmisteesta, tabletista ja s\u00e4\u00e4t\u00f6valmisteista Ruoan vaikutus peroraaliseen &hellip; Jatka lukemista \"Johdanto\"","og_url":"https:\/\/sites.uef.fi\/farmakokinetiikka\/simulaatiotehtava-2\/johdanto\/","og_site_name":"L\u00e4\u00e4kkeiden antoreitit ja farmakokinetiikka \u2013kurssi Oppimisteht\u00e4v\u00e4t","article_modified_time":"2023-02-23T10:49:34+00:00","twitter_card":"summary_large_image","twitter_misc":{"Arvioitu lukuaika":"1 minuutti"},"schema":{"@context":"https:\/\/schema.org","@graph":[{"@type":"WebPage","@id":"https:\/\/sites.uef.fi\/farmakokinetiikka\/simulaatiotehtava-2\/johdanto\/","url":"https:\/\/sites.uef.fi\/farmakokinetiikka\/simulaatiotehtava-2\/johdanto\/","name":"Johdanto - L\u00e4\u00e4kkeiden antoreitit ja farmakokinetiikka \u2013kurssi Oppimisteht\u00e4v\u00e4t","isPartOf":{"@id":"https:\/\/sites.uef.fi\/farmakokinetiikka\/#website"},"datePublished":"2020-12-04T06:59:51+00:00","dateModified":"2023-02-23T10:49:34+00:00","breadcrumb":{"@id":"https:\/\/sites.uef.fi\/farmakokinetiikka\/simulaatiotehtava-2\/johdanto\/#breadcrumb"},"inLanguage":"fi","potentialAction":[{"@type":"ReadAction","target":["https:\/\/sites.uef.fi\/farmakokinetiikka\/simulaatiotehtava-2\/johdanto\/"]}]},{"@type":"BreadcrumbList","@id":"https:\/\/sites.uef.fi\/farmakokinetiikka\/simulaatiotehtava-2\/johdanto\/#breadcrumb","itemListElement":[{"@type":"ListItem","position":1,"name":"Home","item":"https:\/\/sites.uef.fi\/farmakokinetiikka\/"},{"@type":"ListItem","position":2,"name":"Osa 3","item":"https:\/\/sites.uef.fi\/farmakokinetiikka\/simulaatiotehtava-2\/"},{"@type":"ListItem","position":3,"name":"Johdanto"}]},{"@type":"WebSite","@id":"https:\/\/sites.uef.fi\/farmakokinetiikka\/#website","url":"https:\/\/sites.uef.fi\/farmakokinetiikka\/","name":"L\u00e4\u00e4kkeiden antoreitit ja farmakokinetiikka \u2013kurssi Oppimisteht\u00e4v\u00e4t","description":"","publisher":{"@id":"https:\/\/sites.uef.fi\/farmakokinetiikka\/#organization"},"potentialAction":[{"@type":"SearchAction","target":{"@type":"EntryPoint","urlTemplate":"https:\/\/sites.uef.fi\/farmakokinetiikka\/?s={search_term_string}"},"query-input":{"@type":"PropertyValueSpecification","valueRequired":true,"valueName":"search_term_string"}}],"inLanguage":"fi"},{"@type":"Organization","@id":"https:\/\/sites.uef.fi\/farmakokinetiikka\/#organization","name":"L\u00e4\u00e4kkeiden antoreitit ja farmakokinetiikka \u2013kurssi Oppimisteht\u00e4v\u00e4t","url":"https:\/\/sites.uef.fi\/farmakokinetiikka\/","logo":{"@type":"ImageObject","inLanguage":"fi","@id":"https:\/\/sites.uef.fi\/farmakokinetiikka\/#\/schema\/logo\/image\/","url":"https:\/\/sites.uef.fi\/farmakokinetiikka\/wp-content\/uploads\/sites\/226\/2020\/11\/cropped-UEF_wordpress_white.png","contentUrl":"https:\/\/sites.uef.fi\/farmakokinetiikka\/wp-content\/uploads\/sites\/226\/2020\/11\/cropped-UEF_wordpress_white.png","width":250,"height":250,"caption":"L\u00e4\u00e4kkeiden antoreitit ja farmakokinetiikka \u2013kurssi Oppimisteht\u00e4v\u00e4t"},"image":{"@id":"https:\/\/sites.uef.fi\/farmakokinetiikka\/#\/schema\/logo\/image\/"}}]}},"_links":{"self":[{"href":"https:\/\/sites.uef.fi\/farmakokinetiikka\/wp-json\/wp\/v2\/pages\/307","targetHints":{"allow":["GET"]}}],"collection":[{"href":"https:\/\/sites.uef.fi\/farmakokinetiikka\/wp-json\/wp\/v2\/pages"}],"about":[{"href":"https:\/\/sites.uef.fi\/farmakokinetiikka\/wp-json\/wp\/v2\/types\/page"}],"author":[{"embeddable":true,"href":"https:\/\/sites.uef.fi\/farmakokinetiikka\/wp-json\/wp\/v2\/users\/348"}],"replies":[{"embeddable":true,"href":"https:\/\/sites.uef.fi\/farmakokinetiikka\/wp-json\/wp\/v2\/comments?post=307"}],"version-history":[{"count":2,"href":"https:\/\/sites.uef.fi\/farmakokinetiikka\/wp-json\/wp\/v2\/pages\/307\/revisions"}],"predecessor-version":[{"id":1307,"href":"https:\/\/sites.uef.fi\/farmakokinetiikka\/wp-json\/wp\/v2\/pages\/307\/revisions\/1307"}],"up":[{"embeddable":true,"href":"https:\/\/sites.uef.fi\/farmakokinetiikka\/wp-json\/wp\/v2\/pages\/63"}],"wp:attachment":[{"href":"https:\/\/sites.uef.fi\/farmakokinetiikka\/wp-json\/wp\/v2\/media?parent=307"}],"curies":[{"name":"wp","href":"https:\/\/api.w.org\/{rel}","templated":true}]}}