{"id":146,"date":"2020-09-30T11:19:55","date_gmt":"2020-09-30T08:19:55","guid":{"rendered":"https:\/\/sites.uef.fi\/fine\/?page_id=146"},"modified":"2025-12-01T15:07:59","modified_gmt":"2025-12-01T13:07:59","slug":"main-on-going-research","status":"publish","type":"page","link":"https:\/\/sites.uef.fi\/fine\/front-page\/main-on-going-research\/","title":{"rendered":"Research projects"},"content":{"rendered":"\n<figure class=\"wp-block-image size-large\"><img loading=\"lazy\" decoding=\"async\" width=\"1024\" height=\"648\" src=\"https:\/\/sites.uef.fi\/fine\/wp-content\/uploads\/sites\/158\/2023\/11\/projects_1-1024x648.jpg\" alt=\"\" class=\"wp-image-2462\" srcset=\"https:\/\/sites.uef.fi\/fine\/wp-content\/uploads\/sites\/158\/2023\/11\/projects_1-1024x648.jpg 1024w, https:\/\/sites.uef.fi\/fine\/wp-content\/uploads\/sites\/158\/2023\/11\/projects_1-300x190.jpg 300w, https:\/\/sites.uef.fi\/fine\/wp-content\/uploads\/sites\/158\/2023\/11\/projects_1-768x486.jpg 768w, https:\/\/sites.uef.fi\/fine\/wp-content\/uploads\/sites\/158\/2023\/11\/projects_1-1536x972.jpg 1536w, https:\/\/sites.uef.fi\/fine\/wp-content\/uploads\/sites\/158\/2023\/11\/projects_1-2048x1296.jpg 2048w\" sizes=\"auto, (max-width: 1024px) 100vw, 1024px\" \/><\/figure>\n\n\n\n<p>Photographer: Olli Sippula &amp; Marc Sabat<\/p>\n\n\n\n<h2 class=\"wp-block-heading\">On-going projects<\/h2>\n\n\n\n<p><a href=\"https:\/\/sites.uef.fi\/fine\/plaster\/\">Plastic-derived emerging aerosol pollutants from fires (PLASTER, 2025-2029)<\/a><\/p>\n\n\n\n<p><a href=\"https:\/\/sites.uef.fi\/fine\/front-page\/main-on-going-research\/tyoperaisen-altistumisen-vahentaminen-pakokaasuille-ja-hiukkasille-pahis\/\">Ty\u00f6per\u00e4isen altistumisen v\u00e4hent\u00e4minen pakokaasuille ja hiukkasille (PAHIS, 2024-2027)<\/a><\/p>\n\n\n\n<p><a href=\"https:\/\/eulowc.wordpress.com\/lowc-project-group\/\">Safe and sustainable LOW-Carbon fuels for heavy-duty, aviation, and maritime sectors (LowC)<\/a><\/p>\n\n\n\n<p><a href=\"https:\/\/sites.uef.fi\/fine\/technological-and-socio-economic-solutions-to-reduce-indoor-air-pollution-in-nepal-smokefreehomes-nepal\/\">Technological and socio-economic solutions to reduce indoor air pollution in Nepal (SmokeFreeHomes Nepal, 2023-2026)<\/a><\/p>\n\n\n\n<p><a href=\"https:\/\/sites.uef.fi\/fine\/voimalaitoskattilat-osana-kiertotalouden-ja-uusiutuvan-energian-ratkaisuja-vokus\/\">Voimalaitoskattilat osana kiertotalouden ja uusiutuvan energian ratkaisuja (VOKUS, 2024-2026)<\/a><\/p>\n\n\n\n<p><a href=\"https:\/\/www.fhi.no\/en\/cl\/studies\/ultrhas\/\">ULtrafine particles from TRansportation \u2013 Health Assessment of Sources (ULTRHAS, 2021-2025)<\/a><\/p>\n\n\n\n<p><a href=\"https:\/\/sites.uef.fi\/fine\/front-page\/main-on-going-research\/real-life-emissions\/\">Harmonizing reliable test procedures representing real-LIFE air pollution from solid fuel heating appliances (Real-LIFE Emissions, 2021-2024)<\/a><\/p>\n\n\n\n<h2 class=\"wp-block-heading\">Finished projects<\/h2>\n\n\n\n<p><a href=\"https:\/\/sites.uef.fi\/fine\/front-page\/main-on-going-research\/mofc1\/\">MOFs catalyzed direct gas-phase reactions for the conversion of C1 compounds (MOFC1, 2020-2023)<\/a><\/p>\n\n\n\n<p><a href=\"https:\/\/sites.uef.fi\/fine\/front-page\/main-on-going-research\/kiuas-2\/\">Kiukaiden ymp\u00e4rist\u00f6vaikutusten v\u00e4hent\u00e4minen (KIUAS-2, 2019-2023)<\/a><\/p>\n\n\n\n<p><a href=\"https:\/\/sites.uef.fi\/fine\/front-page\/main-on-going-research\/task\/\">Ty\u00f6ntekij\u00f6iden Altistumisen v\u00e4hent\u00e4minen Sy\u00f6p\u00e4vaarallisille ilman ep\u00e4puhtauksille Kaivosymp\u00e4rist\u00f6iss\u00e4 (TASK, 2021-2023)<\/a><\/p>\n\n\n\n<p><a href=\"https:\/\/sites.uef.fi\/fine\/front-page\/main-on-going-research\/eneko2020\/\">Energy Cluster North Savo (EnEko2020, 2020-2021)<\/a><\/p>\n\n\n\n<p><a href=\"https:\/\/sites.uef.fi\/fine\/front-page\/main-on-going-research\/bi-tum\/\">Solutions for controlling ash behaviour and emissions in bio- and waste-fired boilers (BI-TUM, 2019-2021)<\/a><\/p>\n\n\n\n<p><a href=\"https:\/\/sites.uef.fi\/fine\/front-page\/main-on-going-research\/kate\/\">Innovation Ecosystem for Emission Control and Catalyst Chemistry to Develop Environmentally Friendly Combustion and Industrial Processes (KATE, 2019-2021)<\/a><\/p>\n\n\n\n<p><a href=\"https:\/\/sites.uef.fi\/fine\/front-page\/main-on-going-research\/fografna\/\">Photoactive graphitic nanocarbons from sustainable precursors for renewable energy production (FoGrafNa, 2019-2022)<\/a><\/p>\n\n\n\n<p><a href=\"https:\/\/sites.uef.fi\/fine\/front-page\/main-on-going-research\/kuopio-water-cluster\/\">Kuopio Water Cluster<\/a><\/p>\n\n\n\n<p><a href=\"https:\/\/sites.uef.fi\/fine\/front-page\/main-on-going-research\/uefbatcircle\/\">UEFbatcircle (2019-2021)<\/a><\/p>\n\n\n\n<p><a href=\"https:\/\/sites.uef.fi\/fine\/front-page\/main-on-going-research\/inhale-hice\/\">The Helmholtz Virtual Institute of Complex Molecular Systems in Environmental Health (Inhale-HICE, 2018-2022)<\/a><\/p>\n\n\n\n<p><a href=\"https:\/\/sites.uef.fi\/fine\/front-page\/main-on-going-research\/biograph\/\">Induction synthesis of functionalized carbon nanostructures from biomasses and application studies (BioGraph, 2017-2022)<\/a><\/p>\n\n\n\n<p><a href=\"https:\/\/sites.uef.fi\/fine\/front-page\/main-on-going-research\/uef-water-postdoctoral-research-project\/\">UEF Water postdoctoral research Project (2020-2022)<\/a><\/p>\n\n\n\n<p><a href=\"https:\/\/sites.uef.fi\/fine\/front-page\/main-on-going-research\/inca\/\">Investigation of secondary aerosols from vehicle exhaust: comparison of gasoline and diesel cars (INCA, 2020-2021)<\/a><\/p>\n\n\n\n<p><a href=\"https:\/\/sites.uef.fi\/fine\/front-page\/main-on-going-research\/liana\/\">Li-ion batteries\u2019 state of the health estimation and degradation mechanisms determination by a generated heat analysis (LiANA, 2017-2020)<\/a><\/p>\n\n\n\n<p><a href=\"https:\/\/sites.uef.fi\/fine\/front-page\/main-on-going-research\/eurochamp\/\">EUROCHAMP (-2020)<\/a><\/p>\n\n\n\n<p><a href=\"https:\/\/sites.uef.fi\/fine\/front-page\/main-on-going-research\/indo-norden\/\">Holistic processes and practices for clean energy in strengthening bioeconomic strategies (INDO-NORDEN, 2017-2019)<\/a><\/p>\n\n\n\n<p><a href=\"https:\/\/sites.uef.fi\/fine\/front-page\/main-on-going-research\/kiuas\/\">Kiukaiden p\u00e4\u00e4st\u00f6t ja niiden v\u00e4hent\u00e4minen KIUAS (2017-2019)<\/a><\/p>\n\n\n\n<p><a href=\"https:\/\/sites.uef.fi\/fine\/pienpolttosimulaattori\/\">Residential Wood Combustion Simulator (PIENPOLTTOSIMULAATTORI, 2016-2019)<\/a><\/p>\n\n\n\n<p><a href=\"https:\/\/sites.uef.fi\/fine\/front-page\/main-on-going-research\/pyreus\/\">Development and assessment of energy production solutions based on renewable pyrolysis fuel oil utilization (PYREUS, 2015-2017)<\/a><\/p>\n\n\n\n<p><a href=\"https:\/\/sites.uef.fi\/fine\/front-page\/main-on-going-research\/astro\/\">Assessment and Abatement Strategies for Combustion-derived Secondary Organic Aerosol Emissions (ASTRO, 2016-2018)<\/a><\/p>\n\n\n\n<p><a href=\"https:\/\/sites.uef.fi\/fine\/front-page\/main-on-going-research\/funktiomat\/\">Pilot environment for manufacturing and testing functional materials for industry (FunktioMat, 2016-2017)<\/a><\/p>\n","protected":false},"excerpt":{"rendered":"<p>Photographer: Olli Sippula &amp; Marc Sabat On-going projects Plastic-derived emerging aerosol pollutants from fires (PLASTER, 2025-2029) Ty\u00f6per\u00e4isen altistumisen v\u00e4hent\u00e4minen pakokaasuille ja hiukkasille (PAHIS, 2024-2027) Safe and sustainable LOW-Carbon fuels for heavy-duty, aviation, and maritime sectors (LowC) Technological and socio-economic solutions to reduce indoor air pollution in Nepal (SmokeFreeHomes Nepal, 2023-2026) Voimalaitoskattilat osana kiertotalouden ja uusiutuvan [&hellip;]<\/p>\n","protected":false},"author":246,"featured_media":0,"parent":32,"menu_order":4,"comment_status":"closed","ping_status":"closed","template":"","meta":{"_acf_changed":false,"footnotes":""},"class_list":["post-146","page","type-page","status-publish","hentry"],"acf":[],"yoast_head":"<!-- This site is optimized with the Yoast SEO plugin v27.3 - https:\/\/yoast.com\/product\/yoast-seo-wordpress\/ -->\n<title>Research projects - Fine Particle and Aerosol Technology Laboratory<\/title>\n<meta name=\"robots\" content=\"index, follow, max-snippet:-1, max-image-preview:large, max-video-preview:-1\" \/>\n<link rel=\"canonical\" href=\"https:\/\/sites.uef.fi\/fine\/front-page\/main-on-going-research\/\" \/>\n<meta property=\"og:locale\" content=\"en_US\" \/>\n<meta property=\"og:type\" content=\"article\" \/>\n<meta property=\"og:title\" content=\"Research projects - Fine Particle and Aerosol Technology Laboratory\" \/>\n<meta property=\"og:description\" content=\"Photographer: Olli Sippula &amp; Marc Sabat On-going projects Plastic-derived emerging aerosol pollutants from fires (PLASTER, 2025-2029) Ty\u00f6per\u00e4isen altistumisen v\u00e4hent\u00e4minen pakokaasuille ja hiukkasille (PAHIS, 2024-2027) Safe and sustainable LOW-Carbon fuels for heavy-duty, aviation, and maritime sectors (LowC) Technological and socio-economic solutions to reduce indoor air pollution in Nepal (SmokeFreeHomes Nepal, 2023-2026) Voimalaitoskattilat osana kiertotalouden ja uusiutuvan [&hellip;]\" \/>\n<meta property=\"og:url\" content=\"https:\/\/sites.uef.fi\/fine\/front-page\/main-on-going-research\/\" \/>\n<meta property=\"og:site_name\" content=\"Fine Particle and Aerosol Technology Laboratory\" \/>\n<meta property=\"article:modified_time\" content=\"2025-12-01T13:07:59+00:00\" \/>\n<meta property=\"og:image\" content=\"https:\/\/sites.uef.fi\/fine\/wp-content\/uploads\/sites\/158\/2023\/11\/projects_1-1024x648.jpg\" \/>\n<meta name=\"twitter:card\" content=\"summary_large_image\" \/>\n<meta name=\"twitter:label1\" content=\"Est. reading time\" \/>\n\t<meta name=\"twitter:data1\" content=\"2 minutes\" \/>\n<script type=\"application\/ld+json\" class=\"yoast-schema-graph\">{\"@context\":\"https:\\\/\\\/schema.org\",\"@graph\":[{\"@type\":\"WebPage\",\"@id\":\"https:\\\/\\\/sites.uef.fi\\\/fine\\\/front-page\\\/main-on-going-research\\\/\",\"url\":\"https:\\\/\\\/sites.uef.fi\\\/fine\\\/front-page\\\/main-on-going-research\\\/\",\"name\":\"Research projects - Fine Particle and Aerosol Technology Laboratory\",\"isPartOf\":{\"@id\":\"https:\\\/\\\/sites.uef.fi\\\/fine\\\/#website\"},\"primaryImageOfPage\":{\"@id\":\"https:\\\/\\\/sites.uef.fi\\\/fine\\\/front-page\\\/main-on-going-research\\\/#primaryimage\"},\"image\":{\"@id\":\"https:\\\/\\\/sites.uef.fi\\\/fine\\\/front-page\\\/main-on-going-research\\\/#primaryimage\"},\"thumbnailUrl\":\"https:\\\/\\\/sites.uef.fi\\\/fine\\\/wp-content\\\/uploads\\\/sites\\\/158\\\/2023\\\/11\\\/projects_1-1024x648.jpg\",\"datePublished\":\"2020-09-30T08:19:55+00:00\",\"dateModified\":\"2025-12-01T13:07:59+00:00\",\"breadcrumb\":{\"@id\":\"https:\\\/\\\/sites.uef.fi\\\/fine\\\/front-page\\\/main-on-going-research\\\/#breadcrumb\"},\"inLanguage\":\"en-US\",\"potentialAction\":[{\"@type\":\"ReadAction\",\"target\":[\"https:\\\/\\\/sites.uef.fi\\\/fine\\\/front-page\\\/main-on-going-research\\\/\"]}]},{\"@type\":\"ImageObject\",\"inLanguage\":\"en-US\",\"@id\":\"https:\\\/\\\/sites.uef.fi\\\/fine\\\/front-page\\\/main-on-going-research\\\/#primaryimage\",\"url\":\"https:\\\/\\\/sites.uef.fi\\\/fine\\\/wp-content\\\/uploads\\\/sites\\\/158\\\/2023\\\/11\\\/projects_1-scaled.jpg\",\"contentUrl\":\"https:\\\/\\\/sites.uef.fi\\\/fine\\\/wp-content\\\/uploads\\\/sites\\\/158\\\/2023\\\/11\\\/projects_1-scaled.jpg\",\"width\":2560,\"height\":1620},{\"@type\":\"BreadcrumbList\",\"@id\":\"https:\\\/\\\/sites.uef.fi\\\/fine\\\/front-page\\\/main-on-going-research\\\/#breadcrumb\",\"itemListElement\":[{\"@type\":\"ListItem\",\"position\":1,\"name\":\"Home\",\"item\":\"https:\\\/\\\/sites.uef.fi\\\/fine\\\/\"},{\"@type\":\"ListItem\",\"position\":2,\"name\":\"Front page\",\"item\":\"https:\\\/\\\/sites.uef.fi\\\/fine\\\/\"},{\"@type\":\"ListItem\",\"position\":3,\"name\":\"Research projects\"}]},{\"@type\":\"WebSite\",\"@id\":\"https:\\\/\\\/sites.uef.fi\\\/fine\\\/#website\",\"url\":\"https:\\\/\\\/sites.uef.fi\\\/fine\\\/\",\"name\":\"Fine Particle and Aerosol Technology Laboratory\",\"description\":\"\",\"potentialAction\":[{\"@type\":\"SearchAction\",\"target\":{\"@type\":\"EntryPoint\",\"urlTemplate\":\"https:\\\/\\\/sites.uef.fi\\\/fine\\\/?s={search_term_string}\"},\"query-input\":{\"@type\":\"PropertyValueSpecification\",\"valueRequired\":true,\"valueName\":\"search_term_string\"}}],\"inLanguage\":\"en-US\"}]}<\/script>\n<!-- \/ Yoast SEO plugin. -->","yoast_head_json":{"title":"Research projects - Fine Particle and Aerosol Technology Laboratory","robots":{"index":"index","follow":"follow","max-snippet":"max-snippet:-1","max-image-preview":"max-image-preview:large","max-video-preview":"max-video-preview:-1"},"canonical":"https:\/\/sites.uef.fi\/fine\/front-page\/main-on-going-research\/","og_locale":"en_US","og_type":"article","og_title":"Research projects - Fine Particle and Aerosol Technology Laboratory","og_description":"Photographer: Olli Sippula &amp; Marc Sabat On-going projects Plastic-derived emerging aerosol pollutants from fires (PLASTER, 2025-2029) Ty\u00f6per\u00e4isen altistumisen v\u00e4hent\u00e4minen pakokaasuille ja hiukkasille (PAHIS, 2024-2027) Safe and sustainable LOW-Carbon fuels for heavy-duty, aviation, and maritime sectors (LowC) Technological and socio-economic solutions to reduce indoor air pollution in Nepal (SmokeFreeHomes Nepal, 2023-2026) Voimalaitoskattilat osana kiertotalouden ja uusiutuvan [&hellip;]","og_url":"https:\/\/sites.uef.fi\/fine\/front-page\/main-on-going-research\/","og_site_name":"Fine Particle and Aerosol Technology Laboratory","article_modified_time":"2025-12-01T13:07:59+00:00","og_image":[{"url":"https:\/\/sites.uef.fi\/fine\/wp-content\/uploads\/sites\/158\/2023\/11\/projects_1-1024x648.jpg","type":"","width":"","height":""}],"twitter_card":"summary_large_image","twitter_misc":{"Est. reading time":"2 minutes"},"schema":{"@context":"https:\/\/schema.org","@graph":[{"@type":"WebPage","@id":"https:\/\/sites.uef.fi\/fine\/front-page\/main-on-going-research\/","url":"https:\/\/sites.uef.fi\/fine\/front-page\/main-on-going-research\/","name":"Research projects - Fine Particle and Aerosol Technology Laboratory","isPartOf":{"@id":"https:\/\/sites.uef.fi\/fine\/#website"},"primaryImageOfPage":{"@id":"https:\/\/sites.uef.fi\/fine\/front-page\/main-on-going-research\/#primaryimage"},"image":{"@id":"https:\/\/sites.uef.fi\/fine\/front-page\/main-on-going-research\/#primaryimage"},"thumbnailUrl":"https:\/\/sites.uef.fi\/fine\/wp-content\/uploads\/sites\/158\/2023\/11\/projects_1-1024x648.jpg","datePublished":"2020-09-30T08:19:55+00:00","dateModified":"2025-12-01T13:07:59+00:00","breadcrumb":{"@id":"https:\/\/sites.uef.fi\/fine\/front-page\/main-on-going-research\/#breadcrumb"},"inLanguage":"en-US","potentialAction":[{"@type":"ReadAction","target":["https:\/\/sites.uef.fi\/fine\/front-page\/main-on-going-research\/"]}]},{"@type":"ImageObject","inLanguage":"en-US","@id":"https:\/\/sites.uef.fi\/fine\/front-page\/main-on-going-research\/#primaryimage","url":"https:\/\/sites.uef.fi\/fine\/wp-content\/uploads\/sites\/158\/2023\/11\/projects_1-scaled.jpg","contentUrl":"https:\/\/sites.uef.fi\/fine\/wp-content\/uploads\/sites\/158\/2023\/11\/projects_1-scaled.jpg","width":2560,"height":1620},{"@type":"BreadcrumbList","@id":"https:\/\/sites.uef.fi\/fine\/front-page\/main-on-going-research\/#breadcrumb","itemListElement":[{"@type":"ListItem","position":1,"name":"Home","item":"https:\/\/sites.uef.fi\/fine\/"},{"@type":"ListItem","position":2,"name":"Front page","item":"https:\/\/sites.uef.fi\/fine\/"},{"@type":"ListItem","position":3,"name":"Research projects"}]},{"@type":"WebSite","@id":"https:\/\/sites.uef.fi\/fine\/#website","url":"https:\/\/sites.uef.fi\/fine\/","name":"Fine Particle and Aerosol Technology Laboratory","description":"","potentialAction":[{"@type":"SearchAction","target":{"@type":"EntryPoint","urlTemplate":"https:\/\/sites.uef.fi\/fine\/?s={search_term_string}"},"query-input":{"@type":"PropertyValueSpecification","valueRequired":true,"valueName":"search_term_string"}}],"inLanguage":"en-US"}]}},"_links":{"self":[{"href":"https:\/\/sites.uef.fi\/fine\/wp-json\/wp\/v2\/pages\/146","targetHints":{"allow":["GET"]}}],"collection":[{"href":"https:\/\/sites.uef.fi\/fine\/wp-json\/wp\/v2\/pages"}],"about":[{"href":"https:\/\/sites.uef.fi\/fine\/wp-json\/wp\/v2\/types\/page"}],"author":[{"embeddable":true,"href":"https:\/\/sites.uef.fi\/fine\/wp-json\/wp\/v2\/users\/246"}],"replies":[{"embeddable":true,"href":"https:\/\/sites.uef.fi\/fine\/wp-json\/wp\/v2\/comments?post=146"}],"version-history":[{"count":1,"href":"https:\/\/sites.uef.fi\/fine\/wp-json\/wp\/v2\/pages\/146\/revisions"}],"predecessor-version":[{"id":3163,"href":"https:\/\/sites.uef.fi\/fine\/wp-json\/wp\/v2\/pages\/146\/revisions\/3163"}],"up":[{"embeddable":true,"href":"https:\/\/sites.uef.fi\/fine\/wp-json\/wp\/v2\/pages\/32"}],"wp:attachment":[{"href":"https:\/\/sites.uef.fi\/fine\/wp-json\/wp\/v2\/media?parent=146"}],"curies":[{"name":"wp","href":"https:\/\/api.w.org\/{rel}","templated":true}]}}