{"id":642,"date":"2020-11-06T12:09:05","date_gmt":"2020-11-06T10:09:05","guid":{"rendered":"https:\/\/sites.uef.fi\/fine\/?page_id=642"},"modified":"2023-11-07T15:13:57","modified_gmt":"2023-11-07T13:13:57","slug":"seminar-23-5-2018","status":"publish","type":"page","link":"https:\/\/sites.uef.fi\/fine\/front-page\/main-on-going-research\/kiuas\/seminar-23-5-2018\/","title":{"rendered":"Seminaari 23.5.2018"},"content":{"rendered":"\n<h1 class=\"wp-block-heading\">Pienpolton p\u00e4\u00e4st\u00f6t, ilmanlaatu ja terveys: Pienpolttoseminaari<\/h1>\n\n\n\n<p>23.5.2018 klo 8-16, It\u00e4-Suomen yliopisto, Yliopistonranta 1, Kuopio<\/p>\n\n\n\n<p>Ajankohtaisseminaari, jossa esitettiin uusinta tutkimustietoa pienpolton p\u00e4\u00e4st\u00f6ist\u00e4 sek\u00e4 niiden ilmasto- ja terveysvaikutuksista.<\/p>\n\n\n\n<p>Esill\u00e4 olivat mm. kiukaiden p\u00e4\u00e4st\u00f6t, p\u00e4\u00e4st\u00f6jen v\u00e4hennystekniikat, ilmakeh\u00e4ss\u00e4 muodostuvat sekund\u00e4\u00e4riset hiukkasp\u00e4\u00e4st\u00f6t ja uudet mittausmenetelm\u00e4t. Lis\u00e4ksi tilaisuuden aikana oli mahdollista tutustua yliopistossa rakennettuun uuteen mobiilitutkimusyksikk\u00f6\u00f6n \u201dpienpolttosimulaattoriin\u201d sek\u00e4 posterin\u00e4yttelyyn. Tilaisuuden j\u00e4lkeen tutustuttiin yliopiston ILMARI-tutkimusyksikk\u00f6\u00f6n.<\/p>\n\n\n\n<p>Tapahtuma oli osa It\u00e4-Suomen yliopistossa k\u00e4ynniss\u00e4 olevaa Suomen akatemian rahoittamaa ASTRO \u2013 hanketta, Pohjois-Savon liiton, yritysten ja yliopiston rahoittamaa PIENPOLTTOSIMULAATTORI \u2013hanketta sek\u00e4 ministeri\u00f6iden, kaupunkien ja Helsingin seudun ymp\u00e4rist\u00f6palvelujen ja yliopiston rahoittamaa KIUAS \u2013hanketta.<\/p>\n\n\n\n<p><a href=\"https:\/\/www.youtube.com\/watch?v=5Om36quWugw&amp;feature=youtu.be\">Pienpolttosimulaattorin esittelyvideo<\/a><\/p>\n\n\n\n<p><a href=\"https:\/\/sites.uef.fi\/fine\/wp-content\/uploads\/sites\/158\/2020\/11\/seminaari20180523_ohjelma.pdf\">Seminaarin ohjelma<\/a><\/p>\n\n\n\n<p>Esitykset voi ladata klikkaamalla kunkin esitt\u00e4j\u00e4n nime\u00e4:<\/p>\n\n\n\n<p><a href=\"https:\/\/sites.uef.fi\/fine\/wp-content\/uploads\/sites\/158\/2020\/11\/seminaari20180523_1_SippulaOlli.pdf\">Olli Sippula<\/a><\/p>\n\n\n\n<p><a href=\"https:\/\/sites.uef.fi\/fine\/wp-content\/uploads\/sites\/158\/2020\/11\/seminaari20180523_2_TissariJarkko.pdf\">Jarkko Tissari<\/a><\/p>\n\n\n\n<p><a href=\"https:\/\/sites.uef.fi\/fine\/wp-content\/uploads\/sites\/158\/2020\/11\/seminaari20180523_3_KinnunenNiko.pdf\">Niko Kinnunen<\/a><\/p>\n\n\n\n<p><a href=\"https:\/\/sites.uef.fi\/fine\/wp-content\/uploads\/sites\/158\/2020\/11\/seminaari20180523_4_SuhonenHeikki.pdf\">Heikki Suhonen<\/a><\/p>\n\n\n\n<p><a href=\"https:\/\/sites.uef.fi\/fine\/wp-content\/uploads\/sites\/158\/2020\/11\/seminaari20180523_5_KarvosenojaNiko.pdf\">Niko Karvosenoja<\/a><\/p>\n\n\n\n<p><a href=\"https:\/\/sites.uef.fi\/fine\/wp-content\/uploads\/sites\/158\/2020\/11\/seminaari20180523_6_TiittaPetri.pdf\">Petri Tiitta<\/a><\/p>\n\n\n\n<p><a href=\"https:\/\/sites.uef.fi\/fine\/wp-content\/uploads\/sites\/158\/2020\/11\/seminaari20180523_7_KupiainenKaarle.pdf\">Kaarle Kupiainen<\/a><\/p>\n\n\n\n<p><a href=\"https:\/\/sites.uef.fi\/fine\/wp-content\/uploads\/sites\/158\/2020\/11\/seminaari20180523_8_JalavaPasi.pdf\">Pasi Jalava<\/a><\/p>\n\n\n\n<p><a href=\"https:\/\/sites.uef.fi\/fine\/wp-content\/uploads\/sites\/158\/2020\/11\/seminaari20180523_9_PasanenKari.pdf\">Kari Pasanen<\/a><\/p>\n\n\n\n<p><a href=\"https:\/\/sites.uef.fi\/fine\/wp-content\/uploads\/sites\/158\/2020\/11\/seminaari20180523_10_HanninenOtto.pdf\">Otto H\u00e4nninen<\/a><\/p>\n\n\n\n<p><a href=\"https:\/\/sites.uef.fi\/fine\/wp-content\/uploads\/sites\/158\/2020\/11\/seminaari20180523_11_HaakanaMaarit.pdf\">Maarit Haakana<\/a><\/p>\n","protected":false},"excerpt":{"rendered":"<p>Pienpolton p\u00e4\u00e4st\u00f6t, ilmanlaatu ja terveys: Pienpolttoseminaari 23.5.2018 klo 8-16, It\u00e4-Suomen yliopisto, Yliopistonranta 1, Kuopio Ajankohtaisseminaari, jossa esitettiin uusinta tutkimustietoa pienpolton p\u00e4\u00e4st\u00f6ist\u00e4 sek\u00e4 niiden ilmasto- ja terveysvaikutuksista. Esill\u00e4 olivat mm. kiukaiden p\u00e4\u00e4st\u00f6t, p\u00e4\u00e4st\u00f6jen v\u00e4hennystekniikat, ilmakeh\u00e4ss\u00e4 muodostuvat sekund\u00e4\u00e4riset hiukkasp\u00e4\u00e4st\u00f6t ja uudet mittausmenetelm\u00e4t. Lis\u00e4ksi tilaisuuden aikana oli mahdollista tutustua yliopistossa rakennettuun uuteen mobiilitutkimusyksikk\u00f6\u00f6n \u201dpienpolttosimulaattoriin\u201d sek\u00e4 posterin\u00e4yttelyyn. Tilaisuuden j\u00e4lkeen [&hellip;]<\/p>\n","protected":false},"author":246,"featured_media":0,"parent":631,"menu_order":1,"comment_status":"closed","ping_status":"closed","template":"","meta":{"_acf_changed":false,"footnotes":""},"class_list":["post-642","page","type-page","status-publish","hentry"],"acf":[],"yoast_head":"<!-- This site is optimized with the Yoast SEO plugin v27.1.1 - https:\/\/yoast.com\/product\/yoast-seo-wordpress\/ -->\n<title>Seminaari 23.5.2018 - Fine Particle and Aerosol Technology Laboratory<\/title>\n<meta name=\"robots\" content=\"index, follow, max-snippet:-1, max-image-preview:large, max-video-preview:-1\" \/>\n<link rel=\"canonical\" href=\"https:\/\/sites.uef.fi\/fine\/front-page\/main-on-going-research\/kiuas\/seminar-23-5-2018\/\" \/>\n<meta property=\"og:locale\" content=\"en_US\" \/>\n<meta property=\"og:type\" content=\"article\" \/>\n<meta property=\"og:title\" content=\"Seminaari 23.5.2018 - Fine Particle and Aerosol Technology Laboratory\" \/>\n<meta property=\"og:description\" content=\"Pienpolton p\u00e4\u00e4st\u00f6t, ilmanlaatu ja terveys: Pienpolttoseminaari 23.5.2018 klo 8-16, It\u00e4-Suomen yliopisto, Yliopistonranta 1, Kuopio Ajankohtaisseminaari, jossa esitettiin uusinta tutkimustietoa pienpolton p\u00e4\u00e4st\u00f6ist\u00e4 sek\u00e4 niiden ilmasto- ja terveysvaikutuksista. Esill\u00e4 olivat mm. kiukaiden p\u00e4\u00e4st\u00f6t, p\u00e4\u00e4st\u00f6jen v\u00e4hennystekniikat, ilmakeh\u00e4ss\u00e4 muodostuvat sekund\u00e4\u00e4riset hiukkasp\u00e4\u00e4st\u00f6t ja uudet mittausmenetelm\u00e4t. Lis\u00e4ksi tilaisuuden aikana oli mahdollista tutustua yliopistossa rakennettuun uuteen mobiilitutkimusyksikk\u00f6\u00f6n \u201dpienpolttosimulaattoriin\u201d sek\u00e4 posterin\u00e4yttelyyn. Tilaisuuden j\u00e4lkeen [&hellip;]\" \/>\n<meta property=\"og:url\" content=\"https:\/\/sites.uef.fi\/fine\/front-page\/main-on-going-research\/kiuas\/seminar-23-5-2018\/\" \/>\n<meta property=\"og:site_name\" content=\"Fine Particle and Aerosol Technology Laboratory\" \/>\n<meta property=\"article:modified_time\" content=\"2023-11-07T13:13:57+00:00\" \/>\n<meta name=\"twitter:card\" content=\"summary_large_image\" \/>\n<meta name=\"twitter:label1\" content=\"Est. reading time\" \/>\n\t<meta name=\"twitter:data1\" content=\"1 minute\" \/>\n<script type=\"application\/ld+json\" class=\"yoast-schema-graph\">{\"@context\":\"https:\/\/schema.org\",\"@graph\":[{\"@type\":\"WebPage\",\"@id\":\"https:\/\/sites.uef.fi\/fine\/front-page\/main-on-going-research\/kiuas\/seminar-23-5-2018\/\",\"url\":\"https:\/\/sites.uef.fi\/fine\/front-page\/main-on-going-research\/kiuas\/seminar-23-5-2018\/\",\"name\":\"Seminaari 23.5.2018 - Fine Particle and Aerosol Technology Laboratory\",\"isPartOf\":{\"@id\":\"https:\/\/sites.uef.fi\/fine\/#website\"},\"datePublished\":\"2020-11-06T10:09:05+00:00\",\"dateModified\":\"2023-11-07T13:13:57+00:00\",\"breadcrumb\":{\"@id\":\"https:\/\/sites.uef.fi\/fine\/front-page\/main-on-going-research\/kiuas\/seminar-23-5-2018\/#breadcrumb\"},\"inLanguage\":\"en-US\",\"potentialAction\":[{\"@type\":\"ReadAction\",\"target\":[\"https:\/\/sites.uef.fi\/fine\/front-page\/main-on-going-research\/kiuas\/seminar-23-5-2018\/\"]}]},{\"@type\":\"BreadcrumbList\",\"@id\":\"https:\/\/sites.uef.fi\/fine\/front-page\/main-on-going-research\/kiuas\/seminar-23-5-2018\/#breadcrumb\",\"itemListElement\":[{\"@type\":\"ListItem\",\"position\":1,\"name\":\"Home\",\"item\":\"https:\/\/sites.uef.fi\/fine\/\"},{\"@type\":\"ListItem\",\"position\":2,\"name\":\"Front page\",\"item\":\"https:\/\/sites.uef.fi\/fine\/\"},{\"@type\":\"ListItem\",\"position\":3,\"name\":\"Research projects\",\"item\":\"https:\/\/sites.uef.fi\/fine\/front-page\/main-on-going-research\/\"},{\"@type\":\"ListItem\",\"position\":4,\"name\":\"KIUAS\",\"item\":\"https:\/\/sites.uef.fi\/fine\/front-page\/main-on-going-research\/kiuas\/\"},{\"@type\":\"ListItem\",\"position\":5,\"name\":\"Seminaari 23.5.2018\"}]},{\"@type\":\"WebSite\",\"@id\":\"https:\/\/sites.uef.fi\/fine\/#website\",\"url\":\"https:\/\/sites.uef.fi\/fine\/\",\"name\":\"Fine Particle and Aerosol Technology Laboratory\",\"description\":\"\",\"potentialAction\":[{\"@type\":\"SearchAction\",\"target\":{\"@type\":\"EntryPoint\",\"urlTemplate\":\"https:\/\/sites.uef.fi\/fine\/?s={search_term_string}\"},\"query-input\":{\"@type\":\"PropertyValueSpecification\",\"valueRequired\":true,\"valueName\":\"search_term_string\"}}],\"inLanguage\":\"en-US\"}]}<\/script>\n<!-- \/ Yoast SEO plugin. -->","yoast_head_json":{"title":"Seminaari 23.5.2018 - Fine Particle and Aerosol Technology Laboratory","robots":{"index":"index","follow":"follow","max-snippet":"max-snippet:-1","max-image-preview":"max-image-preview:large","max-video-preview":"max-video-preview:-1"},"canonical":"https:\/\/sites.uef.fi\/fine\/front-page\/main-on-going-research\/kiuas\/seminar-23-5-2018\/","og_locale":"en_US","og_type":"article","og_title":"Seminaari 23.5.2018 - Fine Particle and Aerosol Technology Laboratory","og_description":"Pienpolton p\u00e4\u00e4st\u00f6t, ilmanlaatu ja terveys: Pienpolttoseminaari 23.5.2018 klo 8-16, It\u00e4-Suomen yliopisto, Yliopistonranta 1, Kuopio Ajankohtaisseminaari, jossa esitettiin uusinta tutkimustietoa pienpolton p\u00e4\u00e4st\u00f6ist\u00e4 sek\u00e4 niiden ilmasto- ja terveysvaikutuksista. Esill\u00e4 olivat mm. kiukaiden p\u00e4\u00e4st\u00f6t, p\u00e4\u00e4st\u00f6jen v\u00e4hennystekniikat, ilmakeh\u00e4ss\u00e4 muodostuvat sekund\u00e4\u00e4riset hiukkasp\u00e4\u00e4st\u00f6t ja uudet mittausmenetelm\u00e4t. Lis\u00e4ksi tilaisuuden aikana oli mahdollista tutustua yliopistossa rakennettuun uuteen mobiilitutkimusyksikk\u00f6\u00f6n \u201dpienpolttosimulaattoriin\u201d sek\u00e4 posterin\u00e4yttelyyn. Tilaisuuden j\u00e4lkeen [&hellip;]","og_url":"https:\/\/sites.uef.fi\/fine\/front-page\/main-on-going-research\/kiuas\/seminar-23-5-2018\/","og_site_name":"Fine Particle and Aerosol Technology Laboratory","article_modified_time":"2023-11-07T13:13:57+00:00","twitter_card":"summary_large_image","twitter_misc":{"Est. reading time":"1 minute"},"schema":{"@context":"https:\/\/schema.org","@graph":[{"@type":"WebPage","@id":"https:\/\/sites.uef.fi\/fine\/front-page\/main-on-going-research\/kiuas\/seminar-23-5-2018\/","url":"https:\/\/sites.uef.fi\/fine\/front-page\/main-on-going-research\/kiuas\/seminar-23-5-2018\/","name":"Seminaari 23.5.2018 - Fine Particle and Aerosol Technology Laboratory","isPartOf":{"@id":"https:\/\/sites.uef.fi\/fine\/#website"},"datePublished":"2020-11-06T10:09:05+00:00","dateModified":"2023-11-07T13:13:57+00:00","breadcrumb":{"@id":"https:\/\/sites.uef.fi\/fine\/front-page\/main-on-going-research\/kiuas\/seminar-23-5-2018\/#breadcrumb"},"inLanguage":"en-US","potentialAction":[{"@type":"ReadAction","target":["https:\/\/sites.uef.fi\/fine\/front-page\/main-on-going-research\/kiuas\/seminar-23-5-2018\/"]}]},{"@type":"BreadcrumbList","@id":"https:\/\/sites.uef.fi\/fine\/front-page\/main-on-going-research\/kiuas\/seminar-23-5-2018\/#breadcrumb","itemListElement":[{"@type":"ListItem","position":1,"name":"Home","item":"https:\/\/sites.uef.fi\/fine\/"},{"@type":"ListItem","position":2,"name":"Front page","item":"https:\/\/sites.uef.fi\/fine\/"},{"@type":"ListItem","position":3,"name":"Research projects","item":"https:\/\/sites.uef.fi\/fine\/front-page\/main-on-going-research\/"},{"@type":"ListItem","position":4,"name":"KIUAS","item":"https:\/\/sites.uef.fi\/fine\/front-page\/main-on-going-research\/kiuas\/"},{"@type":"ListItem","position":5,"name":"Seminaari 23.5.2018"}]},{"@type":"WebSite","@id":"https:\/\/sites.uef.fi\/fine\/#website","url":"https:\/\/sites.uef.fi\/fine\/","name":"Fine Particle and Aerosol Technology Laboratory","description":"","potentialAction":[{"@type":"SearchAction","target":{"@type":"EntryPoint","urlTemplate":"https:\/\/sites.uef.fi\/fine\/?s={search_term_string}"},"query-input":{"@type":"PropertyValueSpecification","valueRequired":true,"valueName":"search_term_string"}}],"inLanguage":"en-US"}]}},"_links":{"self":[{"href":"https:\/\/sites.uef.fi\/fine\/wp-json\/wp\/v2\/pages\/642","targetHints":{"allow":["GET"]}}],"collection":[{"href":"https:\/\/sites.uef.fi\/fine\/wp-json\/wp\/v2\/pages"}],"about":[{"href":"https:\/\/sites.uef.fi\/fine\/wp-json\/wp\/v2\/types\/page"}],"author":[{"embeddable":true,"href":"https:\/\/sites.uef.fi\/fine\/wp-json\/wp\/v2\/users\/246"}],"replies":[{"embeddable":true,"href":"https:\/\/sites.uef.fi\/fine\/wp-json\/wp\/v2\/comments?post=642"}],"version-history":[{"count":2,"href":"https:\/\/sites.uef.fi\/fine\/wp-json\/wp\/v2\/pages\/642\/revisions"}],"predecessor-version":[{"id":2815,"href":"https:\/\/sites.uef.fi\/fine\/wp-json\/wp\/v2\/pages\/642\/revisions\/2815"}],"up":[{"embeddable":true,"href":"https:\/\/sites.uef.fi\/fine\/wp-json\/wp\/v2\/pages\/631"}],"wp:attachment":[{"href":"https:\/\/sites.uef.fi\/fine\/wp-json\/wp\/v2\/media?parent=642"}],"curies":[{"name":"wp","href":"https:\/\/api.w.org\/{rel}","templated":true}]}}