{"id":1759,"date":"2020-11-13T19:00:19","date_gmt":"2020-11-13T17:00:19","guid":{"rendered":"https:\/\/sites.uef.fi\/flippaus\/?page_id=1759"},"modified":"2020-12-17T13:30:33","modified_gmt":"2020-12-17T11:30:33","slug":"taydentava-nakokulma","status":"publish","type":"page","link":"https:\/\/sites.uef.fi\/flippaus\/taydentava-nakokulma\/","title":{"rendered":"T\u00e4ydent\u00e4v\u00e4 n\u00e4k\u00f6kulma"},"content":{"rendered":"\n<h1 class=\"wp-block-heading\">T\u00e4ydent\u00e4v\u00e4 n\u00e4k\u00f6kulma<\/h1>\n\n\n\n<p>T\u00e4h\u00e4n osioon on koottu teemoja, jotka liittyv\u00e4t niin flippaukseen kuin muuhunkin opetukseen, ja joita on hyv\u00e4 pohtia tai ottaa huomioon opetusty\u00f6ss\u00e4. Kuvakkeita klikkaamalla p\u00e4\u00e4set tutustumaan aiheisiin.<\/p>\n\n\n\n<div class=\"wp-block-columns is-layout-flex wp-container-core-columns-is-layout-9d6595d7 wp-block-columns-is-layout-flex\">\n<div class=\"wp-block-column is-layout-flow wp-block-column-is-layout-flow\">\n<figure class=\"wp-block-image size-large\"><a href=\"https:\/\/sites.uef.fi\/flippaus\/flippausmanuaali\/taydentava-nakokulma\/integratiivinen-pedagogiikka\/\"><img loading=\"lazy\" decoding=\"async\" width=\"600\" height=\"600\" src=\"https:\/\/sites.uef.fi\/flippaus\/wp-content\/uploads\/sites\/83\/2020\/11\/integratpeda_linkki.png\" alt=\"Kuva on linkki integratiivista pedagogiikkaa k\u00e4sittelev\u00e4lle sivulle\" class=\"wp-image-1765\" srcset=\"https:\/\/sites.uef.fi\/flippaus\/wp-content\/uploads\/sites\/83\/2020\/11\/integratpeda_linkki.png 600w, https:\/\/sites.uef.fi\/flippaus\/wp-content\/uploads\/sites\/83\/2020\/11\/integratpeda_linkki-300x300.png 300w, https:\/\/sites.uef.fi\/flippaus\/wp-content\/uploads\/sites\/83\/2020\/11\/integratpeda_linkki-150x150.png 150w, https:\/\/sites.uef.fi\/flippaus\/wp-content\/uploads\/sites\/83\/2020\/11\/integratpeda_linkki-100x100.png 100w\" sizes=\"auto, (max-width: 600px) 100vw, 600px\" \/><\/a><\/figure>\n<\/div>\n\n\n\n<div class=\"wp-block-column is-layout-flow wp-block-column-is-layout-flow\">\n<figure class=\"wp-block-image size-large\"><a href=\"https:\/\/sites.uef.fi\/flippaus\/opetuksen-kehittajalle\/#opympdidakt\"><img loading=\"lazy\" decoding=\"async\" width=\"600\" height=\"600\" src=\"https:\/\/sites.uef.fi\/flippaus\/wp-content\/uploads\/sites\/83\/2020\/11\/oppymp_linkki.png\" alt=\"Kuva on linkki oppimisymp\u00e4rist\u00f6j\u00e4 k\u00e4sittelev\u00e4lle sivulle\" class=\"wp-image-1768\" srcset=\"https:\/\/sites.uef.fi\/flippaus\/wp-content\/uploads\/sites\/83\/2020\/11\/oppymp_linkki.png 600w, https:\/\/sites.uef.fi\/flippaus\/wp-content\/uploads\/sites\/83\/2020\/11\/oppymp_linkki-300x300.png 300w, https:\/\/sites.uef.fi\/flippaus\/wp-content\/uploads\/sites\/83\/2020\/11\/oppymp_linkki-150x150.png 150w, https:\/\/sites.uef.fi\/flippaus\/wp-content\/uploads\/sites\/83\/2020\/11\/oppymp_linkki-100x100.png 100w\" sizes=\"auto, (max-width: 600px) 100vw, 600px\" \/><\/a><\/figure>\n<\/div>\n\n\n\n<div class=\"wp-block-column is-layout-flow wp-block-column-is-layout-flow\">\n<figure class=\"wp-block-image size-large\"><a href=\"https:\/\/sites.uef.fi\/flippaus\/taydentava-nakokulma\/kaanteinen-oppiminen\/\"><img loading=\"lazy\" decoding=\"async\" width=\"600\" height=\"600\" src=\"https:\/\/sites.uef.fi\/flippaus\/wp-content\/uploads\/sites\/83\/2020\/11\/Marika_kansi.png\" alt=\"Kuva on linkki k\u00e4\u00e4nteist\u00e4 opetusta k\u00e4sittelev\u00e4lle sivulle\" class=\"wp-image-1771\" srcset=\"https:\/\/sites.uef.fi\/flippaus\/wp-content\/uploads\/sites\/83\/2020\/11\/Marika_kansi.png 600w, https:\/\/sites.uef.fi\/flippaus\/wp-content\/uploads\/sites\/83\/2020\/11\/Marika_kansi-300x300.png 300w, https:\/\/sites.uef.fi\/flippaus\/wp-content\/uploads\/sites\/83\/2020\/11\/Marika_kansi-150x150.png 150w, https:\/\/sites.uef.fi\/flippaus\/wp-content\/uploads\/sites\/83\/2020\/11\/Marika_kansi-100x100.png 100w\" sizes=\"auto, (max-width: 600px) 100vw, 600px\" \/><\/a><\/figure>\n<\/div>\n<\/div>\n","protected":false},"excerpt":{"rendered":"<p>T\u00e4ydent\u00e4v\u00e4 n\u00e4k\u00f6kulma T\u00e4h\u00e4n osioon on koottu teemoja, jotka liittyv\u00e4t niin flippaukseen kuin muuhunkin opetukseen, ja joita on hyv\u00e4 pohtia tai ottaa huomioon opetusty\u00f6ss\u00e4. Kuvakkeita klikkaamalla p\u00e4\u00e4set tutustumaan aiheisiin.<\/p>\n","protected":false},"author":176,"featured_media":0,"parent":0,"menu_order":0,"comment_status":"closed","ping_status":"closed","template":"","meta":{"_acf_changed":false,"_monsterinsights_skip_tracking":false,"_monsterinsights_sitenote_active":false,"_monsterinsights_sitenote_note":"","_monsterinsights_sitenote_category":0,"footnotes":""},"class_list":["post-1759","page","type-page","status-publish","hentry"],"acf":[],"yoast_head":"<!-- This site is optimized with the Yoast SEO plugin v27.3 - https:\/\/yoast.com\/product\/yoast-seo-wordpress\/ -->\n<title>T\u00e4ydent\u00e4v\u00e4 n\u00e4k\u00f6kulma - Flipped Learning<\/title>\n<meta name=\"robots\" content=\"index, follow, max-snippet:-1, max-image-preview:large, max-video-preview:-1\" \/>\n<link rel=\"canonical\" href=\"https:\/\/sites.uef.fi\/flippaus\/taydentava-nakokulma\/\" \/>\n<meta property=\"og:locale\" content=\"fi_FI\" \/>\n<meta property=\"og:type\" content=\"article\" \/>\n<meta property=\"og:title\" content=\"T\u00e4ydent\u00e4v\u00e4 n\u00e4k\u00f6kulma - Flipped Learning\" \/>\n<meta property=\"og:description\" content=\"T\u00e4ydent\u00e4v\u00e4 n\u00e4k\u00f6kulma T\u00e4h\u00e4n osioon on koottu teemoja, jotka liittyv\u00e4t niin flippaukseen kuin muuhunkin opetukseen, ja joita on hyv\u00e4 pohtia tai ottaa huomioon opetusty\u00f6ss\u00e4. Kuvakkeita klikkaamalla p\u00e4\u00e4set tutustumaan aiheisiin.\" \/>\n<meta property=\"og:url\" content=\"https:\/\/sites.uef.fi\/flippaus\/taydentava-nakokulma\/\" \/>\n<meta property=\"og:site_name\" content=\"Flipped Learning\" \/>\n<meta property=\"article:modified_time\" content=\"2020-12-17T11:30:33+00:00\" \/>\n<meta property=\"og:image\" content=\"https:\/\/sites.uef.fi\/flippaus\/wp-content\/uploads\/sites\/83\/2020\/11\/integratpeda_linkki.png\" \/>\n<meta name=\"twitter:card\" content=\"summary_large_image\" \/>\n<script type=\"application\/ld+json\" class=\"yoast-schema-graph\">{\"@context\":\"https:\\\/\\\/schema.org\",\"@graph\":[{\"@type\":\"WebPage\",\"@id\":\"https:\\\/\\\/sites.uef.fi\\\/flippaus\\\/taydentava-nakokulma\\\/\",\"url\":\"https:\\\/\\\/sites.uef.fi\\\/flippaus\\\/taydentava-nakokulma\\\/\",\"name\":\"T\u00e4ydent\u00e4v\u00e4 n\u00e4k\u00f6kulma - Flipped Learning\",\"isPartOf\":{\"@id\":\"https:\\\/\\\/sites.uef.fi\\\/flippaus\\\/#website\"},\"primaryImageOfPage\":{\"@id\":\"https:\\\/\\\/sites.uef.fi\\\/flippaus\\\/taydentava-nakokulma\\\/#primaryimage\"},\"image\":{\"@id\":\"https:\\\/\\\/sites.uef.fi\\\/flippaus\\\/taydentava-nakokulma\\\/#primaryimage\"},\"thumbnailUrl\":\"https:\\\/\\\/sites.uef.fi\\\/flippaus\\\/wp-content\\\/uploads\\\/sites\\\/83\\\/2020\\\/11\\\/integratpeda_linkki.png\",\"datePublished\":\"2020-11-13T17:00:19+00:00\",\"dateModified\":\"2020-12-17T11:30:33+00:00\",\"breadcrumb\":{\"@id\":\"https:\\\/\\\/sites.uef.fi\\\/flippaus\\\/taydentava-nakokulma\\\/#breadcrumb\"},\"inLanguage\":\"fi\",\"potentialAction\":[{\"@type\":\"ReadAction\",\"target\":[\"https:\\\/\\\/sites.uef.fi\\\/flippaus\\\/taydentava-nakokulma\\\/\"]}]},{\"@type\":\"ImageObject\",\"inLanguage\":\"fi\",\"@id\":\"https:\\\/\\\/sites.uef.fi\\\/flippaus\\\/taydentava-nakokulma\\\/#primaryimage\",\"url\":\"https:\\\/\\\/sites.uef.fi\\\/flippaus\\\/wp-content\\\/uploads\\\/sites\\\/83\\\/2020\\\/11\\\/integratpeda_linkki.png\",\"contentUrl\":\"https:\\\/\\\/sites.uef.fi\\\/flippaus\\\/wp-content\\\/uploads\\\/sites\\\/83\\\/2020\\\/11\\\/integratpeda_linkki.png\",\"width\":600,\"height\":600,\"caption\":\"Kuva on linkki integratiivista pedagogiikkaa k\u00e4sittelev\u00e4lle sivulle\"},{\"@type\":\"BreadcrumbList\",\"@id\":\"https:\\\/\\\/sites.uef.fi\\\/flippaus\\\/taydentava-nakokulma\\\/#breadcrumb\",\"itemListElement\":[{\"@type\":\"ListItem\",\"position\":1,\"name\":\"Home\",\"item\":\"https:\\\/\\\/sites.uef.fi\\\/flippaus\\\/\"},{\"@type\":\"ListItem\",\"position\":2,\"name\":\"T\u00e4ydent\u00e4v\u00e4 n\u00e4k\u00f6kulma\"}]},{\"@type\":\"WebSite\",\"@id\":\"https:\\\/\\\/sites.uef.fi\\\/flippaus\\\/#website\",\"url\":\"https:\\\/\\\/sites.uef.fi\\\/flippaus\\\/\",\"name\":\"Flipped Learning\",\"description\":\"\",\"publisher\":{\"@id\":\"https:\\\/\\\/sites.uef.fi\\\/flippaus\\\/#organization\"},\"potentialAction\":[{\"@type\":\"SearchAction\",\"target\":{\"@type\":\"EntryPoint\",\"urlTemplate\":\"https:\\\/\\\/sites.uef.fi\\\/flippaus\\\/?s={search_term_string}\"},\"query-input\":{\"@type\":\"PropertyValueSpecification\",\"valueRequired\":true,\"valueName\":\"search_term_string\"}}],\"inLanguage\":\"fi\"},{\"@type\":\"Organization\",\"@id\":\"https:\\\/\\\/sites.uef.fi\\\/flippaus\\\/#organization\",\"name\":\"Flipped Learning\",\"url\":\"https:\\\/\\\/sites.uef.fi\\\/flippaus\\\/\",\"logo\":{\"@type\":\"ImageObject\",\"inLanguage\":\"fi\",\"@id\":\"https:\\\/\\\/sites.uef.fi\\\/flippaus\\\/#\\\/schema\\\/logo\\\/image\\\/\",\"url\":\"https:\\\/\\\/sites.uef.fi\\\/flippaus\\\/wp-content\\\/uploads\\\/sites\\\/83\\\/2020\\\/05\\\/cropped-UEF_wordpress_white.png\",\"contentUrl\":\"https:\\\/\\\/sites.uef.fi\\\/flippaus\\\/wp-content\\\/uploads\\\/sites\\\/83\\\/2020\\\/05\\\/cropped-UEF_wordpress_white.png\",\"width\":250,\"height\":250,\"caption\":\"Flipped Learning\"},\"image\":{\"@id\":\"https:\\\/\\\/sites.uef.fi\\\/flippaus\\\/#\\\/schema\\\/logo\\\/image\\\/\"}}]}<\/script>\n<!-- \/ Yoast SEO plugin. -->","yoast_head_json":{"title":"T\u00e4ydent\u00e4v\u00e4 n\u00e4k\u00f6kulma - Flipped Learning","robots":{"index":"index","follow":"follow","max-snippet":"max-snippet:-1","max-image-preview":"max-image-preview:large","max-video-preview":"max-video-preview:-1"},"canonical":"https:\/\/sites.uef.fi\/flippaus\/taydentava-nakokulma\/","og_locale":"fi_FI","og_type":"article","og_title":"T\u00e4ydent\u00e4v\u00e4 n\u00e4k\u00f6kulma - Flipped Learning","og_description":"T\u00e4ydent\u00e4v\u00e4 n\u00e4k\u00f6kulma T\u00e4h\u00e4n osioon on koottu teemoja, jotka liittyv\u00e4t niin flippaukseen kuin muuhunkin opetukseen, ja joita on hyv\u00e4 pohtia tai ottaa huomioon opetusty\u00f6ss\u00e4. Kuvakkeita klikkaamalla p\u00e4\u00e4set tutustumaan aiheisiin.","og_url":"https:\/\/sites.uef.fi\/flippaus\/taydentava-nakokulma\/","og_site_name":"Flipped Learning","article_modified_time":"2020-12-17T11:30:33+00:00","og_image":[{"url":"https:\/\/sites.uef.fi\/flippaus\/wp-content\/uploads\/sites\/83\/2020\/11\/integratpeda_linkki.png","type":"","width":"","height":""}],"twitter_card":"summary_large_image","schema":{"@context":"https:\/\/schema.org","@graph":[{"@type":"WebPage","@id":"https:\/\/sites.uef.fi\/flippaus\/taydentava-nakokulma\/","url":"https:\/\/sites.uef.fi\/flippaus\/taydentava-nakokulma\/","name":"T\u00e4ydent\u00e4v\u00e4 n\u00e4k\u00f6kulma - Flipped Learning","isPartOf":{"@id":"https:\/\/sites.uef.fi\/flippaus\/#website"},"primaryImageOfPage":{"@id":"https:\/\/sites.uef.fi\/flippaus\/taydentava-nakokulma\/#primaryimage"},"image":{"@id":"https:\/\/sites.uef.fi\/flippaus\/taydentava-nakokulma\/#primaryimage"},"thumbnailUrl":"https:\/\/sites.uef.fi\/flippaus\/wp-content\/uploads\/sites\/83\/2020\/11\/integratpeda_linkki.png","datePublished":"2020-11-13T17:00:19+00:00","dateModified":"2020-12-17T11:30:33+00:00","breadcrumb":{"@id":"https:\/\/sites.uef.fi\/flippaus\/taydentava-nakokulma\/#breadcrumb"},"inLanguage":"fi","potentialAction":[{"@type":"ReadAction","target":["https:\/\/sites.uef.fi\/flippaus\/taydentava-nakokulma\/"]}]},{"@type":"ImageObject","inLanguage":"fi","@id":"https:\/\/sites.uef.fi\/flippaus\/taydentava-nakokulma\/#primaryimage","url":"https:\/\/sites.uef.fi\/flippaus\/wp-content\/uploads\/sites\/83\/2020\/11\/integratpeda_linkki.png","contentUrl":"https:\/\/sites.uef.fi\/flippaus\/wp-content\/uploads\/sites\/83\/2020\/11\/integratpeda_linkki.png","width":600,"height":600,"caption":"Kuva on linkki integratiivista pedagogiikkaa k\u00e4sittelev\u00e4lle sivulle"},{"@type":"BreadcrumbList","@id":"https:\/\/sites.uef.fi\/flippaus\/taydentava-nakokulma\/#breadcrumb","itemListElement":[{"@type":"ListItem","position":1,"name":"Home","item":"https:\/\/sites.uef.fi\/flippaus\/"},{"@type":"ListItem","position":2,"name":"T\u00e4ydent\u00e4v\u00e4 n\u00e4k\u00f6kulma"}]},{"@type":"WebSite","@id":"https:\/\/sites.uef.fi\/flippaus\/#website","url":"https:\/\/sites.uef.fi\/flippaus\/","name":"Flipped Learning","description":"","publisher":{"@id":"https:\/\/sites.uef.fi\/flippaus\/#organization"},"potentialAction":[{"@type":"SearchAction","target":{"@type":"EntryPoint","urlTemplate":"https:\/\/sites.uef.fi\/flippaus\/?s={search_term_string}"},"query-input":{"@type":"PropertyValueSpecification","valueRequired":true,"valueName":"search_term_string"}}],"inLanguage":"fi"},{"@type":"Organization","@id":"https:\/\/sites.uef.fi\/flippaus\/#organization","name":"Flipped Learning","url":"https:\/\/sites.uef.fi\/flippaus\/","logo":{"@type":"ImageObject","inLanguage":"fi","@id":"https:\/\/sites.uef.fi\/flippaus\/#\/schema\/logo\/image\/","url":"https:\/\/sites.uef.fi\/flippaus\/wp-content\/uploads\/sites\/83\/2020\/05\/cropped-UEF_wordpress_white.png","contentUrl":"https:\/\/sites.uef.fi\/flippaus\/wp-content\/uploads\/sites\/83\/2020\/05\/cropped-UEF_wordpress_white.png","width":250,"height":250,"caption":"Flipped Learning"},"image":{"@id":"https:\/\/sites.uef.fi\/flippaus\/#\/schema\/logo\/image\/"}}]}},"_links":{"self":[{"href":"https:\/\/sites.uef.fi\/flippaus\/wp-json\/wp\/v2\/pages\/1759","targetHints":{"allow":["GET"]}}],"collection":[{"href":"https:\/\/sites.uef.fi\/flippaus\/wp-json\/wp\/v2\/pages"}],"about":[{"href":"https:\/\/sites.uef.fi\/flippaus\/wp-json\/wp\/v2\/types\/page"}],"author":[{"embeddable":true,"href":"https:\/\/sites.uef.fi\/flippaus\/wp-json\/wp\/v2\/users\/176"}],"replies":[{"embeddable":true,"href":"https:\/\/sites.uef.fi\/flippaus\/wp-json\/wp\/v2\/comments?post=1759"}],"version-history":[{"count":2,"href":"https:\/\/sites.uef.fi\/flippaus\/wp-json\/wp\/v2\/pages\/1759\/revisions"}],"predecessor-version":[{"id":2806,"href":"https:\/\/sites.uef.fi\/flippaus\/wp-json\/wp\/v2\/pages\/1759\/revisions\/2806"}],"wp:attachment":[{"href":"https:\/\/sites.uef.fi\/flippaus\/wp-json\/wp\/v2\/media?parent=1759"}],"curies":[{"name":"wp","href":"https:\/\/api.w.org\/{rel}","templated":true}]}}