{"id":1777,"date":"2020-11-13T19:13:30","date_gmt":"2020-11-13T17:13:30","guid":{"rendered":"https:\/\/sites.uef.fi\/flippaus\/?page_id=1777"},"modified":"2023-10-31T09:20:43","modified_gmt":"2023-10-31T07:20:43","slug":"kaanteinen-oppiminen","status":"publish","type":"page","link":"https:\/\/sites.uef.fi\/flippaus\/taydentava-nakokulma\/kaanteinen-oppiminen\/","title":{"rendered":"K\u00e4\u00e4nteinen oppiminen"},"content":{"rendered":"\n<h1 class=\"wp-block-heading\">K\u00e4\u00e4nteinen oppiminen, itseohjautuvuus ja k\u00e4\u00e4nteinen arviointi<\/h1>\n\n\n\n<p>Marika Toivola keskittyy seuraavissa kahdessa videossa arvioinnin pedagogisen teht\u00e4v\u00e4n ytimeen ja ottaa vahvasti kantaa eettisen arvioinnin puolesta. Itseohjautuvuuteen ohjaaminen \u2013videossa Toivola perustelee teoreettisesti n\u00e4kemyst\u00e4\u00e4n itseohjautuvuuteen. Videon kesto on 9:29.<\/p>\n\n\n<iframe loading=\"lazy\" src=\"https:\/\/uef.cloud.panopto.eu\/Panopto\/Pages\/Embed.aspx?id=4ab5bed7-e7e2-4cd3-a710-b06700c687f3&autoplay=false&offerviewer=false&showtitle=false&showbrand=false&captions=false&interactivity=none\" height=\"375\" width=\"500\" style=\"border: 1px solid #464646;\" allowfullscreen allow=\"autoplay\" aria-label=\"Panopto Embedded Video Player\"><\/iframe>\n\n\n\n<p id=\"fliparv\">K\u00e4\u00e4nteinen arviointi -videossa (kesto 12:09) h\u00e4n antaa k\u00e4yt\u00e4nn\u00f6n esimerkin itseohjautuvuutta tukevasta arvioinnista yl\u00e4koulun matematiikassa. Videon tarkoitus ei ole toimia arviointimallina, vaan ennemminkin tuoda tukea opettajan oman arviointik\u00e4sityksen haastamiseen. Toivolan mielest\u00e4 formatiivinen arviointi tulisi ymm\u00e4rt\u00e4\u00e4 yhdeksi oppimiskulttuurin t\u00e4rkeimm\u00e4ksi tukipilariksi.<\/p>\n\n\n<iframe loading=\"lazy\" src=\"https:\/\/uef.cloud.panopto.eu\/Panopto\/Pages\/Embed.aspx?id=e63b2b88-d173-4987-8fca-b06700c70995&autoplay=false&offerviewer=false&showtitle=false&showbrand=false&captions=false&interactivity=none\" height=\"375\" width=\"500\" style=\"border: 1px solid #464646;\" allowfullscreen allow=\"autoplay\" aria-label=\"Panopto Embedded Video Player\"><\/iframe>\n","protected":false},"excerpt":{"rendered":"<p>K\u00e4\u00e4nteinen oppiminen, itseohjautuvuus ja k\u00e4\u00e4nteinen arviointi Marika Toivola keskittyy seuraavissa kahdessa videossa arvioinnin pedagogisen teht\u00e4v\u00e4n ytimeen ja ottaa vahvasti kantaa eettisen arvioinnin puolesta. Itseohjautuvuuteen ohjaaminen \u2013videossa Toivola perustelee teoreettisesti n\u00e4kemyst\u00e4\u00e4n itseohjautuvuuteen. Videon kesto on 9:29. K\u00e4\u00e4nteinen arviointi -videossa (kesto 12:09) h\u00e4n antaa k\u00e4yt\u00e4nn\u00f6n esimerkin itseohjautuvuutta tukevasta arvioinnista yl\u00e4koulun matematiikassa. Videon tarkoitus ei ole toimia arviointimallina, &hellip; <\/p>\n<p class=\"link-more\"><a href=\"https:\/\/sites.uef.fi\/flippaus\/taydentava-nakokulma\/kaanteinen-oppiminen\/\" class=\"more-link\">Jatka lukemista<span class=\"screen-reader-text\"> &#8221;K\u00e4\u00e4nteinen oppiminen&#8221;<\/span><\/a><\/p>\n","protected":false},"author":176,"featured_media":0,"parent":1759,"menu_order":0,"comment_status":"closed","ping_status":"closed","template":"","meta":{"_acf_changed":false,"_monsterinsights_skip_tracking":false,"_monsterinsights_sitenote_active":false,"_monsterinsights_sitenote_note":"","_monsterinsights_sitenote_category":0,"footnotes":""},"class_list":["post-1777","page","type-page","status-publish","hentry"],"acf":[],"yoast_head":"<!-- This site is optimized with the Yoast SEO plugin v27.1.1 - https:\/\/yoast.com\/product\/yoast-seo-wordpress\/ -->\n<title>K\u00e4\u00e4nteinen oppiminen - Flipped Learning<\/title>\n<meta name=\"robots\" content=\"index, follow, max-snippet:-1, max-image-preview:large, max-video-preview:-1\" \/>\n<link rel=\"canonical\" href=\"https:\/\/sites.uef.fi\/flippaus\/taydentava-nakokulma\/kaanteinen-oppiminen\/\" \/>\n<meta property=\"og:locale\" content=\"fi_FI\" \/>\n<meta property=\"og:type\" content=\"article\" \/>\n<meta property=\"og:title\" content=\"K\u00e4\u00e4nteinen oppiminen - Flipped Learning\" \/>\n<meta property=\"og:description\" content=\"K\u00e4\u00e4nteinen oppiminen, itseohjautuvuus ja k\u00e4\u00e4nteinen arviointi Marika Toivola keskittyy seuraavissa kahdessa videossa arvioinnin pedagogisen teht\u00e4v\u00e4n ytimeen ja ottaa vahvasti kantaa eettisen arvioinnin puolesta. Itseohjautuvuuteen ohjaaminen \u2013videossa Toivola perustelee teoreettisesti n\u00e4kemyst\u00e4\u00e4n itseohjautuvuuteen. Videon kesto on 9:29. K\u00e4\u00e4nteinen arviointi -videossa (kesto 12:09) h\u00e4n antaa k\u00e4yt\u00e4nn\u00f6n esimerkin itseohjautuvuutta tukevasta arvioinnista yl\u00e4koulun matematiikassa. Videon tarkoitus ei ole toimia arviointimallina, &hellip; Jatka lukemista &quot;K\u00e4\u00e4nteinen oppiminen&quot;\" \/>\n<meta property=\"og:url\" content=\"https:\/\/sites.uef.fi\/flippaus\/taydentava-nakokulma\/kaanteinen-oppiminen\/\" \/>\n<meta property=\"og:site_name\" content=\"Flipped Learning\" \/>\n<meta property=\"article:modified_time\" content=\"2023-10-31T07:20:43+00:00\" \/>\n<meta name=\"twitter:card\" content=\"summary_large_image\" \/>\n<meta name=\"twitter:label1\" content=\"Arvioitu lukuaika\" \/>\n\t<meta name=\"twitter:data1\" content=\"1 minuutti\" \/>\n<script type=\"application\/ld+json\" class=\"yoast-schema-graph\">{\"@context\":\"https:\/\/schema.org\",\"@graph\":[{\"@type\":\"WebPage\",\"@id\":\"https:\/\/sites.uef.fi\/flippaus\/taydentava-nakokulma\/kaanteinen-oppiminen\/\",\"url\":\"https:\/\/sites.uef.fi\/flippaus\/taydentava-nakokulma\/kaanteinen-oppiminen\/\",\"name\":\"K\u00e4\u00e4nteinen oppiminen - Flipped Learning\",\"isPartOf\":{\"@id\":\"https:\/\/sites.uef.fi\/flippaus\/#website\"},\"datePublished\":\"2020-11-13T17:13:30+00:00\",\"dateModified\":\"2023-10-31T07:20:43+00:00\",\"breadcrumb\":{\"@id\":\"https:\/\/sites.uef.fi\/flippaus\/taydentava-nakokulma\/kaanteinen-oppiminen\/#breadcrumb\"},\"inLanguage\":\"fi\",\"potentialAction\":[{\"@type\":\"ReadAction\",\"target\":[\"https:\/\/sites.uef.fi\/flippaus\/taydentava-nakokulma\/kaanteinen-oppiminen\/\"]}]},{\"@type\":\"BreadcrumbList\",\"@id\":\"https:\/\/sites.uef.fi\/flippaus\/taydentava-nakokulma\/kaanteinen-oppiminen\/#breadcrumb\",\"itemListElement\":[{\"@type\":\"ListItem\",\"position\":1,\"name\":\"Home\",\"item\":\"https:\/\/sites.uef.fi\/flippaus\/\"},{\"@type\":\"ListItem\",\"position\":2,\"name\":\"T\u00e4ydent\u00e4v\u00e4 n\u00e4k\u00f6kulma\",\"item\":\"https:\/\/sites.uef.fi\/flippaus\/taydentava-nakokulma\/\"},{\"@type\":\"ListItem\",\"position\":3,\"name\":\"K\u00e4\u00e4nteinen oppiminen\"}]},{\"@type\":\"WebSite\",\"@id\":\"https:\/\/sites.uef.fi\/flippaus\/#website\",\"url\":\"https:\/\/sites.uef.fi\/flippaus\/\",\"name\":\"Flipped Learning\",\"description\":\"\",\"publisher\":{\"@id\":\"https:\/\/sites.uef.fi\/flippaus\/#organization\"},\"potentialAction\":[{\"@type\":\"SearchAction\",\"target\":{\"@type\":\"EntryPoint\",\"urlTemplate\":\"https:\/\/sites.uef.fi\/flippaus\/?s={search_term_string}\"},\"query-input\":{\"@type\":\"PropertyValueSpecification\",\"valueRequired\":true,\"valueName\":\"search_term_string\"}}],\"inLanguage\":\"fi\"},{\"@type\":\"Organization\",\"@id\":\"https:\/\/sites.uef.fi\/flippaus\/#organization\",\"name\":\"Flipped Learning\",\"url\":\"https:\/\/sites.uef.fi\/flippaus\/\",\"logo\":{\"@type\":\"ImageObject\",\"inLanguage\":\"fi\",\"@id\":\"https:\/\/sites.uef.fi\/flippaus\/#\/schema\/logo\/image\/\",\"url\":\"https:\/\/sites.uef.fi\/flippaus\/wp-content\/uploads\/sites\/83\/2020\/05\/cropped-UEF_wordpress_white.png\",\"contentUrl\":\"https:\/\/sites.uef.fi\/flippaus\/wp-content\/uploads\/sites\/83\/2020\/05\/cropped-UEF_wordpress_white.png\",\"width\":250,\"height\":250,\"caption\":\"Flipped Learning\"},\"image\":{\"@id\":\"https:\/\/sites.uef.fi\/flippaus\/#\/schema\/logo\/image\/\"}}]}<\/script>\n<!-- \/ Yoast SEO plugin. -->","yoast_head_json":{"title":"K\u00e4\u00e4nteinen oppiminen - Flipped Learning","robots":{"index":"index","follow":"follow","max-snippet":"max-snippet:-1","max-image-preview":"max-image-preview:large","max-video-preview":"max-video-preview:-1"},"canonical":"https:\/\/sites.uef.fi\/flippaus\/taydentava-nakokulma\/kaanteinen-oppiminen\/","og_locale":"fi_FI","og_type":"article","og_title":"K\u00e4\u00e4nteinen oppiminen - Flipped Learning","og_description":"K\u00e4\u00e4nteinen oppiminen, itseohjautuvuus ja k\u00e4\u00e4nteinen arviointi Marika Toivola keskittyy seuraavissa kahdessa videossa arvioinnin pedagogisen teht\u00e4v\u00e4n ytimeen ja ottaa vahvasti kantaa eettisen arvioinnin puolesta. Itseohjautuvuuteen ohjaaminen \u2013videossa Toivola perustelee teoreettisesti n\u00e4kemyst\u00e4\u00e4n itseohjautuvuuteen. Videon kesto on 9:29. K\u00e4\u00e4nteinen arviointi -videossa (kesto 12:09) h\u00e4n antaa k\u00e4yt\u00e4nn\u00f6n esimerkin itseohjautuvuutta tukevasta arvioinnista yl\u00e4koulun matematiikassa. Videon tarkoitus ei ole toimia arviointimallina, &hellip; Jatka lukemista \"K\u00e4\u00e4nteinen oppiminen\"","og_url":"https:\/\/sites.uef.fi\/flippaus\/taydentava-nakokulma\/kaanteinen-oppiminen\/","og_site_name":"Flipped Learning","article_modified_time":"2023-10-31T07:20:43+00:00","twitter_card":"summary_large_image","twitter_misc":{"Arvioitu lukuaika":"1 minuutti"},"schema":{"@context":"https:\/\/schema.org","@graph":[{"@type":"WebPage","@id":"https:\/\/sites.uef.fi\/flippaus\/taydentava-nakokulma\/kaanteinen-oppiminen\/","url":"https:\/\/sites.uef.fi\/flippaus\/taydentava-nakokulma\/kaanteinen-oppiminen\/","name":"K\u00e4\u00e4nteinen oppiminen - Flipped Learning","isPartOf":{"@id":"https:\/\/sites.uef.fi\/flippaus\/#website"},"datePublished":"2020-11-13T17:13:30+00:00","dateModified":"2023-10-31T07:20:43+00:00","breadcrumb":{"@id":"https:\/\/sites.uef.fi\/flippaus\/taydentava-nakokulma\/kaanteinen-oppiminen\/#breadcrumb"},"inLanguage":"fi","potentialAction":[{"@type":"ReadAction","target":["https:\/\/sites.uef.fi\/flippaus\/taydentava-nakokulma\/kaanteinen-oppiminen\/"]}]},{"@type":"BreadcrumbList","@id":"https:\/\/sites.uef.fi\/flippaus\/taydentava-nakokulma\/kaanteinen-oppiminen\/#breadcrumb","itemListElement":[{"@type":"ListItem","position":1,"name":"Home","item":"https:\/\/sites.uef.fi\/flippaus\/"},{"@type":"ListItem","position":2,"name":"T\u00e4ydent\u00e4v\u00e4 n\u00e4k\u00f6kulma","item":"https:\/\/sites.uef.fi\/flippaus\/taydentava-nakokulma\/"},{"@type":"ListItem","position":3,"name":"K\u00e4\u00e4nteinen oppiminen"}]},{"@type":"WebSite","@id":"https:\/\/sites.uef.fi\/flippaus\/#website","url":"https:\/\/sites.uef.fi\/flippaus\/","name":"Flipped Learning","description":"","publisher":{"@id":"https:\/\/sites.uef.fi\/flippaus\/#organization"},"potentialAction":[{"@type":"SearchAction","target":{"@type":"EntryPoint","urlTemplate":"https:\/\/sites.uef.fi\/flippaus\/?s={search_term_string}"},"query-input":{"@type":"PropertyValueSpecification","valueRequired":true,"valueName":"search_term_string"}}],"inLanguage":"fi"},{"@type":"Organization","@id":"https:\/\/sites.uef.fi\/flippaus\/#organization","name":"Flipped Learning","url":"https:\/\/sites.uef.fi\/flippaus\/","logo":{"@type":"ImageObject","inLanguage":"fi","@id":"https:\/\/sites.uef.fi\/flippaus\/#\/schema\/logo\/image\/","url":"https:\/\/sites.uef.fi\/flippaus\/wp-content\/uploads\/sites\/83\/2020\/05\/cropped-UEF_wordpress_white.png","contentUrl":"https:\/\/sites.uef.fi\/flippaus\/wp-content\/uploads\/sites\/83\/2020\/05\/cropped-UEF_wordpress_white.png","width":250,"height":250,"caption":"Flipped Learning"},"image":{"@id":"https:\/\/sites.uef.fi\/flippaus\/#\/schema\/logo\/image\/"}}]}},"_links":{"self":[{"href":"https:\/\/sites.uef.fi\/flippaus\/wp-json\/wp\/v2\/pages\/1777","targetHints":{"allow":["GET"]}}],"collection":[{"href":"https:\/\/sites.uef.fi\/flippaus\/wp-json\/wp\/v2\/pages"}],"about":[{"href":"https:\/\/sites.uef.fi\/flippaus\/wp-json\/wp\/v2\/types\/page"}],"author":[{"embeddable":true,"href":"https:\/\/sites.uef.fi\/flippaus\/wp-json\/wp\/v2\/users\/176"}],"replies":[{"embeddable":true,"href":"https:\/\/sites.uef.fi\/flippaus\/wp-json\/wp\/v2\/comments?post=1777"}],"version-history":[{"count":2,"href":"https:\/\/sites.uef.fi\/flippaus\/wp-json\/wp\/v2\/pages\/1777\/revisions"}],"predecessor-version":[{"id":3451,"href":"https:\/\/sites.uef.fi\/flippaus\/wp-json\/wp\/v2\/pages\/1777\/revisions\/3451"}],"up":[{"embeddable":true,"href":"https:\/\/sites.uef.fi\/flippaus\/wp-json\/wp\/v2\/pages\/1759"}],"wp:attachment":[{"href":"https:\/\/sites.uef.fi\/flippaus\/wp-json\/wp\/v2\/media?parent=1777"}],"curies":[{"name":"wp","href":"https:\/\/api.w.org\/{rel}","templated":true}]}}