{"id":2270,"date":"2020-12-15T20:27:55","date_gmt":"2020-12-15T18:27:55","guid":{"rendered":"https:\/\/sites.uef.fi\/flippaus\/?page_id=2270"},"modified":"2023-10-31T09:21:37","modified_gmt":"2023-10-31T07:21:37","slug":"irtoprotetiikan-opintojakson-kehittaminen","status":"publish","type":"page","link":"https:\/\/sites.uef.fi\/flippaus\/flippedlearning\/kehittamishankkeet\/irtoprotetiikan-opintojakson-kehittaminen\/","title":{"rendered":"Irtoprotetiikan opintojakson kehitt\u00e4minen"},"content":{"rendered":"\n<h1 class=\"wp-block-heading\" id=\"yui_patched_v3_11_0_1_1608056801165_441\">Hammasl\u00e4\u00e4ketieteen Irtoprotetiikan kurssin kehitt\u00e4minen<\/h1>\n\n\n\n<p>Vuonna 2016 p\u00e4\u00e4sin It\u00e4 Suomen yliopiston Opintopalveluiden j\u00e4rjest\u00e4m\u00e4\u00e4n Flipped classroom -koulutukseen sain \u201dflipattavaksi\u201d 3 op:n kurssin &#8221;Irtoprotetiikka\u201d. Flippaamalla muokattu kurssi muutettiin aiemmasta niin, ett\u00e4 luentom\u00e4\u00e4ri\u00e4 tiivistettiin, videomateriaalia tuotettiin opetusmateriaaliksi ja l\u00e4hiopetusta toteutettiin pienryhmiss\u00e4. Pienryhm\u00e4- ja luento-opettajat olivat hammasl\u00e4\u00e4k\u00e4ri ja erikoishammasteknikko, jolloin opetuksessa v\u00e4littyi ja mahdollistui teknisen osuuden opetus aiemmasta poiketen. Koska proteesien valmistus vaatii aina potilaan sek\u00e4 kalliin laboratoriovaiheen, on opetus ollut aina haasteellista. Perusopetuksen j\u00e4lkeen opiskelijalla tulisi olla valmius valmistaa proteesit potilaalle hammasl\u00e4\u00e4k\u00e4rin ohjauksessa klinikassa, mutta potilaspula (proteettiset potilaat) sek\u00e4 opetushenkil\u00f6st\u00f6n vajaus ei mahdollista aina oppiaineen tavoitteiden t\u00e4yttymist\u00e4. Siksi perusopetuksen puolella pit\u00e4\u00e4 keksi\u00e4 entist\u00e4 enemm\u00e4n autenttisia ratkaisuja ja aiempaa parempia opetusteknisi\u00e4 innovaatioita, joiden avulla perushammasl\u00e4\u00e4k\u00e4rin taidot protetiikassa olisivat kansainv\u00e4lisi\u00e4 ADEE-kompetensseja vastaavalla tasolla. Flipattuna kurssi toteutui pienemm\u00e4ll\u00e4 opetushenkil\u00f6resurssilla, opetus toimi hyvin pienryhmiss\u00e4 ja harjoitukset palvelivat oppiaineen tavoitteita.<\/p>\n\n\n\n<h2 class=\"wp-block-heading\">Prote-kurssin kehitt\u00e4misen perusteet<\/h2>\n\n\n\n<p>Irtoprotetiikan kurssi toteutuu nelj\u00e4nnen opintovuoden alussa, jota ennen opiskelijat ovat toimineet klinikassa potilast\u00f6iss\u00e4 vasta yhden kev\u00e4\u00e4n. Heill\u00e4 on siis hieman kokemusta jo proteeseista, mutta viel\u00e4 hyvin v\u00e4h\u00e4n k\u00e4sityst\u00e4 kokonaishoidon tavoitteista. Protetiikan opettaminen on haaste perusopetuksessa, koska siihen kuuluu olennaisena osana yhteisty\u00f6 hammaslaboratorion kanssa eli my\u00f6s tekninen osuus. Proteesin valmistus sis\u00e4lt\u00e4\u00e4 siis kalliita laboratoriokustannuksia sek\u00e4 tarvitsisi oikean potilaan, jonka vuoksi perusopetuksessa ei voida harjoitella hoitoprosessia kuin teoreettisesti ja suunnittelutasolta. Hankerahoilla pystyttiin tuottamaan opetusmateriaaliksi yleisimpi\u00e4 proteesimalleja 3D-tuotoksina, joiden avulla proteesisuunnittelu ja opetuksen ymm\u00e4rt\u00e4minen helpottuu. Samalla mallit toimivat klinikassa potilaan hoidonsuunnittelun apuna. 3D-tekniikalla tuotetut lasersintratut proteesin runkomallit ovat uutta tulevaisuuden tekniikkaa, jolloin samalla tuotokset toimivat tulevaisuuden visiomallina ja ohjaavat opiskelijaa uusiin proteesinvalmistusratkaisuihin perinteisten menetelmien ohella.<\/p>\n\n\n\n<p>Videolla esitell\u00e4\u00e4n erilaisia 3D-malleja proteesisuunnittelua varten:<\/p>\n\n\n<iframe loading=\"lazy\" src=\"https:\/\/uef.cloud.panopto.eu\/Panopto\/Pages\/Embed.aspx?id=6fe4ecf5-60ee-46cb-bfe7-b06700cb086b&autoplay=false&offerviewer=false&showtitle=false&showbrand=false&captions=false&interactivity=none\" height=\"375\" width=\"500\" style=\"border: 1px solid #464646;\" allowfullscreen allow=\"autoplay\" aria-label=\"Panopto Embedded Video Player\"><\/iframe>\n\n\n\n<h2 class=\"wp-block-heading\">Opiskelijal\u00e4ht\u00f6isyys<\/h2>\n\n\n\n<p>Irtoprotetiikkaa l\u00e4hdin kehitt\u00e4m\u00e4\u00e4n toiveena saada tehokkaampaa ja k\u00e4yt\u00e4nn\u00f6n valmiuksia paremmin tarjoavaa opetusta ko oppiaineeseen. Tavoite koko yliopistossa on opetuksen kehitt\u00e4minen ja pedagogisen ajattelun\/toteutuksen lis\u00e4\u00e4minen. Hankkeessa mukana oleva opiskelija tekee hankkeesta ja flipatusta kurssista opinn\u00e4ytety\u00f6n, jonka oheismateriaalina syntyy opetukseen ja potilasty\u00f6h\u00f6n hy\u00f6dynnett\u00e4v\u00e4 irtoproteesin suunnitteluvihkonen. Lis\u00e4ksi 3D- mallit ovat sek\u00e4 simulassa ett\u00e4 klinikassa hy\u00f6dynnett\u00e4v\u00e4\u00e4 opetusmateriaalia. Syvent\u00e4v\u00e4n ty\u00f6n muodossa opetuksen kehitt\u00e4misen n\u00e4k\u00f6kulma sek\u00e4 konkreettiset proteesimallit\/ohjevihko ovat n\u00e4in mahdollisesti siirrett\u00e4v\u00e4\u00e4 tuotosta my\u00f6s muihin oppilaitoksiin tarvittaessa.<\/p>\n\n\n\n<p>Videolla on esimerkki proteesin suunnittelusta ja mallinnuksesta tietokoneohjelmaa k\u00e4ytt\u00e4en. <\/p>\n\n\n<iframe loading=\"lazy\" src=\"https:\/\/uef.cloud.panopto.eu\/Panopto\/Pages\/Embed.aspx?id=d13e0f86-ee17-467b-9379-b0680057f704&autoplay=false&offerviewer=false&showtitle=false&showbrand=false&captions=false&interactivity=none\" height=\"375\" width=\"500\" style=\"border: 1px solid #464646;\" allowfullscreen allow=\"autoplay\" aria-label=\"Panopto Embedded Video Player\"><\/iframe>\n\n\n\n<h2 class=\"wp-block-heading\">Arviointi<\/h2>\n\n\n\n<p>Flipattu kurssi on saanut erinomaista palautetta, syksyll\u00e4 uudistettu kokonaisuus toteutuu nelj\u00e4nnen kerran. Malleja opetuksen avuksi on kaivattu, koska yksikk\u00f6mme on pieni, eiv\u00e4tk\u00e4 taloudelliset resurssit salli valmismallien tilaamista opetusk\u00e4ytt\u00f6\u00f6n. Hankerahoilla toteutetut mallit ovat muutoinkin valmismalleja parempia, koska ne on valmistettu \u201doikeilta\u201d potilailta otettuihin valoksiin ja ovat n\u00e4in l\u00e4hemp\u00e4n\u00e4 oikeita ratkaisuita kuin frasacomallit. Perusopetuksen puolelle kaikki opetusta tukevat ratkaisut ovat tarpeen, koska saliopetuksessa t\u00e4ll\u00e4 hetkell\u00e4 on suuri resurssipula ja ohjaus voi salissa j\u00e4\u00e4d\u00e4 v\u00e4hemm\u00e4lle. N\u00e4in kaikki opetuksen apuv\u00e4lineet, videomateriaalit ja konkreettiset valmismallit auttavat ja tukevat opiskelijaa itseohjautuvuuteen, mik\u00e4 helpottaa my\u00f6s saliopetusta.<\/p>\n\n\n\n<h2 class=\"wp-block-heading\">Hankkeen toimijat<\/h2>\n\n\n\n<p>Hankkeessa mukana on toiminut Hammaslaboratorio Mallihammas, opetuksessa sin\u00e4ns\u00e4 erikoishammasteknikko Anssi Soininen. Opiskelijana syvent\u00e4vien muodossa mukana on ollut Niklas Tuppurainen.<\/p>\n\n\n\n<p>Kiitos flippariporukalle, ett\u00e4 olen saanut olla hankkeessa mukana ja kiitos n\u00e4ille edell\u00e4mainituille yhteisty\u00f6kumppaneille ja opiskelijalle.<\/p>\n\n\n\n<h2 class=\"wp-block-heading\">Yhteystiedot<\/h2>\n\n\n\n<p>HLL, yliopisto-opettaja, hammasl\u00e4\u00e4k\u00e4rikouluttaja Satu Korpisaari (s\u00e4hk\u00f6posti: etunimi.sukunimi(at)uef.fi)<\/p>\n\n\n\n<p>It\u00e4-Suomen yliopisto<\/p>\n\n\n\n<p>Terveystieteet\/hammasl\u00e4\u00e4ketieteen yksikk\u00f6<\/p>\n","protected":false},"excerpt":{"rendered":"<p>Hammasl\u00e4\u00e4ketieteen Irtoprotetiikan kurssin kehitt\u00e4minen Vuonna 2016 p\u00e4\u00e4sin It\u00e4 Suomen yliopiston Opintopalveluiden j\u00e4rjest\u00e4m\u00e4\u00e4n Flipped classroom -koulutukseen sain \u201dflipattavaksi\u201d 3 op:n kurssin &#8221;Irtoprotetiikka\u201d. Flippaamalla muokattu kurssi muutettiin aiemmasta niin, ett\u00e4 luentom\u00e4\u00e4ri\u00e4 tiivistettiin, videomateriaalia tuotettiin opetusmateriaaliksi ja l\u00e4hiopetusta toteutettiin pienryhmiss\u00e4. Pienryhm\u00e4- ja luento-opettajat olivat hammasl\u00e4\u00e4k\u00e4ri ja erikoishammasteknikko, jolloin opetuksessa v\u00e4littyi ja mahdollistui teknisen osuuden opetus aiemmasta poiketen. Koska &hellip; <\/p>\n<p class=\"link-more\"><a href=\"https:\/\/sites.uef.fi\/flippaus\/flippedlearning\/kehittamishankkeet\/irtoprotetiikan-opintojakson-kehittaminen\/\" class=\"more-link\">Jatka lukemista<span class=\"screen-reader-text\"> &#8221;Irtoprotetiikan opintojakson kehitt\u00e4minen&#8221;<\/span><\/a><\/p>\n","protected":false},"author":176,"featured_media":0,"parent":1067,"menu_order":1,"comment_status":"closed","ping_status":"closed","template":"","meta":{"_acf_changed":false,"_monsterinsights_skip_tracking":false,"_monsterinsights_sitenote_active":false,"_monsterinsights_sitenote_note":"","_monsterinsights_sitenote_category":0,"footnotes":""},"class_list":["post-2270","page","type-page","status-publish","hentry"],"acf":[],"yoast_head":"<!-- This site is optimized with the Yoast SEO plugin v27.3 - https:\/\/yoast.com\/product\/yoast-seo-wordpress\/ -->\n<title>Irtoprotetiikan opintojakson kehitt\u00e4minen - Flipped Learning<\/title>\n<meta name=\"robots\" content=\"index, follow, max-snippet:-1, max-image-preview:large, max-video-preview:-1\" \/>\n<link rel=\"canonical\" href=\"https:\/\/sites.uef.fi\/flippaus\/flippedlearning\/kehittamishankkeet\/irtoprotetiikan-opintojakson-kehittaminen\/\" \/>\n<meta property=\"og:locale\" content=\"fi_FI\" \/>\n<meta property=\"og:type\" content=\"article\" \/>\n<meta property=\"og:title\" content=\"Irtoprotetiikan opintojakson kehitt\u00e4minen - Flipped Learning\" \/>\n<meta property=\"og:description\" content=\"Hammasl\u00e4\u00e4ketieteen Irtoprotetiikan kurssin kehitt\u00e4minen Vuonna 2016 p\u00e4\u00e4sin It\u00e4 Suomen yliopiston Opintopalveluiden j\u00e4rjest\u00e4m\u00e4\u00e4n Flipped classroom -koulutukseen sain \u201dflipattavaksi\u201d 3 op:n kurssin &#8221;Irtoprotetiikka\u201d. Flippaamalla muokattu kurssi muutettiin aiemmasta niin, ett\u00e4 luentom\u00e4\u00e4ri\u00e4 tiivistettiin, videomateriaalia tuotettiin opetusmateriaaliksi ja l\u00e4hiopetusta toteutettiin pienryhmiss\u00e4. Pienryhm\u00e4- ja luento-opettajat olivat hammasl\u00e4\u00e4k\u00e4ri ja erikoishammasteknikko, jolloin opetuksessa v\u00e4littyi ja mahdollistui teknisen osuuden opetus aiemmasta poiketen. Koska &hellip; Jatka lukemista &quot;Irtoprotetiikan opintojakson kehitt\u00e4minen&quot;\" \/>\n<meta property=\"og:url\" content=\"https:\/\/sites.uef.fi\/flippaus\/flippedlearning\/kehittamishankkeet\/irtoprotetiikan-opintojakson-kehittaminen\/\" \/>\n<meta property=\"og:site_name\" content=\"Flipped Learning\" \/>\n<meta property=\"article:modified_time\" content=\"2023-10-31T07:21:37+00:00\" \/>\n<meta name=\"twitter:card\" content=\"summary_large_image\" \/>\n<meta name=\"twitter:label1\" content=\"Arvioitu lukuaika\" \/>\n\t<meta name=\"twitter:data1\" content=\"4 minuuttia\" \/>\n<script type=\"application\/ld+json\" class=\"yoast-schema-graph\">{\"@context\":\"https:\\\/\\\/schema.org\",\"@graph\":[{\"@type\":\"WebPage\",\"@id\":\"https:\\\/\\\/sites.uef.fi\\\/flippaus\\\/flippedlearning\\\/kehittamishankkeet\\\/irtoprotetiikan-opintojakson-kehittaminen\\\/\",\"url\":\"https:\\\/\\\/sites.uef.fi\\\/flippaus\\\/flippedlearning\\\/kehittamishankkeet\\\/irtoprotetiikan-opintojakson-kehittaminen\\\/\",\"name\":\"Irtoprotetiikan opintojakson kehitt\u00e4minen - Flipped Learning\",\"isPartOf\":{\"@id\":\"https:\\\/\\\/sites.uef.fi\\\/flippaus\\\/#website\"},\"datePublished\":\"2020-12-15T18:27:55+00:00\",\"dateModified\":\"2023-10-31T07:21:37+00:00\",\"breadcrumb\":{\"@id\":\"https:\\\/\\\/sites.uef.fi\\\/flippaus\\\/flippedlearning\\\/kehittamishankkeet\\\/irtoprotetiikan-opintojakson-kehittaminen\\\/#breadcrumb\"},\"inLanguage\":\"fi\",\"potentialAction\":[{\"@type\":\"ReadAction\",\"target\":[\"https:\\\/\\\/sites.uef.fi\\\/flippaus\\\/flippedlearning\\\/kehittamishankkeet\\\/irtoprotetiikan-opintojakson-kehittaminen\\\/\"]}]},{\"@type\":\"BreadcrumbList\",\"@id\":\"https:\\\/\\\/sites.uef.fi\\\/flippaus\\\/flippedlearning\\\/kehittamishankkeet\\\/irtoprotetiikan-opintojakson-kehittaminen\\\/#breadcrumb\",\"itemListElement\":[{\"@type\":\"ListItem\",\"position\":1,\"name\":\"Home\",\"item\":\"https:\\\/\\\/sites.uef.fi\\\/flippaus\\\/\"},{\"@type\":\"ListItem\",\"position\":2,\"name\":\"Flipped Learning -hanke\",\"item\":\"https:\\\/\\\/sites.uef.fi\\\/flippaus\\\/flippedlearning\\\/\"},{\"@type\":\"ListItem\",\"position\":3,\"name\":\"Kehitt\u00e4mishankkeet\",\"item\":\"https:\\\/\\\/sites.uef.fi\\\/flippaus\\\/flippedlearning\\\/kehittamishankkeet\\\/\"},{\"@type\":\"ListItem\",\"position\":4,\"name\":\"Irtoprotetiikan opintojakson kehitt\u00e4minen\"}]},{\"@type\":\"WebSite\",\"@id\":\"https:\\\/\\\/sites.uef.fi\\\/flippaus\\\/#website\",\"url\":\"https:\\\/\\\/sites.uef.fi\\\/flippaus\\\/\",\"name\":\"Flipped Learning\",\"description\":\"\",\"publisher\":{\"@id\":\"https:\\\/\\\/sites.uef.fi\\\/flippaus\\\/#organization\"},\"potentialAction\":[{\"@type\":\"SearchAction\",\"target\":{\"@type\":\"EntryPoint\",\"urlTemplate\":\"https:\\\/\\\/sites.uef.fi\\\/flippaus\\\/?s={search_term_string}\"},\"query-input\":{\"@type\":\"PropertyValueSpecification\",\"valueRequired\":true,\"valueName\":\"search_term_string\"}}],\"inLanguage\":\"fi\"},{\"@type\":\"Organization\",\"@id\":\"https:\\\/\\\/sites.uef.fi\\\/flippaus\\\/#organization\",\"name\":\"Flipped Learning\",\"url\":\"https:\\\/\\\/sites.uef.fi\\\/flippaus\\\/\",\"logo\":{\"@type\":\"ImageObject\",\"inLanguage\":\"fi\",\"@id\":\"https:\\\/\\\/sites.uef.fi\\\/flippaus\\\/#\\\/schema\\\/logo\\\/image\\\/\",\"url\":\"https:\\\/\\\/sites.uef.fi\\\/flippaus\\\/wp-content\\\/uploads\\\/sites\\\/83\\\/2020\\\/05\\\/cropped-UEF_wordpress_white.png\",\"contentUrl\":\"https:\\\/\\\/sites.uef.fi\\\/flippaus\\\/wp-content\\\/uploads\\\/sites\\\/83\\\/2020\\\/05\\\/cropped-UEF_wordpress_white.png\",\"width\":250,\"height\":250,\"caption\":\"Flipped Learning\"},\"image\":{\"@id\":\"https:\\\/\\\/sites.uef.fi\\\/flippaus\\\/#\\\/schema\\\/logo\\\/image\\\/\"}}]}<\/script>\n<!-- \/ Yoast SEO plugin. -->","yoast_head_json":{"title":"Irtoprotetiikan opintojakson kehitt\u00e4minen - Flipped Learning","robots":{"index":"index","follow":"follow","max-snippet":"max-snippet:-1","max-image-preview":"max-image-preview:large","max-video-preview":"max-video-preview:-1"},"canonical":"https:\/\/sites.uef.fi\/flippaus\/flippedlearning\/kehittamishankkeet\/irtoprotetiikan-opintojakson-kehittaminen\/","og_locale":"fi_FI","og_type":"article","og_title":"Irtoprotetiikan opintojakson kehitt\u00e4minen - Flipped Learning","og_description":"Hammasl\u00e4\u00e4ketieteen Irtoprotetiikan kurssin kehitt\u00e4minen Vuonna 2016 p\u00e4\u00e4sin It\u00e4 Suomen yliopiston Opintopalveluiden j\u00e4rjest\u00e4m\u00e4\u00e4n Flipped classroom -koulutukseen sain \u201dflipattavaksi\u201d 3 op:n kurssin &#8221;Irtoprotetiikka\u201d. Flippaamalla muokattu kurssi muutettiin aiemmasta niin, ett\u00e4 luentom\u00e4\u00e4ri\u00e4 tiivistettiin, videomateriaalia tuotettiin opetusmateriaaliksi ja l\u00e4hiopetusta toteutettiin pienryhmiss\u00e4. Pienryhm\u00e4- ja luento-opettajat olivat hammasl\u00e4\u00e4k\u00e4ri ja erikoishammasteknikko, jolloin opetuksessa v\u00e4littyi ja mahdollistui teknisen osuuden opetus aiemmasta poiketen. Koska &hellip; Jatka lukemista \"Irtoprotetiikan opintojakson kehitt\u00e4minen\"","og_url":"https:\/\/sites.uef.fi\/flippaus\/flippedlearning\/kehittamishankkeet\/irtoprotetiikan-opintojakson-kehittaminen\/","og_site_name":"Flipped Learning","article_modified_time":"2023-10-31T07:21:37+00:00","twitter_card":"summary_large_image","twitter_misc":{"Arvioitu lukuaika":"4 minuuttia"},"schema":{"@context":"https:\/\/schema.org","@graph":[{"@type":"WebPage","@id":"https:\/\/sites.uef.fi\/flippaus\/flippedlearning\/kehittamishankkeet\/irtoprotetiikan-opintojakson-kehittaminen\/","url":"https:\/\/sites.uef.fi\/flippaus\/flippedlearning\/kehittamishankkeet\/irtoprotetiikan-opintojakson-kehittaminen\/","name":"Irtoprotetiikan opintojakson kehitt\u00e4minen - Flipped Learning","isPartOf":{"@id":"https:\/\/sites.uef.fi\/flippaus\/#website"},"datePublished":"2020-12-15T18:27:55+00:00","dateModified":"2023-10-31T07:21:37+00:00","breadcrumb":{"@id":"https:\/\/sites.uef.fi\/flippaus\/flippedlearning\/kehittamishankkeet\/irtoprotetiikan-opintojakson-kehittaminen\/#breadcrumb"},"inLanguage":"fi","potentialAction":[{"@type":"ReadAction","target":["https:\/\/sites.uef.fi\/flippaus\/flippedlearning\/kehittamishankkeet\/irtoprotetiikan-opintojakson-kehittaminen\/"]}]},{"@type":"BreadcrumbList","@id":"https:\/\/sites.uef.fi\/flippaus\/flippedlearning\/kehittamishankkeet\/irtoprotetiikan-opintojakson-kehittaminen\/#breadcrumb","itemListElement":[{"@type":"ListItem","position":1,"name":"Home","item":"https:\/\/sites.uef.fi\/flippaus\/"},{"@type":"ListItem","position":2,"name":"Flipped Learning -hanke","item":"https:\/\/sites.uef.fi\/flippaus\/flippedlearning\/"},{"@type":"ListItem","position":3,"name":"Kehitt\u00e4mishankkeet","item":"https:\/\/sites.uef.fi\/flippaus\/flippedlearning\/kehittamishankkeet\/"},{"@type":"ListItem","position":4,"name":"Irtoprotetiikan opintojakson kehitt\u00e4minen"}]},{"@type":"WebSite","@id":"https:\/\/sites.uef.fi\/flippaus\/#website","url":"https:\/\/sites.uef.fi\/flippaus\/","name":"Flipped Learning","description":"","publisher":{"@id":"https:\/\/sites.uef.fi\/flippaus\/#organization"},"potentialAction":[{"@type":"SearchAction","target":{"@type":"EntryPoint","urlTemplate":"https:\/\/sites.uef.fi\/flippaus\/?s={search_term_string}"},"query-input":{"@type":"PropertyValueSpecification","valueRequired":true,"valueName":"search_term_string"}}],"inLanguage":"fi"},{"@type":"Organization","@id":"https:\/\/sites.uef.fi\/flippaus\/#organization","name":"Flipped Learning","url":"https:\/\/sites.uef.fi\/flippaus\/","logo":{"@type":"ImageObject","inLanguage":"fi","@id":"https:\/\/sites.uef.fi\/flippaus\/#\/schema\/logo\/image\/","url":"https:\/\/sites.uef.fi\/flippaus\/wp-content\/uploads\/sites\/83\/2020\/05\/cropped-UEF_wordpress_white.png","contentUrl":"https:\/\/sites.uef.fi\/flippaus\/wp-content\/uploads\/sites\/83\/2020\/05\/cropped-UEF_wordpress_white.png","width":250,"height":250,"caption":"Flipped Learning"},"image":{"@id":"https:\/\/sites.uef.fi\/flippaus\/#\/schema\/logo\/image\/"}}]}},"_links":{"self":[{"href":"https:\/\/sites.uef.fi\/flippaus\/wp-json\/wp\/v2\/pages\/2270","targetHints":{"allow":["GET"]}}],"collection":[{"href":"https:\/\/sites.uef.fi\/flippaus\/wp-json\/wp\/v2\/pages"}],"about":[{"href":"https:\/\/sites.uef.fi\/flippaus\/wp-json\/wp\/v2\/types\/page"}],"author":[{"embeddable":true,"href":"https:\/\/sites.uef.fi\/flippaus\/wp-json\/wp\/v2\/users\/176"}],"replies":[{"embeddable":true,"href":"https:\/\/sites.uef.fi\/flippaus\/wp-json\/wp\/v2\/comments?post=2270"}],"version-history":[{"count":2,"href":"https:\/\/sites.uef.fi\/flippaus\/wp-json\/wp\/v2\/pages\/2270\/revisions"}],"predecessor-version":[{"id":3457,"href":"https:\/\/sites.uef.fi\/flippaus\/wp-json\/wp\/v2\/pages\/2270\/revisions\/3457"}],"up":[{"embeddable":true,"href":"https:\/\/sites.uef.fi\/flippaus\/wp-json\/wp\/v2\/pages\/1067"}],"wp:attachment":[{"href":"https:\/\/sites.uef.fi\/flippaus\/wp-json\/wp\/v2\/media?parent=2270"}],"curies":[{"name":"wp","href":"https:\/\/api.w.org\/{rel}","templated":true}]}}