{"id":567,"date":"2020-07-02T14:52:06","date_gmt":"2020-07-02T11:52:06","guid":{"rendered":"https:\/\/sites.uef.fi\/flippaus\/?page_id=567"},"modified":"2021-04-09T18:17:52","modified_gmt":"2021-04-09T15:17:52","slug":"tekijat","status":"publish","type":"page","link":"https:\/\/sites.uef.fi\/flippaus\/tekijat\/","title":{"rendered":"tekij\u00e4t"},"content":{"rendered":"\n<div class=\"wp-block-group\"><div class=\"wp-block-group__inner-container is-layout-flow wp-block-group-is-layout-flow\">\n<h1 class=\"wp-block-heading\">Manuaalin tekij\u00e4t<\/h1>\n<\/div><\/div>\n\n\n\n<p>Flippausmanuaalin on toimittanut Ameba-tiimi. Materiaali on avoin kaikille kiinnostuneille ja sit\u00e4 voi halutessaan jakaa esimerkiksi ty\u00f6tovereille. Sivustouudistuksen my\u00f6t\u00e4 Flippausmanuaalista on syntynyt toinen painos ja voit viitata koko manuaaliin (sivustoon) seuraavasti:<\/p>\n\n\n\n<p><em>Sointu, E. T., Kankaanp\u00e4\u00e4, J., Saarelainen, M., Valtonen, T., Ronkainen, A., Heikkinen, L., Kaasinen, A. R., Pekkarinen, V., Atjonen, P., Manninen, J., M\u00e4kitalo, K., &amp; Hirsto, L. (toim.) (2021). Flippausmanuaali, 2. painos. Haettu pp.kk.vvvv osoitteesta <strong>http:\/\/www.sites.uef.fi\/flippaus\/<\/strong>.<\/em> ISBN: 978-952-61-3755-1<\/p>\n\n\n\n<p>Jos viittaat yksitt\u00e4iseen videoon tai dokumenttiin, mainitse videon tekij\u00e4 ja nimi. Esimerkiksi:<\/p>\n\n\n\n<p><em>Sointu, E.T. (2021). Flippausesittely. Teoksessa E. T. Sointu J. Kankaanp\u00e4\u00e4, M. Saarelainen, T. Valtonen, A. Ronkainen, L. Heikkinen, A., Kaasinen, V. Pekkarinen, P. Atjonen, J. Manninen, K M\u00e4kitalo &amp; L. Hirsto\u00a0 (toim.) Flippausmanuaali, 2. painos. Haettu pp.kk.vvvv osoitteesta <strong>http:\/\/www.sites.uef.fi\/flippaus\/flippausmanuaali<\/strong>.<\/em> ISBN: 978-952-61-3755-1<\/p>\n\n\n\n<h2 class=\"wp-block-heading\">Manuaalin tuottamiseen ovat osallistuneet seuraavat henkil\u00f6t:<\/h2>\n\n\n\n<figure class=\"wp-block-table is-style-stripes\"><table><tbody><tr><td><strong>sukunimi<\/strong><\/td><td><strong>etunimi<\/strong><\/td><td><strong>asema<\/strong><\/td><td><strong>organisaatio<\/strong><\/td><\/tr><tr><td>Atjonen<\/td><td>P\u00e4ivi<\/td><td>professori<\/td><td>UEF<\/td><\/tr><tr><td>Heikkinen<\/td><td>Lasse<\/td><td>yliopistotutkija<\/td><td>UEF<\/td><\/tr><tr><td>Hirsto<\/td><td>Laura<\/td><td>professori<\/td><td>UEF<\/td><\/tr><tr><td>Holopainen<\/td><td>Riitta<\/td><td>tietoasiantuntija<\/td><td>UEF<\/td><\/tr><tr><td>Kaasinen<\/td><td>Anna<\/td><td>yliopistonlehtori<\/td><td>UEF<\/td><\/tr><tr><td>Kankaanp\u00e4\u00e4<\/td><td>Jenni<\/td><td>projektitutkija<\/td><td>UEF<\/td><\/tr><tr><td>Kauppila<\/td><td>Antti<\/td><td><\/td><td><\/td><\/tr><tr><td>Manninen<\/td><td>Jyri<\/td><td>professori<\/td><td>UEF<\/td><\/tr><tr><td>M\u00e4kitalo<\/td><td>Kati<\/td><td>professori<\/td><td>Oulun yliopisto<\/td><\/tr><tr><td>Nevalainen<\/td><td>Tapio<\/td><td>yliopistonlehtori<\/td><td>UEF<\/td><\/tr><tr><td>Niskanen<\/td><td>Sanna<\/td><td>puheviestinn\u00e4n yliopisto-opettaja<\/td><td>UEF<\/td><\/tr><tr><td>Paajanen<\/td><td>Vesa<\/td><td>yliopistonlehtori<\/td><td>UEF<\/td><\/tr><tr><td>Pekkarinen<\/td><td>Virve<\/td><td>jatko-opiskelija<\/td><td>UEF<\/td><\/tr><tr><td>Penttinen<\/td><td>Leena<\/td><td>yliopistonlehtori<\/td><td>UEF<\/td><\/tr><tr><td>Pesonen<\/td><td>Erkki<\/td><td>yliopistonlehtori<\/td><td>UEF<\/td><\/tr><tr><td>Ritvanen<\/td><td>Ulla<\/td><td>suunnittelija<\/td><td>UEF<\/td><\/tr><tr><td>Ronkainen<\/td><td>Antti<\/td><td>projektitutkija<\/td><td>UEF<\/td><\/tr><tr><td>R\u00e4ih\u00e4<\/td><td>Anu<\/td><td>opintopsykologi<\/td><td><\/td><\/tr><tr><td>Saarelainen<\/td><td>Markku<\/td><td>yliopistonlehtori<\/td><td>UEF<\/td><\/tr><tr><td>Schwab<\/td><td>Ursula<\/td><td>professori<\/td><td>UEF<\/td><\/tr><tr><td>Sointu<\/td><td>Erkko<\/td><td>yliopistotutkija (tenure track)<\/td><td>UEF<\/td><\/tr><tr><td>Toivola<\/td><td>Marika<\/td><td>opettaja, v\u00e4it\u00f6stutkija<\/td><td>Helsingin yliopisto<\/td><\/tr><tr><td>Tynj\u00e4l\u00e4<\/td><td>P\u00e4ivi<\/td><td>professori<\/td><td>Jyv\u00e4skyl\u00e4n yliopisto<\/td><\/tr><tr><td>Vahimaa<\/td><td>Pasi<\/td><td>professori<\/td><td>UEF<\/td><\/tr><tr><td>Valtonen<\/td><td>Teemu<\/td><td>apulaisprofessori, akatemiatutkija<\/td><td>UEF<\/td><\/tr><tr><td>V\u00e4is\u00e4nen<\/td><td>Sanna<\/td><td>tutkijatohtori<\/td><td>UEF<\/td><\/tr><\/tbody><\/table><\/figure>\n","protected":false},"excerpt":{"rendered":"<p>Manuaalin tekij\u00e4t Flippausmanuaalin on toimittanut Ameba-tiimi. Materiaali on avoin kaikille kiinnostuneille ja sit\u00e4 voi halutessaan jakaa esimerkiksi ty\u00f6tovereille. Sivustouudistuksen my\u00f6t\u00e4 Flippausmanuaalista on syntynyt toinen painos ja voit viitata koko manuaaliin (sivustoon) seuraavasti: Sointu, E. T., Kankaanp\u00e4\u00e4, J., Saarelainen, M., Valtonen, T., Ronkainen, A., Heikkinen, L., Kaasinen, A. R., Pekkarinen, V., Atjonen, P., Manninen, J., M\u00e4kitalo, &hellip; <\/p>\n<p class=\"link-more\"><a href=\"https:\/\/sites.uef.fi\/flippaus\/tekijat\/\" class=\"more-link\">Jatka lukemista<span class=\"screen-reader-text\"> &#8221;tekij\u00e4t&#8221;<\/span><\/a><\/p>\n","protected":false},"author":176,"featured_media":0,"parent":0,"menu_order":0,"comment_status":"closed","ping_status":"closed","template":"","meta":{"_acf_changed":false,"_monsterinsights_skip_tracking":false,"_monsterinsights_sitenote_active":false,"_monsterinsights_sitenote_note":"","_monsterinsights_sitenote_category":0,"footnotes":""},"class_list":["post-567","page","type-page","status-publish","hentry"],"acf":[],"yoast_head":"<!-- This site is optimized with the Yoast SEO plugin v27.1.1 - https:\/\/yoast.com\/product\/yoast-seo-wordpress\/ -->\n<title>tekij\u00e4t - Flipped Learning<\/title>\n<meta name=\"robots\" content=\"index, follow, max-snippet:-1, max-image-preview:large, max-video-preview:-1\" \/>\n<link rel=\"canonical\" href=\"https:\/\/sites.uef.fi\/flippaus\/tekijat\/\" \/>\n<meta property=\"og:locale\" content=\"fi_FI\" \/>\n<meta property=\"og:type\" content=\"article\" \/>\n<meta property=\"og:title\" content=\"tekij\u00e4t - Flipped Learning\" \/>\n<meta property=\"og:description\" content=\"Manuaalin tekij\u00e4t Flippausmanuaalin on toimittanut Ameba-tiimi. Materiaali on avoin kaikille kiinnostuneille ja sit\u00e4 voi halutessaan jakaa esimerkiksi ty\u00f6tovereille. Sivustouudistuksen my\u00f6t\u00e4 Flippausmanuaalista on syntynyt toinen painos ja voit viitata koko manuaaliin (sivustoon) seuraavasti: Sointu, E. T., Kankaanp\u00e4\u00e4, J., Saarelainen, M., Valtonen, T., Ronkainen, A., Heikkinen, L., Kaasinen, A. R., Pekkarinen, V., Atjonen, P., Manninen, J., M\u00e4kitalo, &hellip; Jatka lukemista &quot;tekij\u00e4t&quot;\" \/>\n<meta property=\"og:url\" content=\"https:\/\/sites.uef.fi\/flippaus\/tekijat\/\" \/>\n<meta property=\"og:site_name\" content=\"Flipped Learning\" \/>\n<meta property=\"article:modified_time\" content=\"2021-04-09T15:17:52+00:00\" \/>\n<meta name=\"twitter:card\" content=\"summary_large_image\" \/>\n<meta name=\"twitter:label1\" content=\"Arvioitu lukuaika\" \/>\n\t<meta name=\"twitter:data1\" content=\"1 minuutti\" \/>\n<script type=\"application\/ld+json\" class=\"yoast-schema-graph\">{\"@context\":\"https:\/\/schema.org\",\"@graph\":[{\"@type\":\"WebPage\",\"@id\":\"https:\/\/sites.uef.fi\/flippaus\/tekijat\/\",\"url\":\"https:\/\/sites.uef.fi\/flippaus\/tekijat\/\",\"name\":\"tekij\u00e4t - Flipped Learning\",\"isPartOf\":{\"@id\":\"https:\/\/sites.uef.fi\/flippaus\/#website\"},\"datePublished\":\"2020-07-02T11:52:06+00:00\",\"dateModified\":\"2021-04-09T15:17:52+00:00\",\"breadcrumb\":{\"@id\":\"https:\/\/sites.uef.fi\/flippaus\/tekijat\/#breadcrumb\"},\"inLanguage\":\"fi\",\"potentialAction\":[{\"@type\":\"ReadAction\",\"target\":[\"https:\/\/sites.uef.fi\/flippaus\/tekijat\/\"]}]},{\"@type\":\"BreadcrumbList\",\"@id\":\"https:\/\/sites.uef.fi\/flippaus\/tekijat\/#breadcrumb\",\"itemListElement\":[{\"@type\":\"ListItem\",\"position\":1,\"name\":\"Home\",\"item\":\"https:\/\/sites.uef.fi\/flippaus\/\"},{\"@type\":\"ListItem\",\"position\":2,\"name\":\"tekij\u00e4t\"}]},{\"@type\":\"WebSite\",\"@id\":\"https:\/\/sites.uef.fi\/flippaus\/#website\",\"url\":\"https:\/\/sites.uef.fi\/flippaus\/\",\"name\":\"Flipped Learning\",\"description\":\"\",\"publisher\":{\"@id\":\"https:\/\/sites.uef.fi\/flippaus\/#organization\"},\"potentialAction\":[{\"@type\":\"SearchAction\",\"target\":{\"@type\":\"EntryPoint\",\"urlTemplate\":\"https:\/\/sites.uef.fi\/flippaus\/?s={search_term_string}\"},\"query-input\":{\"@type\":\"PropertyValueSpecification\",\"valueRequired\":true,\"valueName\":\"search_term_string\"}}],\"inLanguage\":\"fi\"},{\"@type\":\"Organization\",\"@id\":\"https:\/\/sites.uef.fi\/flippaus\/#organization\",\"name\":\"Flipped Learning\",\"url\":\"https:\/\/sites.uef.fi\/flippaus\/\",\"logo\":{\"@type\":\"ImageObject\",\"inLanguage\":\"fi\",\"@id\":\"https:\/\/sites.uef.fi\/flippaus\/#\/schema\/logo\/image\/\",\"url\":\"https:\/\/sites.uef.fi\/flippaus\/wp-content\/uploads\/sites\/83\/2020\/05\/cropped-UEF_wordpress_white.png\",\"contentUrl\":\"https:\/\/sites.uef.fi\/flippaus\/wp-content\/uploads\/sites\/83\/2020\/05\/cropped-UEF_wordpress_white.png\",\"width\":250,\"height\":250,\"caption\":\"Flipped Learning\"},\"image\":{\"@id\":\"https:\/\/sites.uef.fi\/flippaus\/#\/schema\/logo\/image\/\"}}]}<\/script>\n<!-- \/ Yoast SEO plugin. -->","yoast_head_json":{"title":"tekij\u00e4t - Flipped Learning","robots":{"index":"index","follow":"follow","max-snippet":"max-snippet:-1","max-image-preview":"max-image-preview:large","max-video-preview":"max-video-preview:-1"},"canonical":"https:\/\/sites.uef.fi\/flippaus\/tekijat\/","og_locale":"fi_FI","og_type":"article","og_title":"tekij\u00e4t - Flipped Learning","og_description":"Manuaalin tekij\u00e4t Flippausmanuaalin on toimittanut Ameba-tiimi. Materiaali on avoin kaikille kiinnostuneille ja sit\u00e4 voi halutessaan jakaa esimerkiksi ty\u00f6tovereille. Sivustouudistuksen my\u00f6t\u00e4 Flippausmanuaalista on syntynyt toinen painos ja voit viitata koko manuaaliin (sivustoon) seuraavasti: Sointu, E. T., Kankaanp\u00e4\u00e4, J., Saarelainen, M., Valtonen, T., Ronkainen, A., Heikkinen, L., Kaasinen, A. R., Pekkarinen, V., Atjonen, P., Manninen, J., M\u00e4kitalo, &hellip; Jatka lukemista \"tekij\u00e4t\"","og_url":"https:\/\/sites.uef.fi\/flippaus\/tekijat\/","og_site_name":"Flipped Learning","article_modified_time":"2021-04-09T15:17:52+00:00","twitter_card":"summary_large_image","twitter_misc":{"Arvioitu lukuaika":"1 minuutti"},"schema":{"@context":"https:\/\/schema.org","@graph":[{"@type":"WebPage","@id":"https:\/\/sites.uef.fi\/flippaus\/tekijat\/","url":"https:\/\/sites.uef.fi\/flippaus\/tekijat\/","name":"tekij\u00e4t - Flipped Learning","isPartOf":{"@id":"https:\/\/sites.uef.fi\/flippaus\/#website"},"datePublished":"2020-07-02T11:52:06+00:00","dateModified":"2021-04-09T15:17:52+00:00","breadcrumb":{"@id":"https:\/\/sites.uef.fi\/flippaus\/tekijat\/#breadcrumb"},"inLanguage":"fi","potentialAction":[{"@type":"ReadAction","target":["https:\/\/sites.uef.fi\/flippaus\/tekijat\/"]}]},{"@type":"BreadcrumbList","@id":"https:\/\/sites.uef.fi\/flippaus\/tekijat\/#breadcrumb","itemListElement":[{"@type":"ListItem","position":1,"name":"Home","item":"https:\/\/sites.uef.fi\/flippaus\/"},{"@type":"ListItem","position":2,"name":"tekij\u00e4t"}]},{"@type":"WebSite","@id":"https:\/\/sites.uef.fi\/flippaus\/#website","url":"https:\/\/sites.uef.fi\/flippaus\/","name":"Flipped Learning","description":"","publisher":{"@id":"https:\/\/sites.uef.fi\/flippaus\/#organization"},"potentialAction":[{"@type":"SearchAction","target":{"@type":"EntryPoint","urlTemplate":"https:\/\/sites.uef.fi\/flippaus\/?s={search_term_string}"},"query-input":{"@type":"PropertyValueSpecification","valueRequired":true,"valueName":"search_term_string"}}],"inLanguage":"fi"},{"@type":"Organization","@id":"https:\/\/sites.uef.fi\/flippaus\/#organization","name":"Flipped Learning","url":"https:\/\/sites.uef.fi\/flippaus\/","logo":{"@type":"ImageObject","inLanguage":"fi","@id":"https:\/\/sites.uef.fi\/flippaus\/#\/schema\/logo\/image\/","url":"https:\/\/sites.uef.fi\/flippaus\/wp-content\/uploads\/sites\/83\/2020\/05\/cropped-UEF_wordpress_white.png","contentUrl":"https:\/\/sites.uef.fi\/flippaus\/wp-content\/uploads\/sites\/83\/2020\/05\/cropped-UEF_wordpress_white.png","width":250,"height":250,"caption":"Flipped Learning"},"image":{"@id":"https:\/\/sites.uef.fi\/flippaus\/#\/schema\/logo\/image\/"}}]}},"_links":{"self":[{"href":"https:\/\/sites.uef.fi\/flippaus\/wp-json\/wp\/v2\/pages\/567","targetHints":{"allow":["GET"]}}],"collection":[{"href":"https:\/\/sites.uef.fi\/flippaus\/wp-json\/wp\/v2\/pages"}],"about":[{"href":"https:\/\/sites.uef.fi\/flippaus\/wp-json\/wp\/v2\/types\/page"}],"author":[{"embeddable":true,"href":"https:\/\/sites.uef.fi\/flippaus\/wp-json\/wp\/v2\/users\/176"}],"replies":[{"embeddable":true,"href":"https:\/\/sites.uef.fi\/flippaus\/wp-json\/wp\/v2\/comments?post=567"}],"version-history":[{"count":2,"href":"https:\/\/sites.uef.fi\/flippaus\/wp-json\/wp\/v2\/pages\/567\/revisions"}],"predecessor-version":[{"id":3098,"href":"https:\/\/sites.uef.fi\/flippaus\/wp-json\/wp\/v2\/pages\/567\/revisions\/3098"}],"wp:attachment":[{"href":"https:\/\/sites.uef.fi\/flippaus\/wp-json\/wp\/v2\/media?parent=567"}],"curies":[{"name":"wp","href":"https:\/\/api.w.org\/{rel}","templated":true}]}}