{"id":788,"date":"2020-08-07T11:01:11","date_gmt":"2020-08-07T08:01:11","guid":{"rendered":"https:\/\/sites.uef.fi\/flippaus\/?page_id=788"},"modified":"2023-10-31T09:18:45","modified_gmt":"2023-10-31T07:18:45","slug":"ennakkomateriaalit","status":"publish","type":"page","link":"https:\/\/sites.uef.fi\/flippaus\/flippauksen-toteutus\/ennakkomateriaalit\/","title":{"rendered":"Ennakkomateriaalit"},"content":{"rendered":"\n<h1 class=\"wp-block-heading\">Ennakkomateriaalit<\/h1>\n\n\n\n<p>Video on flippauksessa k\u00e4ytetyin ennakkomateriaali, mutta kuten suunnittelun yhteydess\u00e4 on todettu, voi hyvin k\u00e4ytt\u00e4\u00e4 my\u00f6s muuta materiaalia. Materiaaliksi sopivat esimerkiksi:<\/p>\n\n\n\n<ul class=\"wp-block-list\">\n<li>valokuvat<\/li>\n\n\n\n<li>dokumentit<\/li>\n\n\n\n<li>videot\n<ul class=\"wp-block-list\">\n<li>luentovideot<\/li>\n\n\n\n<li>muu videotaltiointi, tietty\u00e4 asiaa tai tilannetta havainnollistava videomateriaali<\/li>\n<\/ul>\n<\/li>\n\n\n\n<li>\u00e4\u00e4nitallenteet ja musiikkin\u00e4ytteet<\/li>\n\n\n\n<li>podcastit<\/li>\n\n\n\n<li>historialliset dokumentit<\/li>\n\n\n\n<li>kirjallisuus\n<ul class=\"wp-block-list\">\n<li>tenttikirja<\/li>\n\n\n\n<li>artikkelit<\/li>\n<\/ul>\n<\/li>\n\n\n\n<li>virtuaaliymp\u00e4rist\u00f6t (esimerkiksi museoiden virtuaalikokoelmat tai muihin ymp\u00e4rist\u00f6ihin tutustuminen et\u00e4n\u00e4, Google Earth&#8230;)<\/li>\n<\/ul>\n\n\n\n<p>T\u00e4rkeint\u00e4 on mietti\u00e4 materiaalia pedagogiselta kannalta ja suhteessa tavoitteisiin ja arviointiin: Mik\u00e4 havainnollistaa asian parhaiten? Mik\u00e4li joku on jo erinomaisia materiaaleja tehnyt, kannattaa selvitt\u00e4\u00e4 niiden k\u00e4ytt\u00f6mahdollisuudet. Kaikkea ei siis tarvitse tehd\u00e4 itse.<\/p>\n\n\n\n<p>Materiaalin jakamisesta ja opintojaksojen verkkoalustoista l\u00f6ytyy lis\u00e4tietoa <a href=\"https:\/\/sites.uef.fi\/flippaus\/flippauksen-toteutus\/laitteet-ja-ohjelmistot\/\" data-type=\"page\" data-id=\"926\">Laitteet ja ohjelmistot -sivulta<\/a> tai <a href=\"https:\/\/sites.uef.fi\/flippaus\/flippauksen-toteutus\/laitteet-ja-ohjelmistot\/moodle\/\" data-type=\"page\" data-id=\"1082\">Moodlen perusteista<\/a>.<\/p>\n\n\n\n<h2 class=\"wp-block-heading\" id=\"pakkotayd\">Pakollinen materiaali VS t\u00e4ydent\u00e4v\u00e4 aines<\/h2>\n\n\n\n<p>Ennakkomateriaalia tehdess\u00e4 ja koostaessa on hyv\u00e4 mietti\u00e4 jako ydinmateriaaliin ja t\u00e4ydent\u00e4v\u00e4\u00e4n materiaaliin (video: <a href=\"https:\/\/sites.uef.fi\/flippaus\/opintojakson-suunnittelu\/#ydinaines\">Ydinainesanalyysi ja osaamistavoitteet<\/a>). Mik\u00e4 on siis sit\u00e4 <em>must know<\/em>-materiaalia, joka opiskelijan tulee ottaa haltuun ennen kontaktiopetusta, ja mik\u00e4 on niin sanottua <em>nice to know<\/em> -materiaalia, josta tarvittaessa l\u00f6yt\u00e4\u00e4 lis\u00e4tietoa. T\u00e4ss\u00e4 mieless\u00e4 materiaali pit\u00e4\u00e4 mietti\u00e4 suhteessa opintojakson tavoitteisiin ja arviointiin.<\/p>\n\n\n\n<h2 class=\"wp-block-heading\" id=\"omamateriaali\">Oman materiaalin tekeminen<\/h2>\n\n\n\n<p>Oman luentotyyppisen materiaalin laatiminen ei tarkoita vanhojen luentojen videoimista. Toisin kuin perinteisess\u00e4 opetuksessa, ei helppoja perusasioita kannata selitt\u00e4\u00e4 itse, vaan opiskelijat voivat ne opiskella itsekin. Huomio kannattaa kiinnitt\u00e4\u00e4 oleellisiin ja vaikeisiin asioihin. K\u00e4yt\u00e4 apuna tekem\u00e4\u00e4si <a href=\"https:\/\/sites.uef.fi\/flippaus\/opintojakson-suunnittelu\/#ydinaines\">ydinainesanalyysia<\/a>.<\/p>\n\n\n\n<p>Luentovideoissa tulisi pyrki\u00e4 ytimekk\u00e4\u00e4seen, tietoiskumaiseen esitykseen. Yhden ydinainesanalyysin teeman voi pilkkoa aiheittain useammaksi videoksi ja mielell\u00e4\u00e4n tehd\u00e4 useampi lyhyt video kuin yksi pitk\u00e4. Pilkkomisessa on hyv\u00e4 ajatella, ett\u00e4 tarkoitus on tehd\u00e4 aihekokonaisuudesta jonkinlainen k\u00e4sikirjoitus, jossa aihekokonaisuudet muodostavat opintojakson. Aihekokonaisuuksien materiaaleissa l\u00f6ytyy useampia materiaaleja (esim. videot, tekstit jne.). Kunkin aihekokonaisuuden voi avata opiskelijoille esimerkiksi niin sanotulla lyhyell\u00e4 introvideolla, jolla asia k\u00e4sitelt\u00e4v\u00e4t aiheet ja niiden merkitys k\u00e4yd\u00e4\u00e4n l\u00e4pi.<\/p>\n\n\n\n<p>Flippauksessa on puhuttu &#8221;parin minuutin hittiformaatista&#8221;, joka on hyv\u00e4 pit\u00e4\u00e4 v\u00e4hint\u00e4\u00e4n tavoitteena. Meill\u00e4 flippariopettajien videoiden kestot ovat vaihdelleet parista minuutista noin 20 minuuttiin. Luentomateriaalia tehdess\u00e4 kannattaa my\u00f6s muistaa se, ett\u00e4 se on pys\u00e4ytett\u00e4viss\u00e4, kelattavissa ja toistettavissa. Esityst\u00e4 valmistellessa tulisi kiinnitt\u00e4\u00e4 huomiota esityksen toisteisuuteen sek\u00e4 sen karsimiseen. Videoilla esiintymisest\u00e4 ja opettamisesta l\u00f6ytyy lis\u00e4tietoa sivulta <a href=\"https:\/\/sites.uef.fi\/flippaus\/flippauksen-toteutus\/ennakkomateriaalit\/esiintyminen-videolla\/\" data-type=\"page\" data-id=\"800\" target=\"_blank\" rel=\"noreferrer noopener\">Esiintyminen videolla<\/a>.<\/p>\n\n\n\n<h2 class=\"wp-block-heading\">Materiaalin m\u00e4\u00e4r\u00e4 ja ajank\u00e4ytt\u00f6<\/h2>\n\n\n\n<p>Materiaalin ty\u00f6st\u00e4miseen on monia vaihtoehtoja ja mielikuvitus ja luovuuskin saattavat p\u00e4\u00e4st\u00e4 valloilleen. Ennakkomateriaalin koostamisessa tulee huomioida opiskelijoiden ajank\u00e4ytt\u00f6. He opiskelevat asian itse, joten materiaalia tulisi t\u00e4ss\u00e4 mieless\u00e4 olla kohtuullinen m\u00e4\u00e4r\u00e4.<\/p>\n\n\n\n<p>Yleinen kysymys on se, kuinka paljon videoita tulisi olla. Yksiselitteist\u00e4 vastausta ei ole, sill\u00e4 niin opintojakson laajuus kuin sis\u00e4lt\u00f6kin vaikuttavat asiaan. M\u00e4\u00e4r\u00e4n suhteen on kuitenkin hyv\u00e4 muistaa suuntaviivoina, ett\u00e4 osa opiskeltavaksi tarkoitetusta materiaalista voidaan opintojakson sis\u00e4ll\u00f6n analyysin kautta jakaa <em>v\u00e4litett\u00e4v\u00e4\u00e4n tietoon <\/em>(esim. perinteisesti luennoilla opetetut asiat) ja <em>syvennytt\u00e4v\u00e4\u00e4n tietoon<\/em> eli sellaiseen materiaaliin, joka on haastavaa ja tarvitsee yhteis\u00f6llist\u00e4 oppimista ja\/tai opettajan asiantuntemusta asian oppimiseksi sek\u00e4 soveltamiseksi. T\u00e4h\u00e4n apua voi katsoa <a href=\"https:\/\/sites.uef.fi\/flippaus\/opintojakson-suunnittelu\/\" data-type=\"page\" data-id=\"404\">Suunnittelu-osion videoista<\/a>.<\/p>\n\n\n\n<h2 class=\"wp-block-heading\" id=\"opittu\">Onko asia opiskeltu?<\/h2>\n\n\n\n<p>Oppimisen tukena sek\u00e4 toisaalta kontaktiopetukseen tulemisen edellytyksen\u00e4 voi k\u00e4ytt\u00e4\u00e4 opiskelun ohella&nbsp; ennen kontaktikertaa palautettavia teht\u00e4vi\u00e4 tai itsekorjaavia testej\u00e4. N\u00e4iden teht\u00e4vien tulisi olla sellaisia, ett\u00e4 niihin vastaaminen edellytt\u00e4\u00e4 materiaaliin (ei ainoastaan luentodioihin) perehtymist\u00e4. Samalla ne toimivat opettajalle palautteena, mitk\u00e4 asiat ovat olleet haastavia ja pit\u00e4isik\u00f6 kontaktiopetuksessa kiinnitt\u00e4\u00e4 huomiota johonkin erityiseen asiaan esimerkiksi soveltavien teht\u00e4vien avulla. Erilaisilla opiskeluun tarkoitetuilla verkkoalustoilla on k\u00e4ytett\u00e4viss\u00e4 analytiikkaty\u00f6kaluja, joiden avulla voi tarkistaa, ovatko opiskelijat todella katsoneet materiaalin. Se, miten tarkkaa dataa n\u00e4ill\u00e4 ty\u00f6kaluilla saa, riippuu ymp\u00e4rist\u00f6st\u00e4.<\/p>\n\n\n\n<p>Opiskeluun voi kannustaa my\u00f6s esimerkiksi monivalintateht\u00e4vien avulla, joita voi sis\u00e4llytt\u00e4\u00e4 vaikka jokaiseen teemaan. Niiden avulla opiskelija voi testata osaamistaan sek\u00e4 kerrata opittua. Videolla (kesto 5:19) Erkki Pesonen kertoo, miten h\u00e4n on k\u00e4ytt\u00e4nyt niit\u00e4 Moodle-ymp\u00e4rist\u00f6ss\u00e4 sek\u00e4 arvointiin, ett\u00e4 opiskelijoiden kannustamiseen opiskelussa:<\/p>\n\n\n<iframe loading=\"lazy\" src=\"https:\/\/uef.cloud.panopto.eu\/Panopto\/Pages\/Embed.aspx?id=6b8e298c-ea5b-42e5-98db-b06700cf703a&autoplay=false&offerviewer=false&showtitle=false&showbrand=false&captions=false&interactivity=none\" height=\"375\" width=\"500\" style=\"border: 1px solid #464646;\" allowfullscreen allow=\"autoplay\" aria-label=\"Panopto Embedded Video Player\"><\/iframe>\n","protected":false},"excerpt":{"rendered":"<p>Ennakkomateriaalit Video on flippauksessa k\u00e4ytetyin ennakkomateriaali, mutta kuten suunnittelun yhteydess\u00e4 on todettu, voi hyvin k\u00e4ytt\u00e4\u00e4 my\u00f6s muuta materiaalia. Materiaaliksi sopivat esimerkiksi: T\u00e4rkeint\u00e4 on mietti\u00e4 materiaalia pedagogiselta kannalta ja suhteessa tavoitteisiin ja arviointiin: Mik\u00e4 havainnollistaa asian parhaiten? Mik\u00e4li joku on jo erinomaisia materiaaleja tehnyt, kannattaa selvitt\u00e4\u00e4 niiden k\u00e4ytt\u00f6mahdollisuudet. Kaikkea ei siis tarvitse tehd\u00e4 itse. Materiaalin jakamisesta &hellip; <\/p>\n<p class=\"link-more\"><a href=\"https:\/\/sites.uef.fi\/flippaus\/flippauksen-toteutus\/ennakkomateriaalit\/\" class=\"more-link\">Jatka lukemista<span class=\"screen-reader-text\"> &#8221;Ennakkomateriaalit&#8221;<\/span><\/a><\/p>\n","protected":false},"author":176,"featured_media":0,"parent":477,"menu_order":2,"comment_status":"closed","ping_status":"closed","template":"","meta":{"_acf_changed":false,"_monsterinsights_skip_tracking":false,"_monsterinsights_sitenote_active":false,"_monsterinsights_sitenote_note":"","_monsterinsights_sitenote_category":0,"footnotes":""},"class_list":["post-788","page","type-page","status-publish","hentry"],"acf":[],"yoast_head":"<!-- This site is optimized with the Yoast SEO plugin v27.1.1 - https:\/\/yoast.com\/product\/yoast-seo-wordpress\/ -->\n<title>Ennakkomateriaalit - Flipped Learning<\/title>\n<meta name=\"robots\" content=\"index, follow, max-snippet:-1, max-image-preview:large, max-video-preview:-1\" \/>\n<link rel=\"canonical\" href=\"https:\/\/sites.uef.fi\/flippaus\/flippauksen-toteutus\/ennakkomateriaalit\/\" \/>\n<meta property=\"og:locale\" content=\"fi_FI\" \/>\n<meta property=\"og:type\" content=\"article\" \/>\n<meta property=\"og:title\" content=\"Ennakkomateriaalit - Flipped Learning\" \/>\n<meta property=\"og:description\" content=\"Ennakkomateriaalit Video on flippauksessa k\u00e4ytetyin ennakkomateriaali, mutta kuten suunnittelun yhteydess\u00e4 on todettu, voi hyvin k\u00e4ytt\u00e4\u00e4 my\u00f6s muuta materiaalia. Materiaaliksi sopivat esimerkiksi: T\u00e4rkeint\u00e4 on mietti\u00e4 materiaalia pedagogiselta kannalta ja suhteessa tavoitteisiin ja arviointiin: Mik\u00e4 havainnollistaa asian parhaiten? Mik\u00e4li joku on jo erinomaisia materiaaleja tehnyt, kannattaa selvitt\u00e4\u00e4 niiden k\u00e4ytt\u00f6mahdollisuudet. Kaikkea ei siis tarvitse tehd\u00e4 itse. Materiaalin jakamisesta &hellip; Jatka lukemista &quot;Ennakkomateriaalit&quot;\" \/>\n<meta property=\"og:url\" content=\"https:\/\/sites.uef.fi\/flippaus\/flippauksen-toteutus\/ennakkomateriaalit\/\" \/>\n<meta property=\"og:site_name\" content=\"Flipped Learning\" \/>\n<meta property=\"article:modified_time\" content=\"2023-10-31T07:18:45+00:00\" \/>\n<meta name=\"twitter:card\" content=\"summary_large_image\" \/>\n<meta name=\"twitter:label1\" content=\"Arvioitu lukuaika\" \/>\n\t<meta name=\"twitter:data1\" content=\"4 minuuttia\" \/>\n<script type=\"application\/ld+json\" class=\"yoast-schema-graph\">{\"@context\":\"https:\/\/schema.org\",\"@graph\":[{\"@type\":\"WebPage\",\"@id\":\"https:\/\/sites.uef.fi\/flippaus\/flippauksen-toteutus\/ennakkomateriaalit\/\",\"url\":\"https:\/\/sites.uef.fi\/flippaus\/flippauksen-toteutus\/ennakkomateriaalit\/\",\"name\":\"Ennakkomateriaalit - Flipped Learning\",\"isPartOf\":{\"@id\":\"https:\/\/sites.uef.fi\/flippaus\/#website\"},\"datePublished\":\"2020-08-07T08:01:11+00:00\",\"dateModified\":\"2023-10-31T07:18:45+00:00\",\"breadcrumb\":{\"@id\":\"https:\/\/sites.uef.fi\/flippaus\/flippauksen-toteutus\/ennakkomateriaalit\/#breadcrumb\"},\"inLanguage\":\"fi\",\"potentialAction\":[{\"@type\":\"ReadAction\",\"target\":[\"https:\/\/sites.uef.fi\/flippaus\/flippauksen-toteutus\/ennakkomateriaalit\/\"]}]},{\"@type\":\"BreadcrumbList\",\"@id\":\"https:\/\/sites.uef.fi\/flippaus\/flippauksen-toteutus\/ennakkomateriaalit\/#breadcrumb\",\"itemListElement\":[{\"@type\":\"ListItem\",\"position\":1,\"name\":\"Home\",\"item\":\"https:\/\/sites.uef.fi\/flippaus\/\"},{\"@type\":\"ListItem\",\"position\":2,\"name\":\"Flippauksen toteutus\",\"item\":\"https:\/\/sites.uef.fi\/flippaus\/flippauksen-toteutus\/\"},{\"@type\":\"ListItem\",\"position\":3,\"name\":\"Ennakkomateriaalit\"}]},{\"@type\":\"WebSite\",\"@id\":\"https:\/\/sites.uef.fi\/flippaus\/#website\",\"url\":\"https:\/\/sites.uef.fi\/flippaus\/\",\"name\":\"Flipped Learning\",\"description\":\"\",\"publisher\":{\"@id\":\"https:\/\/sites.uef.fi\/flippaus\/#organization\"},\"potentialAction\":[{\"@type\":\"SearchAction\",\"target\":{\"@type\":\"EntryPoint\",\"urlTemplate\":\"https:\/\/sites.uef.fi\/flippaus\/?s={search_term_string}\"},\"query-input\":{\"@type\":\"PropertyValueSpecification\",\"valueRequired\":true,\"valueName\":\"search_term_string\"}}],\"inLanguage\":\"fi\"},{\"@type\":\"Organization\",\"@id\":\"https:\/\/sites.uef.fi\/flippaus\/#organization\",\"name\":\"Flipped Learning\",\"url\":\"https:\/\/sites.uef.fi\/flippaus\/\",\"logo\":{\"@type\":\"ImageObject\",\"inLanguage\":\"fi\",\"@id\":\"https:\/\/sites.uef.fi\/flippaus\/#\/schema\/logo\/image\/\",\"url\":\"https:\/\/sites.uef.fi\/flippaus\/wp-content\/uploads\/sites\/83\/2020\/05\/cropped-UEF_wordpress_white.png\",\"contentUrl\":\"https:\/\/sites.uef.fi\/flippaus\/wp-content\/uploads\/sites\/83\/2020\/05\/cropped-UEF_wordpress_white.png\",\"width\":250,\"height\":250,\"caption\":\"Flipped Learning\"},\"image\":{\"@id\":\"https:\/\/sites.uef.fi\/flippaus\/#\/schema\/logo\/image\/\"}}]}<\/script>\n<!-- \/ Yoast SEO plugin. -->","yoast_head_json":{"title":"Ennakkomateriaalit - Flipped Learning","robots":{"index":"index","follow":"follow","max-snippet":"max-snippet:-1","max-image-preview":"max-image-preview:large","max-video-preview":"max-video-preview:-1"},"canonical":"https:\/\/sites.uef.fi\/flippaus\/flippauksen-toteutus\/ennakkomateriaalit\/","og_locale":"fi_FI","og_type":"article","og_title":"Ennakkomateriaalit - Flipped Learning","og_description":"Ennakkomateriaalit Video on flippauksessa k\u00e4ytetyin ennakkomateriaali, mutta kuten suunnittelun yhteydess\u00e4 on todettu, voi hyvin k\u00e4ytt\u00e4\u00e4 my\u00f6s muuta materiaalia. Materiaaliksi sopivat esimerkiksi: T\u00e4rkeint\u00e4 on mietti\u00e4 materiaalia pedagogiselta kannalta ja suhteessa tavoitteisiin ja arviointiin: Mik\u00e4 havainnollistaa asian parhaiten? Mik\u00e4li joku on jo erinomaisia materiaaleja tehnyt, kannattaa selvitt\u00e4\u00e4 niiden k\u00e4ytt\u00f6mahdollisuudet. Kaikkea ei siis tarvitse tehd\u00e4 itse. Materiaalin jakamisesta &hellip; Jatka lukemista \"Ennakkomateriaalit\"","og_url":"https:\/\/sites.uef.fi\/flippaus\/flippauksen-toteutus\/ennakkomateriaalit\/","og_site_name":"Flipped Learning","article_modified_time":"2023-10-31T07:18:45+00:00","twitter_card":"summary_large_image","twitter_misc":{"Arvioitu lukuaika":"4 minuuttia"},"schema":{"@context":"https:\/\/schema.org","@graph":[{"@type":"WebPage","@id":"https:\/\/sites.uef.fi\/flippaus\/flippauksen-toteutus\/ennakkomateriaalit\/","url":"https:\/\/sites.uef.fi\/flippaus\/flippauksen-toteutus\/ennakkomateriaalit\/","name":"Ennakkomateriaalit - Flipped Learning","isPartOf":{"@id":"https:\/\/sites.uef.fi\/flippaus\/#website"},"datePublished":"2020-08-07T08:01:11+00:00","dateModified":"2023-10-31T07:18:45+00:00","breadcrumb":{"@id":"https:\/\/sites.uef.fi\/flippaus\/flippauksen-toteutus\/ennakkomateriaalit\/#breadcrumb"},"inLanguage":"fi","potentialAction":[{"@type":"ReadAction","target":["https:\/\/sites.uef.fi\/flippaus\/flippauksen-toteutus\/ennakkomateriaalit\/"]}]},{"@type":"BreadcrumbList","@id":"https:\/\/sites.uef.fi\/flippaus\/flippauksen-toteutus\/ennakkomateriaalit\/#breadcrumb","itemListElement":[{"@type":"ListItem","position":1,"name":"Home","item":"https:\/\/sites.uef.fi\/flippaus\/"},{"@type":"ListItem","position":2,"name":"Flippauksen toteutus","item":"https:\/\/sites.uef.fi\/flippaus\/flippauksen-toteutus\/"},{"@type":"ListItem","position":3,"name":"Ennakkomateriaalit"}]},{"@type":"WebSite","@id":"https:\/\/sites.uef.fi\/flippaus\/#website","url":"https:\/\/sites.uef.fi\/flippaus\/","name":"Flipped Learning","description":"","publisher":{"@id":"https:\/\/sites.uef.fi\/flippaus\/#organization"},"potentialAction":[{"@type":"SearchAction","target":{"@type":"EntryPoint","urlTemplate":"https:\/\/sites.uef.fi\/flippaus\/?s={search_term_string}"},"query-input":{"@type":"PropertyValueSpecification","valueRequired":true,"valueName":"search_term_string"}}],"inLanguage":"fi"},{"@type":"Organization","@id":"https:\/\/sites.uef.fi\/flippaus\/#organization","name":"Flipped Learning","url":"https:\/\/sites.uef.fi\/flippaus\/","logo":{"@type":"ImageObject","inLanguage":"fi","@id":"https:\/\/sites.uef.fi\/flippaus\/#\/schema\/logo\/image\/","url":"https:\/\/sites.uef.fi\/flippaus\/wp-content\/uploads\/sites\/83\/2020\/05\/cropped-UEF_wordpress_white.png","contentUrl":"https:\/\/sites.uef.fi\/flippaus\/wp-content\/uploads\/sites\/83\/2020\/05\/cropped-UEF_wordpress_white.png","width":250,"height":250,"caption":"Flipped Learning"},"image":{"@id":"https:\/\/sites.uef.fi\/flippaus\/#\/schema\/logo\/image\/"}}]}},"_links":{"self":[{"href":"https:\/\/sites.uef.fi\/flippaus\/wp-json\/wp\/v2\/pages\/788","targetHints":{"allow":["GET"]}}],"collection":[{"href":"https:\/\/sites.uef.fi\/flippaus\/wp-json\/wp\/v2\/pages"}],"about":[{"href":"https:\/\/sites.uef.fi\/flippaus\/wp-json\/wp\/v2\/types\/page"}],"author":[{"embeddable":true,"href":"https:\/\/sites.uef.fi\/flippaus\/wp-json\/wp\/v2\/users\/176"}],"replies":[{"embeddable":true,"href":"https:\/\/sites.uef.fi\/flippaus\/wp-json\/wp\/v2\/comments?post=788"}],"version-history":[{"count":2,"href":"https:\/\/sites.uef.fi\/flippaus\/wp-json\/wp\/v2\/pages\/788\/revisions"}],"predecessor-version":[{"id":3430,"href":"https:\/\/sites.uef.fi\/flippaus\/wp-json\/wp\/v2\/pages\/788\/revisions\/3430"}],"up":[{"embeddable":true,"href":"https:\/\/sites.uef.fi\/flippaus\/wp-json\/wp\/v2\/pages\/477"}],"wp:attachment":[{"href":"https:\/\/sites.uef.fi\/flippaus\/wp-json\/wp\/v2\/media?parent=788"}],"curies":[{"name":"wp","href":"https:\/\/api.w.org\/{rel}","templated":true}]}}