{"id":173,"date":"2020-06-29T08:35:06","date_gmt":"2020-06-29T05:35:06","guid":{"rendered":"https:\/\/sites.uef.fi\/genediagnostics\/?page_id=173"},"modified":"2024-11-12T13:26:36","modified_gmt":"2024-11-12T11:26:36","slug":"tietosuoja","status":"publish","type":"page","link":"https:\/\/sites.uef.fi\/genediagnostics\/tietosuoja\/","title":{"rendered":"Tietosuoja ja tietoturva"},"content":{"rendered":"<h3>Henkil\u00f6tietojen k\u00e4sittely<\/h3>\n<p>Geenidiagnostiikkalaboratorio kunnioittaa yksityisyyden suojaa ja sitoutuu huolehtimaan k\u00e4sittelemiens\u00e4 henkil\u00f6tietojen tietosuojasta ja tietoturvasta. Henkil\u00f6tietojen ja geneettisen tiedon k\u00e4sittely\u00e4 Geenidiagnostiikkalaboratoriossa ohjaa ja s\u00e4\u00e4telee EU:n yleinen tietosuoja-asetus, Suomen lains\u00e4\u00e4d\u00e4nt\u00f6 sek\u00e4 viranomaism\u00e4\u00e4r\u00e4ykset ja ohjeet. EU:n yleist\u00e4 tietosuoja-asetusta (2016\/679, GDPR=General Data Protection Regulation) on sovellettu henkil\u00f6tietojen k\u00e4sittelyyn 25.5.2018 l\u00e4htien.<\/p>\n<p>Geenidiagnostiikkalaboratoriossa k\u00e4sitell\u00e4\u00e4n henkil\u00f6tietoja ja my\u00f6s erityisi\u00e4 henkil\u00f6tietoryhmi\u00e4 kuten terveytt\u00e4 koskevia tietoja. Henkil\u00f6tietojen k\u00e4sittelyn laillisen perusteen ja k\u00e4sittelyn tarkoituksen m\u00e4\u00e4rittelee tutkimusta pyyt\u00e4v\u00e4 taho. Tutkimusta pyyt\u00e4v\u00e4 l\u00e4\u00e4k\u00e4ri m\u00e4\u00e4rittelee geenidiagnostiikan tarpeellisuuden ja tutkimuksen sis\u00e4ll\u00f6n tutkimuspyynt\u00f6lomakkeessa. Geenidiagnostiikkalaboratorio sitoutuu tekem\u00e4\u00e4n vain ja ainoastaan tutkimuspyynn\u00f6n mukaisen tutkimuksen, eik\u00e4 henkil\u00f6tietoja k\u00e4ytet\u00e4 muuhun tarkoitukseen.<\/p>\n<p>Geenidiagnostiikkapalvelujen tutkimusn\u00e4ytteiden osalta rekisterinpit\u00e4j\u00e4 on tutkimusta pyyt\u00e4v\u00e4 sairaala tai keskuslaboratorio, jonka alaisuudessa tutkimusta pyyt\u00e4v\u00e4 l\u00e4\u00e4k\u00e4ri ty\u00f6skentelee. Geenidiagnostiikkalaboratorio toimii henkil\u00f6tiedon k\u00e4sittelij\u00e4n\u00e4 ja sit\u00e4 sitovat n\u00e4in ollen henkil\u00f6tiedon k\u00e4sittelij\u00e4n velvollisuudet.<\/p>\n<p>Rekisterinpit\u00e4j\u00e4 on ihminen tai organisaatio, joka m\u00e4\u00e4rittelee, mihin tarkoitukseen ja mill\u00e4 tavalla henkil\u00f6tietoja k\u00e4sitell\u00e4\u00e4n. Henkil\u00f6tietojen k\u00e4sittelij\u00e4n pit\u00e4\u00e4 k\u00e4sitell\u00e4 tietoja ainoastaan rekiterinpit\u00e4j\u00e4n ohjeiden mukaan ja varmistaa mm. salassapitovelvollisuuden ja tietoturvan asettamat vaatimukset.<br \/>\nRekister\u00f6ityjen oikeuksiin liittyviss\u00e4 kysymyksiss\u00e4, kuten esim. tietopyynn\u00f6t, tietojen oikaisu tai k\u00e4sittelyn rajoittaminen, rekister\u00f6idyn tulee ensisijaisesti k\u00e4\u00e4nty\u00e4 rekisterinpit\u00e4j\u00e4n puoleen.<\/p>\n<h3>Tietoturva<\/h3>\n<p>Geenidiagnostiikkalaboratorio on sitoutunut noudattamaan It\u00e4-Suomen Yliopiston <a href=\"https:\/\/www.uef.fi\/fi\/tietosuoja\">tietosuojapolitiikkaa<\/a>, jotka m\u00e4\u00e4rittelev\u00e4t tietojen turvaamisen tavoitteet, vastuut ja toteutuskeinot It\u00e4-Suomen yliopistossa. Kaikkia Geenidiagnostiikkalaboratorioon l\u00e4hetettyj\u00e4 n\u00e4ytteit\u00e4 ja tietoja k\u00e4sitell\u00e4\u00e4n luottamuksellisesti ja kaikessa toiminnassa noudatetaan It\u00e4-Suomen Yliopiston tietoturvas\u00e4\u00e4nt\u00f6j\u00e4\u00a0ja\u00a0tietoturvaohjeita. Laboratorion IT-j\u00e4rjestelmien ja tietoj\u00e4rjestelmien yll\u00e4pit\u00e4ji\u00e4 sitovat It\u00e4-Suomen Yliopiston Digipalvelujen (DiPa) yll\u00e4pitos\u00e4\u00e4nn\u00f6t.<\/p>\n<p>Kaikki laboratoriossa ty\u00f6skentelev\u00e4t henkil\u00f6t ovat allekirjoittaneet salassapito- ja k\u00e4ytt\u00e4j\u00e4sitoumuksen, jolla turvataan tietojen k\u00e4sittelyn luottamuksellisuus. Henkil\u00f6kunnan osaaminen tietosuojaan ja tietoturvaan liittyen varmistetaan s\u00e4\u00e4nn\u00f6llisell\u00e4 koulutuksella ja jatkuvalla toimintatapojen kehitt\u00e4misell\u00e4. Tietosuojan ja -turvan toteutumista laboratoriossa arvioidaan s\u00e4\u00e4nn\u00f6llisesti sek\u00e4 sis\u00e4isill\u00e4 ett\u00e4 ulkoisilla auditoinneilla.<\/p>\n","protected":false},"excerpt":{"rendered":"<p>Henkil\u00f6tietojen k\u00e4sittely Geenidiagnostiikkalaboratorio kunnioittaa yksityisyyden suojaa ja sitoutuu huolehtimaan k\u00e4sittelemiens\u00e4 henkil\u00f6tietojen tietosuojasta ja tietoturvasta. Henkil\u00f6tietojen ja geneettisen tiedon k\u00e4sittely\u00e4 Geenidiagnostiikkalaboratoriossa ohjaa ja s\u00e4\u00e4telee EU:n yleinen tietosuoja-asetus, Suomen lains\u00e4\u00e4d\u00e4nt\u00f6 sek\u00e4 viranomaism\u00e4\u00e4r\u00e4ykset ja ohjeet. EU:n yleist\u00e4 tietosuoja-asetusta (2016\/679, GDPR=General Data Protection Regulation) on sovellettu henkil\u00f6tietojen k\u00e4sittelyyn 25.5.2018 l\u00e4htien. Geenidiagnostiikkalaboratoriossa k\u00e4sitell\u00e4\u00e4n henkil\u00f6tietoja ja my\u00f6s erityisi\u00e4 henkil\u00f6tietoryhmi\u00e4 kuten terveytt\u00e4 [&hellip;]<\/p>\n","protected":false},"author":203,"featured_media":0,"parent":0,"menu_order":0,"comment_status":"closed","ping_status":"closed","template":"","meta":{"_acf_changed":false,"_monsterinsights_skip_tracking":false,"_monsterinsights_sitenote_active":false,"_monsterinsights_sitenote_note":"","_monsterinsights_sitenote_category":0,"footnotes":""},"class_list":["post-173","page","type-page","status-publish","hentry"],"acf":[],"yoast_head":"<!-- This site is optimized with the Yoast SEO plugin v27.1.1 - https:\/\/yoast.com\/product\/yoast-seo-wordpress\/ -->\n<title>Tietosuoja ja tietoturva - Geenidiagnostiikka<\/title>\n<meta name=\"robots\" content=\"index, follow, max-snippet:-1, max-image-preview:large, max-video-preview:-1\" \/>\n<link rel=\"canonical\" href=\"https:\/\/sites.uef.fi\/genediagnostics\/tietosuoja\/\" \/>\n<meta property=\"og:locale\" content=\"fi_FI\" \/>\n<meta property=\"og:type\" content=\"article\" \/>\n<meta property=\"og:title\" content=\"Tietosuoja ja tietoturva - Geenidiagnostiikka\" \/>\n<meta property=\"og:description\" content=\"Henkil\u00f6tietojen k\u00e4sittely Geenidiagnostiikkalaboratorio kunnioittaa yksityisyyden suojaa ja sitoutuu huolehtimaan k\u00e4sittelemiens\u00e4 henkil\u00f6tietojen tietosuojasta ja tietoturvasta. Henkil\u00f6tietojen ja geneettisen tiedon k\u00e4sittely\u00e4 Geenidiagnostiikkalaboratoriossa ohjaa ja s\u00e4\u00e4telee EU:n yleinen tietosuoja-asetus, Suomen lains\u00e4\u00e4d\u00e4nt\u00f6 sek\u00e4 viranomaism\u00e4\u00e4r\u00e4ykset ja ohjeet. EU:n yleist\u00e4 tietosuoja-asetusta (2016\/679, GDPR=General Data Protection Regulation) on sovellettu henkil\u00f6tietojen k\u00e4sittelyyn 25.5.2018 l\u00e4htien. Geenidiagnostiikkalaboratoriossa k\u00e4sitell\u00e4\u00e4n henkil\u00f6tietoja ja my\u00f6s erityisi\u00e4 henkil\u00f6tietoryhmi\u00e4 kuten terveytt\u00e4 [&hellip;]\" \/>\n<meta property=\"og:url\" content=\"https:\/\/sites.uef.fi\/genediagnostics\/tietosuoja\/\" \/>\n<meta property=\"og:site_name\" content=\"Geenidiagnostiikka\" \/>\n<meta property=\"article:modified_time\" content=\"2024-11-12T11:26:36+00:00\" \/>\n<meta name=\"twitter:card\" content=\"summary_large_image\" \/>\n<meta name=\"twitter:label1\" content=\"Arvioitu lukuaika\" \/>\n\t<meta name=\"twitter:data1\" content=\"2 minuuttia\" \/>\n<script type=\"application\/ld+json\" class=\"yoast-schema-graph\">{\"@context\":\"https:\/\/schema.org\",\"@graph\":[{\"@type\":\"WebPage\",\"@id\":\"https:\/\/sites.uef.fi\/genediagnostics\/tietosuoja\/\",\"url\":\"https:\/\/sites.uef.fi\/genediagnostics\/tietosuoja\/\",\"name\":\"Tietosuoja ja tietoturva - Geenidiagnostiikka\",\"isPartOf\":{\"@id\":\"https:\/\/sites.uef.fi\/genediagnostics\/#website\"},\"datePublished\":\"2020-06-29T05:35:06+00:00\",\"dateModified\":\"2024-11-12T11:26:36+00:00\",\"breadcrumb\":{\"@id\":\"https:\/\/sites.uef.fi\/genediagnostics\/tietosuoja\/#breadcrumb\"},\"inLanguage\":\"fi\",\"potentialAction\":[{\"@type\":\"ReadAction\",\"target\":[\"https:\/\/sites.uef.fi\/genediagnostics\/tietosuoja\/\"]}]},{\"@type\":\"BreadcrumbList\",\"@id\":\"https:\/\/sites.uef.fi\/genediagnostics\/tietosuoja\/#breadcrumb\",\"itemListElement\":[{\"@type\":\"ListItem\",\"position\":1,\"name\":\"Home\",\"item\":\"https:\/\/sites.uef.fi\/genediagnostics\/\"},{\"@type\":\"ListItem\",\"position\":2,\"name\":\"Tietosuoja ja tietoturva\"}]},{\"@type\":\"WebSite\",\"@id\":\"https:\/\/sites.uef.fi\/genediagnostics\/#website\",\"url\":\"https:\/\/sites.uef.fi\/genediagnostics\/\",\"name\":\"Geenidiagnostiikka\",\"description\":\"\",\"potentialAction\":[{\"@type\":\"SearchAction\",\"target\":{\"@type\":\"EntryPoint\",\"urlTemplate\":\"https:\/\/sites.uef.fi\/genediagnostics\/?s={search_term_string}\"},\"query-input\":{\"@type\":\"PropertyValueSpecification\",\"valueRequired\":true,\"valueName\":\"search_term_string\"}}],\"inLanguage\":\"fi\"}]}<\/script>\n<!-- \/ Yoast SEO plugin. -->","yoast_head_json":{"title":"Tietosuoja ja tietoturva - Geenidiagnostiikka","robots":{"index":"index","follow":"follow","max-snippet":"max-snippet:-1","max-image-preview":"max-image-preview:large","max-video-preview":"max-video-preview:-1"},"canonical":"https:\/\/sites.uef.fi\/genediagnostics\/tietosuoja\/","og_locale":"fi_FI","og_type":"article","og_title":"Tietosuoja ja tietoturva - Geenidiagnostiikka","og_description":"Henkil\u00f6tietojen k\u00e4sittely Geenidiagnostiikkalaboratorio kunnioittaa yksityisyyden suojaa ja sitoutuu huolehtimaan k\u00e4sittelemiens\u00e4 henkil\u00f6tietojen tietosuojasta ja tietoturvasta. Henkil\u00f6tietojen ja geneettisen tiedon k\u00e4sittely\u00e4 Geenidiagnostiikkalaboratoriossa ohjaa ja s\u00e4\u00e4telee EU:n yleinen tietosuoja-asetus, Suomen lains\u00e4\u00e4d\u00e4nt\u00f6 sek\u00e4 viranomaism\u00e4\u00e4r\u00e4ykset ja ohjeet. EU:n yleist\u00e4 tietosuoja-asetusta (2016\/679, GDPR=General Data Protection Regulation) on sovellettu henkil\u00f6tietojen k\u00e4sittelyyn 25.5.2018 l\u00e4htien. Geenidiagnostiikkalaboratoriossa k\u00e4sitell\u00e4\u00e4n henkil\u00f6tietoja ja my\u00f6s erityisi\u00e4 henkil\u00f6tietoryhmi\u00e4 kuten terveytt\u00e4 [&hellip;]","og_url":"https:\/\/sites.uef.fi\/genediagnostics\/tietosuoja\/","og_site_name":"Geenidiagnostiikka","article_modified_time":"2024-11-12T11:26:36+00:00","twitter_card":"summary_large_image","twitter_misc":{"Arvioitu lukuaika":"2 minuuttia"},"schema":{"@context":"https:\/\/schema.org","@graph":[{"@type":"WebPage","@id":"https:\/\/sites.uef.fi\/genediagnostics\/tietosuoja\/","url":"https:\/\/sites.uef.fi\/genediagnostics\/tietosuoja\/","name":"Tietosuoja ja tietoturva - Geenidiagnostiikka","isPartOf":{"@id":"https:\/\/sites.uef.fi\/genediagnostics\/#website"},"datePublished":"2020-06-29T05:35:06+00:00","dateModified":"2024-11-12T11:26:36+00:00","breadcrumb":{"@id":"https:\/\/sites.uef.fi\/genediagnostics\/tietosuoja\/#breadcrumb"},"inLanguage":"fi","potentialAction":[{"@type":"ReadAction","target":["https:\/\/sites.uef.fi\/genediagnostics\/tietosuoja\/"]}]},{"@type":"BreadcrumbList","@id":"https:\/\/sites.uef.fi\/genediagnostics\/tietosuoja\/#breadcrumb","itemListElement":[{"@type":"ListItem","position":1,"name":"Home","item":"https:\/\/sites.uef.fi\/genediagnostics\/"},{"@type":"ListItem","position":2,"name":"Tietosuoja ja tietoturva"}]},{"@type":"WebSite","@id":"https:\/\/sites.uef.fi\/genediagnostics\/#website","url":"https:\/\/sites.uef.fi\/genediagnostics\/","name":"Geenidiagnostiikka","description":"","potentialAction":[{"@type":"SearchAction","target":{"@type":"EntryPoint","urlTemplate":"https:\/\/sites.uef.fi\/genediagnostics\/?s={search_term_string}"},"query-input":{"@type":"PropertyValueSpecification","valueRequired":true,"valueName":"search_term_string"}}],"inLanguage":"fi"}]}},"_links":{"self":[{"href":"https:\/\/sites.uef.fi\/genediagnostics\/wp-json\/wp\/v2\/pages\/173","targetHints":{"allow":["GET"]}}],"collection":[{"href":"https:\/\/sites.uef.fi\/genediagnostics\/wp-json\/wp\/v2\/pages"}],"about":[{"href":"https:\/\/sites.uef.fi\/genediagnostics\/wp-json\/wp\/v2\/types\/page"}],"author":[{"embeddable":true,"href":"https:\/\/sites.uef.fi\/genediagnostics\/wp-json\/wp\/v2\/users\/203"}],"replies":[{"embeddable":true,"href":"https:\/\/sites.uef.fi\/genediagnostics\/wp-json\/wp\/v2\/comments?post=173"}],"version-history":[{"count":1,"href":"https:\/\/sites.uef.fi\/genediagnostics\/wp-json\/wp\/v2\/pages\/173\/revisions"}],"predecessor-version":[{"id":4803,"href":"https:\/\/sites.uef.fi\/genediagnostics\/wp-json\/wp\/v2\/pages\/173\/revisions\/4803"}],"wp:attachment":[{"href":"https:\/\/sites.uef.fi\/genediagnostics\/wp-json\/wp\/v2\/media?parent=173"}],"curies":[{"name":"wp","href":"https:\/\/api.w.org\/{rel}","templated":true}]}}