{"id":622,"date":"2020-07-01T07:47:30","date_gmt":"2020-07-01T04:47:30","guid":{"rendered":"https:\/\/sites.uef.fi\/genediagnostics\/?page_id=622"},"modified":"2025-12-17T14:57:16","modified_gmt":"2025-12-17T12:57:16","slug":"multippeli-endokriininen-neoplasia-tyyppi-2","status":"publish","type":"page","link":"https:\/\/sites.uef.fi\/genediagnostics\/monogeeniset-sairaudet\/multippeli-endokriininen-neoplasia-tyyppi-2\/","title":{"rendered":"Multippeli endokriininen neoplasia tyyppi 2"},"content":{"rendered":"<p class=\"genediag_paragraph\">MEN2-oireyhtym\u00e4 (<a href=\"https:\/\/www.omim.org\/entry\/171400\">OMIM 171400<\/a>) on harvinainen sairaus, joka periytyy autosomissa dominantisti (tapauksia vuosittain 3\u20134\/100 000), ja jonka aiheuttaa geenivirhe\u00a0<em>RET<\/em>-geeniss\u00e4. Medullaarinen kilpirauhassy\u00f6p\u00e4 on usein ensimm\u00e4inen MEN2-oireyhtym\u00e4n ilmentym\u00e4, ja se esiintyy n. 70 % sairastuneista. Lis\u00e4ksi usein esiintyy lis\u00e4kilpirauhasten hyperplasiaa ja lis\u00e4munuaisen hyv\u00e4nlaatuisia kasvaimia (feokromosytooma). MEN2-oireyhtym\u00e4 jaetaan kahteen alamuotoon sen mukaan esiintyyk\u00f6 potilaalla suun ja ruoansulatuskanavan hermokasvaimia (MEN2A: ei esiinny, MEN2B: kaikilla).<\/p>\n<p>Geenien koodaavien alueiden sekvensointiin k\u00e4ytet\u00e4\u00e4n uuden sukupolven sekvensointia (Next Generation Sequencing, NGS) tai perinteist\u00e4 kapillaarisekvensointia.<br \/>\nLausunto tutkimustuloksesta toimitetaan noin kuuden viikon kuluessa verin\u00e4ytteen saapumisesta. Tutkimusten hinnat ja n\u00e4ytteen (EDTA-veri) l\u00e4hetysohjeet l\u00f6ytyv\u00e4t tutkimuspyynt\u00f6lomakkeelta.<\/p>\n","protected":false},"excerpt":{"rendered":"<p>MEN2-oireyhtym\u00e4 (OMIM 171400) on harvinainen sairaus, joka periytyy autosomissa dominantisti (tapauksia vuosittain 3\u20134\/100 000), ja jonka aiheuttaa geenivirhe\u00a0RET-geeniss\u00e4. Medullaarinen kilpirauhassy\u00f6p\u00e4 on usein ensimm\u00e4inen MEN2-oireyhtym\u00e4n ilmentym\u00e4, ja se esiintyy n. 70 % sairastuneista. Lis\u00e4ksi usein esiintyy lis\u00e4kilpirauhasten hyperplasiaa ja lis\u00e4munuaisen hyv\u00e4nlaatuisia kasvaimia (feokromosytooma). MEN2-oireyhtym\u00e4 jaetaan kahteen alamuotoon sen mukaan esiintyyk\u00f6 potilaalla suun ja ruoansulatuskanavan hermokasvaimia (MEN2A: [&hellip;]<\/p>\n","protected":false},"author":203,"featured_media":511,"parent":137,"menu_order":0,"comment_status":"closed","ping_status":"closed","template":"","meta":{"_acf_changed":false,"_monsterinsights_skip_tracking":false,"_monsterinsights_sitenote_active":false,"_monsterinsights_sitenote_note":"","_monsterinsights_sitenote_category":0,"footnotes":""},"class_list":["post-622","page","type-page","status-publish","has-post-thumbnail","hentry"],"acf":[],"yoast_head":"<!-- This site is optimized with the Yoast SEO plugin v27.1.1 - https:\/\/yoast.com\/product\/yoast-seo-wordpress\/ -->\n<title>Multippeli endokriininen neoplasia tyyppi 2 - Geenidiagnostiikka<\/title>\n<meta name=\"robots\" content=\"index, follow, max-snippet:-1, max-image-preview:large, max-video-preview:-1\" \/>\n<link rel=\"canonical\" href=\"https:\/\/sites.uef.fi\/genediagnostics\/monogeeniset-sairaudet\/multippeli-endokriininen-neoplasia-tyyppi-2\/\" \/>\n<meta property=\"og:locale\" content=\"fi_FI\" \/>\n<meta property=\"og:type\" content=\"article\" \/>\n<meta property=\"og:title\" content=\"Multippeli endokriininen neoplasia tyyppi 2 - Geenidiagnostiikka\" \/>\n<meta property=\"og:description\" content=\"MEN2-oireyhtym\u00e4 (OMIM 171400) on harvinainen sairaus, joka periytyy autosomissa dominantisti (tapauksia vuosittain 3\u20134\/100 000), ja jonka aiheuttaa geenivirhe\u00a0RET-geeniss\u00e4. Medullaarinen kilpirauhassy\u00f6p\u00e4 on usein ensimm\u00e4inen MEN2-oireyhtym\u00e4n ilmentym\u00e4, ja se esiintyy n. 70 % sairastuneista. Lis\u00e4ksi usein esiintyy lis\u00e4kilpirauhasten hyperplasiaa ja lis\u00e4munuaisen hyv\u00e4nlaatuisia kasvaimia (feokromosytooma). MEN2-oireyhtym\u00e4 jaetaan kahteen alamuotoon sen mukaan esiintyyk\u00f6 potilaalla suun ja ruoansulatuskanavan hermokasvaimia (MEN2A: [&hellip;]\" \/>\n<meta property=\"og:url\" content=\"https:\/\/sites.uef.fi\/genediagnostics\/monogeeniset-sairaudet\/multippeli-endokriininen-neoplasia-tyyppi-2\/\" \/>\n<meta property=\"og:site_name\" content=\"Geenidiagnostiikka\" \/>\n<meta property=\"article:modified_time\" content=\"2025-12-17T12:57:16+00:00\" \/>\n<meta property=\"og:image\" content=\"https:\/\/sites.uef.fi\/genediagnostics\/wp-content\/uploads\/sites\/100\/2020\/06\/T321_cmyk_15189-3-e1593515084545.jpg\" \/>\n\t<meta property=\"og:image:width\" content=\"169\" \/>\n\t<meta property=\"og:image:height\" content=\"107\" \/>\n\t<meta property=\"og:image:type\" content=\"image\/jpeg\" \/>\n<meta name=\"twitter:card\" content=\"summary_large_image\" \/>\n<meta name=\"twitter:label1\" content=\"Arvioitu lukuaika\" \/>\n\t<meta name=\"twitter:data1\" content=\"1 minuutti\" \/>\n<script type=\"application\/ld+json\" class=\"yoast-schema-graph\">{\"@context\":\"https:\/\/schema.org\",\"@graph\":[{\"@type\":\"WebPage\",\"@id\":\"https:\/\/sites.uef.fi\/genediagnostics\/monogeeniset-sairaudet\/multippeli-endokriininen-neoplasia-tyyppi-2\/\",\"url\":\"https:\/\/sites.uef.fi\/genediagnostics\/monogeeniset-sairaudet\/multippeli-endokriininen-neoplasia-tyyppi-2\/\",\"name\":\"Multippeli endokriininen neoplasia tyyppi 2 - Geenidiagnostiikka\",\"isPartOf\":{\"@id\":\"https:\/\/sites.uef.fi\/genediagnostics\/#website\"},\"primaryImageOfPage\":{\"@id\":\"https:\/\/sites.uef.fi\/genediagnostics\/monogeeniset-sairaudet\/multippeli-endokriininen-neoplasia-tyyppi-2\/#primaryimage\"},\"image\":{\"@id\":\"https:\/\/sites.uef.fi\/genediagnostics\/monogeeniset-sairaudet\/multippeli-endokriininen-neoplasia-tyyppi-2\/#primaryimage\"},\"thumbnailUrl\":\"https:\/\/sites.uef.fi\/genediagnostics\/wp-content\/uploads\/sites\/100\/2020\/06\/T321_cmyk_15189-3-e1593515084545.jpg\",\"datePublished\":\"2020-07-01T04:47:30+00:00\",\"dateModified\":\"2025-12-17T12:57:16+00:00\",\"breadcrumb\":{\"@id\":\"https:\/\/sites.uef.fi\/genediagnostics\/monogeeniset-sairaudet\/multippeli-endokriininen-neoplasia-tyyppi-2\/#breadcrumb\"},\"inLanguage\":\"fi\",\"potentialAction\":[{\"@type\":\"ReadAction\",\"target\":[\"https:\/\/sites.uef.fi\/genediagnostics\/monogeeniset-sairaudet\/multippeli-endokriininen-neoplasia-tyyppi-2\/\"]}]},{\"@type\":\"ImageObject\",\"inLanguage\":\"fi\",\"@id\":\"https:\/\/sites.uef.fi\/genediagnostics\/monogeeniset-sairaudet\/multippeli-endokriininen-neoplasia-tyyppi-2\/#primaryimage\",\"url\":\"https:\/\/sites.uef.fi\/genediagnostics\/wp-content\/uploads\/sites\/100\/2020\/06\/T321_cmyk_15189-3-e1593515084545.jpg\",\"contentUrl\":\"https:\/\/sites.uef.fi\/genediagnostics\/wp-content\/uploads\/sites\/100\/2020\/06\/T321_cmyk_15189-3-e1593515084545.jpg\",\"width\":169,\"height\":107,\"caption\":\"T321_cmyk_15189.jpg\"},{\"@type\":\"BreadcrumbList\",\"@id\":\"https:\/\/sites.uef.fi\/genediagnostics\/monogeeniset-sairaudet\/multippeli-endokriininen-neoplasia-tyyppi-2\/#breadcrumb\",\"itemListElement\":[{\"@type\":\"ListItem\",\"position\":1,\"name\":\"Home\",\"item\":\"https:\/\/sites.uef.fi\/genediagnostics\/\"},{\"@type\":\"ListItem\",\"position\":2,\"name\":\"Monogeeniset sairaudet\",\"item\":\"https:\/\/sites.uef.fi\/genediagnostics\/monogeeniset-sairaudet\/\"},{\"@type\":\"ListItem\",\"position\":3,\"name\":\"Multippeli endokriininen neoplasia tyyppi 2\"}]},{\"@type\":\"WebSite\",\"@id\":\"https:\/\/sites.uef.fi\/genediagnostics\/#website\",\"url\":\"https:\/\/sites.uef.fi\/genediagnostics\/\",\"name\":\"Geenidiagnostiikka\",\"description\":\"\",\"potentialAction\":[{\"@type\":\"SearchAction\",\"target\":{\"@type\":\"EntryPoint\",\"urlTemplate\":\"https:\/\/sites.uef.fi\/genediagnostics\/?s={search_term_string}\"},\"query-input\":{\"@type\":\"PropertyValueSpecification\",\"valueRequired\":true,\"valueName\":\"search_term_string\"}}],\"inLanguage\":\"fi\"}]}<\/script>\n<!-- \/ Yoast SEO plugin. -->","yoast_head_json":{"title":"Multippeli endokriininen neoplasia tyyppi 2 - Geenidiagnostiikka","robots":{"index":"index","follow":"follow","max-snippet":"max-snippet:-1","max-image-preview":"max-image-preview:large","max-video-preview":"max-video-preview:-1"},"canonical":"https:\/\/sites.uef.fi\/genediagnostics\/monogeeniset-sairaudet\/multippeli-endokriininen-neoplasia-tyyppi-2\/","og_locale":"fi_FI","og_type":"article","og_title":"Multippeli endokriininen neoplasia tyyppi 2 - Geenidiagnostiikka","og_description":"MEN2-oireyhtym\u00e4 (OMIM 171400) on harvinainen sairaus, joka periytyy autosomissa dominantisti (tapauksia vuosittain 3\u20134\/100 000), ja jonka aiheuttaa geenivirhe\u00a0RET-geeniss\u00e4. Medullaarinen kilpirauhassy\u00f6p\u00e4 on usein ensimm\u00e4inen MEN2-oireyhtym\u00e4n ilmentym\u00e4, ja se esiintyy n. 70 % sairastuneista. Lis\u00e4ksi usein esiintyy lis\u00e4kilpirauhasten hyperplasiaa ja lis\u00e4munuaisen hyv\u00e4nlaatuisia kasvaimia (feokromosytooma). MEN2-oireyhtym\u00e4 jaetaan kahteen alamuotoon sen mukaan esiintyyk\u00f6 potilaalla suun ja ruoansulatuskanavan hermokasvaimia (MEN2A: [&hellip;]","og_url":"https:\/\/sites.uef.fi\/genediagnostics\/monogeeniset-sairaudet\/multippeli-endokriininen-neoplasia-tyyppi-2\/","og_site_name":"Geenidiagnostiikka","article_modified_time":"2025-12-17T12:57:16+00:00","og_image":[{"width":169,"height":107,"url":"https:\/\/sites.uef.fi\/genediagnostics\/wp-content\/uploads\/sites\/100\/2020\/06\/T321_cmyk_15189-3-e1593515084545.jpg","type":"image\/jpeg"}],"twitter_card":"summary_large_image","twitter_misc":{"Arvioitu lukuaika":"1 minuutti"},"schema":{"@context":"https:\/\/schema.org","@graph":[{"@type":"WebPage","@id":"https:\/\/sites.uef.fi\/genediagnostics\/monogeeniset-sairaudet\/multippeli-endokriininen-neoplasia-tyyppi-2\/","url":"https:\/\/sites.uef.fi\/genediagnostics\/monogeeniset-sairaudet\/multippeli-endokriininen-neoplasia-tyyppi-2\/","name":"Multippeli endokriininen neoplasia tyyppi 2 - Geenidiagnostiikka","isPartOf":{"@id":"https:\/\/sites.uef.fi\/genediagnostics\/#website"},"primaryImageOfPage":{"@id":"https:\/\/sites.uef.fi\/genediagnostics\/monogeeniset-sairaudet\/multippeli-endokriininen-neoplasia-tyyppi-2\/#primaryimage"},"image":{"@id":"https:\/\/sites.uef.fi\/genediagnostics\/monogeeniset-sairaudet\/multippeli-endokriininen-neoplasia-tyyppi-2\/#primaryimage"},"thumbnailUrl":"https:\/\/sites.uef.fi\/genediagnostics\/wp-content\/uploads\/sites\/100\/2020\/06\/T321_cmyk_15189-3-e1593515084545.jpg","datePublished":"2020-07-01T04:47:30+00:00","dateModified":"2025-12-17T12:57:16+00:00","breadcrumb":{"@id":"https:\/\/sites.uef.fi\/genediagnostics\/monogeeniset-sairaudet\/multippeli-endokriininen-neoplasia-tyyppi-2\/#breadcrumb"},"inLanguage":"fi","potentialAction":[{"@type":"ReadAction","target":["https:\/\/sites.uef.fi\/genediagnostics\/monogeeniset-sairaudet\/multippeli-endokriininen-neoplasia-tyyppi-2\/"]}]},{"@type":"ImageObject","inLanguage":"fi","@id":"https:\/\/sites.uef.fi\/genediagnostics\/monogeeniset-sairaudet\/multippeli-endokriininen-neoplasia-tyyppi-2\/#primaryimage","url":"https:\/\/sites.uef.fi\/genediagnostics\/wp-content\/uploads\/sites\/100\/2020\/06\/T321_cmyk_15189-3-e1593515084545.jpg","contentUrl":"https:\/\/sites.uef.fi\/genediagnostics\/wp-content\/uploads\/sites\/100\/2020\/06\/T321_cmyk_15189-3-e1593515084545.jpg","width":169,"height":107,"caption":"T321_cmyk_15189.jpg"},{"@type":"BreadcrumbList","@id":"https:\/\/sites.uef.fi\/genediagnostics\/monogeeniset-sairaudet\/multippeli-endokriininen-neoplasia-tyyppi-2\/#breadcrumb","itemListElement":[{"@type":"ListItem","position":1,"name":"Home","item":"https:\/\/sites.uef.fi\/genediagnostics\/"},{"@type":"ListItem","position":2,"name":"Monogeeniset sairaudet","item":"https:\/\/sites.uef.fi\/genediagnostics\/monogeeniset-sairaudet\/"},{"@type":"ListItem","position":3,"name":"Multippeli endokriininen neoplasia tyyppi 2"}]},{"@type":"WebSite","@id":"https:\/\/sites.uef.fi\/genediagnostics\/#website","url":"https:\/\/sites.uef.fi\/genediagnostics\/","name":"Geenidiagnostiikka","description":"","potentialAction":[{"@type":"SearchAction","target":{"@type":"EntryPoint","urlTemplate":"https:\/\/sites.uef.fi\/genediagnostics\/?s={search_term_string}"},"query-input":{"@type":"PropertyValueSpecification","valueRequired":true,"valueName":"search_term_string"}}],"inLanguage":"fi"}]}},"_links":{"self":[{"href":"https:\/\/sites.uef.fi\/genediagnostics\/wp-json\/wp\/v2\/pages\/622","targetHints":{"allow":["GET"]}}],"collection":[{"href":"https:\/\/sites.uef.fi\/genediagnostics\/wp-json\/wp\/v2\/pages"}],"about":[{"href":"https:\/\/sites.uef.fi\/genediagnostics\/wp-json\/wp\/v2\/types\/page"}],"author":[{"embeddable":true,"href":"https:\/\/sites.uef.fi\/genediagnostics\/wp-json\/wp\/v2\/users\/203"}],"replies":[{"embeddable":true,"href":"https:\/\/sites.uef.fi\/genediagnostics\/wp-json\/wp\/v2\/comments?post=622"}],"version-history":[{"count":2,"href":"https:\/\/sites.uef.fi\/genediagnostics\/wp-json\/wp\/v2\/pages\/622\/revisions"}],"predecessor-version":[{"id":4545,"href":"https:\/\/sites.uef.fi\/genediagnostics\/wp-json\/wp\/v2\/pages\/622\/revisions\/4545"}],"up":[{"embeddable":true,"href":"https:\/\/sites.uef.fi\/genediagnostics\/wp-json\/wp\/v2\/pages\/137"}],"wp:featuredmedia":[{"embeddable":true,"href":"https:\/\/sites.uef.fi\/genediagnostics\/wp-json\/wp\/v2\/media\/511"}],"wp:attachment":[{"href":"https:\/\/sites.uef.fi\/genediagnostics\/wp-json\/wp\/v2\/media?parent=622"}],"curies":[{"name":"wp","href":"https:\/\/api.w.org\/{rel}","templated":true}]}}