{"id":1210,"date":"2024-08-24T09:50:21","date_gmt":"2024-08-24T06:50:21","guid":{"rendered":"https:\/\/sites.uef.fi\/geonordbalt\/?page_id=1210"},"modified":"2024-10-08T16:00:28","modified_gmt":"2024-10-08T13:00:28","slug":"group-presentations-reports-2024","status":"publish","type":"page","link":"https:\/\/sites.uef.fi\/geonordbalt\/front-page\/nord-ip-2024-iceland\/group-presentations-reports-2024\/","title":{"rendered":"Group Presentations &amp; reports 2024"},"content":{"rendered":"\n<p>Below you you can find the reports and presentations from our student groups for the different case study localities. Case study research, analysis and report writing have been conducted during the Nord+ IP 2024 in Iceland.<\/p>\n\n\n\t<div id=\"accordion-block_6f7802a14f3150b49a12485b1e6a343f\" class=\"accordions\">\n\t\t\t\t\t<div class=\"accordion accordion-js\">\n\t\t\t\t<button class=\"accordion__button\" aria-controls=\"content-3014\" aria-expanded=\"false\" id=\"accordion-control-3014\">\n\t\t\t\t\t<h3 class=\"accordion__heading\" >\n\t\t\t\t\t\tGroup Siglufj\u00f6rdur\t\t\t\t\t<\/h3>\n\t\t\t\t<\/button>\n\t\t\t\t<div class=\"accordion__content\" role=\"region\" aria-labelledby=\"accordion-control-3014\" aria-hidden=\"true\" id=\"content-3014\">\n\t\t\t\t\t<p>Full report for case study of Siglufj\u00f6rdur available here:<\/p>\n<p><a href=\"https:\/\/sites.uef.fi\/geonordbalt\/wp-content\/uploads\/sites\/385\/2024\/10\/From-Trawling-to-Travelling-a-case-study-of-Siglufjordur.pdf\">From Trawling to Travelling a case study of Siglufj\u00f6rdur<\/a><\/p>\n<p>Summary presentation of the case study in Siglufj\u00f6rdur is available here:<\/p>\n<p><a href=\"https:\/\/sites.uef.fi\/geonordbalt\/wp-content\/uploads\/sites\/385\/2024\/10\/Final-Presentation_-Case-study-of-Siglufjordur\">Final Presentation_ Case study of Siglufj\u00f6r\u00f0ur<\/a><\/p>\n\t\t\t\t<\/div>\n\t\t\t<\/div>\n\t\t\t\t\t<div class=\"accordion accordion-js\">\n\t\t\t\t<button class=\"accordion__button\" aria-controls=\"content-3498\" aria-expanded=\"false\" id=\"accordion-control-3498\">\n\t\t\t\t\t<h3 class=\"accordion__heading\" >\n\t\t\t\t\t\tGroup Raufarh\u00f6fn\t\t\t\t\t<\/h3>\n\t\t\t\t<\/button>\n\t\t\t\t<div class=\"accordion__content\" role=\"region\" aria-labelledby=\"accordion-control-3498\" aria-hidden=\"true\" id=\"content-3498\">\n\t\t\t\t\t<p>Full report for case study of Raufarh\u00f6fn available here:<\/p>\n<p><a href=\"https:\/\/sites.uef.fi\/geonordbalt\/wp-content\/uploads\/sites\/385\/2024\/10\/Raufarhofn-Case-Study_Optimized.pdf\">Raufarh\u00f6fn Case Study<\/a><\/p>\n<p>Summary presentation of the case study in Raufarh\u00f6fn is available here:<\/p>\n<p><a href=\"https:\/\/sites.uef.fi\/geonordbalt\/wp-content\/uploads\/sites\/385\/2024\/10\/Raufarhofn-Case-Study_presentation_Optimized.pdf\">Raufarh\u00f6fn Case Study_presentation<\/a><\/p>\n\t\t\t\t<\/div>\n\t\t\t<\/div>\n\t\t\t\t\t<div class=\"accordion accordion-js\">\n\t\t\t\t<button class=\"accordion__button\" aria-controls=\"content-323\" aria-expanded=\"false\" id=\"accordion-control-323\">\n\t\t\t\t\t<h3 class=\"accordion__heading\" >\n\t\t\t\t\t\tGroup Thorsh\u00f6vn\t\t\t\t\t<\/h3>\n\t\t\t\t<\/button>\n\t\t\t\t<div class=\"accordion__content\" role=\"region\" aria-labelledby=\"accordion-control-323\" aria-hidden=\"true\" id=\"content-323\">\n\t\t\t\t\t<p>Full report for case study of Thorsh\u00f6vn available here:<\/p>\n<p><a href=\"https:\/\/sites.uef.fi\/geonordbalt\/wp-content\/uploads\/sites\/385\/2024\/10\/THorshofn-report-edited.pdf\">\u00de\u00f3rsh\u00f6fn report<\/a><\/p>\n<p>Summary presentation of the case study in Thorsh\u00f6vn is available here:<\/p>\n<p><a href=\"https:\/\/sites.uef.fi\/geonordbalt\/wp-content\/uploads\/sites\/385\/2024\/10\/THorshofn-presentation.pdf\">\u00de\u00f3rsh\u00f6fn presentation<\/a><\/p>\n\t\t\t\t<\/div>\n\t\t\t<\/div>\n\t\t\t\t\t<div class=\"accordion accordion-js\">\n\t\t\t\t<button class=\"accordion__button\" aria-controls=\"content-7179\" aria-expanded=\"false\" id=\"accordion-control-7179\">\n\t\t\t\t\t<h3 class=\"accordion__heading\" >\n\t\t\t\t\t\tGroup Skagastr\u00f6nd\t\t\t\t\t<\/h3>\n\t\t\t\t<\/button>\n\t\t\t\t<div class=\"accordion__content\" role=\"region\" aria-labelledby=\"accordion-control-7179\" aria-hidden=\"true\" id=\"content-7179\">\n\t\t\t\t\t<p>Full report for case study of Skagastr\u00f6nd available here:<\/p>\n<p><a href=\"https:\/\/sites.uef.fi\/geonordbalt\/wp-content\/uploads\/sites\/385\/2024\/10\/Skagastrond-final-report.pdf\">Skagastr\u00f6nd final report<\/a><\/p>\n<p>Summary presentation of the case study in Skagastr\u00f6nd is available here:<\/p>\n<p><a href=\"https:\/\/sites.uef.fi\/geonordbalt\/wp-content\/uploads\/sites\/385\/2024\/10\/Skagastrond_Presentation.pdf\">Skagastr\u00f6nd_Presentation<\/a><\/p>\n\t\t\t\t<\/div>\n\t\t\t<\/div>\n\t\t\t\t\t<div class=\"accordion accordion-js\">\n\t\t\t\t<button class=\"accordion__button\" aria-controls=\"content-2312\" aria-expanded=\"false\" id=\"accordion-control-2312\">\n\t\t\t\t\t<h3 class=\"accordion__heading\" >\n\t\t\t\t\t\tGroup Seydisfj\u00f6rdur\t\t\t\t\t<\/h3>\n\t\t\t\t<\/button>\n\t\t\t\t<div class=\"accordion__content\" role=\"region\" aria-labelledby=\"accordion-control-2312\" aria-hidden=\"true\" id=\"content-2312\">\n\t\t\t\t\t<p>Full report for case study of Seydisfj\u00f6rdur available here:<\/p>\n<p><a href=\"https:\/\/sites.uef.fi\/geonordbalt\/wp-content\/uploads\/sites\/385\/2024\/10\/Seydisfjordur-final-report.pdf\">Seydisfjordur final report<\/a><\/p>\n<p>Summary presentation of the case study in Seydisfj\u00f6rdur is available here:<\/p>\n<p><a href=\"https:\/\/sites.uef.fi\/geonordbalt\/wp-content\/uploads\/sites\/385\/2024\/10\/Seydisfjordur_presentation.pdf\">Seydisfjordur_presentation<\/a><\/p>\n\t\t\t\t<\/div>\n\t\t\t<\/div>\n\t\t\t<\/div>\n\t","protected":false},"excerpt":{"rendered":"<p>Below you you can find the reports and presentations from our student groups for the different case study localities. Case study research, analysis and report writing have been conducted during the Nord+ IP 2024 in Iceland.<\/p>\n","protected":false},"author":855,"featured_media":0,"parent":1198,"menu_order":0,"comment_status":"closed","ping_status":"closed","template":"","meta":{"_acf_changed":false,"footnotes":""},"class_list":["post-1210","page","type-page","status-publish","hentry"],"acf":[],"yoast_head":"<!-- This site is optimized with the Yoast SEO plugin v27.3 - https:\/\/yoast.com\/product\/yoast-seo-wordpress\/ -->\n<title>Group Presentations &amp; reports 2024 - GEONORDBALT<\/title>\n<meta name=\"robots\" content=\"index, follow, max-snippet:-1, max-image-preview:large, max-video-preview:-1\" \/>\n<link rel=\"canonical\" href=\"https:\/\/sites.uef.fi\/geonordbalt\/front-page\/nord-ip-2024-iceland\/group-presentations-reports-2024\/\" \/>\n<meta property=\"og:locale\" content=\"en_US\" \/>\n<meta property=\"og:type\" content=\"article\" \/>\n<meta property=\"og:title\" content=\"Group Presentations &amp; reports 2024 - GEONORDBALT\" \/>\n<meta property=\"og:description\" content=\"Below you you can find the reports and presentations from our student groups for the different case study localities. Case study research, analysis and report writing have been conducted during the Nord+ IP 2024 in Iceland.\" \/>\n<meta property=\"og:url\" content=\"https:\/\/sites.uef.fi\/geonordbalt\/front-page\/nord-ip-2024-iceland\/group-presentations-reports-2024\/\" \/>\n<meta property=\"og:site_name\" content=\"GEONORDBALT\" \/>\n<meta property=\"article:modified_time\" content=\"2024-10-08T13:00:28+00:00\" \/>\n<meta name=\"twitter:card\" content=\"summary_large_image\" \/>\n<meta name=\"twitter:label1\" content=\"Est. reading time\" \/>\n\t<meta name=\"twitter:data1\" content=\"1 minute\" \/>\n<script type=\"application\/ld+json\" class=\"yoast-schema-graph\">{\"@context\":\"https:\\\/\\\/schema.org\",\"@graph\":[{\"@type\":\"WebPage\",\"@id\":\"https:\\\/\\\/sites.uef.fi\\\/geonordbalt\\\/front-page\\\/nord-ip-2024-iceland\\\/group-presentations-reports-2024\\\/\",\"url\":\"https:\\\/\\\/sites.uef.fi\\\/geonordbalt\\\/front-page\\\/nord-ip-2024-iceland\\\/group-presentations-reports-2024\\\/\",\"name\":\"Group Presentations &amp; reports 2024 - GEONORDBALT\",\"isPartOf\":{\"@id\":\"https:\\\/\\\/sites.uef.fi\\\/geonordbalt\\\/#website\"},\"datePublished\":\"2024-08-24T06:50:21+00:00\",\"dateModified\":\"2024-10-08T13:00:28+00:00\",\"breadcrumb\":{\"@id\":\"https:\\\/\\\/sites.uef.fi\\\/geonordbalt\\\/front-page\\\/nord-ip-2024-iceland\\\/group-presentations-reports-2024\\\/#breadcrumb\"},\"inLanguage\":\"en-US\",\"potentialAction\":[{\"@type\":\"ReadAction\",\"target\":[\"https:\\\/\\\/sites.uef.fi\\\/geonordbalt\\\/front-page\\\/nord-ip-2024-iceland\\\/group-presentations-reports-2024\\\/\"]}]},{\"@type\":\"BreadcrumbList\",\"@id\":\"https:\\\/\\\/sites.uef.fi\\\/geonordbalt\\\/front-page\\\/nord-ip-2024-iceland\\\/group-presentations-reports-2024\\\/#breadcrumb\",\"itemListElement\":[{\"@type\":\"ListItem\",\"position\":1,\"name\":\"Home\",\"item\":\"https:\\\/\\\/sites.uef.fi\\\/geonordbalt\\\/\"},{\"@type\":\"ListItem\",\"position\":2,\"name\":\"GeoNordBalt network\",\"item\":\"https:\\\/\\\/sites.uef.fi\\\/geonordbalt\\\/\"},{\"@type\":\"ListItem\",\"position\":3,\"name\":\"Nord+ IP 2024 Iceland\",\"item\":\"https:\\\/\\\/sites.uef.fi\\\/geonordbalt\\\/front-page\\\/nord-ip-2024-iceland\\\/\"},{\"@type\":\"ListItem\",\"position\":4,\"name\":\"Group Presentations &amp; reports 2024\"}]},{\"@type\":\"WebSite\",\"@id\":\"https:\\\/\\\/sites.uef.fi\\\/geonordbalt\\\/#website\",\"url\":\"https:\\\/\\\/sites.uef.fi\\\/geonordbalt\\\/\",\"name\":\"GEONORDBALT\",\"description\":\"\",\"potentialAction\":[{\"@type\":\"SearchAction\",\"target\":{\"@type\":\"EntryPoint\",\"urlTemplate\":\"https:\\\/\\\/sites.uef.fi\\\/geonordbalt\\\/?s={search_term_string}\"},\"query-input\":{\"@type\":\"PropertyValueSpecification\",\"valueRequired\":true,\"valueName\":\"search_term_string\"}}],\"inLanguage\":\"en-US\"}]}<\/script>\n<!-- \/ Yoast SEO plugin. -->","yoast_head_json":{"title":"Group Presentations &amp; reports 2024 - GEONORDBALT","robots":{"index":"index","follow":"follow","max-snippet":"max-snippet:-1","max-image-preview":"max-image-preview:large","max-video-preview":"max-video-preview:-1"},"canonical":"https:\/\/sites.uef.fi\/geonordbalt\/front-page\/nord-ip-2024-iceland\/group-presentations-reports-2024\/","og_locale":"en_US","og_type":"article","og_title":"Group Presentations &amp; reports 2024 - GEONORDBALT","og_description":"Below you you can find the reports and presentations from our student groups for the different case study localities. Case study research, analysis and report writing have been conducted during the Nord+ IP 2024 in Iceland.","og_url":"https:\/\/sites.uef.fi\/geonordbalt\/front-page\/nord-ip-2024-iceland\/group-presentations-reports-2024\/","og_site_name":"GEONORDBALT","article_modified_time":"2024-10-08T13:00:28+00:00","twitter_card":"summary_large_image","twitter_misc":{"Est. reading time":"1 minute"},"schema":{"@context":"https:\/\/schema.org","@graph":[{"@type":"WebPage","@id":"https:\/\/sites.uef.fi\/geonordbalt\/front-page\/nord-ip-2024-iceland\/group-presentations-reports-2024\/","url":"https:\/\/sites.uef.fi\/geonordbalt\/front-page\/nord-ip-2024-iceland\/group-presentations-reports-2024\/","name":"Group Presentations &amp; reports 2024 - GEONORDBALT","isPartOf":{"@id":"https:\/\/sites.uef.fi\/geonordbalt\/#website"},"datePublished":"2024-08-24T06:50:21+00:00","dateModified":"2024-10-08T13:00:28+00:00","breadcrumb":{"@id":"https:\/\/sites.uef.fi\/geonordbalt\/front-page\/nord-ip-2024-iceland\/group-presentations-reports-2024\/#breadcrumb"},"inLanguage":"en-US","potentialAction":[{"@type":"ReadAction","target":["https:\/\/sites.uef.fi\/geonordbalt\/front-page\/nord-ip-2024-iceland\/group-presentations-reports-2024\/"]}]},{"@type":"BreadcrumbList","@id":"https:\/\/sites.uef.fi\/geonordbalt\/front-page\/nord-ip-2024-iceland\/group-presentations-reports-2024\/#breadcrumb","itemListElement":[{"@type":"ListItem","position":1,"name":"Home","item":"https:\/\/sites.uef.fi\/geonordbalt\/"},{"@type":"ListItem","position":2,"name":"GeoNordBalt network","item":"https:\/\/sites.uef.fi\/geonordbalt\/"},{"@type":"ListItem","position":3,"name":"Nord+ IP 2024 Iceland","item":"https:\/\/sites.uef.fi\/geonordbalt\/front-page\/nord-ip-2024-iceland\/"},{"@type":"ListItem","position":4,"name":"Group Presentations &amp; reports 2024"}]},{"@type":"WebSite","@id":"https:\/\/sites.uef.fi\/geonordbalt\/#website","url":"https:\/\/sites.uef.fi\/geonordbalt\/","name":"GEONORDBALT","description":"","potentialAction":[{"@type":"SearchAction","target":{"@type":"EntryPoint","urlTemplate":"https:\/\/sites.uef.fi\/geonordbalt\/?s={search_term_string}"},"query-input":{"@type":"PropertyValueSpecification","valueRequired":true,"valueName":"search_term_string"}}],"inLanguage":"en-US"}]}},"_links":{"self":[{"href":"https:\/\/sites.uef.fi\/geonordbalt\/wp-json\/wp\/v2\/pages\/1210","targetHints":{"allow":["GET"]}}],"collection":[{"href":"https:\/\/sites.uef.fi\/geonordbalt\/wp-json\/wp\/v2\/pages"}],"about":[{"href":"https:\/\/sites.uef.fi\/geonordbalt\/wp-json\/wp\/v2\/types\/page"}],"author":[{"embeddable":true,"href":"https:\/\/sites.uef.fi\/geonordbalt\/wp-json\/wp\/v2\/users\/855"}],"replies":[{"embeddable":true,"href":"https:\/\/sites.uef.fi\/geonordbalt\/wp-json\/wp\/v2\/comments?post=1210"}],"version-history":[{"count":1,"href":"https:\/\/sites.uef.fi\/geonordbalt\/wp-json\/wp\/v2\/pages\/1210\/revisions"}],"predecessor-version":[{"id":1337,"href":"https:\/\/sites.uef.fi\/geonordbalt\/wp-json\/wp\/v2\/pages\/1210\/revisions\/1337"}],"up":[{"embeddable":true,"href":"https:\/\/sites.uef.fi\/geonordbalt\/wp-json\/wp\/v2\/pages\/1198"}],"wp:attachment":[{"href":"https:\/\/sites.uef.fi\/geonordbalt\/wp-json\/wp\/v2\/media?parent=1210"}],"curies":[{"name":"wp","href":"https:\/\/api.w.org\/{rel}","templated":true}]}}