{"id":418,"date":"2021-11-18T18:56:13","date_gmt":"2021-11-18T15:56:13","guid":{"rendered":"https:\/\/sites.uef.fi\/globalfoodnet\/?page_id=418"},"modified":"2021-11-24T18:41:55","modified_gmt":"2021-11-24T15:41:55","slug":"webinario-2","status":"publish","type":"page","link":"https:\/\/sites.uef.fi\/globalfoodnet\/webinario-2\/?lang=es","title":{"rendered":"Webinario 2"},"content":{"rendered":"\n<p><strong>Webinario 2: Gastronom\u00eda innovadora<\/strong><\/p>\n\n\n\n<p><strong>Mi\u00e9rcoles, 24 de noviembre de 2021<\/strong><br>8:00-9:30 PET, EST<br>15:00-16:30 EET, SAST<br>16:00-17:30 EAT<br>21:00-22:30 SGT<\/p>\n\n\n\n<p><br><strong>Discurso de apertura<\/strong><br><strong>Flavio Sol\u00f3rzano \u00c1lvarez<\/strong><br>Chef ejecutivo, restaurante El Se\u00f1or\u00edo de Sulco<\/p>\n\n\n\n<p><strong>Como aprovechar el potencial del baobab<\/strong><br>Dr. Willis Owino, Universidad de Agricultura y Tecnolog\u00eda Jomo Kenyatta<\/p>\n\n\n\n<p><strong>Fideos nutritivos con granos andinos<\/strong><br>Dra. Laura Linares, Universidad Nacional Agraria La Molina<\/p>\n\n\n\n<p><strong>Frijoles castilla como alimento mundial del futuro<\/strong><br>Maureen Vere, directora general de Verager Ltd.<\/p>\n\n\n\n<p>Preguntas y respuestas<\/p>\n\n\n\n<p>Debate en sala de grupos<\/p>\n\n\n\n<p>Conclusi\u00f3n<\/p>\n\n\n\n<p><\/p>\n","protected":false},"excerpt":{"rendered":"<p>Webinario 2: Gastronom\u00eda innovadora Mi\u00e9rcoles, 24 de noviembre de 20218:00-9:30 PET, EST15:00-16:30 EET, SAST16:00-17:30 EAT21:00-22:30 SGT Discurso de aperturaFlavio Sol\u00f3rzano \u00c1lvarezChef ejecutivo, restaurante El Se\u00f1or\u00edo de Sulco Como aprovechar el potencial del baobabDr. Willis Owino, Universidad de Agricultura y Tecnolog\u00eda Jomo Kenyatta Fideos nutritivos con granos andinosDra. Laura Linares, Universidad Nacional Agraria La Molina Frijoles [&hellip;]<\/p>\n","protected":false},"author":587,"featured_media":0,"parent":0,"menu_order":0,"comment_status":"closed","ping_status":"closed","template":"","meta":{"_acf_changed":false,"footnotes":""},"class_list":["post-418","page","type-page","status-publish","hentry"],"acf":[],"yoast_head":"<!-- This site is optimized with the Yoast SEO plugin v27.3 - https:\/\/yoast.com\/product\/yoast-seo-wordpress\/ -->\n<title>Webinario 2 - Global Foodnet<\/title>\n<meta name=\"robots\" content=\"index, follow, max-snippet:-1, max-image-preview:large, max-video-preview:-1\" \/>\n<link rel=\"canonical\" href=\"https:\/\/sites.uef.fi\/globalfoodnet\/webinario-2\/?lang=es\" \/>\n<meta property=\"og:locale\" content=\"en_US\" \/>\n<meta property=\"og:type\" content=\"article\" \/>\n<meta property=\"og:title\" content=\"Webinario 2 - Global Foodnet\" \/>\n<meta property=\"og:description\" content=\"Webinario 2: Gastronom\u00eda innovadora Mi\u00e9rcoles, 24 de noviembre de 20218:00-9:30 PET, EST15:00-16:30 EET, SAST16:00-17:30 EAT21:00-22:30 SGT Discurso de aperturaFlavio Sol\u00f3rzano \u00c1lvarezChef ejecutivo, restaurante El Se\u00f1or\u00edo de Sulco Como aprovechar el potencial del baobabDr. Willis Owino, Universidad de Agricultura y Tecnolog\u00eda Jomo Kenyatta Fideos nutritivos con granos andinosDra. Laura Linares, Universidad Nacional Agraria La Molina Frijoles [&hellip;]\" \/>\n<meta property=\"og:url\" content=\"https:\/\/sites.uef.fi\/globalfoodnet\/webinario-2\/?lang=es\" \/>\n<meta property=\"og:site_name\" content=\"Global Foodnet\" \/>\n<meta property=\"article:modified_time\" content=\"2021-11-24T15:41:55+00:00\" \/>\n<meta name=\"twitter:card\" content=\"summary_large_image\" \/>\n<script type=\"application\/ld+json\" class=\"yoast-schema-graph\">{\"@context\":\"https:\\\/\\\/schema.org\",\"@graph\":[{\"@type\":\"WebPage\",\"@id\":\"https:\\\/\\\/sites.uef.fi\\\/globalfoodnet\\\/webinario-2\\\/?lang=es\",\"url\":\"https:\\\/\\\/sites.uef.fi\\\/globalfoodnet\\\/webinario-2\\\/?lang=es\",\"name\":\"Webinario 2 - Global Foodnet\",\"isPartOf\":{\"@id\":\"https:\\\/\\\/sites.uef.fi\\\/globalfoodnet\\\/#website\"},\"datePublished\":\"2021-11-18T15:56:13+00:00\",\"dateModified\":\"2021-11-24T15:41:55+00:00\",\"breadcrumb\":{\"@id\":\"https:\\\/\\\/sites.uef.fi\\\/globalfoodnet\\\/webinario-2\\\/?lang=es#breadcrumb\"},\"inLanguage\":\"en-US\",\"potentialAction\":[{\"@type\":\"ReadAction\",\"target\":[\"https:\\\/\\\/sites.uef.fi\\\/globalfoodnet\\\/webinario-2\\\/?lang=es\"]}]},{\"@type\":\"BreadcrumbList\",\"@id\":\"https:\\\/\\\/sites.uef.fi\\\/globalfoodnet\\\/webinario-2\\\/?lang=es#breadcrumb\",\"itemListElement\":[{\"@type\":\"ListItem\",\"position\":1,\"name\":\"Home\",\"item\":\"https:\\\/\\\/sites.uef.fi\\\/globalfoodnet\\\/\"},{\"@type\":\"ListItem\",\"position\":2,\"name\":\"Webinario 2\"}]},{\"@type\":\"WebSite\",\"@id\":\"https:\\\/\\\/sites.uef.fi\\\/globalfoodnet\\\/#website\",\"url\":\"https:\\\/\\\/sites.uef.fi\\\/globalfoodnet\\\/\",\"name\":\"Global Foodnet\",\"description\":\"\",\"potentialAction\":[{\"@type\":\"SearchAction\",\"target\":{\"@type\":\"EntryPoint\",\"urlTemplate\":\"https:\\\/\\\/sites.uef.fi\\\/globalfoodnet\\\/?s={search_term_string}\"},\"query-input\":{\"@type\":\"PropertyValueSpecification\",\"valueRequired\":true,\"valueName\":\"search_term_string\"}}],\"inLanguage\":\"en-US\"}]}<\/script>\n<!-- \/ Yoast SEO plugin. -->","yoast_head_json":{"title":"Webinario 2 - Global Foodnet","robots":{"index":"index","follow":"follow","max-snippet":"max-snippet:-1","max-image-preview":"max-image-preview:large","max-video-preview":"max-video-preview:-1"},"canonical":"https:\/\/sites.uef.fi\/globalfoodnet\/webinario-2\/?lang=es","og_locale":"en_US","og_type":"article","og_title":"Webinario 2 - Global Foodnet","og_description":"Webinario 2: Gastronom\u00eda innovadora Mi\u00e9rcoles, 24 de noviembre de 20218:00-9:30 PET, EST15:00-16:30 EET, SAST16:00-17:30 EAT21:00-22:30 SGT Discurso de aperturaFlavio Sol\u00f3rzano \u00c1lvarezChef ejecutivo, restaurante El Se\u00f1or\u00edo de Sulco Como aprovechar el potencial del baobabDr. Willis Owino, Universidad de Agricultura y Tecnolog\u00eda Jomo Kenyatta Fideos nutritivos con granos andinosDra. Laura Linares, Universidad Nacional Agraria La Molina Frijoles [&hellip;]","og_url":"https:\/\/sites.uef.fi\/globalfoodnet\/webinario-2\/?lang=es","og_site_name":"Global Foodnet","article_modified_time":"2021-11-24T15:41:55+00:00","twitter_card":"summary_large_image","schema":{"@context":"https:\/\/schema.org","@graph":[{"@type":"WebPage","@id":"https:\/\/sites.uef.fi\/globalfoodnet\/webinario-2\/?lang=es","url":"https:\/\/sites.uef.fi\/globalfoodnet\/webinario-2\/?lang=es","name":"Webinario 2 - Global Foodnet","isPartOf":{"@id":"https:\/\/sites.uef.fi\/globalfoodnet\/#website"},"datePublished":"2021-11-18T15:56:13+00:00","dateModified":"2021-11-24T15:41:55+00:00","breadcrumb":{"@id":"https:\/\/sites.uef.fi\/globalfoodnet\/webinario-2\/?lang=es#breadcrumb"},"inLanguage":"en-US","potentialAction":[{"@type":"ReadAction","target":["https:\/\/sites.uef.fi\/globalfoodnet\/webinario-2\/?lang=es"]}]},{"@type":"BreadcrumbList","@id":"https:\/\/sites.uef.fi\/globalfoodnet\/webinario-2\/?lang=es#breadcrumb","itemListElement":[{"@type":"ListItem","position":1,"name":"Home","item":"https:\/\/sites.uef.fi\/globalfoodnet\/"},{"@type":"ListItem","position":2,"name":"Webinario 2"}]},{"@type":"WebSite","@id":"https:\/\/sites.uef.fi\/globalfoodnet\/#website","url":"https:\/\/sites.uef.fi\/globalfoodnet\/","name":"Global Foodnet","description":"","potentialAction":[{"@type":"SearchAction","target":{"@type":"EntryPoint","urlTemplate":"https:\/\/sites.uef.fi\/globalfoodnet\/?s={search_term_string}"},"query-input":{"@type":"PropertyValueSpecification","valueRequired":true,"valueName":"search_term_string"}}],"inLanguage":"en-US"}]}},"_links":{"self":[{"href":"https:\/\/sites.uef.fi\/globalfoodnet\/wp-json\/wp\/v2\/pages\/418","targetHints":{"allow":["GET"]}}],"collection":[{"href":"https:\/\/sites.uef.fi\/globalfoodnet\/wp-json\/wp\/v2\/pages"}],"about":[{"href":"https:\/\/sites.uef.fi\/globalfoodnet\/wp-json\/wp\/v2\/types\/page"}],"author":[{"embeddable":true,"href":"https:\/\/sites.uef.fi\/globalfoodnet\/wp-json\/wp\/v2\/users\/587"}],"replies":[{"embeddable":true,"href":"https:\/\/sites.uef.fi\/globalfoodnet\/wp-json\/wp\/v2\/comments?post=418"}],"version-history":[{"count":2,"href":"https:\/\/sites.uef.fi\/globalfoodnet\/wp-json\/wp\/v2\/pages\/418\/revisions"}],"predecessor-version":[{"id":450,"href":"https:\/\/sites.uef.fi\/globalfoodnet\/wp-json\/wp\/v2\/pages\/418\/revisions\/450"}],"wp:attachment":[{"href":"https:\/\/sites.uef.fi\/globalfoodnet\/wp-json\/wp\/v2\/media?parent=418"}],"curies":[{"name":"wp","href":"https:\/\/api.w.org\/{rel}","templated":true}]}}

<p><strong>Webinario 2: Gastronomía innovadora</strong></p>



<p><strong>Miércoles, 24 de noviembre de 2021</strong><br>8:00-9:30 PET, EST<br>15:00-16:30 EET, SAST<br>16:00-17:30 EAT<br>21:00-22:30 SGT</p>



<p><br><strong>Discurso de apertura</strong><br><strong>Flavio Solórzano Álvarez</strong><br>Chef ejecutivo, restaurante El Señorío de Sulco</p>



<p><strong>Como aprovechar el potencial del baobab</strong><br>Dr. Willis Owino, Universidad de Agricultura y Tecnología Jomo Kenyatta</p>



<p><strong>Fideos nutritivos con granos andinos</strong><br>Dra. Laura Linares, Universidad Nacional Agraria La Molina</p>



<p><strong>Frijoles castilla como alimento mundial del futuro</strong><br>Maureen Vere, directora general de Verager Ltd.</p>



<p>Preguntas y respuestas</p>



<p>Debate en sala de grupos</p>



<p>Conclusión</p>



<p></p>

<p>Webinario 2: Gastronomía innovadora Miércoles, 24 de noviembre de 20218:00-9:30 PET, EST15:00-16:30 EET, SAST16:00-17:30 EAT21:00-22:30 SGT Discurso de aperturaFlavio Solórzano ÁlvarezChef ejecutivo, restaurante El Señorío de Sulco Como aprovechar el potencial del baobabDr. Willis Owino, Universidad de Agricultura y Tecnología Jomo Kenyatta Fideos nutritivos con granos andinosDra. Laura Linares, Universidad Nacional Agraria La Molina Frijoles [&hellip;]</p>

<!-- This site is optimized with the Yoast SEO plugin v27.3 - https://yoast.com/product/yoast-seo-wordpress/ -->
<title>Webinario 2 - Global Foodnet</title>
<meta name="robots" content="index, follow, max-snippet:-1, max-image-preview:large, max-video-preview:-1" />
<link rel="canonical" href="https://sites.uef.fi/globalfoodnet/webinario-2/?lang=es" />
<meta property="og:locale" content="en_US" />
<meta property="og:type" content="article" />
<meta property="og:title" content="Webinario 2 - Global Foodnet" />
<meta property="og:description" content="Webinario 2: Gastronomía innovadora Miércoles, 24 de noviembre de 20218:00-9:30 PET, EST15:00-16:30 EET, SAST16:00-17:30 EAT21:00-22:30 SGT Discurso de aperturaFlavio Solórzano ÁlvarezChef ejecutivo, restaurante El Señorío de Sulco Como aprovechar el potencial del baobabDr. Willis Owino, Universidad de Agricultura y Tecnología Jomo Kenyatta Fideos nutritivos con granos andinosDra. Laura Linares, Universidad Nacional Agraria La Molina Frijoles [&hellip;]" />
<meta property="og:url" content="https://sites.uef.fi/globalfoodnet/webinario-2/?lang=es" />
<meta property="og:site_name" content="Global Foodnet" />
<meta property="article:modified_time" content="2021-11-24T15:41:55+00:00" />
<meta name="twitter:card" content="summary_large_image" />
<script type="application/ld+json" class="yoast-schema-graph">{"@context":"https:\/\/schema.org","@graph":[{"@type":"WebPage","@id":"https:\/\/sites.uef.fi\/globalfoodnet\/webinario-2\/?lang=es","url":"https:\/\/sites.uef.fi\/globalfoodnet\/webinario-2\/?lang=es","name":"Webinario 2 - Global Foodnet","isPartOf":{"@id":"https:\/\/sites.uef.fi\/globalfoodnet\/#website"},"datePublished":"2021-11-18T15:56:13+00:00","dateModified":"2021-11-24T15:41:55+00:00","breadcrumb":{"@id":"https:\/\/sites.uef.fi\/globalfoodnet\/webinario-2\/?lang=es#breadcrumb"},"inLanguage":"en-US","potentialAction":[{"@type":"ReadAction","target":["https:\/\/sites.uef.fi\/globalfoodnet\/webinario-2\/?lang=es"]}]},{"@type":"BreadcrumbList","@id":"https:\/\/sites.uef.fi\/globalfoodnet\/webinario-2\/?lang=es#breadcrumb","itemListElement":[{"@type":"ListItem","position":1,"name":"Home","item":"https:\/\/sites.uef.fi\/globalfoodnet\/"},{"@type":"ListItem","position":2,"name":"Webinario 2"}]},{"@type":"WebSite","@id":"https:\/\/sites.uef.fi\/globalfoodnet\/#website","url":"https:\/\/sites.uef.fi\/globalfoodnet\/","name":"Global Foodnet","description":"","potentialAction":[{"@type":"SearchAction","target":{"@type":"EntryPoint","urlTemplate":"https:\/\/sites.uef.fi\/globalfoodnet\/?s={search_term_string}"},"query-input":{"@type":"PropertyValueSpecification","valueRequired":true,"valueName":"search_term_string"}}],"inLanguage":"en-US"}]}</script>
<!-- / Yoast SEO plugin. -->

Webinario 2: Gastronomía innovadora Miércoles, 24 de noviembre de 20218:00-9:30 PET, EST15:00-16:30 EET, SAST16:00-17:30 EAT21:00-22:30 SGT Discurso de aperturaFlavio Solórzano ÁlvarezChef ejecutivo, restaurante El Señorío de Sulco Como aprovechar el potencial del baobabDr. Willis Owino, Universidad de Agricultura y Tecnología Jomo Kenyatta Fideos nutritivos con granos andinosDra. Laura Linares, Universidad Nacional Agraria La Molina Frijoles [&hellip;]
