{"id":16,"date":"2021-03-02T12:51:11","date_gmt":"2021-03-02T12:51:11","guid":{"rendered":"https:\/\/sites.uef.fi\/highemploy\/?page_id=16"},"modified":"2022-10-12T11:55:36","modified_gmt":"2022-10-12T08:55:36","slug":"etusivu","status":"publish","type":"page","link":"https:\/\/sites.uef.fi\/highemploy\/","title":{"rendered":"HighEmploy"},"content":{"rendered":"\n<p><strong><mark class=\"has-inline-color has-black-color\">AJANKOHTAISTA: Tervetuloa HighEmploy -hankkeen loppuseminaariin 7.10.2022!<\/mark><\/strong><\/p>\n\n\n\n<div data-wp-interactive=\"core\/file\" class=\"wp-block-file\"><object data-wp-bind--hidden=\"!state.hasPdfPreview\" hidden class=\"wp-block-file__embed\" data=\"https:\/\/sites.uef.fi\/highemploy\/wp-content\/uploads\/sites\/283\/2022\/09\/Korkeakoulutetut_Tyomarkkinoilla_ohjelma.pdf\" type=\"application\/pdf\" style=\"width:100%;height:600px\" aria-label=\"Tiedoston Tiedoston Korkeakoulutetut_Tyomarkkinoilla_ohjelma upotus. upotus.\"><\/object><a id=\"wp-block-file--media-a75e4140-e210-4034-8a83-6884bc685f31\" href=\"https:\/\/sites.uef.fi\/highemploy\/wp-content\/uploads\/sites\/283\/2022\/09\/Korkeakoulutetut_Tyomarkkinoilla_ohjelma.pdf\">Korkeakoulutetut_Tyomarkkinoilla_ohjelma<\/a><a href=\"https:\/\/sites.uef.fi\/highemploy\/wp-content\/uploads\/sites\/283\/2022\/09\/Korkeakoulutetut_Tyomarkkinoilla_ohjelma.pdf\" class=\"wp-block-file__button\" download aria-describedby=\"wp-block-file--media-a75e4140-e210-4034-8a83-6884bc685f31\">Lataa<\/a><\/div>\n\n\n\n<h2 class=\"wp-block-heading\">Korkeakoulusta valmistuneiden ty\u00f6llistett\u00e4vyys ja sosiaalinen positioituminen ty\u00f6markkinoille (HighEmploy)<\/h2>\n\n\n\n<figure class=\"wp-block-image size-large\"><img loading=\"lazy\" decoding=\"async\" width=\"795\" height=\"345\" src=\"https:\/\/sites.uef.fi\/highemploy\/wp-content\/uploads\/sites\/283\/2021\/05\/Banneri_795x345.jpg\" alt=\"HighEmploy-projektin tutkijat\" class=\"wp-image-252\" srcset=\"https:\/\/sites.uef.fi\/highemploy\/wp-content\/uploads\/sites\/283\/2021\/05\/Banneri_795x345.jpg 795w, https:\/\/sites.uef.fi\/highemploy\/wp-content\/uploads\/sites\/283\/2021\/05\/Banneri_795x345-300x130.jpg 300w, https:\/\/sites.uef.fi\/highemploy\/wp-content\/uploads\/sites\/283\/2021\/05\/Banneri_795x345-768x333.jpg 768w\" sizes=\"auto, (max-width: 795px) 100vw, 795px\" \/><\/figure>\n\n\n\n<p>Tutkimuksessa tarkastellaan yliopistosta ja ammattikorkeakoulusta alemmilla ja ylemmill\u00e4 tutkinnoilla valmistuneiden ty\u00f6llistett\u00e4vyytt\u00e4 ja asemoitumista ty\u00f6markkinoilla. Tutkimuksessa yhdistet\u00e4\u00e4n m\u00e4\u00e4r\u00e4llisi\u00e4 ja laadullisia aineistoja (rekisteriaineisto, kysely, seurantahaastattelut) ja menetelmi\u00e4. Tutkimus tuottaa tietoa erilaisten korkeakoulututkintojen suhteellisesta arvosta ja korkeakoulusta eri aloilta valmistuneiden sosiaalisesta valikoitumisesta ty\u00f6markkinoilla. Lis\u00e4ksi tutkimuksessa seurataan ja analysoidaan yliopistosta ja ammattikorkeakoulusta kauppatieteist\u00e4 valmistuneiden ty\u00f6el\u00e4m\u00e4polkuja sek\u00e4 sosiaalista asemoitumista suhteessa ty\u00f6llistett\u00e4vyyteen.<\/p>\n\n\n\n<div data-wp-interactive=\"core\/file\" class=\"wp-block-file\"><object data-wp-bind--hidden=\"!state.hasPdfPreview\" hidden class=\"wp-block-file__embed\" data=\"https:\/\/sites.uef.fi\/highemploy\/wp-content\/uploads\/sites\/283\/2022\/10\/Ovatko-kaikki-valmistuneet-samalla-viivalla-tyomarkkinoilla.pdf\" type=\"application\/pdf\" style=\"width:100%;height:600px\" aria-label=\"Tiedoston Tiedoston Ovatko-kaikki-valmistuneet-samalla-viivalla-tyomarkkinoilla upotus. upotus.\"><\/object><a id=\"wp-block-file--media-6cd3443b-34ce-4930-a329-de6e5b1563ea\" href=\"https:\/\/sites.uef.fi\/highemploy\/wp-content\/uploads\/sites\/283\/2022\/10\/Ovatko-kaikki-valmistuneet-samalla-viivalla-tyomarkkinoilla.pdf\">Ovatko-kaikki-valmistuneet-samalla-viivalla-tyomarkkinoilla<\/a><a href=\"https:\/\/sites.uef.fi\/highemploy\/wp-content\/uploads\/sites\/283\/2022\/10\/Ovatko-kaikki-valmistuneet-samalla-viivalla-tyomarkkinoilla.pdf\" class=\"wp-block-file__button\" download aria-describedby=\"wp-block-file--media-6cd3443b-34ce-4930-a329-de6e5b1563ea\">Lataa<\/a><\/div>\n\n\n\n<div data-wp-interactive=\"core\/file\" class=\"wp-block-file\"><object data-wp-bind--hidden=\"!state.hasPdfPreview\" hidden class=\"wp-block-file__embed\" data=\"https:\/\/sites.uef.fi\/highemploy\/wp-content\/uploads\/sites\/283\/2022\/10\/Tyollistettavyyden-ihanteet-miten-ne-houkuttavat-ja-haavoittavat.pdf\" type=\"application\/pdf\" style=\"width:100%;height:600px\" aria-label=\"Tiedoston Tiedoston Tyollistettavyyden-ihanteet-miten-ne-houkuttavat-ja-haavoittavat upotus. upotus.\"><\/object><a id=\"wp-block-file--media-2b9769bf-d587-4e4a-b89b-67c326cb7701\" href=\"https:\/\/sites.uef.fi\/highemploy\/wp-content\/uploads\/sites\/283\/2022\/10\/Tyollistettavyyden-ihanteet-miten-ne-houkuttavat-ja-haavoittavat.pdf\">Tyollistettavyyden-ihanteet-miten-ne-houkuttavat-ja-haavoittavat<\/a><a href=\"https:\/\/sites.uef.fi\/highemploy\/wp-content\/uploads\/sites\/283\/2022\/10\/Tyollistettavyyden-ihanteet-miten-ne-houkuttavat-ja-haavoittavat.pdf\" class=\"wp-block-file__button\" download aria-describedby=\"wp-block-file--media-2b9769bf-d587-4e4a-b89b-67c326cb7701\">Lataa<\/a><\/div>\n","protected":false},"excerpt":{"rendered":"<p>AJANKOHTAISTA: Tervetuloa HighEmploy -hankkeen loppuseminaariin 7.10.2022! Korkeakoulusta valmistuneiden ty\u00f6llistett\u00e4vyys ja sosiaalinen positioituminen ty\u00f6markkinoille (HighEmploy) Tutkimuksessa tarkastellaan yliopistosta ja ammattikorkeakoulusta alemmilla ja ylemmill\u00e4 tutkinnoilla valmistuneiden ty\u00f6llistett\u00e4vyytt\u00e4 ja asemoitumista ty\u00f6markkinoilla. Tutkimuksessa yhdistet\u00e4\u00e4n m\u00e4\u00e4r\u00e4llisi\u00e4 ja laadullisia aineistoja (rekisteriaineisto, kysely, seurantahaastattelut) ja menetelmi\u00e4. Tutkimus tuottaa tietoa erilaisten korkeakoulututkintojen suhteellisesta arvosta ja korkeakoulusta eri aloilta valmistuneiden sosiaalisesta valikoitumisesta ty\u00f6markkinoilla. Lis\u00e4ksi [&hellip;]<\/p>\n","protected":false},"author":2,"featured_media":0,"parent":0,"menu_order":0,"comment_status":"closed","ping_status":"closed","template":"","meta":{"_acf_changed":false,"_monsterinsights_skip_tracking":false,"_monsterinsights_sitenote_active":false,"_monsterinsights_sitenote_note":"","_monsterinsights_sitenote_category":0,"footnotes":""},"class_list":["post-16","page","type-page","status-publish","hentry"],"acf":[],"yoast_head":"<!-- This site is optimized with the Yoast SEO plugin v27.1.1 - https:\/\/yoast.com\/product\/yoast-seo-wordpress\/ -->\n<title>HighEmploy - HighEmploy<\/title>\n<meta name=\"robots\" content=\"index, follow, max-snippet:-1, max-image-preview:large, max-video-preview:-1\" \/>\n<link rel=\"canonical\" href=\"https:\/\/sites.uef.fi\/highemploy\/\" \/>\n<meta property=\"og:locale\" content=\"fi_FI\" \/>\n<meta property=\"og:type\" content=\"article\" \/>\n<meta property=\"og:title\" content=\"HighEmploy - HighEmploy\" \/>\n<meta property=\"og:description\" content=\"AJANKOHTAISTA: Tervetuloa HighEmploy -hankkeen loppuseminaariin 7.10.2022! Korkeakoulusta valmistuneiden ty\u00f6llistett\u00e4vyys ja sosiaalinen positioituminen ty\u00f6markkinoille (HighEmploy) Tutkimuksessa tarkastellaan yliopistosta ja ammattikorkeakoulusta alemmilla ja ylemmill\u00e4 tutkinnoilla valmistuneiden ty\u00f6llistett\u00e4vyytt\u00e4 ja asemoitumista ty\u00f6markkinoilla. Tutkimuksessa yhdistet\u00e4\u00e4n m\u00e4\u00e4r\u00e4llisi\u00e4 ja laadullisia aineistoja (rekisteriaineisto, kysely, seurantahaastattelut) ja menetelmi\u00e4. Tutkimus tuottaa tietoa erilaisten korkeakoulututkintojen suhteellisesta arvosta ja korkeakoulusta eri aloilta valmistuneiden sosiaalisesta valikoitumisesta ty\u00f6markkinoilla. Lis\u00e4ksi [&hellip;]\" \/>\n<meta property=\"og:url\" content=\"https:\/\/sites.uef.fi\/highemploy\/\" \/>\n<meta property=\"og:site_name\" content=\"HighEmploy\" \/>\n<meta property=\"article:modified_time\" content=\"2022-10-12T08:55:36+00:00\" \/>\n<meta property=\"og:image\" content=\"https:\/\/sites.uef.fi\/highemploy\/wp-content\/uploads\/sites\/283\/2021\/05\/Banneri_795x345.jpg\" \/>\n<meta name=\"twitter:card\" content=\"summary_large_image\" \/>\n<script type=\"application\/ld+json\" class=\"yoast-schema-graph\">{\"@context\":\"https:\/\/schema.org\",\"@graph\":[{\"@type\":\"WebPage\",\"@id\":\"https:\/\/sites.uef.fi\/highemploy\/\",\"url\":\"https:\/\/sites.uef.fi\/highemploy\/\",\"name\":\"HighEmploy - HighEmploy\",\"isPartOf\":{\"@id\":\"https:\/\/sites.uef.fi\/highemploy\/#website\"},\"primaryImageOfPage\":{\"@id\":\"https:\/\/sites.uef.fi\/highemploy\/#primaryimage\"},\"image\":{\"@id\":\"https:\/\/sites.uef.fi\/highemploy\/#primaryimage\"},\"thumbnailUrl\":\"https:\/\/sites.uef.fi\/highemploy\/wp-content\/uploads\/sites\/283\/2021\/05\/Banneri_795x345.jpg\",\"datePublished\":\"2021-03-02T12:51:11+00:00\",\"dateModified\":\"2022-10-12T08:55:36+00:00\",\"breadcrumb\":{\"@id\":\"https:\/\/sites.uef.fi\/highemploy\/#breadcrumb\"},\"inLanguage\":\"fi\",\"potentialAction\":[{\"@type\":\"ReadAction\",\"target\":[\"https:\/\/sites.uef.fi\/highemploy\/\"]}]},{\"@type\":\"ImageObject\",\"inLanguage\":\"fi\",\"@id\":\"https:\/\/sites.uef.fi\/highemploy\/#primaryimage\",\"url\":\"https:\/\/sites.uef.fi\/highemploy\/wp-content\/uploads\/sites\/283\/2021\/05\/Banneri_795x345.jpg\",\"contentUrl\":\"https:\/\/sites.uef.fi\/highemploy\/wp-content\/uploads\/sites\/283\/2021\/05\/Banneri_795x345.jpg\",\"width\":795,\"height\":345,\"caption\":\"HighEmploy-projektin tutkijat\"},{\"@type\":\"BreadcrumbList\",\"@id\":\"https:\/\/sites.uef.fi\/highemploy\/#breadcrumb\",\"itemListElement\":[{\"@type\":\"ListItem\",\"position\":1,\"name\":\"Home\",\"item\":\"https:\/\/sites.uef.fi\/highemploy\/\"},{\"@type\":\"ListItem\",\"position\":2,\"name\":\"HighEmploy\"}]},{\"@type\":\"WebSite\",\"@id\":\"https:\/\/sites.uef.fi\/highemploy\/#website\",\"url\":\"https:\/\/sites.uef.fi\/highemploy\/\",\"name\":\"HighEmploy\",\"description\":\"\",\"potentialAction\":[{\"@type\":\"SearchAction\",\"target\":{\"@type\":\"EntryPoint\",\"urlTemplate\":\"https:\/\/sites.uef.fi\/highemploy\/?s={search_term_string}\"},\"query-input\":{\"@type\":\"PropertyValueSpecification\",\"valueRequired\":true,\"valueName\":\"search_term_string\"}}],\"inLanguage\":\"fi\"}]}<\/script>\n<!-- \/ Yoast SEO plugin. -->","yoast_head_json":{"title":"HighEmploy - HighEmploy","robots":{"index":"index","follow":"follow","max-snippet":"max-snippet:-1","max-image-preview":"max-image-preview:large","max-video-preview":"max-video-preview:-1"},"canonical":"https:\/\/sites.uef.fi\/highemploy\/","og_locale":"fi_FI","og_type":"article","og_title":"HighEmploy - HighEmploy","og_description":"AJANKOHTAISTA: Tervetuloa HighEmploy -hankkeen loppuseminaariin 7.10.2022! Korkeakoulusta valmistuneiden ty\u00f6llistett\u00e4vyys ja sosiaalinen positioituminen ty\u00f6markkinoille (HighEmploy) Tutkimuksessa tarkastellaan yliopistosta ja ammattikorkeakoulusta alemmilla ja ylemmill\u00e4 tutkinnoilla valmistuneiden ty\u00f6llistett\u00e4vyytt\u00e4 ja asemoitumista ty\u00f6markkinoilla. Tutkimuksessa yhdistet\u00e4\u00e4n m\u00e4\u00e4r\u00e4llisi\u00e4 ja laadullisia aineistoja (rekisteriaineisto, kysely, seurantahaastattelut) ja menetelmi\u00e4. Tutkimus tuottaa tietoa erilaisten korkeakoulututkintojen suhteellisesta arvosta ja korkeakoulusta eri aloilta valmistuneiden sosiaalisesta valikoitumisesta ty\u00f6markkinoilla. Lis\u00e4ksi [&hellip;]","og_url":"https:\/\/sites.uef.fi\/highemploy\/","og_site_name":"HighEmploy","article_modified_time":"2022-10-12T08:55:36+00:00","og_image":[{"url":"https:\/\/sites.uef.fi\/highemploy\/wp-content\/uploads\/sites\/283\/2021\/05\/Banneri_795x345.jpg","type":"","width":"","height":""}],"twitter_card":"summary_large_image","schema":{"@context":"https:\/\/schema.org","@graph":[{"@type":"WebPage","@id":"https:\/\/sites.uef.fi\/highemploy\/","url":"https:\/\/sites.uef.fi\/highemploy\/","name":"HighEmploy - HighEmploy","isPartOf":{"@id":"https:\/\/sites.uef.fi\/highemploy\/#website"},"primaryImageOfPage":{"@id":"https:\/\/sites.uef.fi\/highemploy\/#primaryimage"},"image":{"@id":"https:\/\/sites.uef.fi\/highemploy\/#primaryimage"},"thumbnailUrl":"https:\/\/sites.uef.fi\/highemploy\/wp-content\/uploads\/sites\/283\/2021\/05\/Banneri_795x345.jpg","datePublished":"2021-03-02T12:51:11+00:00","dateModified":"2022-10-12T08:55:36+00:00","breadcrumb":{"@id":"https:\/\/sites.uef.fi\/highemploy\/#breadcrumb"},"inLanguage":"fi","potentialAction":[{"@type":"ReadAction","target":["https:\/\/sites.uef.fi\/highemploy\/"]}]},{"@type":"ImageObject","inLanguage":"fi","@id":"https:\/\/sites.uef.fi\/highemploy\/#primaryimage","url":"https:\/\/sites.uef.fi\/highemploy\/wp-content\/uploads\/sites\/283\/2021\/05\/Banneri_795x345.jpg","contentUrl":"https:\/\/sites.uef.fi\/highemploy\/wp-content\/uploads\/sites\/283\/2021\/05\/Banneri_795x345.jpg","width":795,"height":345,"caption":"HighEmploy-projektin tutkijat"},{"@type":"BreadcrumbList","@id":"https:\/\/sites.uef.fi\/highemploy\/#breadcrumb","itemListElement":[{"@type":"ListItem","position":1,"name":"Home","item":"https:\/\/sites.uef.fi\/highemploy\/"},{"@type":"ListItem","position":2,"name":"HighEmploy"}]},{"@type":"WebSite","@id":"https:\/\/sites.uef.fi\/highemploy\/#website","url":"https:\/\/sites.uef.fi\/highemploy\/","name":"HighEmploy","description":"","potentialAction":[{"@type":"SearchAction","target":{"@type":"EntryPoint","urlTemplate":"https:\/\/sites.uef.fi\/highemploy\/?s={search_term_string}"},"query-input":{"@type":"PropertyValueSpecification","valueRequired":true,"valueName":"search_term_string"}}],"inLanguage":"fi"}]}},"_links":{"self":[{"href":"https:\/\/sites.uef.fi\/highemploy\/wp-json\/wp\/v2\/pages\/16","targetHints":{"allow":["GET"]}}],"collection":[{"href":"https:\/\/sites.uef.fi\/highemploy\/wp-json\/wp\/v2\/pages"}],"about":[{"href":"https:\/\/sites.uef.fi\/highemploy\/wp-json\/wp\/v2\/types\/page"}],"author":[{"embeddable":true,"href":"https:\/\/sites.uef.fi\/highemploy\/wp-json\/wp\/v2\/users\/2"}],"replies":[{"embeddable":true,"href":"https:\/\/sites.uef.fi\/highemploy\/wp-json\/wp\/v2\/comments?post=16"}],"version-history":[{"count":3,"href":"https:\/\/sites.uef.fi\/highemploy\/wp-json\/wp\/v2\/pages\/16\/revisions"}],"predecessor-version":[{"id":1189,"href":"https:\/\/sites.uef.fi\/highemploy\/wp-json\/wp\/v2\/pages\/16\/revisions\/1189"}],"wp:attachment":[{"href":"https:\/\/sites.uef.fi\/highemploy\/wp-json\/wp\/v2\/media?parent=16"}],"curies":[{"name":"wp","href":"https:\/\/api.w.org\/{rel}","templated":true}]}}