{"id":75,"date":"2021-03-03T14:21:31","date_gmt":"2021-03-03T12:21:31","guid":{"rendered":"https:\/\/sites.uef.fi\/highemploy\/?page_id=75"},"modified":"2021-03-18T13:12:17","modified_gmt":"2021-03-18T11:12:17","slug":"osatutkimus-1","status":"publish","type":"page","link":"https:\/\/sites.uef.fi\/highemploy\/osatutkimus-1\/","title":{"rendered":"Osatutkimus 1"},"content":{"rendered":"\n<h1 class=\"wp-block-heading\">Kontekstuaalinen poikkileikkaustutkimus korkeakoulutuksen suhteellisesta arvosta ja korkeakoulusta valmistuneiden sosiaalisesta valikoitumisesta ty\u00f6markkinoilla<\/h1>\n\n\n\n<p>Osatutkimuksessa kysyt\u00e4\u00e4n, mill\u00e4 tavoin koulutustaso, koulutusala, sosiaalinen tausta, sukupuoli ja n\u00e4iden tekij\u00f6iden erilaiset yhdistelm\u00e4t ovat yhteydess\u00e4 korkeakoulusta valmistuneiden ty\u00f6llistett\u00e4vyyteen. Ketk\u00e4 valmistuneista saavat parhaat ty\u00f6paikat (ty\u00f6el\u00e4m\u00e4statuksen ja tulojen merkityksess\u00e4) suhteessa toisiin korkeasti koulutettuihin, jotka kilpailevat samoista ty\u00f6paikoista?<\/p>\n\n\n\n<p>Lue lis\u00e4\u00e4 osatutkimuksesta <a href=\"https:\/\/sites.uef.fi\/highemploy\/sub-study-1\/?lang=en\">englanniksi<\/a>.<\/p>\n","protected":false},"excerpt":{"rendered":"<p>Kontekstuaalinen poikkileikkaustutkimus korkeakoulutuksen suhteellisesta arvosta ja korkeakoulusta valmistuneiden sosiaalisesta valikoitumisesta ty\u00f6markkinoilla Osatutkimuksessa kysyt\u00e4\u00e4n, mill\u00e4 tavoin koulutustaso, koulutusala, sosiaalinen tausta, sukupuoli ja n\u00e4iden tekij\u00f6iden erilaiset yhdistelm\u00e4t ovat yhteydess\u00e4 korkeakoulusta valmistuneiden ty\u00f6llistett\u00e4vyyteen. Ketk\u00e4 valmistuneista saavat parhaat ty\u00f6paikat (ty\u00f6el\u00e4m\u00e4statuksen ja tulojen merkityksess\u00e4) suhteessa toisiin korkeasti koulutettuihin, jotka kilpailevat samoista ty\u00f6paikoista? Lue lis\u00e4\u00e4 osatutkimuksesta englanniksi.<\/p>\n","protected":false},"author":500,"featured_media":0,"parent":0,"menu_order":0,"comment_status":"closed","ping_status":"closed","template":"","meta":{"_acf_changed":false,"_monsterinsights_skip_tracking":false,"_monsterinsights_sitenote_active":false,"_monsterinsights_sitenote_note":"","_monsterinsights_sitenote_category":0,"footnotes":""},"class_list":["post-75","page","type-page","status-publish","hentry"],"acf":[],"yoast_head":"<!-- This site is optimized with the Yoast SEO plugin v27.1.1 - https:\/\/yoast.com\/product\/yoast-seo-wordpress\/ -->\n<title>Osatutkimus 1 - HighEmploy<\/title>\n<meta name=\"robots\" content=\"index, follow, max-snippet:-1, max-image-preview:large, max-video-preview:-1\" \/>\n<link rel=\"canonical\" href=\"https:\/\/sites.uef.fi\/highemploy\/osatutkimus-1\/\" \/>\n<meta property=\"og:locale\" content=\"fi_FI\" \/>\n<meta property=\"og:type\" content=\"article\" \/>\n<meta property=\"og:title\" content=\"Osatutkimus 1 - HighEmploy\" \/>\n<meta property=\"og:description\" content=\"Kontekstuaalinen poikkileikkaustutkimus korkeakoulutuksen suhteellisesta arvosta ja korkeakoulusta valmistuneiden sosiaalisesta valikoitumisesta ty\u00f6markkinoilla Osatutkimuksessa kysyt\u00e4\u00e4n, mill\u00e4 tavoin koulutustaso, koulutusala, sosiaalinen tausta, sukupuoli ja n\u00e4iden tekij\u00f6iden erilaiset yhdistelm\u00e4t ovat yhteydess\u00e4 korkeakoulusta valmistuneiden ty\u00f6llistett\u00e4vyyteen. Ketk\u00e4 valmistuneista saavat parhaat ty\u00f6paikat (ty\u00f6el\u00e4m\u00e4statuksen ja tulojen merkityksess\u00e4) suhteessa toisiin korkeasti koulutettuihin, jotka kilpailevat samoista ty\u00f6paikoista? Lue lis\u00e4\u00e4 osatutkimuksesta englanniksi.\" \/>\n<meta property=\"og:url\" content=\"https:\/\/sites.uef.fi\/highemploy\/osatutkimus-1\/\" \/>\n<meta property=\"og:site_name\" content=\"HighEmploy\" \/>\n<meta property=\"article:modified_time\" content=\"2021-03-18T11:12:17+00:00\" \/>\n<meta name=\"twitter:card\" content=\"summary_large_image\" \/>\n<script type=\"application\/ld+json\" class=\"yoast-schema-graph\">{\"@context\":\"https:\/\/schema.org\",\"@graph\":[{\"@type\":\"WebPage\",\"@id\":\"https:\/\/sites.uef.fi\/highemploy\/osatutkimus-1\/\",\"url\":\"https:\/\/sites.uef.fi\/highemploy\/osatutkimus-1\/\",\"name\":\"Osatutkimus 1 - HighEmploy\",\"isPartOf\":{\"@id\":\"https:\/\/sites.uef.fi\/highemploy\/#website\"},\"datePublished\":\"2021-03-03T12:21:31+00:00\",\"dateModified\":\"2021-03-18T11:12:17+00:00\",\"breadcrumb\":{\"@id\":\"https:\/\/sites.uef.fi\/highemploy\/osatutkimus-1\/#breadcrumb\"},\"inLanguage\":\"fi\",\"potentialAction\":[{\"@type\":\"ReadAction\",\"target\":[\"https:\/\/sites.uef.fi\/highemploy\/osatutkimus-1\/\"]}]},{\"@type\":\"BreadcrumbList\",\"@id\":\"https:\/\/sites.uef.fi\/highemploy\/osatutkimus-1\/#breadcrumb\",\"itemListElement\":[{\"@type\":\"ListItem\",\"position\":1,\"name\":\"Home\",\"item\":\"https:\/\/sites.uef.fi\/highemploy\/\"},{\"@type\":\"ListItem\",\"position\":2,\"name\":\"Osatutkimus 1\"}]},{\"@type\":\"WebSite\",\"@id\":\"https:\/\/sites.uef.fi\/highemploy\/#website\",\"url\":\"https:\/\/sites.uef.fi\/highemploy\/\",\"name\":\"HighEmploy\",\"description\":\"\",\"potentialAction\":[{\"@type\":\"SearchAction\",\"target\":{\"@type\":\"EntryPoint\",\"urlTemplate\":\"https:\/\/sites.uef.fi\/highemploy\/?s={search_term_string}\"},\"query-input\":{\"@type\":\"PropertyValueSpecification\",\"valueRequired\":true,\"valueName\":\"search_term_string\"}}],\"inLanguage\":\"fi\"}]}<\/script>\n<!-- \/ Yoast SEO plugin. -->","yoast_head_json":{"title":"Osatutkimus 1 - HighEmploy","robots":{"index":"index","follow":"follow","max-snippet":"max-snippet:-1","max-image-preview":"max-image-preview:large","max-video-preview":"max-video-preview:-1"},"canonical":"https:\/\/sites.uef.fi\/highemploy\/osatutkimus-1\/","og_locale":"fi_FI","og_type":"article","og_title":"Osatutkimus 1 - HighEmploy","og_description":"Kontekstuaalinen poikkileikkaustutkimus korkeakoulutuksen suhteellisesta arvosta ja korkeakoulusta valmistuneiden sosiaalisesta valikoitumisesta ty\u00f6markkinoilla Osatutkimuksessa kysyt\u00e4\u00e4n, mill\u00e4 tavoin koulutustaso, koulutusala, sosiaalinen tausta, sukupuoli ja n\u00e4iden tekij\u00f6iden erilaiset yhdistelm\u00e4t ovat yhteydess\u00e4 korkeakoulusta valmistuneiden ty\u00f6llistett\u00e4vyyteen. Ketk\u00e4 valmistuneista saavat parhaat ty\u00f6paikat (ty\u00f6el\u00e4m\u00e4statuksen ja tulojen merkityksess\u00e4) suhteessa toisiin korkeasti koulutettuihin, jotka kilpailevat samoista ty\u00f6paikoista? Lue lis\u00e4\u00e4 osatutkimuksesta englanniksi.","og_url":"https:\/\/sites.uef.fi\/highemploy\/osatutkimus-1\/","og_site_name":"HighEmploy","article_modified_time":"2021-03-18T11:12:17+00:00","twitter_card":"summary_large_image","schema":{"@context":"https:\/\/schema.org","@graph":[{"@type":"WebPage","@id":"https:\/\/sites.uef.fi\/highemploy\/osatutkimus-1\/","url":"https:\/\/sites.uef.fi\/highemploy\/osatutkimus-1\/","name":"Osatutkimus 1 - HighEmploy","isPartOf":{"@id":"https:\/\/sites.uef.fi\/highemploy\/#website"},"datePublished":"2021-03-03T12:21:31+00:00","dateModified":"2021-03-18T11:12:17+00:00","breadcrumb":{"@id":"https:\/\/sites.uef.fi\/highemploy\/osatutkimus-1\/#breadcrumb"},"inLanguage":"fi","potentialAction":[{"@type":"ReadAction","target":["https:\/\/sites.uef.fi\/highemploy\/osatutkimus-1\/"]}]},{"@type":"BreadcrumbList","@id":"https:\/\/sites.uef.fi\/highemploy\/osatutkimus-1\/#breadcrumb","itemListElement":[{"@type":"ListItem","position":1,"name":"Home","item":"https:\/\/sites.uef.fi\/highemploy\/"},{"@type":"ListItem","position":2,"name":"Osatutkimus 1"}]},{"@type":"WebSite","@id":"https:\/\/sites.uef.fi\/highemploy\/#website","url":"https:\/\/sites.uef.fi\/highemploy\/","name":"HighEmploy","description":"","potentialAction":[{"@type":"SearchAction","target":{"@type":"EntryPoint","urlTemplate":"https:\/\/sites.uef.fi\/highemploy\/?s={search_term_string}"},"query-input":{"@type":"PropertyValueSpecification","valueRequired":true,"valueName":"search_term_string"}}],"inLanguage":"fi"}]}},"_links":{"self":[{"href":"https:\/\/sites.uef.fi\/highemploy\/wp-json\/wp\/v2\/pages\/75","targetHints":{"allow":["GET"]}}],"collection":[{"href":"https:\/\/sites.uef.fi\/highemploy\/wp-json\/wp\/v2\/pages"}],"about":[{"href":"https:\/\/sites.uef.fi\/highemploy\/wp-json\/wp\/v2\/types\/page"}],"author":[{"embeddable":true,"href":"https:\/\/sites.uef.fi\/highemploy\/wp-json\/wp\/v2\/users\/500"}],"replies":[{"embeddable":true,"href":"https:\/\/sites.uef.fi\/highemploy\/wp-json\/wp\/v2\/comments?post=75"}],"version-history":[{"count":2,"href":"https:\/\/sites.uef.fi\/highemploy\/wp-json\/wp\/v2\/pages\/75\/revisions"}],"predecessor-version":[{"id":216,"href":"https:\/\/sites.uef.fi\/highemploy\/wp-json\/wp\/v2\/pages\/75\/revisions\/216"}],"wp:attachment":[{"href":"https:\/\/sites.uef.fi\/highemploy\/wp-json\/wp\/v2\/media?parent=75"}],"curies":[{"name":"wp","href":"https:\/\/api.w.org\/{rel}","templated":true}]}}