{"id":87,"date":"2021-04-08T13:08:27","date_gmt":"2021-04-08T10:08:27","guid":{"rendered":"https:\/\/sites.uef.fi\/highemploy\/?page_id=87"},"modified":"2021-06-10T09:44:44","modified_gmt":"2021-06-10T06:44:44","slug":"tutkijat","status":"publish","type":"page","link":"https:\/\/sites.uef.fi\/highemploy\/tutkijat\/","title":{"rendered":"Tutkijat"},"content":{"rendered":"\n<h1 class=\"wp-block-heading\">Tutkijat It\u00e4-Suomen yliopistossa<\/h1>\n\n\n\n<p><strong>P\u00e4ivi Siivonen<\/strong> on aikuiskasvatuksen dosentti ja toimii kasvatus- ja aikuiskasvatustieteiden yliopistotutkijana. H\u00e4n tutkii akateemista yritt\u00e4jyytt\u00e4 sosiaalisena prosessina, yliopisto-opiskelijoiden ja korkeakoulusta valmistuneiden ty\u00f6llistett\u00e4vyytt\u00e4 sek\u00e4 sosiaalisia eroja (ik\u00e4, sukupuoli, luokka) narratiivis-diskursiivisella tutkimusotteella. P\u00e4ivi johtaa HighEmploy konsortiota ja osallistuu my\u00f6s aineiston tuottamiseen ja analysoimiseen sek\u00e4 julkaisemiseen.<\/p>\n\n\n\n<p><strong>Maija Korhonen <\/strong>on el\u00e4m\u00e4nkulun, ty\u00f6el\u00e4m\u00e4n ja koulutuksen yliopistonlehtori ja post doc -tutkija. H\u00e4nen intresseihins\u00e4 kuuluu el\u00e4m\u00e4nkulun tutkimus, koulutuksen sosiaalipsykologinen tutkimus, kriittinen koulutus- ja ty\u00f6el\u00e4m\u00e4ntutkimus ja sosiaalisten erojen tutkimus sukupuolentutkimuksen n\u00e4k\u00f6kulmasta. H\u00e4nen asiantuntijuutensa aluetta ovat laadulliset tutkimusmenetelm\u00e4t, erityisesti narratiivinen ja diskursiivinen analyysi. Maija toimii osatutkimus 2:n johtajana ja vastaa seurantahaastattelujen laadullisesta analyysista.<\/p>\n\n\n\n<p><strong>Heli Mutanen<\/strong>, KM, on kasvatus- ja aikuiskasvatustieteen yliopisto-opettaja ja v\u00e4it\u00f6skirjan viimeistelyvaiheessa oleva aikuiskasvatustieteen jatko-opiskelija. H\u00e4n on kiinnostunut narratiivisesta metodologiasta ja nuorten identiteetti ja toimijuus neuvotteluista koulutuksesta ty\u00f6el\u00e4m\u00e4\u00e4n siirtym\u00e4ss\u00e4. H\u00e4n osallistuu HighEmploy-hankkeen laadulliseen osatutkimukseen 1.<\/p>\n\n\n\n<p><strong>Inka Hirvonen<\/strong> on aikuiskasvatustieteen jatko-opiskelija ja h\u00e4n laajentaa osaamistaan liittyen narratiiviseen metodologiaan ja korkeasti koulutettujen ty\u00f6llistett\u00e4vyyteen. Inka osallistuu osatutkimukseen 2.<\/p>\n\n\n\n<p><strong>Katri Komulainen<\/strong>, professori, psykologia.<\/p>\n\n\n\n<h2 class=\"wp-block-heading\">Tutkijat Turun yliopistossa<\/h2>\n\n\n\n<p><strong>Ulpukka Isopahkala-Bouret<\/strong> on menestynyt korkeakoulutuksen tutkija, aloitteentekij\u00e4 sek\u00e4 aktiivinen monitieteellinen ja -kulttuurinen verkostoituja. H\u00e4nen erityisiin tutkimusaiheisiinsa kuuluvat koulutuksellinen suosiminen, ik\u00e4 ja sukupuoli, ammatillinen asiantuntijuus, el\u00e4m\u00e4nkulun toimijuus ja urasiirtym\u00e4t. Ulpukka johtaa konsortion hanketta Turun yliopistossa. H\u00e4n osallistuu tutkimuksen suunnitteluun osatutkimuksessa 1 ja haastatteluiden toteuttamiseen ja analysoimiseen osatutkimuksessa 2 sek\u00e4 julkaisemiseen.<\/p>\n\n\n\n<p><strong>Mikko Aro<\/strong> on post doc -tutkija ja asiantuntija kvantitatiivissa tutkimusmenetelmiss\u00e4 ja koulutusekspansioon ja -inflaatioon liittyv\u00e4ss\u00e4 tutkimuksessa. H\u00e4n johtaa osatutkimusta 1 ja toteuttaa rekisteriaineiston analyysin.<\/p>\n\n\n\n<p><strong>Kristiina Ojala <\/strong>on post doc -tutkija ja h\u00e4nell\u00e4 on asiantuntemusta korkeasti koulutettujen suhteellisesta kilpailusta ty\u00f6markkinoilla. H\u00e4n analysoi tutkimusaineistoa osahankkeessa 1 ja osallistuu haastatteluiden toteuttamiseen ja analysoimiseen osahankkeessa 2.<\/p>\n\n\n\n<p><strong>Hanna Nori <\/strong>on yliopistotutkija ja h\u00e4n on tutkinut korkeakouluihin p\u00e4\u00e4sy\u00e4 ja valikoitumista. H\u00e4n osallistuu rekisteriaineiston analysoimiseen osahankkeessa 1.<\/p>\n\n\n\n<p><strong>Nina Haltia<\/strong> on post doc -tutkija ja h\u00e4nell\u00e4 on asiantuntemusta mixed methods -menetelm\u00e4st\u00e4 ja h\u00e4n on tutkinut aikuisopiskelijoita korkeakoulutuksessa. H\u00e4n osallistuu haastatteluiden toteuttamiseen ja aineiston analysoimiseen osahankkeessa 2.<\/p>\n","protected":false},"excerpt":{"rendered":"<p>Tutkijat It\u00e4-Suomen yliopistossa P\u00e4ivi Siivonen on aikuiskasvatuksen dosentti ja toimii kasvatus- ja aikuiskasvatustieteiden yliopistotutkijana. H\u00e4n tutkii akateemista yritt\u00e4jyytt\u00e4 sosiaalisena prosessina, yliopisto-opiskelijoiden ja korkeakoulusta valmistuneiden ty\u00f6llistett\u00e4vyytt\u00e4 sek\u00e4 sosiaalisia eroja (ik\u00e4, sukupuoli, luokka) narratiivis-diskursiivisella tutkimusotteella. P\u00e4ivi johtaa HighEmploy konsortiota ja osallistuu my\u00f6s aineiston tuottamiseen ja analysoimiseen sek\u00e4 julkaisemiseen. Maija Korhonen on el\u00e4m\u00e4nkulun, ty\u00f6el\u00e4m\u00e4n ja koulutuksen yliopistonlehtori ja [&hellip;]<\/p>\n","protected":false},"author":500,"featured_media":0,"parent":0,"menu_order":0,"comment_status":"closed","ping_status":"closed","template":"","meta":{"_acf_changed":false,"_monsterinsights_skip_tracking":false,"_monsterinsights_sitenote_active":false,"_monsterinsights_sitenote_note":"","_monsterinsights_sitenote_category":0,"footnotes":""},"class_list":["post-87","page","type-page","status-publish","hentry"],"acf":[],"yoast_head":"<!-- This site is optimized with the Yoast SEO plugin v27.1.1 - https:\/\/yoast.com\/product\/yoast-seo-wordpress\/ -->\n<title>Tutkijat - HighEmploy<\/title>\n<meta name=\"robots\" content=\"index, follow, max-snippet:-1, max-image-preview:large, max-video-preview:-1\" \/>\n<link rel=\"canonical\" href=\"https:\/\/sites.uef.fi\/highemploy\/tutkijat\/\" \/>\n<meta property=\"og:locale\" content=\"fi_FI\" \/>\n<meta property=\"og:type\" content=\"article\" \/>\n<meta property=\"og:title\" content=\"Tutkijat - HighEmploy\" \/>\n<meta property=\"og:description\" content=\"Tutkijat It\u00e4-Suomen yliopistossa P\u00e4ivi Siivonen on aikuiskasvatuksen dosentti ja toimii kasvatus- ja aikuiskasvatustieteiden yliopistotutkijana. H\u00e4n tutkii akateemista yritt\u00e4jyytt\u00e4 sosiaalisena prosessina, yliopisto-opiskelijoiden ja korkeakoulusta valmistuneiden ty\u00f6llistett\u00e4vyytt\u00e4 sek\u00e4 sosiaalisia eroja (ik\u00e4, sukupuoli, luokka) narratiivis-diskursiivisella tutkimusotteella. P\u00e4ivi johtaa HighEmploy konsortiota ja osallistuu my\u00f6s aineiston tuottamiseen ja analysoimiseen sek\u00e4 julkaisemiseen. Maija Korhonen on el\u00e4m\u00e4nkulun, ty\u00f6el\u00e4m\u00e4n ja koulutuksen yliopistonlehtori ja [&hellip;]\" \/>\n<meta property=\"og:url\" content=\"https:\/\/sites.uef.fi\/highemploy\/tutkijat\/\" \/>\n<meta property=\"og:site_name\" content=\"HighEmploy\" \/>\n<meta property=\"article:modified_time\" content=\"2021-06-10T06:44:44+00:00\" \/>\n<meta name=\"twitter:card\" content=\"summary_large_image\" \/>\n<meta name=\"twitter:label1\" content=\"Arvioitu lukuaika\" \/>\n\t<meta name=\"twitter:data1\" content=\"2 minuuttia\" \/>\n<script type=\"application\/ld+json\" class=\"yoast-schema-graph\">{\"@context\":\"https:\/\/schema.org\",\"@graph\":[{\"@type\":\"WebPage\",\"@id\":\"https:\/\/sites.uef.fi\/highemploy\/tutkijat\/\",\"url\":\"https:\/\/sites.uef.fi\/highemploy\/tutkijat\/\",\"name\":\"Tutkijat - HighEmploy\",\"isPartOf\":{\"@id\":\"https:\/\/sites.uef.fi\/highemploy\/#website\"},\"datePublished\":\"2021-04-08T10:08:27+00:00\",\"dateModified\":\"2021-06-10T06:44:44+00:00\",\"breadcrumb\":{\"@id\":\"https:\/\/sites.uef.fi\/highemploy\/tutkijat\/#breadcrumb\"},\"inLanguage\":\"fi\",\"potentialAction\":[{\"@type\":\"ReadAction\",\"target\":[\"https:\/\/sites.uef.fi\/highemploy\/tutkijat\/\"]}]},{\"@type\":\"BreadcrumbList\",\"@id\":\"https:\/\/sites.uef.fi\/highemploy\/tutkijat\/#breadcrumb\",\"itemListElement\":[{\"@type\":\"ListItem\",\"position\":1,\"name\":\"Home\",\"item\":\"https:\/\/sites.uef.fi\/highemploy\/\"},{\"@type\":\"ListItem\",\"position\":2,\"name\":\"Tutkijat\"}]},{\"@type\":\"WebSite\",\"@id\":\"https:\/\/sites.uef.fi\/highemploy\/#website\",\"url\":\"https:\/\/sites.uef.fi\/highemploy\/\",\"name\":\"HighEmploy\",\"description\":\"\",\"potentialAction\":[{\"@type\":\"SearchAction\",\"target\":{\"@type\":\"EntryPoint\",\"urlTemplate\":\"https:\/\/sites.uef.fi\/highemploy\/?s={search_term_string}\"},\"query-input\":{\"@type\":\"PropertyValueSpecification\",\"valueRequired\":true,\"valueName\":\"search_term_string\"}}],\"inLanguage\":\"fi\"}]}<\/script>\n<!-- \/ Yoast SEO plugin. -->","yoast_head_json":{"title":"Tutkijat - HighEmploy","robots":{"index":"index","follow":"follow","max-snippet":"max-snippet:-1","max-image-preview":"max-image-preview:large","max-video-preview":"max-video-preview:-1"},"canonical":"https:\/\/sites.uef.fi\/highemploy\/tutkijat\/","og_locale":"fi_FI","og_type":"article","og_title":"Tutkijat - HighEmploy","og_description":"Tutkijat It\u00e4-Suomen yliopistossa P\u00e4ivi Siivonen on aikuiskasvatuksen dosentti ja toimii kasvatus- ja aikuiskasvatustieteiden yliopistotutkijana. H\u00e4n tutkii akateemista yritt\u00e4jyytt\u00e4 sosiaalisena prosessina, yliopisto-opiskelijoiden ja korkeakoulusta valmistuneiden ty\u00f6llistett\u00e4vyytt\u00e4 sek\u00e4 sosiaalisia eroja (ik\u00e4, sukupuoli, luokka) narratiivis-diskursiivisella tutkimusotteella. P\u00e4ivi johtaa HighEmploy konsortiota ja osallistuu my\u00f6s aineiston tuottamiseen ja analysoimiseen sek\u00e4 julkaisemiseen. Maija Korhonen on el\u00e4m\u00e4nkulun, ty\u00f6el\u00e4m\u00e4n ja koulutuksen yliopistonlehtori ja [&hellip;]","og_url":"https:\/\/sites.uef.fi\/highemploy\/tutkijat\/","og_site_name":"HighEmploy","article_modified_time":"2021-06-10T06:44:44+00:00","twitter_card":"summary_large_image","twitter_misc":{"Arvioitu lukuaika":"2 minuuttia"},"schema":{"@context":"https:\/\/schema.org","@graph":[{"@type":"WebPage","@id":"https:\/\/sites.uef.fi\/highemploy\/tutkijat\/","url":"https:\/\/sites.uef.fi\/highemploy\/tutkijat\/","name":"Tutkijat - HighEmploy","isPartOf":{"@id":"https:\/\/sites.uef.fi\/highemploy\/#website"},"datePublished":"2021-04-08T10:08:27+00:00","dateModified":"2021-06-10T06:44:44+00:00","breadcrumb":{"@id":"https:\/\/sites.uef.fi\/highemploy\/tutkijat\/#breadcrumb"},"inLanguage":"fi","potentialAction":[{"@type":"ReadAction","target":["https:\/\/sites.uef.fi\/highemploy\/tutkijat\/"]}]},{"@type":"BreadcrumbList","@id":"https:\/\/sites.uef.fi\/highemploy\/tutkijat\/#breadcrumb","itemListElement":[{"@type":"ListItem","position":1,"name":"Home","item":"https:\/\/sites.uef.fi\/highemploy\/"},{"@type":"ListItem","position":2,"name":"Tutkijat"}]},{"@type":"WebSite","@id":"https:\/\/sites.uef.fi\/highemploy\/#website","url":"https:\/\/sites.uef.fi\/highemploy\/","name":"HighEmploy","description":"","potentialAction":[{"@type":"SearchAction","target":{"@type":"EntryPoint","urlTemplate":"https:\/\/sites.uef.fi\/highemploy\/?s={search_term_string}"},"query-input":{"@type":"PropertyValueSpecification","valueRequired":true,"valueName":"search_term_string"}}],"inLanguage":"fi"}]}},"_links":{"self":[{"href":"https:\/\/sites.uef.fi\/highemploy\/wp-json\/wp\/v2\/pages\/87","targetHints":{"allow":["GET"]}}],"collection":[{"href":"https:\/\/sites.uef.fi\/highemploy\/wp-json\/wp\/v2\/pages"}],"about":[{"href":"https:\/\/sites.uef.fi\/highemploy\/wp-json\/wp\/v2\/types\/page"}],"author":[{"embeddable":true,"href":"https:\/\/sites.uef.fi\/highemploy\/wp-json\/wp\/v2\/users\/500"}],"replies":[{"embeddable":true,"href":"https:\/\/sites.uef.fi\/highemploy\/wp-json\/wp\/v2\/comments?post=87"}],"version-history":[{"count":2,"href":"https:\/\/sites.uef.fi\/highemploy\/wp-json\/wp\/v2\/pages\/87\/revisions"}],"predecessor-version":[{"id":288,"href":"https:\/\/sites.uef.fi\/highemploy\/wp-json\/wp\/v2\/pages\/87\/revisions\/288"}],"wp:attachment":[{"href":"https:\/\/sites.uef.fi\/highemploy\/wp-json\/wp\/v2\/media?parent=87"}],"curies":[{"name":"wp","href":"https:\/\/api.w.org\/{rel}","templated":true}]}}