{"id":123,"date":"2023-04-26T08:11:04","date_gmt":"2023-04-26T06:11:04","guid":{"rendered":"https:\/\/sites.uef.fi\/humsem\/?page_id=123"},"modified":"2026-04-09T14:14:49","modified_gmt":"2026-04-09T12:14:49","slug":"archive","status":"publish","type":"page","link":"https:\/\/sites.uef.fi\/humsem\/archive\/","title":{"rendered":"Archive"},"content":{"rendered":"\n<p>This is an archive of former presentations in the Seminar, incl. links to the abstracts.<\/p>\n\n\n\n<p><strong>08.03.2023<\/strong> <a href=\"https:\/\/sites.uef.fi\/humsem\/2023\/04\/26\/march-8-2023\/\" data-type=\"URL\" data-id=\"https:\/\/sites.uef.fi\/humsem\/2023\/04\/26\/march-8-2023\/\" target=\"_blank\" rel=\"noreferrer noopener\">Melina Aarnikoivu (JYU) \u201cLook a squirrel!\u201d \u2013 Non-focus in qualitative research<\/a><\/p>\n\n\n\n<p><strong>17.05.2023<\/strong> <a href=\"http:\/\/sites.uef.fi\/humsem\/2023\/04\/26\/may-1-2023\/\" target=\"_blank\" rel=\"noreferrer noopener\">Reetta Haverinen (UEF): \u201c\u2018Olet hyv\u00e4 juuri tuollaisena, mutta n\u00e4in voisit olla viel\u00e4 parempi\u2019 \u2013 wellness-kulttuuri 2020-luvulla feministisen mediatutkimuksen valossa.\u201d<\/a><\/p>\n\n\n\n<p><strong>20.09.2023<\/strong> <a href=\"https:\/\/sites.uef.fi\/humsem\/2023\/09\/20\/september-20-2023\/\">Michael Rie\u00dfler (UEF): &#8220;Partitive Case in Kildin Saami (new old evidence)&#8221;<\/a><\/p>\n\n\n\n<p><strong>18.10.2023<\/strong> Sven Grawunder (Martin-Luther-Universit\u00e4t Halle-Wittenberg): &#8220;On the Evolution of Human Speech&#8221;<\/p>\n\n\n\n<p><strong>31.01.2024<\/strong> <a href=\"https:\/\/sites.uef.fi\/humsem\/2023\/12\/19\/31-01-2024\/\">Michael Rie\u00dfler (UEF): &#8220;Hands-on introduction to the ELAN tool&#8221;<\/a> (for doctoral and advanced MA students)<\/p>\n\n\n\n<p><strong>10.04.2024<\/strong> <a href=\"https:\/\/sites.uef.fi\/humsem\/2024\/04\/08\/april-10-2024\/\" target=\"_blank\" rel=\"noreferrer noopener\">D<\/a><a href=\"https:\/\/sites.uef.fi\/humsem\/2024\/04\/08\/april-10-2024\/\">ana Roemling (Birmingham): \u201cFrom Words to Evidence: An Introduction to Forensic Linguistics\u201d<\/a><\/p>\n\n\n\n<p><strong>16.04.2024<\/strong> Jan Alkorta (Basque country): \u201cCLARIN and&nbsp;DARIAH for the&nbsp;Basque language: creation process, characteristics, objectives\u201d (outside the regular schedule)<\/p>\n\n\n\n<p><strong>30.10.2024<\/strong> <a href=\"https:\/\/sites.uef.fi\/humsem\/2024\/10\/22\/october-30-2024\/\" target=\"_blank\" rel=\"noreferrer noopener\">Michael Rie\u00dfler (UEF): \u201cOn the Pluricentricity of the Saami Language(s)\u201d<\/a><\/p>\n\n\n\n<p><strong>15.01.2025<\/strong> <a href=\"https:\/\/sites.uef.fi\/humsem\/2025\/01\/14\/january-15-2025\/\">Niko Tynnyrinen (UEF): \u201cTranslating into Karelian from the perspectives of language revitalization and new vocabulary\u201d (in Finnish language)<\/a><\/p>\n\n\n\n<p><strong>12.02.2025<\/strong> Michael Rie\u00dfler (UEF): \u201cIntroduction to Git and GitHub (for doctoral and advanced MA students)\u201d<\/p>\n\n\n\n<p><strong>07.05.2025<\/strong> Konstantina Vardaka ja Maria Kok (UEF): \u201cVeps\u00e4n kielen ilta\u201d<\/p>\n\n\n\n<p><strong>29.10.2025<\/strong> <a href=\"https:\/\/sites.uef.fi\/humsem\/2025\/10\/26\/october-26-2025\/\">Sini Siitonen (UEF): &#8220;Maxim Gorky&#8217;s reception in Finland&#8221;<\/a><\/p>\n\n\n\n<p><strong>15.04.2026<\/strong> <a href=\"https:\/\/sites.uef.fi\/humsem\/2026\/04\/09\/miina\/\" id=\"https:\/\/sites.uef.fi\/humsem\/2026\/04\/09\/miina\/\">Miina<\/a><\/p>\n\n\n\n<p><\/p>\n","protected":false},"excerpt":{"rendered":"<p>This is an archive of former presentations in the Seminar, incl. links to the abstracts. 08.03.2023 Melina Aarnikoivu (JYU) \u201cLook a squirrel!\u201d \u2013 Non-focus in qualitative research 17.05.2023 Reetta Haverinen (UEF): \u201c\u2018Olet hyv\u00e4 juuri tuollaisena, mutta n\u00e4in voisit olla viel\u00e4 parempi\u2019 \u2013 wellness-kulttuuri 2020-luvulla feministisen mediatutkimuksen valossa.\u201d 20.09.2023 Michael Rie\u00dfler (UEF): &#8220;Partitive Case in Kildin [&hellip;]<\/p>\n","protected":false},"author":883,"featured_media":0,"parent":0,"menu_order":0,"comment_status":"closed","ping_status":"closed","template":"","meta":{"_acf_changed":false,"footnotes":""},"class_list":["post-123","page","type-page","status-publish","hentry"],"acf":[],"yoast_head":"<!-- This site is optimized with the Yoast SEO plugin v27.1.1 - https:\/\/yoast.com\/product\/yoast-seo-wordpress\/ -->\n<title>Archive - Humanities Research Seminar<\/title>\n<meta name=\"robots\" content=\"index, follow, max-snippet:-1, max-image-preview:large, max-video-preview:-1\" \/>\n<link rel=\"canonical\" href=\"https:\/\/sites.uef.fi\/humsem\/archive\/\" \/>\n<meta property=\"og:locale\" content=\"en_US\" \/>\n<meta property=\"og:type\" content=\"article\" \/>\n<meta property=\"og:title\" content=\"Archive - Humanities Research Seminar\" \/>\n<meta property=\"og:description\" content=\"This is an archive of former presentations in the Seminar, incl. links to the abstracts. 08.03.2023 Melina Aarnikoivu (JYU) \u201cLook a squirrel!\u201d \u2013 Non-focus in qualitative research 17.05.2023 Reetta Haverinen (UEF): \u201c\u2018Olet hyv\u00e4 juuri tuollaisena, mutta n\u00e4in voisit olla viel\u00e4 parempi\u2019 \u2013 wellness-kulttuuri 2020-luvulla feministisen mediatutkimuksen valossa.\u201d 20.09.2023 Michael Rie\u00dfler (UEF): &#8220;Partitive Case in Kildin [&hellip;]\" \/>\n<meta property=\"og:url\" content=\"https:\/\/sites.uef.fi\/humsem\/archive\/\" \/>\n<meta property=\"og:site_name\" content=\"Humanities Research Seminar\" \/>\n<meta property=\"article:modified_time\" content=\"2026-04-09T12:14:49+00:00\" \/>\n<meta name=\"twitter:card\" content=\"summary_large_image\" \/>\n<meta name=\"twitter:label1\" content=\"Est. reading time\" \/>\n\t<meta name=\"twitter:data1\" content=\"1 minute\" \/>\n<script type=\"application\/ld+json\" class=\"yoast-schema-graph\">{\"@context\":\"https:\/\/schema.org\",\"@graph\":[{\"@type\":\"WebPage\",\"@id\":\"https:\/\/sites.uef.fi\/humsem\/archive\/\",\"url\":\"https:\/\/sites.uef.fi\/humsem\/archive\/\",\"name\":\"Archive - Humanities Research Seminar\",\"isPartOf\":{\"@id\":\"https:\/\/sites.uef.fi\/humsem\/#website\"},\"datePublished\":\"2023-04-26T06:11:04+00:00\",\"dateModified\":\"2026-04-09T12:14:49+00:00\",\"breadcrumb\":{\"@id\":\"https:\/\/sites.uef.fi\/humsem\/archive\/#breadcrumb\"},\"inLanguage\":\"en-US\",\"potentialAction\":[{\"@type\":\"ReadAction\",\"target\":[\"https:\/\/sites.uef.fi\/humsem\/archive\/\"]}]},{\"@type\":\"BreadcrumbList\",\"@id\":\"https:\/\/sites.uef.fi\/humsem\/archive\/#breadcrumb\",\"itemListElement\":[{\"@type\":\"ListItem\",\"position\":1,\"name\":\"Home\",\"item\":\"https:\/\/sites.uef.fi\/humsem\/\"},{\"@type\":\"ListItem\",\"position\":2,\"name\":\"Archive\"}]},{\"@type\":\"WebSite\",\"@id\":\"https:\/\/sites.uef.fi\/humsem\/#website\",\"url\":\"https:\/\/sites.uef.fi\/humsem\/\",\"name\":\"Humanities Research Seminar\",\"description\":\"\",\"publisher\":{\"@id\":\"https:\/\/sites.uef.fi\/humsem\/#organization\"},\"potentialAction\":[{\"@type\":\"SearchAction\",\"target\":{\"@type\":\"EntryPoint\",\"urlTemplate\":\"https:\/\/sites.uef.fi\/humsem\/?s={search_term_string}\"},\"query-input\":{\"@type\":\"PropertyValueSpecification\",\"valueRequired\":true,\"valueName\":\"search_term_string\"}}],\"inLanguage\":\"en-US\"},{\"@type\":\"Organization\",\"@id\":\"https:\/\/sites.uef.fi\/humsem\/#organization\",\"name\":\"Humanities Research Seminar\",\"url\":\"https:\/\/sites.uef.fi\/humsem\/\",\"logo\":{\"@type\":\"ImageObject\",\"inLanguage\":\"en-US\",\"@id\":\"https:\/\/sites.uef.fi\/humsem\/#\/schema\/logo\/image\/\",\"url\":\"https:\/\/sites.uef.fi\/humsem\/wp-content\/uploads\/sites\/406\/2023\/02\/cropped-UEF_wordpress_white.png\",\"contentUrl\":\"https:\/\/sites.uef.fi\/humsem\/wp-content\/uploads\/sites\/406\/2023\/02\/cropped-UEF_wordpress_white.png\",\"width\":250,\"height\":250,\"caption\":\"Humanities Research Seminar\"},\"image\":{\"@id\":\"https:\/\/sites.uef.fi\/humsem\/#\/schema\/logo\/image\/\"}}]}<\/script>\n<!-- \/ Yoast SEO plugin. -->","yoast_head_json":{"title":"Archive - Humanities Research Seminar","robots":{"index":"index","follow":"follow","max-snippet":"max-snippet:-1","max-image-preview":"max-image-preview:large","max-video-preview":"max-video-preview:-1"},"canonical":"https:\/\/sites.uef.fi\/humsem\/archive\/","og_locale":"en_US","og_type":"article","og_title":"Archive - Humanities Research Seminar","og_description":"This is an archive of former presentations in the Seminar, incl. links to the abstracts. 08.03.2023 Melina Aarnikoivu (JYU) \u201cLook a squirrel!\u201d \u2013 Non-focus in qualitative research 17.05.2023 Reetta Haverinen (UEF): \u201c\u2018Olet hyv\u00e4 juuri tuollaisena, mutta n\u00e4in voisit olla viel\u00e4 parempi\u2019 \u2013 wellness-kulttuuri 2020-luvulla feministisen mediatutkimuksen valossa.\u201d 20.09.2023 Michael Rie\u00dfler (UEF): &#8220;Partitive Case in Kildin [&hellip;]","og_url":"https:\/\/sites.uef.fi\/humsem\/archive\/","og_site_name":"Humanities Research Seminar","article_modified_time":"2026-04-09T12:14:49+00:00","twitter_card":"summary_large_image","twitter_misc":{"Est. reading time":"1 minute"},"schema":{"@context":"https:\/\/schema.org","@graph":[{"@type":"WebPage","@id":"https:\/\/sites.uef.fi\/humsem\/archive\/","url":"https:\/\/sites.uef.fi\/humsem\/archive\/","name":"Archive - Humanities Research Seminar","isPartOf":{"@id":"https:\/\/sites.uef.fi\/humsem\/#website"},"datePublished":"2023-04-26T06:11:04+00:00","dateModified":"2026-04-09T12:14:49+00:00","breadcrumb":{"@id":"https:\/\/sites.uef.fi\/humsem\/archive\/#breadcrumb"},"inLanguage":"en-US","potentialAction":[{"@type":"ReadAction","target":["https:\/\/sites.uef.fi\/humsem\/archive\/"]}]},{"@type":"BreadcrumbList","@id":"https:\/\/sites.uef.fi\/humsem\/archive\/#breadcrumb","itemListElement":[{"@type":"ListItem","position":1,"name":"Home","item":"https:\/\/sites.uef.fi\/humsem\/"},{"@type":"ListItem","position":2,"name":"Archive"}]},{"@type":"WebSite","@id":"https:\/\/sites.uef.fi\/humsem\/#website","url":"https:\/\/sites.uef.fi\/humsem\/","name":"Humanities Research Seminar","description":"","publisher":{"@id":"https:\/\/sites.uef.fi\/humsem\/#organization"},"potentialAction":[{"@type":"SearchAction","target":{"@type":"EntryPoint","urlTemplate":"https:\/\/sites.uef.fi\/humsem\/?s={search_term_string}"},"query-input":{"@type":"PropertyValueSpecification","valueRequired":true,"valueName":"search_term_string"}}],"inLanguage":"en-US"},{"@type":"Organization","@id":"https:\/\/sites.uef.fi\/humsem\/#organization","name":"Humanities Research Seminar","url":"https:\/\/sites.uef.fi\/humsem\/","logo":{"@type":"ImageObject","inLanguage":"en-US","@id":"https:\/\/sites.uef.fi\/humsem\/#\/schema\/logo\/image\/","url":"https:\/\/sites.uef.fi\/humsem\/wp-content\/uploads\/sites\/406\/2023\/02\/cropped-UEF_wordpress_white.png","contentUrl":"https:\/\/sites.uef.fi\/humsem\/wp-content\/uploads\/sites\/406\/2023\/02\/cropped-UEF_wordpress_white.png","width":250,"height":250,"caption":"Humanities Research Seminar"},"image":{"@id":"https:\/\/sites.uef.fi\/humsem\/#\/schema\/logo\/image\/"}}]}},"_links":{"self":[{"href":"https:\/\/sites.uef.fi\/humsem\/wp-json\/wp\/v2\/pages\/123","targetHints":{"allow":["GET"]}}],"collection":[{"href":"https:\/\/sites.uef.fi\/humsem\/wp-json\/wp\/v2\/pages"}],"about":[{"href":"https:\/\/sites.uef.fi\/humsem\/wp-json\/wp\/v2\/types\/page"}],"author":[{"embeddable":true,"href":"https:\/\/sites.uef.fi\/humsem\/wp-json\/wp\/v2\/users\/883"}],"replies":[{"embeddable":true,"href":"https:\/\/sites.uef.fi\/humsem\/wp-json\/wp\/v2\/comments?post=123"}],"version-history":[{"count":2,"href":"https:\/\/sites.uef.fi\/humsem\/wp-json\/wp\/v2\/pages\/123\/revisions"}],"predecessor-version":[{"id":812,"href":"https:\/\/sites.uef.fi\/humsem\/wp-json\/wp\/v2\/pages\/123\/revisions\/812"}],"wp:attachment":[{"href":"https:\/\/sites.uef.fi\/humsem\/wp-json\/wp\/v2\/media?parent=123"}],"curies":[{"name":"wp","href":"https:\/\/api.w.org\/{rel}","templated":true}]}}