{"id":1805,"date":"2022-12-11T20:04:18","date_gmt":"2022-12-11T18:04:18","guid":{"rendered":"https:\/\/sites.uef.fi\/hyvinvointioikeus\/?page_id=1805"},"modified":"2022-12-11T20:13:34","modified_gmt":"2022-12-11T18:13:34","slug":"paattyneet-tutkimushankkeet","status":"publish","type":"page","link":"https:\/\/sites.uef.fi\/hyvinvointioikeus\/paattyneet-tutkimushankkeet\/","title":{"rendered":"P\u00e4\u00e4ttyneet tutkimushankkeet"},"content":{"rendered":"<h3>Alla on esitelty tutkimushankkeita, jotka ovat p\u00e4\u00e4ttyneet ja joissa Hyvinvointioikeuden keskus on ollut mukana.<\/h3>\n<p><strong>ArtsEqual<\/strong>\u00a0(2015-2021). Taideyliopiston koordinoima hanke tutkii, kuinka taide julkisena palveluna voisi lis\u00e4t\u00e4 yhteiskunnallista tasa-arvoa ja hyvinvointia 2020-luvun Suomessa. Hanketta rahoittaa Suomen Akatemian Strategisen tutkimuksen neuvosto. Hyvinvointioikeuden keskuksesta Pauli Rautiainen toimii tutkijana hankkeen tutkimustuloksia yhteen vet\u00e4v\u00e4ss\u00e4 visions-ryhm\u00e4ss\u00e4. Lis\u00e4tietoja: pauli.rautiainen@uef.fi<\/p>\n<p><strong>Viitotut muistot<\/strong>\u00a0(2020-2021). Helsingin yliopiston koordinoimassa konsortiohankkeessa tarkastellaan kuuroihin ja viittomakielisiin kohdistuvia v\u00e4\u00e4ryyksi\u00e4 Suomen historiassa ja rakennetaan siltaa niiden k\u00e4sittelyyn p\u00e4\u00e4ministeri Sanna Marinin hallituksen ohjelmaan sis\u00e4ltyv\u00e4ss\u00e4 valtiollisessa totuus- ja sovintoprosessissa. Hanketta rahoittaa valtioneuvoston kanslia. Hyvinvointioikeuden keskuksesta Pauli Rautiainen johtaa hyv\u00e4\u00e4 totuus- ja sovintoprosessia selvitt\u00e4v\u00e4\u00e4 osahanketta. Lis\u00e4tietoja: pauli.rautiainen@uef.fi<\/p>\n","protected":false},"excerpt":{"rendered":"<p>Alla on esitelty tutkimushankkeita, jotka ovat p\u00e4\u00e4ttyneet ja joissa Hyvinvointioikeuden keskus on ollut mukana. ArtsEqual\u00a0(2015-2021). Taideyliopiston koordinoima hanke tutkii, kuinka taide julkisena palveluna voisi lis\u00e4t\u00e4 yhteiskunnallista tasa-arvoa ja hyvinvointia 2020-luvun Suomessa. Hanketta rahoittaa Suomen Akatemian Strategisen tutkimuksen neuvosto. Hyvinvointioikeuden keskuksesta Pauli Rautiainen toimii tutkijana hankkeen tutkimustuloksia yhteen vet\u00e4v\u00e4ss\u00e4 visions-ryhm\u00e4ss\u00e4. Lis\u00e4tietoja: pauli.rautiainen@uef.fi Viitotut muistot\u00a0(2020-2021). Helsingin yliopiston [&hellip;]<\/p>\n","protected":false},"author":900,"featured_media":0,"parent":0,"menu_order":0,"comment_status":"closed","ping_status":"closed","template":"","meta":{"_acf_changed":false,"footnotes":""},"class_list":["post-1805","page","type-page","status-publish","hentry"],"acf":[],"yoast_head":"<!-- This site is optimized with the Yoast SEO plugin v27.3 - https:\/\/yoast.com\/product\/yoast-seo-wordpress\/ -->\n<title>P\u00e4\u00e4ttyneet tutkimushankkeet - Hyvinvointioikeuden keskus<\/title>\n<meta name=\"robots\" content=\"index, follow, max-snippet:-1, max-image-preview:large, max-video-preview:-1\" \/>\n<link rel=\"canonical\" href=\"https:\/\/sites.uef.fi\/hyvinvointioikeus\/paattyneet-tutkimushankkeet\/\" \/>\n<meta property=\"og:locale\" content=\"fi_FI\" \/>\n<meta property=\"og:type\" content=\"article\" \/>\n<meta property=\"og:title\" content=\"P\u00e4\u00e4ttyneet tutkimushankkeet - Hyvinvointioikeuden keskus\" \/>\n<meta property=\"og:description\" content=\"Alla on esitelty tutkimushankkeita, jotka ovat p\u00e4\u00e4ttyneet ja joissa Hyvinvointioikeuden keskus on ollut mukana. ArtsEqual\u00a0(2015-2021). Taideyliopiston koordinoima hanke tutkii, kuinka taide julkisena palveluna voisi lis\u00e4t\u00e4 yhteiskunnallista tasa-arvoa ja hyvinvointia 2020-luvun Suomessa. Hanketta rahoittaa Suomen Akatemian Strategisen tutkimuksen neuvosto. Hyvinvointioikeuden keskuksesta Pauli Rautiainen toimii tutkijana hankkeen tutkimustuloksia yhteen vet\u00e4v\u00e4ss\u00e4 visions-ryhm\u00e4ss\u00e4. Lis\u00e4tietoja: pauli.rautiainen@uef.fi Viitotut muistot\u00a0(2020-2021). Helsingin yliopiston [&hellip;]\" \/>\n<meta property=\"og:url\" content=\"https:\/\/sites.uef.fi\/hyvinvointioikeus\/paattyneet-tutkimushankkeet\/\" \/>\n<meta property=\"og:site_name\" content=\"Hyvinvointioikeuden keskus\" \/>\n<meta property=\"article:modified_time\" content=\"2022-12-11T18:13:34+00:00\" \/>\n<meta name=\"twitter:card\" content=\"summary_large_image\" \/>\n<meta name=\"twitter:label1\" content=\"Arvioitu lukuaika\" \/>\n\t<meta name=\"twitter:data1\" content=\"1 minuutti\" \/>\n<script type=\"application\/ld+json\" class=\"yoast-schema-graph\">{\"@context\":\"https:\\\/\\\/schema.org\",\"@graph\":[{\"@type\":\"WebPage\",\"@id\":\"https:\\\/\\\/sites.uef.fi\\\/hyvinvointioikeus\\\/paattyneet-tutkimushankkeet\\\/\",\"url\":\"https:\\\/\\\/sites.uef.fi\\\/hyvinvointioikeus\\\/paattyneet-tutkimushankkeet\\\/\",\"name\":\"P\u00e4\u00e4ttyneet tutkimushankkeet - Hyvinvointioikeuden keskus\",\"isPartOf\":{\"@id\":\"https:\\\/\\\/sites.uef.fi\\\/hyvinvointioikeus\\\/#website\"},\"datePublished\":\"2022-12-11T18:04:18+00:00\",\"dateModified\":\"2022-12-11T18:13:34+00:00\",\"breadcrumb\":{\"@id\":\"https:\\\/\\\/sites.uef.fi\\\/hyvinvointioikeus\\\/paattyneet-tutkimushankkeet\\\/#breadcrumb\"},\"inLanguage\":\"fi\",\"potentialAction\":[{\"@type\":\"ReadAction\",\"target\":[\"https:\\\/\\\/sites.uef.fi\\\/hyvinvointioikeus\\\/paattyneet-tutkimushankkeet\\\/\"]}]},{\"@type\":\"BreadcrumbList\",\"@id\":\"https:\\\/\\\/sites.uef.fi\\\/hyvinvointioikeus\\\/paattyneet-tutkimushankkeet\\\/#breadcrumb\",\"itemListElement\":[{\"@type\":\"ListItem\",\"position\":1,\"name\":\"Home\",\"item\":\"https:\\\/\\\/sites.uef.fi\\\/hyvinvointioikeus\\\/\"},{\"@type\":\"ListItem\",\"position\":2,\"name\":\"P\u00e4\u00e4ttyneet tutkimushankkeet\"}]},{\"@type\":\"WebSite\",\"@id\":\"https:\\\/\\\/sites.uef.fi\\\/hyvinvointioikeus\\\/#website\",\"url\":\"https:\\\/\\\/sites.uef.fi\\\/hyvinvointioikeus\\\/\",\"name\":\"Hyvinvointioikeuden keskus\",\"description\":\"\",\"potentialAction\":[{\"@type\":\"SearchAction\",\"target\":{\"@type\":\"EntryPoint\",\"urlTemplate\":\"https:\\\/\\\/sites.uef.fi\\\/hyvinvointioikeus\\\/?s={search_term_string}\"},\"query-input\":{\"@type\":\"PropertyValueSpecification\",\"valueRequired\":true,\"valueName\":\"search_term_string\"}}],\"inLanguage\":\"fi\"}]}<\/script>\n<!-- \/ Yoast SEO plugin. -->","yoast_head_json":{"title":"P\u00e4\u00e4ttyneet tutkimushankkeet - Hyvinvointioikeuden keskus","robots":{"index":"index","follow":"follow","max-snippet":"max-snippet:-1","max-image-preview":"max-image-preview:large","max-video-preview":"max-video-preview:-1"},"canonical":"https:\/\/sites.uef.fi\/hyvinvointioikeus\/paattyneet-tutkimushankkeet\/","og_locale":"fi_FI","og_type":"article","og_title":"P\u00e4\u00e4ttyneet tutkimushankkeet - Hyvinvointioikeuden keskus","og_description":"Alla on esitelty tutkimushankkeita, jotka ovat p\u00e4\u00e4ttyneet ja joissa Hyvinvointioikeuden keskus on ollut mukana. ArtsEqual\u00a0(2015-2021). Taideyliopiston koordinoima hanke tutkii, kuinka taide julkisena palveluna voisi lis\u00e4t\u00e4 yhteiskunnallista tasa-arvoa ja hyvinvointia 2020-luvun Suomessa. Hanketta rahoittaa Suomen Akatemian Strategisen tutkimuksen neuvosto. Hyvinvointioikeuden keskuksesta Pauli Rautiainen toimii tutkijana hankkeen tutkimustuloksia yhteen vet\u00e4v\u00e4ss\u00e4 visions-ryhm\u00e4ss\u00e4. Lis\u00e4tietoja: pauli.rautiainen@uef.fi Viitotut muistot\u00a0(2020-2021). Helsingin yliopiston [&hellip;]","og_url":"https:\/\/sites.uef.fi\/hyvinvointioikeus\/paattyneet-tutkimushankkeet\/","og_site_name":"Hyvinvointioikeuden keskus","article_modified_time":"2022-12-11T18:13:34+00:00","twitter_card":"summary_large_image","twitter_misc":{"Arvioitu lukuaika":"1 minuutti"},"schema":{"@context":"https:\/\/schema.org","@graph":[{"@type":"WebPage","@id":"https:\/\/sites.uef.fi\/hyvinvointioikeus\/paattyneet-tutkimushankkeet\/","url":"https:\/\/sites.uef.fi\/hyvinvointioikeus\/paattyneet-tutkimushankkeet\/","name":"P\u00e4\u00e4ttyneet tutkimushankkeet - Hyvinvointioikeuden keskus","isPartOf":{"@id":"https:\/\/sites.uef.fi\/hyvinvointioikeus\/#website"},"datePublished":"2022-12-11T18:04:18+00:00","dateModified":"2022-12-11T18:13:34+00:00","breadcrumb":{"@id":"https:\/\/sites.uef.fi\/hyvinvointioikeus\/paattyneet-tutkimushankkeet\/#breadcrumb"},"inLanguage":"fi","potentialAction":[{"@type":"ReadAction","target":["https:\/\/sites.uef.fi\/hyvinvointioikeus\/paattyneet-tutkimushankkeet\/"]}]},{"@type":"BreadcrumbList","@id":"https:\/\/sites.uef.fi\/hyvinvointioikeus\/paattyneet-tutkimushankkeet\/#breadcrumb","itemListElement":[{"@type":"ListItem","position":1,"name":"Home","item":"https:\/\/sites.uef.fi\/hyvinvointioikeus\/"},{"@type":"ListItem","position":2,"name":"P\u00e4\u00e4ttyneet tutkimushankkeet"}]},{"@type":"WebSite","@id":"https:\/\/sites.uef.fi\/hyvinvointioikeus\/#website","url":"https:\/\/sites.uef.fi\/hyvinvointioikeus\/","name":"Hyvinvointioikeuden keskus","description":"","potentialAction":[{"@type":"SearchAction","target":{"@type":"EntryPoint","urlTemplate":"https:\/\/sites.uef.fi\/hyvinvointioikeus\/?s={search_term_string}"},"query-input":{"@type":"PropertyValueSpecification","valueRequired":true,"valueName":"search_term_string"}}],"inLanguage":"fi"}]}},"_links":{"self":[{"href":"https:\/\/sites.uef.fi\/hyvinvointioikeus\/wp-json\/wp\/v2\/pages\/1805","targetHints":{"allow":["GET"]}}],"collection":[{"href":"https:\/\/sites.uef.fi\/hyvinvointioikeus\/wp-json\/wp\/v2\/pages"}],"about":[{"href":"https:\/\/sites.uef.fi\/hyvinvointioikeus\/wp-json\/wp\/v2\/types\/page"}],"author":[{"embeddable":true,"href":"https:\/\/sites.uef.fi\/hyvinvointioikeus\/wp-json\/wp\/v2\/users\/900"}],"replies":[{"embeddable":true,"href":"https:\/\/sites.uef.fi\/hyvinvointioikeus\/wp-json\/wp\/v2\/comments?post=1805"}],"version-history":[{"count":2,"href":"https:\/\/sites.uef.fi\/hyvinvointioikeus\/wp-json\/wp\/v2\/pages\/1805\/revisions"}],"predecessor-version":[{"id":1939,"href":"https:\/\/sites.uef.fi\/hyvinvointioikeus\/wp-json\/wp\/v2\/pages\/1805\/revisions\/1939"}],"wp:attachment":[{"href":"https:\/\/sites.uef.fi\/hyvinvointioikeus\/wp-json\/wp\/v2\/media?parent=1805"}],"curies":[{"name":"wp","href":"https:\/\/api.w.org\/{rel}","templated":true}]}}