{"id":76,"date":"2025-02-05T11:14:02","date_gmt":"2025-02-05T11:14:02","guid":{"rendered":"https:\/\/sites.uef.fi\/kahifi2025\/?page_id=76"},"modified":"2025-06-07T20:21:45","modified_gmt":"2025-06-07T18:21:45","slug":"etusivu","status":"publish","type":"page","link":"https:\/\/sites.uef.fi\/kahifi2025\/","title":{"rendered":"Kasvatuksen historian ja filosofian p\u00e4iv\u00e4t 2025"},"content":{"rendered":"\n<p>P\u00e4ivitys 7.6.2025: Kasvatus &amp; Aika vuoden artikkeliksi on valittu Tiina M\u00e4nnist\u00f6-Funkin ja Kaarina Kilpi\u00f6n <em>\u201dKoulun historiaa haistamassa ja kuu(nte)lemassa \u2013 Muistot kopiokoneista ja keskusradioista johdattajina 1900-luvun j\u00e4lkipuolen aistimaailmaan.\u201d<\/em> Lue perustelut <a href=\"https:\/\/sites.uef.fi\/kahifi2025\/vuoden-artikkeli\/\">t\u00e4\u00e4lt\u00e4.<\/a><\/p>\n\n\n\n<p><strong>Kasvatuksen historian ja filosofian p\u00e4iv\u00e4t <\/strong><\/p>\n\n\n\n<p><strong><strong>J<\/strong>OENSUU <strong>5.\u20136.6.2025, lis\u00e4ksi symposiumi 4.6.<\/strong><\/strong><\/p>\n\n\n\n<p>Kes\u00e4kauden avaa jo 21. kerran kasvatuksen historian ja filosofian teemoihin kiinnittyv\u00e4 tutkijatapaaminen. P\u00e4ivien erityisteemana on kasvatuksen ja demokratian v\u00e4linen kohtalonyhteys. Mitk\u00e4 seikat ovat puskeneet kansanvaltaista yhteiskuntaj\u00e4rjestyst\u00e4 eteenp\u00e4in kautta vuosisatojen? Mill\u00e4 tavoin ovat kasvatus ja demokratia toisiinsa kytk\u00f6ksiss\u00e4?<br><br>Tapahtuma on suunnattu kaikille aiheesta kiinnostuneille. P\u00e4iville ovat erityisen tervetulleita graduistit, joiden syvent\u00e4vien opintojen opinn\u00e4ytety\u00f6 v\u00e4hint\u00e4\u00e4nkin sivuaa kasvatuksen historian tai kasvatuksen filosofian kysymyksi\u00e4.<br><br>Kes\u00e4p\u00e4ivien tunnelmaan voi hyp\u00e4t\u00e4 mukaan jo keskiviikkona 4.6.2025 klo 18\u201320 j\u00e4rjestett\u00e4v\u00e4n <a href=\"https:\/\/sites.uef.fi\/kahifi2025\/symposium\/\">symposiumin<\/a> merkeiss\u00e4 ja jatkaa edelleen iltaa kaupungilla vapaamuotoisesti.<\/p>\n\n\n\n<p><a href=\"https:\/\/sites.uef.fi\/kahifi2025\/ohjelma\/\">Ohjelman<\/a> ja muuta t\u00e4rke\u00e4\u00e4 tietoa l\u00f6yd\u00e4t sivun oikean yl\u00e4kulman hampurilaisvalikosta (kolme p\u00e4\u00e4llekk\u00e4ist\u00e4 viivaa)<br><br><span style=\"text-decoration: underline\">Ei osallistumismaksua<\/span>. J\u00e4rjestelyjen helpottamiseksi ilmoittaudu kuitenkin mahdollisimman varhaisessa vaiheessa. Ilmoittaudu <a href=\"https:\/\/link.webropolsurveys.com\/S\/7FDC0063B60F9A87\" target=\"_blank\" rel=\"noreferrer noopener\">t\u00e4ll\u00e4 lomakkeella<\/a>, jolla voit j\u00e4tt\u00e4\u00e4 my\u00f6s abstraktit.<\/p>\n\n\n\n<ul class=\"wp-block-list\">\n<li><strong>Abstraktien viimeinen j\u00e4tt\u00f6p\u00e4iv\u00e4 on torstai 15.5.2025<\/strong> <em>(takarajaa jatkettu!)<\/em><\/li>\n\n\n\n<li><strong>Ilmoittautumisten takaraja on<\/strong> <strong>torstai<\/strong> <strong>15.5.2025<\/strong><\/li>\n<\/ul>\n\n\n\n<p>Konferenssin j\u00e4rjestelyist\u00e4 vastaa It\u00e4-Suomen yliopiston Kasvatustieteiden ja psykologian osasto.<br><br><\/p>\n\n\n\n<p><\/p>\n","protected":false},"excerpt":{"rendered":"<p>P\u00e4ivitys 7.6.2025: Kasvatus &amp; Aika vuoden artikkeliksi on valittu Tiina M\u00e4nnist\u00f6-Funkin ja Kaarina Kilpi\u00f6n \u201dKoulun historiaa haistamassa ja kuu(nte)lemassa \u2013 Muistot kopiokoneista ja keskusradioista johdattajina 1900-luvun j\u00e4lkipuolen aistimaailmaan.\u201d Lue perustelut t\u00e4\u00e4lt\u00e4. Kasvatuksen historian ja filosofian p\u00e4iv\u00e4t JOENSUU 5.\u20136.6.2025, lis\u00e4ksi symposiumi 4.6. Kes\u00e4kauden avaa jo 21. kerran kasvatuksen historian ja filosofian teemoihin kiinnittyv\u00e4 tutkijatapaaminen. P\u00e4ivien erityisteemana [&hellip;]<\/p>\n","protected":false},"author":2,"featured_media":0,"parent":0,"menu_order":0,"comment_status":"closed","ping_status":"closed","template":"","meta":{"_acf_changed":false,"footnotes":""},"class_list":["post-76","page","type-page","status-publish","hentry"],"acf":[],"yoast_head":"<!-- This site is optimized with the Yoast SEO plugin v27.1.1 - https:\/\/yoast.com\/product\/yoast-seo-wordpress\/ -->\n<title>Kasvatuksen historian ja filosofian p\u00e4iv\u00e4t 2025 - XXI KASVATUKSEN HISTORIAN JA FILOSOFIAN P\u00c4IV\u00c4T<\/title>\n<meta name=\"robots\" content=\"index, follow, max-snippet:-1, max-image-preview:large, max-video-preview:-1\" \/>\n<link rel=\"canonical\" href=\"https:\/\/sites.uef.fi\/kahifi2025\/\" \/>\n<meta property=\"og:locale\" content=\"fi_FI\" \/>\n<meta property=\"og:type\" content=\"article\" \/>\n<meta property=\"og:title\" content=\"Kasvatuksen historian ja filosofian p\u00e4iv\u00e4t 2025 - XXI KASVATUKSEN HISTORIAN JA FILOSOFIAN P\u00c4IV\u00c4T\" \/>\n<meta property=\"og:description\" content=\"P\u00e4ivitys 7.6.2025: Kasvatus &amp; Aika vuoden artikkeliksi on valittu Tiina M\u00e4nnist\u00f6-Funkin ja Kaarina Kilpi\u00f6n \u201dKoulun historiaa haistamassa ja kuu(nte)lemassa \u2013 Muistot kopiokoneista ja keskusradioista johdattajina 1900-luvun j\u00e4lkipuolen aistimaailmaan.\u201d Lue perustelut t\u00e4\u00e4lt\u00e4. Kasvatuksen historian ja filosofian p\u00e4iv\u00e4t JOENSUU 5.\u20136.6.2025, lis\u00e4ksi symposiumi 4.6. Kes\u00e4kauden avaa jo 21. kerran kasvatuksen historian ja filosofian teemoihin kiinnittyv\u00e4 tutkijatapaaminen. P\u00e4ivien erityisteemana [&hellip;]\" \/>\n<meta property=\"og:url\" content=\"https:\/\/sites.uef.fi\/kahifi2025\/\" \/>\n<meta property=\"og:site_name\" content=\"XXI KASVATUKSEN HISTORIAN JA FILOSOFIAN P\u00c4IV\u00c4T\" \/>\n<meta property=\"article:modified_time\" content=\"2025-06-07T18:21:45+00:00\" \/>\n<meta name=\"twitter:card\" content=\"summary_large_image\" \/>\n<meta name=\"twitter:label1\" content=\"Arvioitu lukuaika\" \/>\n\t<meta name=\"twitter:data1\" content=\"2 minuuttia\" \/>\n<script type=\"application\/ld+json\" class=\"yoast-schema-graph\">{\"@context\":\"https:\/\/schema.org\",\"@graph\":[{\"@type\":\"WebPage\",\"@id\":\"https:\/\/sites.uef.fi\/kahifi2025\/\",\"url\":\"https:\/\/sites.uef.fi\/kahifi2025\/\",\"name\":\"Kasvatuksen historian ja filosofian p\u00e4iv\u00e4t 2025 - XXI KASVATUKSEN HISTORIAN JA FILOSOFIAN P\u00c4IV\u00c4T\",\"isPartOf\":{\"@id\":\"https:\/\/sites.uef.fi\/kahifi2025\/#website\"},\"datePublished\":\"2025-02-05T11:14:02+00:00\",\"dateModified\":\"2025-06-07T18:21:45+00:00\",\"breadcrumb\":{\"@id\":\"https:\/\/sites.uef.fi\/kahifi2025\/#breadcrumb\"},\"inLanguage\":\"fi\",\"potentialAction\":[{\"@type\":\"ReadAction\",\"target\":[\"https:\/\/sites.uef.fi\/kahifi2025\/\"]}]},{\"@type\":\"BreadcrumbList\",\"@id\":\"https:\/\/sites.uef.fi\/kahifi2025\/#breadcrumb\",\"itemListElement\":[{\"@type\":\"ListItem\",\"position\":1,\"name\":\"Home\",\"item\":\"https:\/\/sites.uef.fi\/kahifi2025\/\"},{\"@type\":\"ListItem\",\"position\":2,\"name\":\"Kasvatuksen historian ja filosofian p\u00e4iv\u00e4t 2025\"}]},{\"@type\":\"WebSite\",\"@id\":\"https:\/\/sites.uef.fi\/kahifi2025\/#website\",\"url\":\"https:\/\/sites.uef.fi\/kahifi2025\/\",\"name\":\"XXI KASVATUKSEN HISTORIAN JA FILOSOFIAN P\u00c4IV\u00c4T\",\"description\":\"\",\"potentialAction\":[{\"@type\":\"SearchAction\",\"target\":{\"@type\":\"EntryPoint\",\"urlTemplate\":\"https:\/\/sites.uef.fi\/kahifi2025\/?s={search_term_string}\"},\"query-input\":{\"@type\":\"PropertyValueSpecification\",\"valueRequired\":true,\"valueName\":\"search_term_string\"}}],\"inLanguage\":\"fi\"}]}<\/script>\n<!-- \/ Yoast SEO plugin. -->","yoast_head_json":{"title":"Kasvatuksen historian ja filosofian p\u00e4iv\u00e4t 2025 - XXI KASVATUKSEN HISTORIAN JA FILOSOFIAN P\u00c4IV\u00c4T","robots":{"index":"index","follow":"follow","max-snippet":"max-snippet:-1","max-image-preview":"max-image-preview:large","max-video-preview":"max-video-preview:-1"},"canonical":"https:\/\/sites.uef.fi\/kahifi2025\/","og_locale":"fi_FI","og_type":"article","og_title":"Kasvatuksen historian ja filosofian p\u00e4iv\u00e4t 2025 - XXI KASVATUKSEN HISTORIAN JA FILOSOFIAN P\u00c4IV\u00c4T","og_description":"P\u00e4ivitys 7.6.2025: Kasvatus &amp; Aika vuoden artikkeliksi on valittu Tiina M\u00e4nnist\u00f6-Funkin ja Kaarina Kilpi\u00f6n \u201dKoulun historiaa haistamassa ja kuu(nte)lemassa \u2013 Muistot kopiokoneista ja keskusradioista johdattajina 1900-luvun j\u00e4lkipuolen aistimaailmaan.\u201d Lue perustelut t\u00e4\u00e4lt\u00e4. Kasvatuksen historian ja filosofian p\u00e4iv\u00e4t JOENSUU 5.\u20136.6.2025, lis\u00e4ksi symposiumi 4.6. Kes\u00e4kauden avaa jo 21. kerran kasvatuksen historian ja filosofian teemoihin kiinnittyv\u00e4 tutkijatapaaminen. P\u00e4ivien erityisteemana [&hellip;]","og_url":"https:\/\/sites.uef.fi\/kahifi2025\/","og_site_name":"XXI KASVATUKSEN HISTORIAN JA FILOSOFIAN P\u00c4IV\u00c4T","article_modified_time":"2025-06-07T18:21:45+00:00","twitter_card":"summary_large_image","twitter_misc":{"Arvioitu lukuaika":"2 minuuttia"},"schema":{"@context":"https:\/\/schema.org","@graph":[{"@type":"WebPage","@id":"https:\/\/sites.uef.fi\/kahifi2025\/","url":"https:\/\/sites.uef.fi\/kahifi2025\/","name":"Kasvatuksen historian ja filosofian p\u00e4iv\u00e4t 2025 - XXI KASVATUKSEN HISTORIAN JA FILOSOFIAN P\u00c4IV\u00c4T","isPartOf":{"@id":"https:\/\/sites.uef.fi\/kahifi2025\/#website"},"datePublished":"2025-02-05T11:14:02+00:00","dateModified":"2025-06-07T18:21:45+00:00","breadcrumb":{"@id":"https:\/\/sites.uef.fi\/kahifi2025\/#breadcrumb"},"inLanguage":"fi","potentialAction":[{"@type":"ReadAction","target":["https:\/\/sites.uef.fi\/kahifi2025\/"]}]},{"@type":"BreadcrumbList","@id":"https:\/\/sites.uef.fi\/kahifi2025\/#breadcrumb","itemListElement":[{"@type":"ListItem","position":1,"name":"Home","item":"https:\/\/sites.uef.fi\/kahifi2025\/"},{"@type":"ListItem","position":2,"name":"Kasvatuksen historian ja filosofian p\u00e4iv\u00e4t 2025"}]},{"@type":"WebSite","@id":"https:\/\/sites.uef.fi\/kahifi2025\/#website","url":"https:\/\/sites.uef.fi\/kahifi2025\/","name":"XXI KASVATUKSEN HISTORIAN JA FILOSOFIAN P\u00c4IV\u00c4T","description":"","potentialAction":[{"@type":"SearchAction","target":{"@type":"EntryPoint","urlTemplate":"https:\/\/sites.uef.fi\/kahifi2025\/?s={search_term_string}"},"query-input":{"@type":"PropertyValueSpecification","valueRequired":true,"valueName":"search_term_string"}}],"inLanguage":"fi"}]}},"_links":{"self":[{"href":"https:\/\/sites.uef.fi\/kahifi2025\/wp-json\/wp\/v2\/pages\/76","targetHints":{"allow":["GET"]}}],"collection":[{"href":"https:\/\/sites.uef.fi\/kahifi2025\/wp-json\/wp\/v2\/pages"}],"about":[{"href":"https:\/\/sites.uef.fi\/kahifi2025\/wp-json\/wp\/v2\/types\/page"}],"author":[{"embeddable":true,"href":"https:\/\/sites.uef.fi\/kahifi2025\/wp-json\/wp\/v2\/users\/2"}],"replies":[{"embeddable":true,"href":"https:\/\/sites.uef.fi\/kahifi2025\/wp-json\/wp\/v2\/comments?post=76"}],"version-history":[{"count":2,"href":"https:\/\/sites.uef.fi\/kahifi2025\/wp-json\/wp\/v2\/pages\/76\/revisions"}],"predecessor-version":[{"id":312,"href":"https:\/\/sites.uef.fi\/kahifi2025\/wp-json\/wp\/v2\/pages\/76\/revisions\/312"}],"wp:attachment":[{"href":"https:\/\/sites.uef.fi\/kahifi2025\/wp-json\/wp\/v2\/media?parent=76"}],"curies":[{"name":"wp","href":"https:\/\/api.w.org\/{rel}","templated":true}]}}