{"id":91,"date":"2022-02-16T08:44:21","date_gmt":"2022-02-16T06:44:21","guid":{"rendered":"https:\/\/sites.uef.fi\/kaikkiohjaavat\/?page_id=91"},"modified":"2023-04-28T09:40:45","modified_gmt":"2023-04-28T07:40:45","slug":"aineistot","status":"publish","type":"page","link":"https:\/\/sites.uef.fi\/kaikkiohjaavat\/aineistot\/","title":{"rendered":"AINEISTOT"},"content":{"rendered":"\n<p><strong>WEBINAARIEN TALLENTEET JA ESITYSMATERIAALIT<\/strong><\/p>\n\n\n\n<p><strong>Miten ohjata ty\u00f6ss\u00e4oppijaa asiantuntijuuteen?<\/strong> <strong>27.4.2023<\/strong><\/p>\n\n\n\n<p>Sanna Vehvil\u00e4inen: Ohjaustoimijuus ty\u00f6paikalla &#8211; ohjausosaamisen &#8221;stepit&#8221;<\/p>\n\n\n\n<figure class=\"wp-block-embed is-type-video is-provider-youtube wp-block-embed-youtube wp-embed-aspect-16-9 wp-has-aspect-ratio\"><div class=\"wp-block-embed__wrapper\">\n<iframe loading=\"lazy\" title=\"Ohjaustoimijuus ty\u00f6paikalla - ohjausosaamisen &quot;stepit&quot;\" width=\"500\" height=\"281\" src=\"https:\/\/www.youtube.com\/embed\/iQpNosYV7fQ?feature=oembed\" frameborder=\"0\" allow=\"accelerometer; autoplay; clipboard-write; encrypted-media; gyroscope; picture-in-picture; web-share\" referrerpolicy=\"strict-origin-when-cross-origin\" allowfullscreen><\/iframe>\n<\/div><\/figure>\n\n\n\n<p><strong>Kolmas webinaari 5.4.2022<\/strong>, Ohjaus, ura ja ty\u00f6el\u00e4m\u00e4: harjoittelunohjaus ja uraohjaus<\/p>\n\n\n\n<figure class=\"wp-block-embed is-type-video is-provider-youtube wp-block-embed-youtube wp-embed-aspect-16-9 wp-has-aspect-ratio\"><div class=\"wp-block-embed__wrapper\">\n<iframe loading=\"lazy\" title=\"Miten koulutusohjelmayhteis\u00f6 voi tukea opiskelijan urasuunnittelua?\" width=\"500\" height=\"281\" src=\"https:\/\/www.youtube.com\/embed\/kKs8MjSnbWM?feature=oembed\" frameborder=\"0\" allow=\"accelerometer; autoplay; clipboard-write; encrypted-media; gyroscope; picture-in-picture; web-share\" referrerpolicy=\"strict-origin-when-cross-origin\" allowfullscreen><\/iframe>\n<\/div><\/figure>\n\n\n\n<div class=\"wp-block-file\"><a id=\"wp-block-file--media-fb20aab2-ebeb-445b-be7f-b0b48fa4c92d\" href=\"https:\/\/sites.uef.fi\/kaikkiohjaavat\/wp-content\/uploads\/sites\/348\/2022\/04\/Miten-koulutusohjelmayhteiso-voi-tukea-opiskelijan-urasuunnittelua_Eric-Carver.pdf\">Miten koulutusohjelmayhteiso voi tukea opiskelijan urasuunnittelua, Eric-Carver<\/a><a href=\"https:\/\/sites.uef.fi\/kaikkiohjaavat\/wp-content\/uploads\/sites\/348\/2022\/04\/Miten-koulutusohjelmayhteiso-voi-tukea-opiskelijan-urasuunnittelua_Eric-Carver.pdf\" class=\"wp-block-file__button wp-element-button\" download aria-describedby=\"wp-block-file--media-fb20aab2-ebeb-445b-be7f-b0b48fa4c92d\">Lataa<\/a><\/div>\n\n\n\n<div class=\"wp-block-file\"><a id=\"wp-block-file--media-55cdb096-83cc-4afb-988b-04d4d08b8872\" href=\"https:\/\/sites.uef.fi\/kaikkiohjaavat\/wp-content\/uploads\/sites\/348\/2022\/04\/Developing-support-for-students-career-planning_Eric-Carver.pdf\">Developing support for students career planning, Eric-Carver<\/a><a href=\"https:\/\/sites.uef.fi\/kaikkiohjaavat\/wp-content\/uploads\/sites\/348\/2022\/04\/Developing-support-for-students-career-planning_Eric-Carver.pdf\" class=\"wp-block-file__button wp-element-button\" download aria-describedby=\"wp-block-file--media-55cdb096-83cc-4afb-988b-04d4d08b8872\">Lataa<\/a><\/div>\n\n\n\n<p><\/p>\n\n\n\n<p><strong>Toinen webinaari 16.3.2022<\/strong>, Oppimisprosessien ohjaaminen, erityisesti opinn\u00e4ytteen ohjaaminen.<\/p>\n\n\n\n<figure class=\"wp-block-embed is-type-video is-provider-youtube wp-block-embed-youtube wp-embed-aspect-16-9 wp-has-aspect-ratio\"><div class=\"wp-block-embed__wrapper\">\n<iframe loading=\"lazy\" title=\"Kaikki ohjaavat webinaari 2: Oppimisprosessien ohjaaminen, erityisesti opinn\u00e4ytteen ohjaaminen\" width=\"500\" height=\"281\" src=\"https:\/\/www.youtube.com\/embed\/TPpKoq2nyeo?feature=oembed\" frameborder=\"0\" allow=\"accelerometer; autoplay; clipboard-write; encrypted-media; gyroscope; picture-in-picture; web-share\" referrerpolicy=\"strict-origin-when-cross-origin\" allowfullscreen><\/iframe>\n<\/div><\/figure>\n\n\n\n<div class=\"wp-block-file\"><a href=\"https:\/\/sites.uef.fi\/kaikkiohjaavat\/wp-content\/uploads\/sites\/348\/2022\/03\/Oppimisen-ohjaamisesta-yliopistossa.pdf\">Oppimisen ohjaamisesta yliopistossa &#8211; Sanna Vehvil\u00e4inen<\/a><a href=\"https:\/\/sites.uef.fi\/kaikkiohjaavat\/wp-content\/uploads\/sites\/348\/2022\/03\/Oppimisen-ohjaamisesta-yliopistossa.pdf\" class=\"wp-block-file__button\" download>Lataa<\/a><\/div>\n\n\n\n<div class=\"wp-block-file\"><a href=\"https:\/\/sites.uef.fi\/kaikkiohjaavat\/wp-content\/uploads\/sites\/348\/2022\/03\/KaikkiOhjaavat_HumanistisenOsastonOmaopettajamalli2022_03_16.pdf\">Omaopettajamallin sovellus UEF Humanistisessa osastossa &#8211; Minna Ruokonen<\/a><a href=\"https:\/\/sites.uef.fi\/kaikkiohjaavat\/wp-content\/uploads\/sites\/348\/2022\/03\/KaikkiOhjaavat_HumanistisenOsastonOmaopettajamalli2022_03_16.pdf\" class=\"wp-block-file__button\" download>Lataa<\/a><\/div>\n\n\n\n<p><\/p>\n\n\n\n<div class=\"wp-block-file\"><a href=\"https:\/\/sites.uef.fi\/kaikkiohjaavat\/wp-content\/uploads\/sites\/348\/2022\/03\/Psykologian-graduvuosi.pdf\">UEF Psykologian \u201dgraduvuosi\u201d-k\u00e4yt\u00e4nt\u00f6 opinn\u00e4ytteen ohjauksen sovelluksena &#8211; Maija Korhonen<\/a><a href=\"https:\/\/sites.uef.fi\/kaikkiohjaavat\/wp-content\/uploads\/sites\/348\/2022\/03\/Psykologian-graduvuosi.pdf\" class=\"wp-block-file__button\" download>Lataa<\/a><\/div>\n\n\n\n<p><strong>Ensimm\u00e4inen webinaari, 22.2.2022<\/strong>: Miksi ja miten kaikki ohjaavat? Mit\u00e4 opiskelijat tarvitsevat? Miten opettajat jaksavat?<\/p>\n\n\n\n<figure class=\"wp-block-embed is-type-video is-provider-youtube wp-block-embed-youtube wp-embed-aspect-16-9 wp-has-aspect-ratio\"><div class=\"wp-block-embed__wrapper\">\n<iframe loading=\"lazy\" title=\"Kaikki ohjaavat -webinaari 22.2.2022\" width=\"500\" height=\"281\" src=\"https:\/\/www.youtube.com\/embed\/-Dz-izliHrE?feature=oembed\" frameborder=\"0\" allow=\"accelerometer; autoplay; clipboard-write; encrypted-media; gyroscope; picture-in-picture; web-share\" referrerpolicy=\"strict-origin-when-cross-origin\" allowfullscreen><\/iframe>\n<\/div><\/figure>\n\n\n\n<div class=\"wp-block-file\"><a href=\"https:\/\/sites.uef.fi\/kaikkiohjaavat\/wp-content\/uploads\/sites\/348\/2022\/02\/Opiskelijoiden-kiinnittyminen-yliopiston-yhteisoihin-Paivi-Hakkinen.pdf\">Opiskelijoiden kiinnittyminen yliopiston yhteis\u00f6ihin &#8211; P\u00e4ivi H\u00e4kkinen<\/a><a href=\"https:\/\/sites.uef.fi\/kaikkiohjaavat\/wp-content\/uploads\/sites\/348\/2022\/02\/Opiskelijoiden-kiinnittyminen-yliopiston-yhteisoihin-Paivi-Hakkinen.pdf\" class=\"wp-block-file__button\" download>Lataa<\/a><\/div>\n\n\n\n<div class=\"wp-block-file\"><a href=\"https:\/\/sites.uef.fi\/kaikkiohjaavat\/wp-content\/uploads\/sites\/348\/2022\/02\/Mita-opiskelijat-odottavat-meilta-mita-me-oletamme-opiskelijoista-Toni-Kosonen.pdf\">Mit\u00e4 opiskelijat odottavat meilt\u00e4, mit\u00e4 me oletamme opiskelijoista &#8211; Toni Kosonen<\/a><a href=\"https:\/\/sites.uef.fi\/kaikkiohjaavat\/wp-content\/uploads\/sites\/348\/2022\/02\/Mita-opiskelijat-odottavat-meilta-mita-me-oletamme-opiskelijoista-Toni-Kosonen.pdf\" class=\"wp-block-file__button\" download>Lataa<\/a><\/div>\n\n\n\n<div class=\"wp-block-file\"><a href=\"https:\/\/sites.uef.fi\/kaikkiohjaavat\/wp-content\/uploads\/sites\/348\/2022\/02\/Kaikki-ohjaavat-yhteisona-ohjaaminen-Sanna-Vehvilainen.pdf\">Kaikki ohjaavat &#8211; yhteis\u00f6n\u00e4 ohjaaminen &#8211; Sanna Vehvil\u00e4inen<\/a><a href=\"https:\/\/sites.uef.fi\/kaikkiohjaavat\/wp-content\/uploads\/sites\/348\/2022\/02\/Kaikki-ohjaavat-yhteisona-ohjaaminen-Sanna-Vehvilainen.pdf\" class=\"wp-block-file__button\" download>Lataa<\/a><\/div>\n\n\n\n<p><strong>MUUT TALLENTEET JA PODCASTIT<\/strong><\/p>\n\n\n\n<p>Helsingin yliopiston uraohjauksen asiantuntija Eric Carverin podcast Opiskelijoiden ohjaus yliopistolla <a href=\"https:\/\/soundcloud.com\/user-655406153\">https:\/\/soundcloud.com\/user-655406153<\/a><\/p>\n\n\n\n<p><a href=\"https:\/\/youtu.be\/LcTx2Nn3C8Y\" data-type=\"URL\" data-id=\"https:\/\/youtu.be\/LcTx2Nn3C8Y\">Palautteesta akateemisessa ohjauskeskustelussa <\/a>&#8211; Sanna Vehvil\u00e4inen<\/p>\n\n\n\n<p>It\u00e4-Suomen yliopiston Kaikki ohjaavat -hanke. Sanna Vehvil\u00e4inen, Lasse Heikkinen, Jussi Semi. <a href=\"https:\/\/soundcloud.com\/user-655406153\/25-ita-suomen-yliopiston-kaikki-ohjaavat?utm_source=clipboard&amp;utm_medium=text&amp;utm_campaign=social_sharing\">https:\/\/soundcloud.com\/user-655406153\/25-ita-suomen-yliopiston-kaikki-ohjaavat?utm_source=clipboard&amp;utm_medium=text&amp;utm_campaign=social_sharing<\/a><\/p>\n\n\n\n<p><\/p>\n\n\n\n<p><strong>KIRJALLISUUTTA  OHJAUKSESTA YLIOPISTOLLA<\/strong><\/p>\n\n\n\n<p>Vehvil\u00e4inen, S. 2012. <a href=\"https:\/\/journal.fi\/aikuiskasvatus\/article\/view\/94054\/52732\">Opinn\u00e4ytteen ohjauksen ulottuvuuksia. Aikuiskasvatus <\/a><\/p>\n\n\n\n<p>Vehvil\u00e4inen, S. 2014. <a href=\"https:\/\/www.researchgate.net\/publication\/273307774_Vaitoskirjaohjauksen_vuorovaikutusmallit_ja_opiskelijan_osallistuminen\" data-type=\"URL\" data-id=\"https:\/\/www.researchgate.net\/publication\/273307774_Vaitoskirjaohjauksen_vuorovaikutusmallit_ja_opiskelijan_osallistuminen\" target=\"_blank\" rel=\"noreferrer noopener\">V\u00e4it\u00f6skirjaohjauksen mallit ja opiskelijan osallistuminen.<\/a> Kasvatus<\/p>\n\n\n\n<p>Vehvil\u00e4inen, S. 2015. <a rel=\"noreferrer noopener\" href=\"https:\/\/journal.fi\/aikuiskasvatus\/article\/view\/94158\" data-type=\"URL\" data-id=\"https:\/\/journal.fi\/aikuiskasvatus\/article\/view\/94158\" target=\"_blank\">Yhteis\u00f6ohjauksen solmukohdat<\/a>. Aikuiskasvatus<\/p>\n\n\n\n<p>Vehvil\u00e4inen, S. &amp; L\u00f6fstr\u00f6m, E.  2016.<a href=\"https:\/\/www.tandfonline.com\/doi\/full\/10.1080\/03075079.2014.942272\"> &#8221;I wish I had a crystal ball&#8221;. Discourses and potentials for developing academic supervising. <\/a><\/p>\n\n\n\n<p><\/p>\n","protected":false},"excerpt":{"rendered":"<p>WEBINAARIEN TALLENTEET JA ESITYSMATERIAALIT Miten ohjata ty\u00f6ss\u00e4oppijaa asiantuntijuuteen? 27.4.2023 Sanna Vehvil\u00e4inen: Ohjaustoimijuus ty\u00f6paikalla &#8211; ohjausosaamisen &#8221;stepit&#8221; Kolmas webinaari 5.4.2022, Ohjaus, ura ja ty\u00f6el\u00e4m\u00e4: harjoittelunohjaus ja uraohjaus Toinen webinaari 16.3.2022, Oppimisprosessien ohjaaminen, erityisesti opinn\u00e4ytteen ohjaaminen. Ensimm\u00e4inen webinaari, 22.2.2022: Miksi ja miten kaikki ohjaavat? Mit\u00e4 opiskelijat tarvitsevat? Miten opettajat jaksavat? MUUT TALLENTEET JA PODCASTIT Helsingin yliopiston uraohjauksen [&hellip;]<\/p>\n","protected":false},"author":700,"featured_media":0,"parent":0,"menu_order":0,"comment_status":"closed","ping_status":"closed","template":"","meta":{"_acf_changed":false,"footnotes":""},"class_list":["post-91","page","type-page","status-publish","hentry"],"acf":[],"yoast_head":"<!-- This site is optimized with the Yoast SEO plugin v27.3 - https:\/\/yoast.com\/product\/yoast-seo-wordpress\/ -->\n<title>AINEISTOT - Kaikki ohjaavat<\/title>\n<meta name=\"robots\" content=\"index, follow, max-snippet:-1, max-image-preview:large, max-video-preview:-1\" \/>\n<link rel=\"canonical\" href=\"https:\/\/sites.uef.fi\/kaikkiohjaavat\/aineistot\/\" \/>\n<meta property=\"og:locale\" content=\"fi_FI\" \/>\n<meta property=\"og:type\" content=\"article\" \/>\n<meta property=\"og:title\" content=\"AINEISTOT - Kaikki ohjaavat\" \/>\n<meta property=\"og:description\" content=\"WEBINAARIEN TALLENTEET JA ESITYSMATERIAALIT Miten ohjata ty\u00f6ss\u00e4oppijaa asiantuntijuuteen? 27.4.2023 Sanna Vehvil\u00e4inen: Ohjaustoimijuus ty\u00f6paikalla &#8211; ohjausosaamisen &#8221;stepit&#8221; Kolmas webinaari 5.4.2022, Ohjaus, ura ja ty\u00f6el\u00e4m\u00e4: harjoittelunohjaus ja uraohjaus Toinen webinaari 16.3.2022, Oppimisprosessien ohjaaminen, erityisesti opinn\u00e4ytteen ohjaaminen. Ensimm\u00e4inen webinaari, 22.2.2022: Miksi ja miten kaikki ohjaavat? Mit\u00e4 opiskelijat tarvitsevat? Miten opettajat jaksavat? MUUT TALLENTEET JA PODCASTIT Helsingin yliopiston uraohjauksen [&hellip;]\" \/>\n<meta property=\"og:url\" content=\"https:\/\/sites.uef.fi\/kaikkiohjaavat\/aineistot\/\" \/>\n<meta property=\"og:site_name\" content=\"Kaikki ohjaavat\" \/>\n<meta property=\"article:modified_time\" content=\"2023-04-28T07:40:45+00:00\" \/>\n<meta name=\"twitter:card\" content=\"summary_large_image\" \/>\n<meta name=\"twitter:label1\" content=\"Arvioitu lukuaika\" \/>\n\t<meta name=\"twitter:data1\" content=\"1 minuutti\" \/>\n<script type=\"application\/ld+json\" class=\"yoast-schema-graph\">{\"@context\":\"https:\\\/\\\/schema.org\",\"@graph\":[{\"@type\":\"WebPage\",\"@id\":\"https:\\\/\\\/sites.uef.fi\\\/kaikkiohjaavat\\\/aineistot\\\/\",\"url\":\"https:\\\/\\\/sites.uef.fi\\\/kaikkiohjaavat\\\/aineistot\\\/\",\"name\":\"AINEISTOT - Kaikki ohjaavat\",\"isPartOf\":{\"@id\":\"https:\\\/\\\/sites.uef.fi\\\/kaikkiohjaavat\\\/#website\"},\"datePublished\":\"2022-02-16T06:44:21+00:00\",\"dateModified\":\"2023-04-28T07:40:45+00:00\",\"breadcrumb\":{\"@id\":\"https:\\\/\\\/sites.uef.fi\\\/kaikkiohjaavat\\\/aineistot\\\/#breadcrumb\"},\"inLanguage\":\"fi\",\"potentialAction\":[{\"@type\":\"ReadAction\",\"target\":[\"https:\\\/\\\/sites.uef.fi\\\/kaikkiohjaavat\\\/aineistot\\\/\"]}]},{\"@type\":\"BreadcrumbList\",\"@id\":\"https:\\\/\\\/sites.uef.fi\\\/kaikkiohjaavat\\\/aineistot\\\/#breadcrumb\",\"itemListElement\":[{\"@type\":\"ListItem\",\"position\":1,\"name\":\"Home\",\"item\":\"https:\\\/\\\/sites.uef.fi\\\/kaikkiohjaavat\\\/\"},{\"@type\":\"ListItem\",\"position\":2,\"name\":\"AINEISTOT\"}]},{\"@type\":\"WebSite\",\"@id\":\"https:\\\/\\\/sites.uef.fi\\\/kaikkiohjaavat\\\/#website\",\"url\":\"https:\\\/\\\/sites.uef.fi\\\/kaikkiohjaavat\\\/\",\"name\":\"Kaikki ohjaavat\",\"description\":\"\",\"potentialAction\":[{\"@type\":\"SearchAction\",\"target\":{\"@type\":\"EntryPoint\",\"urlTemplate\":\"https:\\\/\\\/sites.uef.fi\\\/kaikkiohjaavat\\\/?s={search_term_string}\"},\"query-input\":{\"@type\":\"PropertyValueSpecification\",\"valueRequired\":true,\"valueName\":\"search_term_string\"}}],\"inLanguage\":\"fi\"}]}<\/script>\n<!-- \/ Yoast SEO plugin. -->","yoast_head_json":{"title":"AINEISTOT - Kaikki ohjaavat","robots":{"index":"index","follow":"follow","max-snippet":"max-snippet:-1","max-image-preview":"max-image-preview:large","max-video-preview":"max-video-preview:-1"},"canonical":"https:\/\/sites.uef.fi\/kaikkiohjaavat\/aineistot\/","og_locale":"fi_FI","og_type":"article","og_title":"AINEISTOT - Kaikki ohjaavat","og_description":"WEBINAARIEN TALLENTEET JA ESITYSMATERIAALIT Miten ohjata ty\u00f6ss\u00e4oppijaa asiantuntijuuteen? 27.4.2023 Sanna Vehvil\u00e4inen: Ohjaustoimijuus ty\u00f6paikalla &#8211; ohjausosaamisen &#8221;stepit&#8221; Kolmas webinaari 5.4.2022, Ohjaus, ura ja ty\u00f6el\u00e4m\u00e4: harjoittelunohjaus ja uraohjaus Toinen webinaari 16.3.2022, Oppimisprosessien ohjaaminen, erityisesti opinn\u00e4ytteen ohjaaminen. Ensimm\u00e4inen webinaari, 22.2.2022: Miksi ja miten kaikki ohjaavat? Mit\u00e4 opiskelijat tarvitsevat? Miten opettajat jaksavat? MUUT TALLENTEET JA PODCASTIT Helsingin yliopiston uraohjauksen [&hellip;]","og_url":"https:\/\/sites.uef.fi\/kaikkiohjaavat\/aineistot\/","og_site_name":"Kaikki ohjaavat","article_modified_time":"2023-04-28T07:40:45+00:00","twitter_card":"summary_large_image","twitter_misc":{"Arvioitu lukuaika":"1 minuutti"},"schema":{"@context":"https:\/\/schema.org","@graph":[{"@type":"WebPage","@id":"https:\/\/sites.uef.fi\/kaikkiohjaavat\/aineistot\/","url":"https:\/\/sites.uef.fi\/kaikkiohjaavat\/aineistot\/","name":"AINEISTOT - Kaikki ohjaavat","isPartOf":{"@id":"https:\/\/sites.uef.fi\/kaikkiohjaavat\/#website"},"datePublished":"2022-02-16T06:44:21+00:00","dateModified":"2023-04-28T07:40:45+00:00","breadcrumb":{"@id":"https:\/\/sites.uef.fi\/kaikkiohjaavat\/aineistot\/#breadcrumb"},"inLanguage":"fi","potentialAction":[{"@type":"ReadAction","target":["https:\/\/sites.uef.fi\/kaikkiohjaavat\/aineistot\/"]}]},{"@type":"BreadcrumbList","@id":"https:\/\/sites.uef.fi\/kaikkiohjaavat\/aineistot\/#breadcrumb","itemListElement":[{"@type":"ListItem","position":1,"name":"Home","item":"https:\/\/sites.uef.fi\/kaikkiohjaavat\/"},{"@type":"ListItem","position":2,"name":"AINEISTOT"}]},{"@type":"WebSite","@id":"https:\/\/sites.uef.fi\/kaikkiohjaavat\/#website","url":"https:\/\/sites.uef.fi\/kaikkiohjaavat\/","name":"Kaikki ohjaavat","description":"","potentialAction":[{"@type":"SearchAction","target":{"@type":"EntryPoint","urlTemplate":"https:\/\/sites.uef.fi\/kaikkiohjaavat\/?s={search_term_string}"},"query-input":{"@type":"PropertyValueSpecification","valueRequired":true,"valueName":"search_term_string"}}],"inLanguage":"fi"}]}},"_links":{"self":[{"href":"https:\/\/sites.uef.fi\/kaikkiohjaavat\/wp-json\/wp\/v2\/pages\/91","targetHints":{"allow":["GET"]}}],"collection":[{"href":"https:\/\/sites.uef.fi\/kaikkiohjaavat\/wp-json\/wp\/v2\/pages"}],"about":[{"href":"https:\/\/sites.uef.fi\/kaikkiohjaavat\/wp-json\/wp\/v2\/types\/page"}],"author":[{"embeddable":true,"href":"https:\/\/sites.uef.fi\/kaikkiohjaavat\/wp-json\/wp\/v2\/users\/700"}],"replies":[{"embeddable":true,"href":"https:\/\/sites.uef.fi\/kaikkiohjaavat\/wp-json\/wp\/v2\/comments?post=91"}],"version-history":[{"count":3,"href":"https:\/\/sites.uef.fi\/kaikkiohjaavat\/wp-json\/wp\/v2\/pages\/91\/revisions"}],"predecessor-version":[{"id":1023,"href":"https:\/\/sites.uef.fi\/kaikkiohjaavat\/wp-json\/wp\/v2\/pages\/91\/revisions\/1023"}],"wp:attachment":[{"href":"https:\/\/sites.uef.fi\/kaikkiohjaavat\/wp-json\/wp\/v2\/media?parent=91"}],"curies":[{"name":"wp","href":"https:\/\/api.w.org\/{rel}","templated":true}]}}