{"id":700,"date":"2024-02-21T13:42:51","date_gmt":"2024-02-21T11:42:51","guid":{"rendered":"https:\/\/sites.uef.fi\/kasvuasammalesta\/?page_id=700"},"modified":"2026-05-05T09:18:00","modified_gmt":"2026-05-05T07:18:00","slug":"pilottialueet","status":"publish","type":"page","link":"https:\/\/sites.uef.fi\/kasvuasammalesta\/pilottialueet\/","title":{"rendered":"Pilottialueet"},"content":{"rendered":"\n<p>Pilottialueilla kehitet\u00e4\u00e4n ratkaisuja rahkasammalten viljelyyn kuten kasvatusalueiden perustamiseen ja vesitalouden hallintaan. <\/p>\n\n\n\n<p>Hankkeen pilottialueella Kyyr\u00f6nsuolla ensimm\u00e4iset kasvatukset aloitettiin vuonna 2022 ja kasvatusalueita laajennettiin vuosina 2024 ja 2025.<\/p>\n\n\n\n<p>Siirry <a href=\"https:\/\/sites.uef.fi\/kasvuasammalesta\/suopolku\/\" id=\"https:\/\/sites.uef.fi\/kasvuasammalesta\/suopolku\/\">t\u00e4st\u00e4<\/a> Kyyr\u00f6nsuon kosteikon virtuaalikierrokseen!<\/p>\n\n\n\n<p>Tutustu pilottialueeseen videolla:<\/p>\n\n\n<div class=\"embed-container\">\n    <iframe loading=\"lazy\" title=\"Rahkasammalten koekasvatusalue Kyyr\u00f6nsuolla\" width=\"640\" height=\"360\" src=\"https:\/\/www.youtube.com\/embed\/EAZZy97T-_I?feature=oembed&#038;controls=1&#038;hd=1&#038;autohide=1\" frameborder=\"0\" allow=\"accelerometer; autoplay; clipboard-write; encrypted-media; gyroscope; picture-in-picture; web-share\" referrerpolicy=\"strict-origin-when-cross-origin\" allowfullscreen frameborder=\"0\"><\/iframe><\/div>\n\n\n<figure class=\"wp-block-image size-large\"><img decoding=\"async\" src=\"https:\/\/sites.uef.fi\/kasvuasammalesta\/wp-content\/uploads\/sites\/459\/2025\/09\/20250911_110359-scaled.jpg\" alt=\"\" \/><\/figure>\n\n\n\n<figure class=\"wp-block-image size-large\"><img loading=\"lazy\" decoding=\"async\" width=\"1024\" height=\"576\" src=\"https:\/\/sites.uef.fi\/kasvuasammalesta\/wp-content\/uploads\/sites\/459\/2025\/09\/DJI_20250807101102_0498_D-1024x576.jpg\" alt=\"\" class=\"wp-image-1381\" srcset=\"https:\/\/sites.uef.fi\/kasvuasammalesta\/wp-content\/uploads\/sites\/459\/2025\/09\/DJI_20250807101102_0498_D-1024x576.jpg 1024w, https:\/\/sites.uef.fi\/kasvuasammalesta\/wp-content\/uploads\/sites\/459\/2025\/09\/DJI_20250807101102_0498_D-300x169.jpg 300w, https:\/\/sites.uef.fi\/kasvuasammalesta\/wp-content\/uploads\/sites\/459\/2025\/09\/DJI_20250807101102_0498_D-768x432.jpg 768w, https:\/\/sites.uef.fi\/kasvuasammalesta\/wp-content\/uploads\/sites\/459\/2025\/09\/DJI_20250807101102_0498_D-1536x864.jpg 1536w, https:\/\/sites.uef.fi\/kasvuasammalesta\/wp-content\/uploads\/sites\/459\/2025\/09\/DJI_20250807101102_0498_D-2048x1152.jpg 2048w, https:\/\/sites.uef.fi\/kasvuasammalesta\/wp-content\/uploads\/sites\/459\/2025\/09\/DJI_20250807101102_0498_D-992x558.jpg 992w\" sizes=\"auto, (max-width: 1024px) 100vw, 1024px\" \/><\/figure>\n\n\n\n<figure class=\"wp-block-image size-large is-resized\"><img loading=\"lazy\" decoding=\"async\" width=\"768\" height=\"1024\" src=\"https:\/\/sites.uef.fi\/kasvuasammalesta\/wp-content\/uploads\/sites\/459\/2024\/02\/20230829_101123-768x1024.jpg\" alt=\"Sphagnum\" class=\"wp-image-779\" style=\"width:701px;height:auto\" srcset=\"https:\/\/sites.uef.fi\/kasvuasammalesta\/wp-content\/uploads\/sites\/459\/2024\/02\/20230829_101123-768x1024.jpg 768w, https:\/\/sites.uef.fi\/kasvuasammalesta\/wp-content\/uploads\/sites\/459\/2024\/02\/20230829_101123-225x300.jpg 225w, https:\/\/sites.uef.fi\/kasvuasammalesta\/wp-content\/uploads\/sites\/459\/2024\/02\/20230829_101123-1152x1536.jpg 1152w, https:\/\/sites.uef.fi\/kasvuasammalesta\/wp-content\/uploads\/sites\/459\/2024\/02\/20230829_101123-1536x2048.jpg 1536w, https:\/\/sites.uef.fi\/kasvuasammalesta\/wp-content\/uploads\/sites\/459\/2024\/02\/20230829_101123-scaled.jpg 1920w\" sizes=\"auto, (max-width: 768px) 100vw, 768px\" \/><\/figure>\n\n\n\n<figure class=\"wp-block-image size-large is-resized\"><img loading=\"lazy\" decoding=\"async\" width=\"1024\" height=\"768\" src=\"https:\/\/sites.uef.fi\/kasvuasammalesta\/wp-content\/uploads\/sites\/459\/2024\/03\/20230628_121240-1024x768.jpg\" alt=\"Kyyr\u00f6nsuon pilottialue\" class=\"wp-image-1003\" style=\"width:700px;height:auto\" srcset=\"https:\/\/sites.uef.fi\/kasvuasammalesta\/wp-content\/uploads\/sites\/459\/2024\/03\/20230628_121240-1024x768.jpg 1024w, https:\/\/sites.uef.fi\/kasvuasammalesta\/wp-content\/uploads\/sites\/459\/2024\/03\/20230628_121240-300x225.jpg 300w, https:\/\/sites.uef.fi\/kasvuasammalesta\/wp-content\/uploads\/sites\/459\/2024\/03\/20230628_121240-768x576.jpg 768w, https:\/\/sites.uef.fi\/kasvuasammalesta\/wp-content\/uploads\/sites\/459\/2024\/03\/20230628_121240-1536x1152.jpg 1536w, https:\/\/sites.uef.fi\/kasvuasammalesta\/wp-content\/uploads\/sites\/459\/2024\/03\/20230628_121240-2048x1536.jpg 2048w\" sizes=\"auto, (max-width: 1024px) 100vw, 1024px\" \/><\/figure>\n\n\n\n<figure class=\"wp-block-image size-large is-resized\"><img loading=\"lazy\" decoding=\"async\" width=\"768\" height=\"1024\" src=\"https:\/\/sites.uef.fi\/kasvuasammalesta\/wp-content\/uploads\/sites\/459\/2024\/07\/20240725_094519-768x1024.jpg\" alt=\"pilottialue\" class=\"wp-image-1076\" style=\"width:699px;height:auto\" srcset=\"https:\/\/sites.uef.fi\/kasvuasammalesta\/wp-content\/uploads\/sites\/459\/2024\/07\/20240725_094519-768x1024.jpg 768w, https:\/\/sites.uef.fi\/kasvuasammalesta\/wp-content\/uploads\/sites\/459\/2024\/07\/20240725_094519-225x300.jpg 225w, https:\/\/sites.uef.fi\/kasvuasammalesta\/wp-content\/uploads\/sites\/459\/2024\/07\/20240725_094519-1152x1536.jpg 1152w, https:\/\/sites.uef.fi\/kasvuasammalesta\/wp-content\/uploads\/sites\/459\/2024\/07\/20240725_094519-1536x2048.jpg 1536w, https:\/\/sites.uef.fi\/kasvuasammalesta\/wp-content\/uploads\/sites\/459\/2024\/07\/20240725_094519-scaled.jpg 1920w\" sizes=\"auto, (max-width: 768px) 100vw, 768px\" \/><\/figure>\n\n\n\n<figure class=\"wp-block-image size-large\"><img loading=\"lazy\" decoding=\"async\" width=\"1024\" height=\"576\" src=\"https:\/\/sites.uef.fi\/kasvuasammalesta\/wp-content\/uploads\/sites\/459\/2025\/09\/DJI_20250618132010_0985_D-1024x576.jpg\" alt=\"\" class=\"wp-image-1378\" srcset=\"https:\/\/sites.uef.fi\/kasvuasammalesta\/wp-content\/uploads\/sites\/459\/2025\/09\/DJI_20250618132010_0985_D-1024x576.jpg 1024w, https:\/\/sites.uef.fi\/kasvuasammalesta\/wp-content\/uploads\/sites\/459\/2025\/09\/DJI_20250618132010_0985_D-300x169.jpg 300w, https:\/\/sites.uef.fi\/kasvuasammalesta\/wp-content\/uploads\/sites\/459\/2025\/09\/DJI_20250618132010_0985_D-768x432.jpg 768w, https:\/\/sites.uef.fi\/kasvuasammalesta\/wp-content\/uploads\/sites\/459\/2025\/09\/DJI_20250618132010_0985_D-1536x864.jpg 1536w, https:\/\/sites.uef.fi\/kasvuasammalesta\/wp-content\/uploads\/sites\/459\/2025\/09\/DJI_20250618132010_0985_D-2048x1152.jpg 2048w, https:\/\/sites.uef.fi\/kasvuasammalesta\/wp-content\/uploads\/sites\/459\/2025\/09\/DJI_20250618132010_0985_D-992x558.jpg 992w\" sizes=\"auto, (max-width: 1024px) 100vw, 1024px\" \/><\/figure>\n\n\n\n<p><\/p>\n","protected":false},"excerpt":{"rendered":"<p>Pilottialueilla kehitet\u00e4\u00e4n ratkaisuja rahkasammalten viljelyyn kuten kasvatusalueiden perustamiseen ja vesitalouden hallintaan. Hankkeen pilottialueella Kyyr\u00f6nsuolla ensimm\u00e4iset kasvatukset aloitettiin vuonna 2022 ja kasvatusalueita laajennettiin vuosina 2024 ja 2025. Siirry t\u00e4st\u00e4 Kyyr\u00f6nsuon kosteikon virtuaalikierrokseen! Tutustu pilottialueeseen videolla:<\/p>\n","protected":false},"author":1075,"featured_media":0,"parent":0,"menu_order":0,"comment_status":"closed","ping_status":"closed","template":"","meta":{"_acf_changed":false,"footnotes":""},"class_list":["post-700","page","type-page","status-publish","hentry"],"acf":[],"yoast_head":"<!-- This site is optimized with the Yoast SEO plugin v27.3 - https:\/\/yoast.com\/product\/yoast-seo-wordpress\/ -->\n<title>Pilottialueet - Kasvua sammalesta Pohjois-Karjala<\/title>\n<meta name=\"robots\" content=\"index, follow, max-snippet:-1, max-image-preview:large, max-video-preview:-1\" \/>\n<link rel=\"canonical\" href=\"https:\/\/sites.uef.fi\/kasvuasammalesta\/pilottialueet\/\" \/>\n<meta property=\"og:locale\" content=\"fi_FI\" \/>\n<meta property=\"og:type\" content=\"article\" \/>\n<meta property=\"og:title\" content=\"Pilottialueet - Kasvua sammalesta Pohjois-Karjala\" \/>\n<meta property=\"og:description\" content=\"Pilottialueilla kehitet\u00e4\u00e4n ratkaisuja rahkasammalten viljelyyn kuten kasvatusalueiden perustamiseen ja vesitalouden hallintaan. Hankkeen pilottialueella Kyyr\u00f6nsuolla ensimm\u00e4iset kasvatukset aloitettiin vuonna 2022 ja kasvatusalueita laajennettiin vuosina 2024 ja 2025. Siirry t\u00e4st\u00e4 Kyyr\u00f6nsuon kosteikon virtuaalikierrokseen! Tutustu pilottialueeseen videolla:\" \/>\n<meta property=\"og:url\" content=\"https:\/\/sites.uef.fi\/kasvuasammalesta\/pilottialueet\/\" \/>\n<meta property=\"og:site_name\" content=\"Kasvua sammalesta Pohjois-Karjala\" \/>\n<meta property=\"article:modified_time\" content=\"2026-05-05T07:18:00+00:00\" \/>\n<meta property=\"og:image\" content=\"https:\/\/sites.uef.fi\/kasvuasammalesta\/wp-content\/uploads\/sites\/459\/2025\/09\/20250911_110359-scaled.jpg\" \/>\n<meta name=\"twitter:card\" content=\"summary_large_image\" \/>\n<meta name=\"twitter:label1\" content=\"Arvioitu lukuaika\" \/>\n\t<meta name=\"twitter:data1\" content=\"2 minuuttia\" \/>\n<script type=\"application\/ld+json\" class=\"yoast-schema-graph\">{\"@context\":\"https:\\\/\\\/schema.org\",\"@graph\":[{\"@type\":\"WebPage\",\"@id\":\"https:\\\/\\\/sites.uef.fi\\\/kasvuasammalesta\\\/pilottialueet\\\/\",\"url\":\"https:\\\/\\\/sites.uef.fi\\\/kasvuasammalesta\\\/pilottialueet\\\/\",\"name\":\"Pilottialueet - Kasvua sammalesta Pohjois-Karjala\",\"isPartOf\":{\"@id\":\"https:\\\/\\\/sites.uef.fi\\\/kasvuasammalesta\\\/#website\"},\"primaryImageOfPage\":{\"@id\":\"https:\\\/\\\/sites.uef.fi\\\/kasvuasammalesta\\\/pilottialueet\\\/#primaryimage\"},\"image\":{\"@id\":\"https:\\\/\\\/sites.uef.fi\\\/kasvuasammalesta\\\/pilottialueet\\\/#primaryimage\"},\"thumbnailUrl\":\"https:\\\/\\\/sites.uef.fi\\\/kasvuasammalesta\\\/wp-content\\\/uploads\\\/sites\\\/459\\\/2025\\\/09\\\/20250911_110359-scaled.jpg\",\"datePublished\":\"2024-02-21T11:42:51+00:00\",\"dateModified\":\"2026-05-05T07:18:00+00:00\",\"breadcrumb\":{\"@id\":\"https:\\\/\\\/sites.uef.fi\\\/kasvuasammalesta\\\/pilottialueet\\\/#breadcrumb\"},\"inLanguage\":\"fi\",\"potentialAction\":[{\"@type\":\"ReadAction\",\"target\":[\"https:\\\/\\\/sites.uef.fi\\\/kasvuasammalesta\\\/pilottialueet\\\/\"]}]},{\"@type\":\"ImageObject\",\"inLanguage\":\"fi\",\"@id\":\"https:\\\/\\\/sites.uef.fi\\\/kasvuasammalesta\\\/pilottialueet\\\/#primaryimage\",\"url\":\"https:\\\/\\\/sites.uef.fi\\\/kasvuasammalesta\\\/wp-content\\\/uploads\\\/sites\\\/459\\\/2025\\\/09\\\/20250911_110359-scaled.jpg\",\"contentUrl\":\"https:\\\/\\\/sites.uef.fi\\\/kasvuasammalesta\\\/wp-content\\\/uploads\\\/sites\\\/459\\\/2025\\\/09\\\/20250911_110359-scaled.jpg\",\"width\":2560,\"height\":1920},{\"@type\":\"BreadcrumbList\",\"@id\":\"https:\\\/\\\/sites.uef.fi\\\/kasvuasammalesta\\\/pilottialueet\\\/#breadcrumb\",\"itemListElement\":[{\"@type\":\"ListItem\",\"position\":1,\"name\":\"Home\",\"item\":\"https:\\\/\\\/sites.uef.fi\\\/kasvuasammalesta\\\/\"},{\"@type\":\"ListItem\",\"position\":2,\"name\":\"Pilottialueet\"}]},{\"@type\":\"WebSite\",\"@id\":\"https:\\\/\\\/sites.uef.fi\\\/kasvuasammalesta\\\/#website\",\"url\":\"https:\\\/\\\/sites.uef.fi\\\/kasvuasammalesta\\\/\",\"name\":\"Kasvua sammalesta Pohjois-Karjala\",\"description\":\"\",\"potentialAction\":[{\"@type\":\"SearchAction\",\"target\":{\"@type\":\"EntryPoint\",\"urlTemplate\":\"https:\\\/\\\/sites.uef.fi\\\/kasvuasammalesta\\\/?s={search_term_string}\"},\"query-input\":{\"@type\":\"PropertyValueSpecification\",\"valueRequired\":true,\"valueName\":\"search_term_string\"}}],\"inLanguage\":\"fi\"}]}<\/script>\n<!-- \/ Yoast SEO plugin. -->","yoast_head_json":{"title":"Pilottialueet - Kasvua sammalesta Pohjois-Karjala","robots":{"index":"index","follow":"follow","max-snippet":"max-snippet:-1","max-image-preview":"max-image-preview:large","max-video-preview":"max-video-preview:-1"},"canonical":"https:\/\/sites.uef.fi\/kasvuasammalesta\/pilottialueet\/","og_locale":"fi_FI","og_type":"article","og_title":"Pilottialueet - Kasvua sammalesta Pohjois-Karjala","og_description":"Pilottialueilla kehitet\u00e4\u00e4n ratkaisuja rahkasammalten viljelyyn kuten kasvatusalueiden perustamiseen ja vesitalouden hallintaan. Hankkeen pilottialueella Kyyr\u00f6nsuolla ensimm\u00e4iset kasvatukset aloitettiin vuonna 2022 ja kasvatusalueita laajennettiin vuosina 2024 ja 2025. Siirry t\u00e4st\u00e4 Kyyr\u00f6nsuon kosteikon virtuaalikierrokseen! Tutustu pilottialueeseen videolla:","og_url":"https:\/\/sites.uef.fi\/kasvuasammalesta\/pilottialueet\/","og_site_name":"Kasvua sammalesta Pohjois-Karjala","article_modified_time":"2026-05-05T07:18:00+00:00","og_image":[{"url":"https:\/\/sites.uef.fi\/kasvuasammalesta\/wp-content\/uploads\/sites\/459\/2025\/09\/20250911_110359-scaled.jpg","type":"","width":"","height":""}],"twitter_card":"summary_large_image","twitter_misc":{"Arvioitu lukuaika":"2 minuuttia"},"schema":{"@context":"https:\/\/schema.org","@graph":[{"@type":"WebPage","@id":"https:\/\/sites.uef.fi\/kasvuasammalesta\/pilottialueet\/","url":"https:\/\/sites.uef.fi\/kasvuasammalesta\/pilottialueet\/","name":"Pilottialueet - Kasvua sammalesta Pohjois-Karjala","isPartOf":{"@id":"https:\/\/sites.uef.fi\/kasvuasammalesta\/#website"},"primaryImageOfPage":{"@id":"https:\/\/sites.uef.fi\/kasvuasammalesta\/pilottialueet\/#primaryimage"},"image":{"@id":"https:\/\/sites.uef.fi\/kasvuasammalesta\/pilottialueet\/#primaryimage"},"thumbnailUrl":"https:\/\/sites.uef.fi\/kasvuasammalesta\/wp-content\/uploads\/sites\/459\/2025\/09\/20250911_110359-scaled.jpg","datePublished":"2024-02-21T11:42:51+00:00","dateModified":"2026-05-05T07:18:00+00:00","breadcrumb":{"@id":"https:\/\/sites.uef.fi\/kasvuasammalesta\/pilottialueet\/#breadcrumb"},"inLanguage":"fi","potentialAction":[{"@type":"ReadAction","target":["https:\/\/sites.uef.fi\/kasvuasammalesta\/pilottialueet\/"]}]},{"@type":"ImageObject","inLanguage":"fi","@id":"https:\/\/sites.uef.fi\/kasvuasammalesta\/pilottialueet\/#primaryimage","url":"https:\/\/sites.uef.fi\/kasvuasammalesta\/wp-content\/uploads\/sites\/459\/2025\/09\/20250911_110359-scaled.jpg","contentUrl":"https:\/\/sites.uef.fi\/kasvuasammalesta\/wp-content\/uploads\/sites\/459\/2025\/09\/20250911_110359-scaled.jpg","width":2560,"height":1920},{"@type":"BreadcrumbList","@id":"https:\/\/sites.uef.fi\/kasvuasammalesta\/pilottialueet\/#breadcrumb","itemListElement":[{"@type":"ListItem","position":1,"name":"Home","item":"https:\/\/sites.uef.fi\/kasvuasammalesta\/"},{"@type":"ListItem","position":2,"name":"Pilottialueet"}]},{"@type":"WebSite","@id":"https:\/\/sites.uef.fi\/kasvuasammalesta\/#website","url":"https:\/\/sites.uef.fi\/kasvuasammalesta\/","name":"Kasvua sammalesta Pohjois-Karjala","description":"","potentialAction":[{"@type":"SearchAction","target":{"@type":"EntryPoint","urlTemplate":"https:\/\/sites.uef.fi\/kasvuasammalesta\/?s={search_term_string}"},"query-input":{"@type":"PropertyValueSpecification","valueRequired":true,"valueName":"search_term_string"}}],"inLanguage":"fi"}]}},"_links":{"self":[{"href":"https:\/\/sites.uef.fi\/kasvuasammalesta\/wp-json\/wp\/v2\/pages\/700","targetHints":{"allow":["GET"]}}],"collection":[{"href":"https:\/\/sites.uef.fi\/kasvuasammalesta\/wp-json\/wp\/v2\/pages"}],"about":[{"href":"https:\/\/sites.uef.fi\/kasvuasammalesta\/wp-json\/wp\/v2\/types\/page"}],"author":[{"embeddable":true,"href":"https:\/\/sites.uef.fi\/kasvuasammalesta\/wp-json\/wp\/v2\/users\/1075"}],"replies":[{"embeddable":true,"href":"https:\/\/sites.uef.fi\/kasvuasammalesta\/wp-json\/wp\/v2\/comments?post=700"}],"version-history":[{"count":2,"href":"https:\/\/sites.uef.fi\/kasvuasammalesta\/wp-json\/wp\/v2\/pages\/700\/revisions"}],"predecessor-version":[{"id":1803,"href":"https:\/\/sites.uef.fi\/kasvuasammalesta\/wp-json\/wp\/v2\/pages\/700\/revisions\/1803"}],"wp:attachment":[{"href":"https:\/\/sites.uef.fi\/kasvuasammalesta\/wp-json\/wp\/v2\/media?parent=700"}],"curies":[{"name":"wp","href":"https:\/\/api.w.org\/{rel}","templated":true}]}}