{"id":304,"date":"2023-04-27T09:54:22","date_gmt":"2023-04-27T07:54:22","guid":{"rendered":"https:\/\/sites.uef.fi\/kehuva\/?page_id=304"},"modified":"2023-11-15T12:51:14","modified_gmt":"2023-11-15T10:51:14","slug":"osa-7-henkilokohtaisesta-ammatilliseen","status":"publish","type":"page","link":"https:\/\/sites.uef.fi\/kehuva\/osa-7-henkilokohtaisesta-ammatilliseen\/","title":{"rendered":"Osa 7. Henkil\u00f6kohtaisesta ammatilliseen"},"content":{"rendered":"\n<p><strong>Osan tavoitteet:<\/strong><\/p>\n\n\n\n<ul class=\"wp-block-list\">\n<li>Kiteytt\u00e4\u00e4 koulutuksen antia ja havainnollistaa sen sovellettavuutta omassa ty\u00f6ss\u00e4.<\/li>\n<\/ul>\n\n\n\n<p><strong>Osan teht\u00e4v\u00e4t:<\/strong><\/p>\n\n\n\n<ol class=\"wp-block-list\">\n<li>Oppimisp\u00e4iv\u00e4kirjan kirjoittaminen<\/li>\n\n\n\n<li>Pohdi ja osallistu keskusteluun <\/li>\n<\/ol>\n\n\n\n<figure class=\"wp-block-image size-full is-resized\"><img loading=\"lazy\" decoding=\"async\" width=\"335\" height=\"335\" src=\"https:\/\/sites.uef.fi\/kehuva\/wp-content\/uploads\/sites\/416\/2023\/11\/white_break.png\" alt=\"\" class=\"wp-image-2458\" style=\"aspect-ratio:1;width:60px;height:auto\" srcset=\"https:\/\/sites.uef.fi\/kehuva\/wp-content\/uploads\/sites\/416\/2023\/11\/white_break.png 335w, https:\/\/sites.uef.fi\/kehuva\/wp-content\/uploads\/sites\/416\/2023\/11\/white_break-300x300.png 300w, https:\/\/sites.uef.fi\/kehuva\/wp-content\/uploads\/sites\/416\/2023\/11\/white_break-150x150.png 150w\" sizes=\"auto, (max-width: 335px) 100vw, 335px\" \/><\/figure>\n\n\n\n<h3 class=\"wp-block-heading\">Johdanto teemaan<\/h3>\n\n\n\n<p>Koulutuksen viimeisen osion tarkoituksena on vet\u00e4\u00e4 yhteen koulutuksen antia oman ty\u00f6n kannalta ja her\u00e4tt\u00e4\u00e4 pohtimaan, mit\u00e4 koulutus minulle opetti ja miten hy\u00f6dynt\u00e4\u00e4 oppimaani ammatillisesti. <\/p>\n\n\n\n<figure class=\"wp-block-image size-full is-resized\"><img loading=\"lazy\" decoding=\"async\" width=\"335\" height=\"335\" src=\"https:\/\/sites.uef.fi\/kehuva\/wp-content\/uploads\/sites\/416\/2023\/11\/white_break.png\" alt=\"\" class=\"wp-image-2458\" style=\"aspect-ratio:1;width:57px;height:auto\" srcset=\"https:\/\/sites.uef.fi\/kehuva\/wp-content\/uploads\/sites\/416\/2023\/11\/white_break.png 335w, https:\/\/sites.uef.fi\/kehuva\/wp-content\/uploads\/sites\/416\/2023\/11\/white_break-300x300.png 300w, https:\/\/sites.uef.fi\/kehuva\/wp-content\/uploads\/sites\/416\/2023\/11\/white_break-150x150.png 150w\" sizes=\"auto, (max-width: 335px) 100vw, 335px\" \/><\/figure>\n\n\n\n<p><strong>Teht\u00e4v\u00e4 1<\/strong>: Oppimisp\u00e4iv\u00e4kirjaan kirjoittaminen<\/p>\n\n\n\n<p>K\u00e4y l\u00e4pi koulutuksen aikana kirjoittamaasi oppimisp\u00e4iv\u00e4kirjaasi ja pohdi, mit\u00e4 uutta olet oppinut ja millaisia oivalluksia sinulle on koulutuksen aikana syntynyt.<\/p>\n\n\n\n<p>KEHUVAn nettisivuilta l\u00f6ytyy nuorten kanssa toteutettuja audiodokumentteja, joissa nuoret puhuvat kehosta ja ruoasta. Kuuntele ainakin 2 &#8211; 3 n\u00e4ist\u00e4 nuorten <a href=\"https:\/\/sites.uef.fi\/kehuva\/julkaisut\/\">audiodokumenteista<\/a> ja valitse yksi dokumenteissa esiintynyt nuori. Pohdi, miten olisit ennen koulutusta k\u00e4sitellyt ruoka- ja kehoteemoja h\u00e4nen kanssaan. Toimisitko nyt jollakin tapaa toisin? Jos, niin miten?<\/p>\n\n\n\n<figure class=\"wp-block-image size-full is-resized\"><img loading=\"lazy\" decoding=\"async\" width=\"335\" height=\"335\" src=\"https:\/\/sites.uef.fi\/kehuva\/wp-content\/uploads\/sites\/416\/2023\/11\/white_break.png\" alt=\"\" class=\"wp-image-2458\" style=\"aspect-ratio:1;width:82px;height:auto\" srcset=\"https:\/\/sites.uef.fi\/kehuva\/wp-content\/uploads\/sites\/416\/2023\/11\/white_break.png 335w, https:\/\/sites.uef.fi\/kehuva\/wp-content\/uploads\/sites\/416\/2023\/11\/white_break-300x300.png 300w, https:\/\/sites.uef.fi\/kehuva\/wp-content\/uploads\/sites\/416\/2023\/11\/white_break-150x150.png 150w\" sizes=\"auto, (max-width: 335px) 100vw, 335px\" \/><\/figure>\n\n\n\n<p><strong>Teht\u00e4v\u00e4 2:<\/strong> Pohdi ja osallistu keskusteluun<\/p>\n\n\n\n<p>Pohdi, miten eri tavoin voisit hy\u00f6dynt\u00e4\u00e4 KEHUVA-koulutuksessa oppimaasi omassa ty\u00f6ss\u00e4si.  Uskotko, ett\u00e4 l\u00e4hestyt ja k\u00e4sittelet jatkossa keho- ja ruokateemoja eri tavoin? Mill\u00e4 tavoin tai miksi et? Jos koet, ettei koulutus muuttanut tapaasi k\u00e4sitell\u00e4 keho- tai ruokateemoja tai ettei koulutuksessa oppimaasi voi hy\u00f6dynt\u00e4\u00e4 ty\u00f6ss\u00e4si, pohdi miksi ei.\u00a0Jos olet opiskelija, voit pohtia kysymyksi\u00e4 tulevan ty\u00f6si n\u00e4k\u00f6kulmasta.<\/p>\n\n\n\n<p>Osallistu keskusteluun ja tuo pohdintojasi ja mahdollisesti havaitsemaasi muutosta esiin <a href=\"https:\/\/padlet.com\/kehuvagroup\/kehuva-verkkokoulutus-osa-7-miten-eri-tavoin-voisit-hy-dynt--kd1pcmbbdrsflutv\">keskustelualueella<\/a> (linkki avautuu uuteen v\u00e4lilehteen). Jos mahdollista, kerro my\u00f6s konkreettisia esimerkkej\u00e4.<\/p>\n\n\n\n<figure class=\"wp-block-image size-full is-resized\"><img loading=\"lazy\" decoding=\"async\" width=\"335\" height=\"335\" src=\"https:\/\/sites.uef.fi\/kehuva\/wp-content\/uploads\/sites\/416\/2023\/11\/white_break.png\" alt=\"\" class=\"wp-image-2458\" style=\"aspect-ratio:1;width:140px;height:auto\" srcset=\"https:\/\/sites.uef.fi\/kehuva\/wp-content\/uploads\/sites\/416\/2023\/11\/white_break.png 335w, https:\/\/sites.uef.fi\/kehuva\/wp-content\/uploads\/sites\/416\/2023\/11\/white_break-300x300.png 300w, https:\/\/sites.uef.fi\/kehuva\/wp-content\/uploads\/sites\/416\/2023\/11\/white_break-150x150.png 150w\" sizes=\"auto, (max-width: 335px) 100vw, 335px\" \/><\/figure>\n\n\n\n<figure class=\"wp-block-image aligncenter size-large is-resized\"><img loading=\"lazy\" decoding=\"async\" width=\"1024\" height=\"533\" src=\"https:\/\/sites.uef.fi\/kehuva\/wp-content\/uploads\/sites\/416\/2023\/05\/material-icon-g642df18a4_1280-1024x533.png\" alt=\"\" class=\"wp-image-909\" style=\"aspect-ratio:1.9212007504690432;width:179px;height:auto\" \/><\/figure>\n\n\n\n<h2 class=\"wp-block-heading\">Vaikuttava ammatillinen kohtaaminen<\/h2>\n\n\n\n<figure class=\"wp-block-image alignright size-full is-resized\"><img loading=\"lazy\" decoding=\"async\" width=\"750\" height=\"750\" src=\"https:\/\/sites.uef.fi\/kehuva\/wp-content\/uploads\/sites\/416\/2023\/04\/image-4.png\" alt=\"\" class=\"wp-image-583\" style=\"width:344px;height:344px\" srcset=\"https:\/\/sites.uef.fi\/kehuva\/wp-content\/uploads\/sites\/416\/2023\/04\/image-4.png 750w, https:\/\/sites.uef.fi\/kehuva\/wp-content\/uploads\/sites\/416\/2023\/04\/image-4-300x300.png 300w, https:\/\/sites.uef.fi\/kehuva\/wp-content\/uploads\/sites\/416\/2023\/04\/image-4-150x150.png 150w, https:\/\/sites.uef.fi\/kehuva\/wp-content\/uploads\/sites\/416\/2023\/04\/image-4-100x100.png 100w\" sizes=\"auto, (max-width: 750px) 100vw, 750px\" \/><figcaption class=\"wp-element-caption\">Kuvassa: Ravitsemusasiantuntija Sanna Talvia ja psykologi, psykoterapeutti Susanna Angl\u00e9.<\/figcaption><\/figure>\n\n\n\n<p>\u00c4l\u00e4 tottele, kehottaa psykologi ja ratkaisukeskeinen psykoterapeutti Susanna Angl\u00e9 jaksossa, jossa keskeisi\u00e4 teemoja ovat ruokasuhteen viitekehys ja paino. Alta kuunneltavassa podcast-jaksossa pohditaan vaikuttavan ammatillisen kohtaamisen elementtej\u00e4 ja sit\u00e4, ollaanko painokeskeisyydess\u00e4 menty liian pitk\u00e4lle.<\/p>\n\n\n\n<p><a href=\"https:\/\/shows.acast.com\/5e83af0f3dea36ad50cab24c\/5e89df193ee51a0462e79fbd\" target=\"_blank\" rel=\"noreferrer noopener\">Kuuntele podcast<\/a> (avautuu uudessa v\u00e4lilehdess\u00e4)<\/p>\n\n\n\n<p><a href=\"https:\/\/sites.uef.fi\/kehuva\/tekstivastine-podcastille-vaikuttava-ammatillinen-kohtaaminen\/\" data-type=\"page\" data-id=\"1117\">Podcast-jakson tekstivastine <\/a><\/p>\n\n\n\n<p>Tuotanto ja tekninen toteutus: Katarina Blomqvist, Slap Media.<\/p>\n\n\n\n<p><\/p>\n\n\n\n<figure class=\"wp-block-image size-full is-resized\"><img loading=\"lazy\" decoding=\"async\" width=\"335\" height=\"335\" src=\"https:\/\/sites.uef.fi\/kehuva\/wp-content\/uploads\/sites\/416\/2023\/11\/white_break.png\" alt=\"\" class=\"wp-image-2458\" style=\"aspect-ratio:1;width:140px;height:auto\" srcset=\"https:\/\/sites.uef.fi\/kehuva\/wp-content\/uploads\/sites\/416\/2023\/11\/white_break.png 335w, https:\/\/sites.uef.fi\/kehuva\/wp-content\/uploads\/sites\/416\/2023\/11\/white_break-300x300.png 300w, https:\/\/sites.uef.fi\/kehuva\/wp-content\/uploads\/sites\/416\/2023\/11\/white_break-150x150.png 150w\" sizes=\"auto, (max-width: 335px) 100vw, 335px\" \/><\/figure>\n\n\n\n<p class=\"has-vivid-red-color has-text-color\"><a href=\"https:\/\/sites.uef.fi\/kehuva\/koulutuksen-lopuksi\/\" data-type=\"page\" data-id=\"370\"><strong>Siirry koulutuksen lopuksi -sivulle<\/strong><\/a><\/p>\n\n\n\n<p><a href=\"https:\/\/sites.uef.fi\/kehuva\/osa-6-ruoka-ja-kehosuhdehistoria\/\" data-type=\"page\" data-id=\"292\"><strong>&lt; Palaa 6. osaan<\/strong><\/a><\/p>\n\n\n\n<p><a href=\"https:\/\/sites.uef.fi\/kehuva\/tervetuloa-kehuva-verkkokoulutukseen\/\" data-type=\"page\" data-id=\"208\"><strong>Verkkokoulutuksen etusivulle<\/strong><\/a><\/p>\n\n\n\n<p><\/p>\n","protected":false},"excerpt":{"rendered":"<p>Osan tavoitteet: Osan teht\u00e4v\u00e4t: Johdanto teemaan Koulutuksen viimeisen osion tarkoituksena on vet\u00e4\u00e4 yhteen koulutuksen antia oman ty\u00f6n kannalta ja her\u00e4tt\u00e4\u00e4 pohtimaan, mit\u00e4 koulutus minulle opetti ja miten hy\u00f6dynt\u00e4\u00e4 oppimaani ammatillisesti. Teht\u00e4v\u00e4 1: Oppimisp\u00e4iv\u00e4kirjaan kirjoittaminen K\u00e4y l\u00e4pi koulutuksen aikana kirjoittamaasi oppimisp\u00e4iv\u00e4kirjaasi ja pohdi, mit\u00e4 uutta olet oppinut ja millaisia oivalluksia sinulle on koulutuksen aikana syntynyt. KEHUVAn [&hellip;]<\/p>\n","protected":false},"author":972,"featured_media":0,"parent":0,"menu_order":0,"comment_status":"closed","ping_status":"closed","template":"","meta":{"_acf_changed":false,"footnotes":""},"class_list":["post-304","page","type-page","status-publish","hentry"],"acf":[],"yoast_head":"<!-- This site is optimized with the Yoast SEO plugin v27.3 - https:\/\/yoast.com\/product\/yoast-seo-wordpress\/ -->\n<title>Osa 7. Henkil\u00f6kohtaisesta ammatilliseen - KEHUVA lyhyesti<\/title>\n<meta name=\"robots\" content=\"index, follow, max-snippet:-1, max-image-preview:large, max-video-preview:-1\" \/>\n<link rel=\"canonical\" href=\"https:\/\/sites.uef.fi\/kehuva\/osa-7-henkilokohtaisesta-ammatilliseen\/\" \/>\n<meta property=\"og:locale\" content=\"fi_FI\" \/>\n<meta property=\"og:type\" content=\"article\" \/>\n<meta property=\"og:title\" content=\"Osa 7. Henkil\u00f6kohtaisesta ammatilliseen - KEHUVA lyhyesti\" \/>\n<meta property=\"og:description\" content=\"Osan tavoitteet: Osan teht\u00e4v\u00e4t: Johdanto teemaan Koulutuksen viimeisen osion tarkoituksena on vet\u00e4\u00e4 yhteen koulutuksen antia oman ty\u00f6n kannalta ja her\u00e4tt\u00e4\u00e4 pohtimaan, mit\u00e4 koulutus minulle opetti ja miten hy\u00f6dynt\u00e4\u00e4 oppimaani ammatillisesti. Teht\u00e4v\u00e4 1: Oppimisp\u00e4iv\u00e4kirjaan kirjoittaminen K\u00e4y l\u00e4pi koulutuksen aikana kirjoittamaasi oppimisp\u00e4iv\u00e4kirjaasi ja pohdi, mit\u00e4 uutta olet oppinut ja millaisia oivalluksia sinulle on koulutuksen aikana syntynyt. KEHUVAn [&hellip;]\" \/>\n<meta property=\"og:url\" content=\"https:\/\/sites.uef.fi\/kehuva\/osa-7-henkilokohtaisesta-ammatilliseen\/\" \/>\n<meta property=\"og:site_name\" content=\"KEHUVA lyhyesti\" \/>\n<meta property=\"article:modified_time\" content=\"2023-11-15T10:51:14+00:00\" \/>\n<meta property=\"og:image\" content=\"https:\/\/sites.uef.fi\/kehuva\/wp-content\/uploads\/sites\/416\/2023\/11\/white_break.png\" \/>\n<meta name=\"twitter:card\" content=\"summary_large_image\" \/>\n<meta name=\"twitter:label1\" content=\"Arvioitu lukuaika\" \/>\n\t<meta name=\"twitter:data1\" content=\"4 minuuttia\" \/>\n<script type=\"application\/ld+json\" class=\"yoast-schema-graph\">{\"@context\":\"https:\\\/\\\/schema.org\",\"@graph\":[{\"@type\":\"WebPage\",\"@id\":\"https:\\\/\\\/sites.uef.fi\\\/kehuva\\\/osa-7-henkilokohtaisesta-ammatilliseen\\\/\",\"url\":\"https:\\\/\\\/sites.uef.fi\\\/kehuva\\\/osa-7-henkilokohtaisesta-ammatilliseen\\\/\",\"name\":\"Osa 7. Henkil\u00f6kohtaisesta ammatilliseen - KEHUVA lyhyesti\",\"isPartOf\":{\"@id\":\"https:\\\/\\\/sites.uef.fi\\\/kehuva\\\/#website\"},\"primaryImageOfPage\":{\"@id\":\"https:\\\/\\\/sites.uef.fi\\\/kehuva\\\/osa-7-henkilokohtaisesta-ammatilliseen\\\/#primaryimage\"},\"image\":{\"@id\":\"https:\\\/\\\/sites.uef.fi\\\/kehuva\\\/osa-7-henkilokohtaisesta-ammatilliseen\\\/#primaryimage\"},\"thumbnailUrl\":\"https:\\\/\\\/sites.uef.fi\\\/kehuva\\\/wp-content\\\/uploads\\\/sites\\\/416\\\/2023\\\/11\\\/white_break.png\",\"datePublished\":\"2023-04-27T07:54:22+00:00\",\"dateModified\":\"2023-11-15T10:51:14+00:00\",\"breadcrumb\":{\"@id\":\"https:\\\/\\\/sites.uef.fi\\\/kehuva\\\/osa-7-henkilokohtaisesta-ammatilliseen\\\/#breadcrumb\"},\"inLanguage\":\"fi\",\"potentialAction\":[{\"@type\":\"ReadAction\",\"target\":[\"https:\\\/\\\/sites.uef.fi\\\/kehuva\\\/osa-7-henkilokohtaisesta-ammatilliseen\\\/\"]}]},{\"@type\":\"ImageObject\",\"inLanguage\":\"fi\",\"@id\":\"https:\\\/\\\/sites.uef.fi\\\/kehuva\\\/osa-7-henkilokohtaisesta-ammatilliseen\\\/#primaryimage\",\"url\":\"https:\\\/\\\/sites.uef.fi\\\/kehuva\\\/wp-content\\\/uploads\\\/sites\\\/416\\\/2023\\\/11\\\/white_break.png\",\"contentUrl\":\"https:\\\/\\\/sites.uef.fi\\\/kehuva\\\/wp-content\\\/uploads\\\/sites\\\/416\\\/2023\\\/11\\\/white_break.png\",\"width\":335,\"height\":335},{\"@type\":\"BreadcrumbList\",\"@id\":\"https:\\\/\\\/sites.uef.fi\\\/kehuva\\\/osa-7-henkilokohtaisesta-ammatilliseen\\\/#breadcrumb\",\"itemListElement\":[{\"@type\":\"ListItem\",\"position\":1,\"name\":\"Home\",\"item\":\"https:\\\/\\\/sites.uef.fi\\\/kehuva\\\/\"},{\"@type\":\"ListItem\",\"position\":2,\"name\":\"Osa 7. Henkil\u00f6kohtaisesta ammatilliseen\"}]},{\"@type\":\"WebSite\",\"@id\":\"https:\\\/\\\/sites.uef.fi\\\/kehuva\\\/#website\",\"url\":\"https:\\\/\\\/sites.uef.fi\\\/kehuva\\\/\",\"name\":\"KEHUVA lyhyesti\",\"description\":\"\",\"publisher\":{\"@id\":\"https:\\\/\\\/sites.uef.fi\\\/kehuva\\\/#organization\"},\"potentialAction\":[{\"@type\":\"SearchAction\",\"target\":{\"@type\":\"EntryPoint\",\"urlTemplate\":\"https:\\\/\\\/sites.uef.fi\\\/kehuva\\\/?s={search_term_string}\"},\"query-input\":{\"@type\":\"PropertyValueSpecification\",\"valueRequired\":true,\"valueName\":\"search_term_string\"}}],\"inLanguage\":\"fi\"},{\"@type\":\"Organization\",\"@id\":\"https:\\\/\\\/sites.uef.fi\\\/kehuva\\\/#organization\",\"name\":\"KEHUVA lyhyesti\",\"url\":\"https:\\\/\\\/sites.uef.fi\\\/kehuva\\\/\",\"logo\":{\"@type\":\"ImageObject\",\"inLanguage\":\"fi\",\"@id\":\"https:\\\/\\\/sites.uef.fi\\\/kehuva\\\/#\\\/schema\\\/logo\\\/image\\\/\",\"url\":\"https:\\\/\\\/sites.uef.fi\\\/kehuva\\\/wp-content\\\/uploads\\\/sites\\\/416\\\/2023\\\/03\\\/cropped-UEF_wordpress_white.png\",\"contentUrl\":\"https:\\\/\\\/sites.uef.fi\\\/kehuva\\\/wp-content\\\/uploads\\\/sites\\\/416\\\/2023\\\/03\\\/cropped-UEF_wordpress_white.png\",\"width\":250,\"height\":250,\"caption\":\"KEHUVA lyhyesti\"},\"image\":{\"@id\":\"https:\\\/\\\/sites.uef.fi\\\/kehuva\\\/#\\\/schema\\\/logo\\\/image\\\/\"}}]}<\/script>\n<!-- \/ Yoast SEO plugin. -->","yoast_head_json":{"title":"Osa 7. Henkil\u00f6kohtaisesta ammatilliseen - KEHUVA lyhyesti","robots":{"index":"index","follow":"follow","max-snippet":"max-snippet:-1","max-image-preview":"max-image-preview:large","max-video-preview":"max-video-preview:-1"},"canonical":"https:\/\/sites.uef.fi\/kehuva\/osa-7-henkilokohtaisesta-ammatilliseen\/","og_locale":"fi_FI","og_type":"article","og_title":"Osa 7. Henkil\u00f6kohtaisesta ammatilliseen - KEHUVA lyhyesti","og_description":"Osan tavoitteet: Osan teht\u00e4v\u00e4t: Johdanto teemaan Koulutuksen viimeisen osion tarkoituksena on vet\u00e4\u00e4 yhteen koulutuksen antia oman ty\u00f6n kannalta ja her\u00e4tt\u00e4\u00e4 pohtimaan, mit\u00e4 koulutus minulle opetti ja miten hy\u00f6dynt\u00e4\u00e4 oppimaani ammatillisesti. Teht\u00e4v\u00e4 1: Oppimisp\u00e4iv\u00e4kirjaan kirjoittaminen K\u00e4y l\u00e4pi koulutuksen aikana kirjoittamaasi oppimisp\u00e4iv\u00e4kirjaasi ja pohdi, mit\u00e4 uutta olet oppinut ja millaisia oivalluksia sinulle on koulutuksen aikana syntynyt. KEHUVAn [&hellip;]","og_url":"https:\/\/sites.uef.fi\/kehuva\/osa-7-henkilokohtaisesta-ammatilliseen\/","og_site_name":"KEHUVA lyhyesti","article_modified_time":"2023-11-15T10:51:14+00:00","og_image":[{"url":"https:\/\/sites.uef.fi\/kehuva\/wp-content\/uploads\/sites\/416\/2023\/11\/white_break.png","type":"","width":"","height":""}],"twitter_card":"summary_large_image","twitter_misc":{"Arvioitu lukuaika":"4 minuuttia"},"schema":{"@context":"https:\/\/schema.org","@graph":[{"@type":"WebPage","@id":"https:\/\/sites.uef.fi\/kehuva\/osa-7-henkilokohtaisesta-ammatilliseen\/","url":"https:\/\/sites.uef.fi\/kehuva\/osa-7-henkilokohtaisesta-ammatilliseen\/","name":"Osa 7. Henkil\u00f6kohtaisesta ammatilliseen - KEHUVA lyhyesti","isPartOf":{"@id":"https:\/\/sites.uef.fi\/kehuva\/#website"},"primaryImageOfPage":{"@id":"https:\/\/sites.uef.fi\/kehuva\/osa-7-henkilokohtaisesta-ammatilliseen\/#primaryimage"},"image":{"@id":"https:\/\/sites.uef.fi\/kehuva\/osa-7-henkilokohtaisesta-ammatilliseen\/#primaryimage"},"thumbnailUrl":"https:\/\/sites.uef.fi\/kehuva\/wp-content\/uploads\/sites\/416\/2023\/11\/white_break.png","datePublished":"2023-04-27T07:54:22+00:00","dateModified":"2023-11-15T10:51:14+00:00","breadcrumb":{"@id":"https:\/\/sites.uef.fi\/kehuva\/osa-7-henkilokohtaisesta-ammatilliseen\/#breadcrumb"},"inLanguage":"fi","potentialAction":[{"@type":"ReadAction","target":["https:\/\/sites.uef.fi\/kehuva\/osa-7-henkilokohtaisesta-ammatilliseen\/"]}]},{"@type":"ImageObject","inLanguage":"fi","@id":"https:\/\/sites.uef.fi\/kehuva\/osa-7-henkilokohtaisesta-ammatilliseen\/#primaryimage","url":"https:\/\/sites.uef.fi\/kehuva\/wp-content\/uploads\/sites\/416\/2023\/11\/white_break.png","contentUrl":"https:\/\/sites.uef.fi\/kehuva\/wp-content\/uploads\/sites\/416\/2023\/11\/white_break.png","width":335,"height":335},{"@type":"BreadcrumbList","@id":"https:\/\/sites.uef.fi\/kehuva\/osa-7-henkilokohtaisesta-ammatilliseen\/#breadcrumb","itemListElement":[{"@type":"ListItem","position":1,"name":"Home","item":"https:\/\/sites.uef.fi\/kehuva\/"},{"@type":"ListItem","position":2,"name":"Osa 7. Henkil\u00f6kohtaisesta ammatilliseen"}]},{"@type":"WebSite","@id":"https:\/\/sites.uef.fi\/kehuva\/#website","url":"https:\/\/sites.uef.fi\/kehuva\/","name":"KEHUVA lyhyesti","description":"","publisher":{"@id":"https:\/\/sites.uef.fi\/kehuva\/#organization"},"potentialAction":[{"@type":"SearchAction","target":{"@type":"EntryPoint","urlTemplate":"https:\/\/sites.uef.fi\/kehuva\/?s={search_term_string}"},"query-input":{"@type":"PropertyValueSpecification","valueRequired":true,"valueName":"search_term_string"}}],"inLanguage":"fi"},{"@type":"Organization","@id":"https:\/\/sites.uef.fi\/kehuva\/#organization","name":"KEHUVA lyhyesti","url":"https:\/\/sites.uef.fi\/kehuva\/","logo":{"@type":"ImageObject","inLanguage":"fi","@id":"https:\/\/sites.uef.fi\/kehuva\/#\/schema\/logo\/image\/","url":"https:\/\/sites.uef.fi\/kehuva\/wp-content\/uploads\/sites\/416\/2023\/03\/cropped-UEF_wordpress_white.png","contentUrl":"https:\/\/sites.uef.fi\/kehuva\/wp-content\/uploads\/sites\/416\/2023\/03\/cropped-UEF_wordpress_white.png","width":250,"height":250,"caption":"KEHUVA lyhyesti"},"image":{"@id":"https:\/\/sites.uef.fi\/kehuva\/#\/schema\/logo\/image\/"}}]}},"_links":{"self":[{"href":"https:\/\/sites.uef.fi\/kehuva\/wp-json\/wp\/v2\/pages\/304","targetHints":{"allow":["GET"]}}],"collection":[{"href":"https:\/\/sites.uef.fi\/kehuva\/wp-json\/wp\/v2\/pages"}],"about":[{"href":"https:\/\/sites.uef.fi\/kehuva\/wp-json\/wp\/v2\/types\/page"}],"author":[{"embeddable":true,"href":"https:\/\/sites.uef.fi\/kehuva\/wp-json\/wp\/v2\/users\/972"}],"replies":[{"embeddable":true,"href":"https:\/\/sites.uef.fi\/kehuva\/wp-json\/wp\/v2\/comments?post=304"}],"version-history":[{"count":1,"href":"https:\/\/sites.uef.fi\/kehuva\/wp-json\/wp\/v2\/pages\/304\/revisions"}],"predecessor-version":[{"id":2873,"href":"https:\/\/sites.uef.fi\/kehuva\/wp-json\/wp\/v2\/pages\/304\/revisions\/2873"}],"wp:attachment":[{"href":"https:\/\/sites.uef.fi\/kehuva\/wp-json\/wp\/v2\/media?parent=304"}],"curies":[{"name":"wp","href":"https:\/\/api.w.org\/{rel}","templated":true}]}}