{"id":67,"date":"2023-04-20T09:33:55","date_gmt":"2023-04-20T07:33:55","guid":{"rendered":"https:\/\/sites.uef.fi\/kehuva\/?page_id=67"},"modified":"2026-01-28T11:36:46","modified_gmt":"2026-01-28T09:36:46","slug":"julkaisut","status":"publish","type":"page","link":"https:\/\/sites.uef.fi\/kehuva\/julkaisut\/","title":{"rendered":"Julkaisut"},"content":{"rendered":"\n<p>T\u00e4lt\u00e4 sivulta l\u00f6yd\u00e4t KEHUVA-teemaiset <strong>\u00e4\u00e4nijulkaisut<\/strong> (podcastit ja audiodokumentit) ja <strong>tutkimusjulkaisut<\/strong> (tieteelliset julkaisut ja opinn\u00e4ytety\u00f6t).<\/p>\n\n\n\n<figure class=\"wp-block-image size-full is-resized\"><img loading=\"lazy\" decoding=\"async\" width=\"335\" height=\"335\" src=\"https:\/\/sites.uef.fi\/kehuva\/wp-content\/uploads\/sites\/416\/2023\/11\/white_break.png\" alt=\"\" class=\"wp-image-2458\" style=\"aspect-ratio:1;width:36px;height:auto\" srcset=\"https:\/\/sites.uef.fi\/kehuva\/wp-content\/uploads\/sites\/416\/2023\/11\/white_break.png 335w, https:\/\/sites.uef.fi\/kehuva\/wp-content\/uploads\/sites\/416\/2023\/11\/white_break-300x300.png 300w, https:\/\/sites.uef.fi\/kehuva\/wp-content\/uploads\/sites\/416\/2023\/11\/white_break-150x150.png 150w\" sizes=\"auto, (max-width: 335px) 100vw, 335px\" \/><\/figure>\n\n\n\n<h2 class=\"wp-block-heading\">KEHUVA-podcastit<\/h2>\n\n\n\n<p><strong>KEHUVA-podcast -sarja<\/strong> syvent\u00e4\u00e4 n\u00e4k\u00f6kulmia KEHUVA-l\u00e4hestymistavan keskeisiin teemoihin: ruokasuhteeseen, kehosuhteeseen, hyvinvointiin ja ruokakasvatukseen. Ensimm\u00e4isen tuotantokauden jaksoissa KEHUVA-hankkeen koordinaattorina toiminut ruokakasvatuksen asiantuntija Sanna Talvia pohtii teemoja eri alojen ammattilaisten kanssa. Haastateltavat avaavat kuulijalle my\u00f6s omaa suhdettaan ruokaan: Kenen kotona on mahtanut py\u00f6ri\u00e4 ruokatehdas? Kuka heist\u00e4 on rohkea uusien ruokien kokeilija? Kenelle suurta herkkua ovat tomaatit eri muodoissaan?  Kuka juo pitsankin kanssa piim\u00e4\u00e4? Kuuntele, niin tied\u00e4t! <\/p>\n\n\n\n<p>Tuotanto ja tekninen toteutus: Katarina Blomqvist, Slap Media. <\/p>\n\n\n\n<div class=\"links-block\">\n\n            <h3>1. tuotantokausi<\/h3>\n    \n    <ul class=\"link-list\">\n        \n            \n            <li class=\"link-list-item\">\n                <a href=\"https:\/\/shows.acast.com\/5e83af0f3dea36ad50cab24c\/5e849e125fa196ec6bc24a89\" class=\"link-reset link hover-scale-down\">\n                    <svg\n        width=\"43\" height=\"25\"\n        viewBox=\"0 0 43 25\"\n        xmlns=\"http:\/\/www.w3.org\/2000\/svg\">\n    <path\n        d=\"M30.027 0 43 12.5 30.027 25 27 22.083 34.351 15H0v-5h34.351L27 2.917z\"\n        fill=\"currentColor\"\n        fill-rule=\"evenodd\"\/>\n<\/svg>                    <div>Joustavuus sy\u00f6mish\u00e4iri\u00f6iden ehk\u00e4isij\u00e4n\u00e4<\/div>\n                <\/a>\n                <div class=\"link-info\">\n                                    <\/div>\n            <\/li>\n\n        \n            <li class=\"link-list-item\">\n                <a href=\"https:\/\/shows.acast.com\/5e83af0f3dea36ad50cab24c\/5e89e1b5498811c656eb5850\" class=\"link-reset link hover-scale-down\">\n                    <svg\n        width=\"43\" height=\"25\"\n        viewBox=\"0 0 43 25\"\n        xmlns=\"http:\/\/www.w3.org\/2000\/svg\">\n    <path\n        d=\"M30.027 0 43 12.5 30.027 25 27 22.083 34.351 15H0v-5h34.351L27 2.917z\"\n        fill=\"currentColor\"\n        fill-rule=\"evenodd\"\/>\n<\/svg>                    <div>Kehuvan ty\u00f6ote testiss\u00e4<\/div>\n                <\/a>\n                <div class=\"link-info\">\n                                    <\/div>\n            <\/li>\n\n        \n            <li class=\"link-list-item\">\n                <a href=\"https:\/\/shows.acast.com\/5e83af0f3dea36ad50cab24c\/5e89e4604f01e86e65278217\" class=\"link-reset link hover-scale-down\">\n                    <svg\n        width=\"43\" height=\"25\"\n        viewBox=\"0 0 43 25\"\n        xmlns=\"http:\/\/www.w3.org\/2000\/svg\">\n    <path\n        d=\"M30.027 0 43 12.5 30.027 25 27 22.083 34.351 15H0v-5h34.351L27 2.917z\"\n        fill=\"currentColor\"\n        fill-rule=\"evenodd\"\/>\n<\/svg>                    <div>Pit\u00e4\u00e4k\u00f6 lautanen sy\u00f6d\u00e4 tyhj\u00e4ksi?<\/div>\n                <\/a>\n                <div class=\"link-info\">\n                                    <\/div>\n            <\/li>\n\n        \n            <li class=\"link-list-item\">\n                <a href=\"https:\/\/shows.acast.com\/5e83af0f3dea36ad50cab24c\/5e89df193ee51a0462e79fbd\" class=\"link-reset link hover-scale-down\">\n                    <svg\n        width=\"43\" height=\"25\"\n        viewBox=\"0 0 43 25\"\n        xmlns=\"http:\/\/www.w3.org\/2000\/svg\">\n    <path\n        d=\"M30.027 0 43 12.5 30.027 25 27 22.083 34.351 15H0v-5h34.351L27 2.917z\"\n        fill=\"currentColor\"\n        fill-rule=\"evenodd\"\/>\n<\/svg>                    <div>Vaikuttava ammatillinen kohtaaminen<\/div>\n                <\/a>\n                <div class=\"link-info\">\n                                    <\/div>\n            <\/li>\n\n        \n            <li class=\"link-list-item\">\n                <a href=\"https:\/\/shows.acast.com\/5e83af0f3dea36ad50cab24c\/5e89e3bb983341111ccab3f0\" class=\"link-reset link hover-scale-down\">\n                    <svg\n        width=\"43\" height=\"25\"\n        viewBox=\"0 0 43 25\"\n        xmlns=\"http:\/\/www.w3.org\/2000\/svg\">\n    <path\n        d=\"M30.027 0 43 12.5 30.027 25 27 22.083 34.351 15H0v-5h34.351L27 2.917z\"\n        fill=\"currentColor\"\n        fill-rule=\"evenodd\"\/>\n<\/svg>                    <div>Miten kehotietoisuus liittyy sy\u00f6miseen?<\/div>\n                <\/a>\n                <div class=\"link-info\">\n                                    <\/div>\n            <\/li>\n\n                <\/ul>\n<\/div>\n\n\n<p><strong>Jaksojen tekstivastineet l\u00f6yd\u00e4t <a href=\"https:\/\/sites.uef.fi\/kehuva\/kehuva-podcast-jaksojen-tekstivastineet\/\" target=\"_blank\" rel=\"noreferrer noopener\">t\u00e4lt\u00e4 sivulta<\/a><\/strong> (linkki avautuu uuteen v\u00e4lilehteen).<\/p>\n\n\n\n<figure class=\"wp-block-image size-full is-resized\"><img loading=\"lazy\" decoding=\"async\" width=\"335\" height=\"335\" src=\"https:\/\/sites.uef.fi\/kehuva\/wp-content\/uploads\/sites\/416\/2023\/11\/white_break.png\" alt=\"\" class=\"wp-image-2458\" style=\"aspect-ratio:1;width:48px;height:auto\" srcset=\"https:\/\/sites.uef.fi\/kehuva\/wp-content\/uploads\/sites\/416\/2023\/11\/white_break.png 335w, https:\/\/sites.uef.fi\/kehuva\/wp-content\/uploads\/sites\/416\/2023\/11\/white_break-300x300.png 300w, https:\/\/sites.uef.fi\/kehuva\/wp-content\/uploads\/sites\/416\/2023\/11\/white_break-150x150.png 150w\" sizes=\"auto, (max-width: 335px) 100vw, 335px\" \/><\/figure>\n\n\n\n<h3 class=\"wp-block-heading\">2. tuotantokausi<\/h3>\n\n\n\n<p>KEHUVA-podcast -sarjan 2. tuotantokauden jaksot johdattelevat kuulijat KEHUVA-teemojen tutkimukseen. Jaksoissa tarkastellaan mm. sy\u00f6misk\u00e4ytt\u00e4ytymist\u00e4 tutkimuskohteena ja syvennyt\u00e4\u00e4n alakoulun ruokakasvatuksen tutkimus- ja kehitt\u00e4misty\u00f6h\u00f6n. <\/p>\n\n\n\n<p><a href=\"https:\/\/www.slapmedia.fi\/kehuva\/\" target=\"_blank\" rel=\"noreferrer noopener\">Kuuntele podcast-jaksot <\/a>(linkki avautuu uuteen v\u00e4lilehteen)<\/p>\n\n\n\n<figure class=\"wp-block-image size-full is-resized\"><img loading=\"lazy\" decoding=\"async\" width=\"335\" height=\"335\" src=\"https:\/\/sites.uef.fi\/kehuva\/wp-content\/uploads\/sites\/416\/2023\/11\/white_break.png\" alt=\"\" class=\"wp-image-2458\" style=\"aspect-ratio:1;width:48px;height:auto\" srcset=\"https:\/\/sites.uef.fi\/kehuva\/wp-content\/uploads\/sites\/416\/2023\/11\/white_break.png 335w, https:\/\/sites.uef.fi\/kehuva\/wp-content\/uploads\/sites\/416\/2023\/11\/white_break-300x300.png 300w, https:\/\/sites.uef.fi\/kehuva\/wp-content\/uploads\/sites\/416\/2023\/11\/white_break-150x150.png 150w\" sizes=\"auto, (max-width: 335px) 100vw, 335px\" \/><\/figure>\n\n\n\n<h2 class=\"wp-block-heading\">Nuorten audiodokumentit<\/h2>\n\n\n\n<p>Alla olevan linkin kautta kuunneltavissa lyhytdokumenteissa Diakonissalaitoksen Vamos-palveluiden piiriss\u00e4 olevat nuoret puhuvat sy\u00f6misest\u00e4, ruoasta ja kehonkuvasta. Dokumentit on toteuttanut audiodokumentaristi Katarina Blomqvist. Osassa dokumentteja on hy\u00f6dynnetty KEHUVAn ruokasuhde-kollaasiteht\u00e4v\u00e4\u00e4 ja \u00e4\u00e4ness\u00e4 on my\u00f6s KEHUVA-hankekoordinaattorina toiminut Sanna Talvia.<\/p>\n\n\n\n<div class=\"links-block\">\n\n    \n    <ul class=\"link-list\">\n        \n            \n            <li class=\"link-list-item\">\n                <a href=\"https:\/\/areena.yle.fi\/1-50363851\" class=\"link-reset link hover-scale-down\">\n                    <svg\n        width=\"43\" height=\"25\"\n        viewBox=\"0 0 43 25\"\n        xmlns=\"http:\/\/www.w3.org\/2000\/svg\">\n    <path\n        d=\"M30.027 0 43 12.5 30.027 25 27 22.083 34.351 15H0v-5h34.351L27 2.917z\"\n        fill=\"currentColor\"\n        fill-rule=\"evenodd\"\/>\n<\/svg>                    <div>Sumea laikku ja muita kokemuksia \u2013 Yle Areena<\/div>\n                <\/a>\n                <div class=\"link-info\">\n                                    <\/div>\n            <\/li>\n\n                <\/ul>\n<\/div>\n\n\n<p><strong>Audiodokumenttien tekstivastineet l\u00f6yd\u00e4t <a href=\"https:\/\/sites.uef.fi\/kehuva\/audiodokumenttien-tekstivastineet\/\" target=\"_blank\" rel=\"noreferrer noopener\">t\u00e4lt\u00e4 sivulta<\/a><\/strong> (linkki avautuu uuteen v\u00e4lilehteen).  <\/p>\n\n\n\n<figure class=\"wp-block-image size-full is-resized\"><img loading=\"lazy\" decoding=\"async\" width=\"335\" height=\"335\" src=\"https:\/\/sites.uef.fi\/kehuva\/wp-content\/uploads\/sites\/416\/2023\/11\/white_break.png\" alt=\"\" class=\"wp-image-2458\" style=\"aspect-ratio:1;width:84px;height:auto\" srcset=\"https:\/\/sites.uef.fi\/kehuva\/wp-content\/uploads\/sites\/416\/2023\/11\/white_break.png 335w, https:\/\/sites.uef.fi\/kehuva\/wp-content\/uploads\/sites\/416\/2023\/11\/white_break-300x300.png 300w, https:\/\/sites.uef.fi\/kehuva\/wp-content\/uploads\/sites\/416\/2023\/11\/white_break-150x150.png 150w\" sizes=\"auto, (max-width: 335px) 100vw, 335px\" \/><\/figure>\n\n\n\n<h2 class=\"wp-block-heading\">Tieteelliset julkaisut<\/h2>\n\n\n\n<p><em>Talvia, S., &amp; Angl\u00e9, S. (2018). Kohti vaikuttavampaa ohjausta \u2013 ruokasuhteen viitekehys ravitsemuskasvatuksen l\u00e4hestymistapana.&nbsp;Sosiaalil\u00e4\u00e4ketieteellinen Aikakauslehti,&nbsp;55(3).&nbsp;<a href=\"https:\/\/doi.org\/10.23990\/sa.74156\">https:\/\/doi.org\/10.23990\/sa.74156<\/a><\/em><\/p>\n\n\n\n<p>Talvia, S., R\u00e4s\u00e4nen, S., Helkkola, L., &amp; Karhunen, L. (2022). Ruokasuhde koulutuksen ja ty\u00f6n ulkopuolella olevilla nuorilla aikuisilla.&nbsp;<em>Sosiaalil\u00e4\u00e4ketieteellinen Aikakauslehti<\/em>,&nbsp;<em>59<\/em>(2).&nbsp;<a href=\"https:\/\/doi.org\/10.23990\/sa.113084\">https:\/\/doi.org\/10.23990\/sa.113084<\/a><\/p>\n\n\n\n<p>Talvia, S., Lindholm, T., Helkkola, L., Karhunen, L., R\u00e4s\u00e4nen, S., Kinnunen, H., Ollilainen, K., &amp; Angl\u00e9, S. (2022). Ruokasuhteen pedagoginen viitekehys ruokakasvatuksen n\u00e4k\u00f6kulmana.&nbsp;<em>Ainedidaktiikka<\/em>,&nbsp;<em>5<\/em>(3), 71\u201389.&nbsp;<a href=\"https:\/\/doi.org\/10.23988\/ad.111280\">https:\/\/doi.org\/10.23988\/ad.111280<\/a><\/p>\n\n\n\n<figure class=\"wp-block-image size-full is-resized\"><img loading=\"lazy\" decoding=\"async\" width=\"335\" height=\"335\" src=\"https:\/\/sites.uef.fi\/kehuva\/wp-content\/uploads\/sites\/416\/2023\/11\/white_break.png\" alt=\"\" class=\"wp-image-2458\" style=\"aspect-ratio:1;width:62px;height:auto\" srcset=\"https:\/\/sites.uef.fi\/kehuva\/wp-content\/uploads\/sites\/416\/2023\/11\/white_break.png 335w, https:\/\/sites.uef.fi\/kehuva\/wp-content\/uploads\/sites\/416\/2023\/11\/white_break-300x300.png 300w, https:\/\/sites.uef.fi\/kehuva\/wp-content\/uploads\/sites\/416\/2023\/11\/white_break-150x150.png 150w\" sizes=\"auto, (max-width: 335px) 100vw, 335px\" \/><\/figure>\n\n\n\n<h3 class=\"wp-block-heading\">Opinn\u00e4ytety\u00f6t<\/h3>\n\n\n\n<p>Torvi Pirita, Turun ammattikorkeakoulu 2018<\/p>\n\n\n\n<p><a href=\"http:\/\/urn.fi\/URN:NBN:fi:amk-2018113019187\" target=\"_blank\" rel=\"noreferrer noopener\"><strong>Voimauttava valokuva -menetelm\u00e4 ja miten se muuttaa ammattilaisen suhtautumista itseens\u00e4 ja asiakkaaseen<\/strong><\/a><\/p>\n\n\n\n<p>M\u00e4kinen Ismo, It\u00e4-Suomen yliopisto 2018<\/p>\n\n\n\n<p><a rel=\"noreferrer noopener\" href=\"http:\/\/epublications.uef.fi\/pub\/urn_nbn_fi_uef-20180940\/\" target=\"_blank\"><strong>\u201dKun keho on k\u00e4yt\u00e4nn\u00f6ss\u00e4 sin\u00e4, miks s\u00e4 et tuntis rakkautta sun omaa kehoa kohtaan?\u201d \u2013 Kehonkuva haavoittuvassa asemassa olevilla nuorilla<\/strong><\/a><\/p>\n\n\n\n<p>Kalliokoski Jenni, It\u00e4-Suomen yliopisto 2020<\/p>\n\n\n\n<p><strong><a href=\"https:\/\/erepo.uef.fi\/bitstream\/handle\/123456789\/22347\/urn_nbn_fi_uef-20200456.pdf\" target=\"_blank\" rel=\"noreferrer noopener\">My\u00f6nteinen kehonkuva, itsetunto ja sy\u00f6misen taito koulutuksen ja ty\u00f6n ulkopuolella olevilla nuorilla<\/a><\/strong><\/p>\n\n\n\n<p>Kuusipalo Tuuli, Helsingin yliopisto 2020<\/p>\n\n\n\n<p><strong><a href=\"http:\/\/urn.fi\/URN:NBN:fi:hulib-202006052616\">Ruoan valinta ty\u00f6n ja koulutuksen ulkopuolella olevilla nuorilla<\/a><\/strong><\/p>\n\n\n\n<p>R\u00e4s\u00e4nen Susanne, It\u00e4-Suomen yliopisto 2020<\/p>\n\n\n\n<p><a href=\"https:\/\/erepo.uef.fi\/handle\/123456789\/22363\" target=\"_blank\" rel=\"noreferrer noopener\"><strong>Ruokasuhde koulutuksen, harjoittelun ja ty\u00f6n ulkopuolella olevilla nuorilla<\/strong><\/a><\/p>\n\n\n\n<p>Ollilainen, Katja, Humanistinen ammattikorkeakoulu 2020<\/p>\n\n\n\n<p><a href=\"https:\/\/urn.fi\/URN:NBN:fi:amk-2020091020335\" target=\"_blank\" rel=\"noreferrer noopener\"><strong>\u201dMieleni minun tekevi, aivoni ajattelevi, kehoni kuuntelevi\u201d: Nuorten kokemuksia suhteesta itseen, kehoon ja ruokaan sek\u00e4 n\u00e4iden teemojen \u00e4\u00e4rell\u00e4 koetusta verkkovalmennuksesta<\/strong><\/a><\/p>\n\n\n\n<p>Kinnunen Heidi, It\u00e4-Suomen yliopisto 2021<\/p>\n\n\n\n<p><strong><a data-type=\"URL\" data-id=\"https:\/\/erepo.uef.fi\/bitstream\/handle\/123456789\/25295\/urn_nbn_fi_uef-20210732.pdf?sequence=1&amp;isAllowed=y\" href=\"https:\/\/erepo.uef.fi\/bitstream\/handle\/123456789\/25295\/urn_nbn_fi_uef-20210732.pdf?sequence=1&amp;isAllowed=y\" target=\"_blank\" rel=\"noreferrer noopener\">Olis pit\u00e4ny vet\u00e4\u00e4 porkkana\u201d &#8211; Arvot, normit ja moraali ty\u00f6n ja koulutuksen ulkopuolella olevien nuorten ruokasuhteessa<\/a><\/strong><\/p>\n\n\n\n<p><\/p>\n\n\n\n<p><\/p>\n","protected":false},"excerpt":{"rendered":"<p>T\u00e4lt\u00e4 sivulta l\u00f6yd\u00e4t KEHUVA-teemaiset \u00e4\u00e4nijulkaisut (podcastit ja audiodokumentit) ja tutkimusjulkaisut (tieteelliset julkaisut ja opinn\u00e4ytety\u00f6t). KEHUVA-podcastit KEHUVA-podcast -sarja syvent\u00e4\u00e4 n\u00e4k\u00f6kulmia KEHUVA-l\u00e4hestymistavan keskeisiin teemoihin: ruokasuhteeseen, kehosuhteeseen, hyvinvointiin ja ruokakasvatukseen. Ensimm\u00e4isen tuotantokauden jaksoissa KEHUVA-hankkeen koordinaattorina toiminut ruokakasvatuksen asiantuntija Sanna Talvia pohtii teemoja eri alojen ammattilaisten kanssa. Haastateltavat avaavat kuulijalle my\u00f6s omaa suhdettaan ruokaan: Kenen kotona on mahtanut py\u00f6ri\u00e4 [&hellip;]<\/p>\n","protected":false},"author":972,"featured_media":0,"parent":0,"menu_order":0,"comment_status":"closed","ping_status":"closed","template":"","meta":{"_acf_changed":false,"footnotes":""},"class_list":["post-67","page","type-page","status-publish","hentry"],"acf":[],"yoast_head":"<!-- This site is optimized with the Yoast SEO plugin v27.3 - https:\/\/yoast.com\/product\/yoast-seo-wordpress\/ -->\n<title>Julkaisut - KEHUVA lyhyesti<\/title>\n<meta name=\"description\" content=\"KEHUVA-ty\u00f6otteeseen ja l\u00e4hestymistapaan liittyv\u00e4t materiaalit ja julkaisut, mm. podcastit, opinn\u00e4ytety\u00f6t ja tieteelliset julkaisut.\" \/>\n<meta name=\"robots\" content=\"index, follow, max-snippet:-1, max-image-preview:large, max-video-preview:-1\" \/>\n<link rel=\"canonical\" href=\"https:\/\/sites.uef.fi\/kehuva\/julkaisut\/\" \/>\n<meta property=\"og:locale\" content=\"fi_FI\" \/>\n<meta property=\"og:type\" content=\"article\" \/>\n<meta property=\"og:title\" content=\"Julkaisut - KEHUVA lyhyesti\" \/>\n<meta property=\"og:description\" content=\"KEHUVA-ty\u00f6otteeseen ja l\u00e4hestymistapaan liittyv\u00e4t materiaalit ja julkaisut, mm. podcastit, opinn\u00e4ytety\u00f6t ja tieteelliset julkaisut.\" \/>\n<meta property=\"og:url\" content=\"https:\/\/sites.uef.fi\/kehuva\/julkaisut\/\" \/>\n<meta property=\"og:site_name\" content=\"KEHUVA lyhyesti\" \/>\n<meta property=\"article:modified_time\" content=\"2026-01-28T09:36:46+00:00\" \/>\n<meta property=\"og:image\" content=\"https:\/\/sites.uef.fi\/kehuva\/wp-content\/uploads\/sites\/416\/2023\/11\/white_break.png\" \/>\n\t<meta property=\"og:image:width\" content=\"335\" \/>\n\t<meta property=\"og:image:height\" content=\"335\" \/>\n\t<meta property=\"og:image:type\" content=\"image\/png\" \/>\n<meta name=\"twitter:card\" content=\"summary_large_image\" \/>\n<meta name=\"twitter:label1\" content=\"Arvioitu lukuaika\" \/>\n\t<meta name=\"twitter:data1\" content=\"4 minuuttia\" \/>\n<script type=\"application\/ld+json\" class=\"yoast-schema-graph\">{\"@context\":\"https:\\\/\\\/schema.org\",\"@graph\":[{\"@type\":\"WebPage\",\"@id\":\"https:\\\/\\\/sites.uef.fi\\\/kehuva\\\/julkaisut\\\/\",\"url\":\"https:\\\/\\\/sites.uef.fi\\\/kehuva\\\/julkaisut\\\/\",\"name\":\"Julkaisut - KEHUVA lyhyesti\",\"isPartOf\":{\"@id\":\"https:\\\/\\\/sites.uef.fi\\\/kehuva\\\/#website\"},\"primaryImageOfPage\":{\"@id\":\"https:\\\/\\\/sites.uef.fi\\\/kehuva\\\/julkaisut\\\/#primaryimage\"},\"image\":{\"@id\":\"https:\\\/\\\/sites.uef.fi\\\/kehuva\\\/julkaisut\\\/#primaryimage\"},\"thumbnailUrl\":\"https:\\\/\\\/sites.uef.fi\\\/kehuva\\\/wp-content\\\/uploads\\\/sites\\\/416\\\/2023\\\/11\\\/white_break.png\",\"datePublished\":\"2023-04-20T07:33:55+00:00\",\"dateModified\":\"2026-01-28T09:36:46+00:00\",\"description\":\"KEHUVA-ty\u00f6otteeseen ja l\u00e4hestymistapaan liittyv\u00e4t materiaalit ja julkaisut, mm. podcastit, opinn\u00e4ytety\u00f6t ja tieteelliset julkaisut.\",\"breadcrumb\":{\"@id\":\"https:\\\/\\\/sites.uef.fi\\\/kehuva\\\/julkaisut\\\/#breadcrumb\"},\"inLanguage\":\"fi\",\"potentialAction\":[{\"@type\":\"ReadAction\",\"target\":[\"https:\\\/\\\/sites.uef.fi\\\/kehuva\\\/julkaisut\\\/\"]}]},{\"@type\":\"ImageObject\",\"inLanguage\":\"fi\",\"@id\":\"https:\\\/\\\/sites.uef.fi\\\/kehuva\\\/julkaisut\\\/#primaryimage\",\"url\":\"https:\\\/\\\/sites.uef.fi\\\/kehuva\\\/wp-content\\\/uploads\\\/sites\\\/416\\\/2023\\\/11\\\/white_break.png\",\"contentUrl\":\"https:\\\/\\\/sites.uef.fi\\\/kehuva\\\/wp-content\\\/uploads\\\/sites\\\/416\\\/2023\\\/11\\\/white_break.png\",\"width\":335,\"height\":335},{\"@type\":\"BreadcrumbList\",\"@id\":\"https:\\\/\\\/sites.uef.fi\\\/kehuva\\\/julkaisut\\\/#breadcrumb\",\"itemListElement\":[{\"@type\":\"ListItem\",\"position\":1,\"name\":\"Home\",\"item\":\"https:\\\/\\\/sites.uef.fi\\\/kehuva\\\/\"},{\"@type\":\"ListItem\",\"position\":2,\"name\":\"Julkaisut\"}]},{\"@type\":\"WebSite\",\"@id\":\"https:\\\/\\\/sites.uef.fi\\\/kehuva\\\/#website\",\"url\":\"https:\\\/\\\/sites.uef.fi\\\/kehuva\\\/\",\"name\":\"KEHUVA lyhyesti\",\"description\":\"\",\"publisher\":{\"@id\":\"https:\\\/\\\/sites.uef.fi\\\/kehuva\\\/#organization\"},\"potentialAction\":[{\"@type\":\"SearchAction\",\"target\":{\"@type\":\"EntryPoint\",\"urlTemplate\":\"https:\\\/\\\/sites.uef.fi\\\/kehuva\\\/?s={search_term_string}\"},\"query-input\":{\"@type\":\"PropertyValueSpecification\",\"valueRequired\":true,\"valueName\":\"search_term_string\"}}],\"inLanguage\":\"fi\"},{\"@type\":\"Organization\",\"@id\":\"https:\\\/\\\/sites.uef.fi\\\/kehuva\\\/#organization\",\"name\":\"KEHUVA lyhyesti\",\"url\":\"https:\\\/\\\/sites.uef.fi\\\/kehuva\\\/\",\"logo\":{\"@type\":\"ImageObject\",\"inLanguage\":\"fi\",\"@id\":\"https:\\\/\\\/sites.uef.fi\\\/kehuva\\\/#\\\/schema\\\/logo\\\/image\\\/\",\"url\":\"https:\\\/\\\/sites.uef.fi\\\/kehuva\\\/wp-content\\\/uploads\\\/sites\\\/416\\\/2023\\\/03\\\/cropped-UEF_wordpress_white.png\",\"contentUrl\":\"https:\\\/\\\/sites.uef.fi\\\/kehuva\\\/wp-content\\\/uploads\\\/sites\\\/416\\\/2023\\\/03\\\/cropped-UEF_wordpress_white.png\",\"width\":250,\"height\":250,\"caption\":\"KEHUVA lyhyesti\"},\"image\":{\"@id\":\"https:\\\/\\\/sites.uef.fi\\\/kehuva\\\/#\\\/schema\\\/logo\\\/image\\\/\"}}]}<\/script>\n<!-- \/ Yoast SEO plugin. -->","yoast_head_json":{"title":"Julkaisut - KEHUVA lyhyesti","description":"KEHUVA-ty\u00f6otteeseen ja l\u00e4hestymistapaan liittyv\u00e4t materiaalit ja julkaisut, mm. podcastit, opinn\u00e4ytety\u00f6t ja tieteelliset julkaisut.","robots":{"index":"index","follow":"follow","max-snippet":"max-snippet:-1","max-image-preview":"max-image-preview:large","max-video-preview":"max-video-preview:-1"},"canonical":"https:\/\/sites.uef.fi\/kehuva\/julkaisut\/","og_locale":"fi_FI","og_type":"article","og_title":"Julkaisut - KEHUVA lyhyesti","og_description":"KEHUVA-ty\u00f6otteeseen ja l\u00e4hestymistapaan liittyv\u00e4t materiaalit ja julkaisut, mm. podcastit, opinn\u00e4ytety\u00f6t ja tieteelliset julkaisut.","og_url":"https:\/\/sites.uef.fi\/kehuva\/julkaisut\/","og_site_name":"KEHUVA lyhyesti","article_modified_time":"2026-01-28T09:36:46+00:00","og_image":[{"width":335,"height":335,"url":"https:\/\/sites.uef.fi\/kehuva\/wp-content\/uploads\/sites\/416\/2023\/11\/white_break.png","type":"image\/png"}],"twitter_card":"summary_large_image","twitter_misc":{"Arvioitu lukuaika":"4 minuuttia"},"schema":{"@context":"https:\/\/schema.org","@graph":[{"@type":"WebPage","@id":"https:\/\/sites.uef.fi\/kehuva\/julkaisut\/","url":"https:\/\/sites.uef.fi\/kehuva\/julkaisut\/","name":"Julkaisut - KEHUVA lyhyesti","isPartOf":{"@id":"https:\/\/sites.uef.fi\/kehuva\/#website"},"primaryImageOfPage":{"@id":"https:\/\/sites.uef.fi\/kehuva\/julkaisut\/#primaryimage"},"image":{"@id":"https:\/\/sites.uef.fi\/kehuva\/julkaisut\/#primaryimage"},"thumbnailUrl":"https:\/\/sites.uef.fi\/kehuva\/wp-content\/uploads\/sites\/416\/2023\/11\/white_break.png","datePublished":"2023-04-20T07:33:55+00:00","dateModified":"2026-01-28T09:36:46+00:00","description":"KEHUVA-ty\u00f6otteeseen ja l\u00e4hestymistapaan liittyv\u00e4t materiaalit ja julkaisut, mm. podcastit, opinn\u00e4ytety\u00f6t ja tieteelliset julkaisut.","breadcrumb":{"@id":"https:\/\/sites.uef.fi\/kehuva\/julkaisut\/#breadcrumb"},"inLanguage":"fi","potentialAction":[{"@type":"ReadAction","target":["https:\/\/sites.uef.fi\/kehuva\/julkaisut\/"]}]},{"@type":"ImageObject","inLanguage":"fi","@id":"https:\/\/sites.uef.fi\/kehuva\/julkaisut\/#primaryimage","url":"https:\/\/sites.uef.fi\/kehuva\/wp-content\/uploads\/sites\/416\/2023\/11\/white_break.png","contentUrl":"https:\/\/sites.uef.fi\/kehuva\/wp-content\/uploads\/sites\/416\/2023\/11\/white_break.png","width":335,"height":335},{"@type":"BreadcrumbList","@id":"https:\/\/sites.uef.fi\/kehuva\/julkaisut\/#breadcrumb","itemListElement":[{"@type":"ListItem","position":1,"name":"Home","item":"https:\/\/sites.uef.fi\/kehuva\/"},{"@type":"ListItem","position":2,"name":"Julkaisut"}]},{"@type":"WebSite","@id":"https:\/\/sites.uef.fi\/kehuva\/#website","url":"https:\/\/sites.uef.fi\/kehuva\/","name":"KEHUVA lyhyesti","description":"","publisher":{"@id":"https:\/\/sites.uef.fi\/kehuva\/#organization"},"potentialAction":[{"@type":"SearchAction","target":{"@type":"EntryPoint","urlTemplate":"https:\/\/sites.uef.fi\/kehuva\/?s={search_term_string}"},"query-input":{"@type":"PropertyValueSpecification","valueRequired":true,"valueName":"search_term_string"}}],"inLanguage":"fi"},{"@type":"Organization","@id":"https:\/\/sites.uef.fi\/kehuva\/#organization","name":"KEHUVA lyhyesti","url":"https:\/\/sites.uef.fi\/kehuva\/","logo":{"@type":"ImageObject","inLanguage":"fi","@id":"https:\/\/sites.uef.fi\/kehuva\/#\/schema\/logo\/image\/","url":"https:\/\/sites.uef.fi\/kehuva\/wp-content\/uploads\/sites\/416\/2023\/03\/cropped-UEF_wordpress_white.png","contentUrl":"https:\/\/sites.uef.fi\/kehuva\/wp-content\/uploads\/sites\/416\/2023\/03\/cropped-UEF_wordpress_white.png","width":250,"height":250,"caption":"KEHUVA lyhyesti"},"image":{"@id":"https:\/\/sites.uef.fi\/kehuva\/#\/schema\/logo\/image\/"}}]}},"_links":{"self":[{"href":"https:\/\/sites.uef.fi\/kehuva\/wp-json\/wp\/v2\/pages\/67","targetHints":{"allow":["GET"]}}],"collection":[{"href":"https:\/\/sites.uef.fi\/kehuva\/wp-json\/wp\/v2\/pages"}],"about":[{"href":"https:\/\/sites.uef.fi\/kehuva\/wp-json\/wp\/v2\/types\/page"}],"author":[{"embeddable":true,"href":"https:\/\/sites.uef.fi\/kehuva\/wp-json\/wp\/v2\/users\/972"}],"replies":[{"embeddable":true,"href":"https:\/\/sites.uef.fi\/kehuva\/wp-json\/wp\/v2\/comments?post=67"}],"version-history":[{"count":1,"href":"https:\/\/sites.uef.fi\/kehuva\/wp-json\/wp\/v2\/pages\/67\/revisions"}],"predecessor-version":[{"id":3104,"href":"https:\/\/sites.uef.fi\/kehuva\/wp-json\/wp\/v2\/pages\/67\/revisions\/3104"}],"wp:attachment":[{"href":"https:\/\/sites.uef.fi\/kehuva\/wp-json\/wp\/v2\/media?parent=67"}],"curies":[{"name":"wp","href":"https:\/\/api.w.org\/{rel}","templated":true}]}}