{"id":121,"date":"2025-11-13T11:17:46","date_gmt":"2025-11-13T09:17:46","guid":{"rendered":"https:\/\/sites.uef.fi\/kielitieteenpaivat2026\/?page_id=121"},"modified":"2026-03-31T23:09:19","modified_gmt":"2026-03-31T20:09:19","slug":"info","status":"publish","type":"page","link":"https:\/\/sites.uef.fi\/kielitieteenpaivat2026\/info\/","title":{"rendered":"Info"},"content":{"rendered":"\n<h2 class=\"wp-block-heading\">T\u00e4rkeit\u00e4 p\u00e4iv\u00e4m\u00e4\u00e4ri\u00e4<\/h2>\n\n\n\n<p><strong><a href=\"https:\/\/sites.uef.fi\/kielitieteenpaivat2026\/ilmoittautuminen\/\">Ilmoittautuminen<\/a><\/strong> on avoinna 16.3.\u201324.4.2026. Esitelm\u00f6itsij\u00f6it\u00e4 pyydet\u00e4\u00e4n ilmoittautumaan 10.4.2026 menness\u00e4.<\/p>\n\n\n\n<p><strong><a href=\"https:\/\/sites.uef.fi\/kielitieteenpaivat2026\/ohjelma\/\">Ohjelma<\/a><\/strong> julkaistaan huhtikuun puolimaissa. Konferenssin ohjelma alkaa maanantaina 18.5. klo 13 ja p\u00e4\u00e4ttyy keskiviikkona 20.5. klo 14.30.<\/p>\n\n\n\n<p><strong>Kielitieteen p\u00e4iv\u00e4t<\/strong> Joensuussa 18.\u201320.5.2026.<\/p>\n\n\n\t<div id=\"accordion-block_a99e3fce159be50150aff6b685ee2aef\" class=\"accordions\">\n\t\t\t\t\t<div class=\"accordion accordion-js\">\n\t\t\t\t<button class=\"accordion__button\" aria-controls=\"content-6500\" aria-expanded=\"false\" id=\"accordion-control-6500\">\n\t\t\t\t\t<h3 class=\"accordion__heading\" >\n\t\t\t\t\t\tOhjeita esiintyjille\t\t\t\t\t<\/h3>\n\t\t\t\t<\/button>\n\t\t\t\t<div class=\"accordion__content\" role=\"region\" aria-labelledby=\"accordion-control-6500\" aria-hidden=\"true\" id=\"content-6500\">\n\t\t\t\t\t<p><strong>Esitelm\u00e4t<\/strong><\/p>\n<p>Yliopiston saleissa on tavanomainen tietokone- ja dataprojekterivarustus. Esityssalien koneissa on k\u00e4yt\u00f6ss\u00e4 Office 365, k\u00e4yt\u00e4th\u00e4n siis mieluiten Powerpoint-esityst\u00e4. Jos esitykseesi kuuluu video- tai \u00e4\u00e4nitiedostoja, suosittelemme niiden upottamista Powerpoint-esitykseen.<\/p>\n<p>Pyyd\u00e4mme esitelm\u00e4npit\u00e4ji\u00e4 tuomaan esitelm\u00e4ns\u00e4 dia- tai muun materiaalin muistitikulla sessiota edelt\u00e4v\u00e4ll\u00e4 tauolla. N\u00e4in varmistamme sujuvat siirtym\u00e4t esitelmien v\u00e4lill\u00e4 ja v\u00e4lt\u00e4mme teknisi\u00e4 ongelmia.<\/p>\n<p>Ty\u00f6pajojen j\u00e4rjestelyist\u00e4 vastaavat ty\u00f6pajojen koollekutsujat. K\u00e4ytett\u00e4viss\u00e4 ovat samat laitteistot kuin sektioesitelmiss\u00e4.<\/p>\n<p><strong>Posterit<\/strong><\/p>\n<p>Suositeltu koko postereille on A0 pystysuunnassa.<\/p>\n<p>Muut ohjeet posterien pit\u00e4jille p\u00e4ivitet\u00e4\u00e4n mahdollisimman pian.<\/p>\n\t\t\t\t<\/div>\n\t\t\t<\/div>\n\t\t\t<\/div>\n\t\n\n\t<div id=\"accordion-block_29a131942a74c697895edefd43b008bb\" class=\"accordions\">\n\t\t\t\t\t<div class=\"accordion accordion-js\">\n\t\t\t\t<button class=\"accordion__button\" aria-controls=\"content-7682\" aria-expanded=\"false\" id=\"accordion-control-7682\">\n\t\t\t\t\t<h3 class=\"accordion__heading\" >\n\t\t\t\t\t\tHotelleja Joensuussa\t\t\t\t\t<\/h3>\n\t\t\t\t<\/button>\n\t\t\t\t<div class=\"accordion__content\" role=\"region\" aria-labelledby=\"accordion-control-7682\" aria-hidden=\"true\" id=\"content-7682\">\n\t\t\t\t\t<p><!-- wp:paragraph --><strong>GreenStar Joensuu<\/strong><\/p>\n<p><!-- \/wp:paragraph --><!-- wp:paragraph -->Torikatu 16, 80100, Joensuu<br \/>\n<a href=\"mailto:joensuu@greenstar.fi\" target=\"_blank\" rel=\"noreferrer noopener\">joensuu@greenstar.fi<\/a>, puh: +358104239390<br \/>\n<a href=\"https:\/\/www.greenstar.fi\/hotellit\/joensuu\/\" target=\"_blank\" rel=\"noreferrer noopener\">www.greenstar.fi\/hotellit\/joensuu\/<\/a><\/p>\n<p><!-- \/wp:paragraph --><!-- wp:paragraph -->15% alennus huonehinnoista koodilla <strong>GREENKIELITIEDE<\/strong>. Jokainen varaa ja maksaa itse majoituksensa. Varaukset suoraan hotellista puhelimella tai s\u00e4hk\u00f6postilla. Koodi voimassa niin pitk\u00e4\u00e4n kuin saatavuutta on. Jokainen maksaa itse paikan p\u00e4\u00e4ll\u00e4 k\u00e4teisell\u00e4 tai luottokortilla.\u2060<\/p>\n<p><!-- \/wp:paragraph --><\/p>\n<p><!-- wp:paragraph --><strong>Lietsu<\/strong><\/p>\n<p><!-- \/wp:paragraph --><!-- wp:paragraph -->Rantakatu 26, 80100 Joensuu, Finland<br \/>\n<a href=\"mailto:info@lietsuhotel.fi\" target=\"_blank\" rel=\"noreferrer noopener\">info@lietsuhotel.fi<\/a>, puh. +358 44 7520 500<br \/>\n<a href=\"https:\/\/eur03.safelinks.protection.outlook.com\/?url=https%3A%2F%2Furldefense.proofpoint.com%2Fv2%2Furl%3Fu%3Dhttp-3A__www.lietsuhotel.fi%26d%3DDwQFAw%26c%3DilBQI1lupc9Y65XwNblLtw%26r%3D3nOaaVtg6XkBcTdtmxbzTHUAet7M3qb_X6nu0BVtkrs%26m%3DZ1MfS6cDp5u8nnLkAJZcAh4LHYjSkrMsAMSi-WDokWY%26s%3Dt8FTefLiCYqXLfzIIvPf7jb3r_lPLpkrC4lYUhdqz_Y%26e%3D&amp;data=05%7C02%7Cktp2026%40uef.fi%7C91cf4cd3ca7a4fbcdd2308de7435a879%7C87879f2e73044bf2baf263e7f83f3c34%7C0%7C0%7C639075970980627145%7CUnknown%7CTWFpbGZsb3d8eyJFbXB0eU1hcGkiOnRydWUsIlYiOiIwLjAuMDAwMCIsIlAiOiJXaW4zMiIsIkFOIjoiTWFpbCIsIldUIjoyfQ%3D%3D%7C0%7C%7C%7C&amp;sdata=vsqU0soYOxZZPM3gEda1hEwUpAGh0mgkUM5UCZwUe%2Bc%3D&amp;reserved=0\" target=\"_blank\" rel=\"noreferrer noopener\">www.lietsuhotel.fi<\/a><\/p>\n<p><!-- \/wp:paragraph --><!-- wp:list --><\/p>\n<ul class=\"wp-block-list\">\n<li style=\"list-style-type: none\">\n<ul class=\"wp-block-list\"><!-- wp:list-item --><\/p>\n<li>Huoneisto yhdelle karjalaisella aamiaisella 118 \u20ac\/vrk<\/li>\n<\/ul>\n<\/li>\n<\/ul>\n<p><!-- \/wp:list-item --> <!-- wp:list-item --><\/p>\n<ul class=\"wp-block-list\">\n<li style=\"list-style-type: none\">\n<ul class=\"wp-block-list\">\n<li>Huoneisto kahdelle karjalaisilla aamiaisilla 138 \u20ac\/vrk<\/li>\n<\/ul>\n<\/li>\n<\/ul>\n<p><!-- \/wp:list-item --> <!-- wp:list-item --><\/p>\n<ul class=\"wp-block-list\">\n<li style=\"list-style-type: none\">\n<ul class=\"wp-block-list\">\n<li>Pys\u00e4k\u00f6inti tarvittaessa 10 \u20ac\/vrk<\/li>\n<\/ul>\n<\/li>\n<\/ul>\n<p><!-- \/wp:list-item --><\/p>\n<p><!-- \/wp:list --><!-- wp:paragraph -->Varaukset tarjouskoodilla\u00a0<strong>JOENSUU26\u00a0<\/strong>verkkosivuiltamme\u00a0<a href=\"https:\/\/www.lietsuhotel.fi\" target=\"_blank\" rel=\"noreferrer noopener\">www.lietsuhotel.fi<\/a>\u00a0tai suoraan vastaanotosta\u00a0<a href=\"mailto:info@lietsuhotel.fi\">info@lietsuhotel.fi<\/a>\u00a0\/ 044 7520 500. Maksuton peruutusmahdollisuus saapumista edelt\u00e4v\u00e4\u00e4n p\u00e4iv\u00e4\u00e4n klo 16 saakka. Tarjoushinta on voimassa majoituksiin su-to 17.-22.5.2026 niin kauan kuin tilaa riitt\u00e4\u00e4.<\/p>\n<p><!-- \/wp:paragraph --><\/p>\n<p><!-- wp:paragraph --><strong>Omena-hotelli Joensuu<\/strong><\/p>\n<p><!-- \/wp:paragraph --><!-- wp:paragraph -->Kauppakatu 32, 80100 Joensuu<br \/>\n<a href=\"https:\/\/www.omenahotels.com\/fi\/hotellit\/joensuu\/\" target=\"_blank\" rel=\"noreferrer noopener\">www.omenahotels.com\/fi\/hotellit\/joensuu\/<\/a><\/p>\n<p><!-- \/wp:paragraph --><!-- wp:paragraph -->FLEX-koodi: <strong>FLX25-22857339AL<\/strong><\/p>\n<p><!-- \/wp:paragraph --><!-- wp:list --><\/p>\n<ul class=\"wp-block-list\">\n<li style=\"list-style-type: none\">\n<ul class=\"wp-block-list\"><!-- wp:list-item --><\/p>\n<li>1-2hh: 62\u20ac \/ huone \/ y\u00f6<\/li>\n<\/ul>\n<\/li>\n<\/ul>\n<p><!-- \/wp:list-item --> <!-- wp:list-item --><\/p>\n<ul class=\"wp-block-list\">\n<li style=\"list-style-type: none\">\n<ul class=\"wp-block-list\">\n<li>3hh: 72\u20ac \/ huone \/ y\u00f6<\/li>\n<\/ul>\n<\/li>\n<\/ul>\n<p><!-- \/wp:list-item --> <!-- wp:list-item --><\/p>\n<ul class=\"wp-block-list\">\n<li style=\"list-style-type: none\">\n<ul class=\"wp-block-list\">\n<li>4hh: 82\u20ac \/ huone \/ y\u00f6<\/li>\n<\/ul>\n<\/li>\n<\/ul>\n<p><!-- \/wp:list-item --> <!-- wp:list-item --><\/p>\n<ul class=\"wp-block-list\">\n<li style=\"list-style-type: none\">\n<ul class=\"wp-block-list\">\n<li>ei sis\u00e4ll\u00e4 aamiaista (l\u00e4helt\u00e4 l\u00f6ytyy kahvila)<\/li>\n<\/ul>\n<\/li>\n<\/ul>\n<p><!-- \/wp:list-item --><\/p>\n<p><!-- \/wp:list --><\/p>\n<p><!-- wp:paragraph --><strong>Sokos Hotel Vaakuna<\/strong><\/p>\n<p><!-- \/wp:paragraph --><!-- wp:paragraph -->Torikatu 20, 80100 Joensuu<br \/>\nPuh +358 10 7823 100<br \/>\n<a href=\"https:\/\/www.sokoshotels.fi\/hotellit\/joensuu\/original-sokos-hotel-vaakuna\" target=\"_blank\" rel=\"noreferrer noopener\">https:\/\/www.sokoshotels.fi\/hotellit\/joensuu\/original-sokos-hotel-vaakuna<\/a><\/p>\n<p><!-- \/wp:paragraph --><!-- wp:list --><\/p>\n<ul class=\"wp-block-list\">\n<li style=\"list-style-type: none\">\n<ul class=\"wp-block-list\"><!-- wp:list-item --><\/p>\n<li>124 EUR \/ 1hh Standard Single<\/li>\n<\/ul>\n<\/li>\n<\/ul>\n<p><!-- \/wp:list-item --> <!-- wp:list-item --><\/p>\n<ul class=\"wp-block-list\">\n<li style=\"list-style-type: none\">\n<ul class=\"wp-block-list\">\n<li>144 EUR \/ 2hh Standard<\/li>\n<\/ul>\n<\/li>\n<\/ul>\n<p><!-- \/wp:list-item --><\/p>\n<p><!-- \/wp:list --><!-- wp:paragraph -->Varauskoodi puhelimitse tai netiss\u00e4 <strong>BKTP2026<\/strong>.<\/p>\n<p><!-- \/wp:paragraph --><!-- wp:paragraph -->Huonehintaan sis\u00e4ltyy runsas hotelliaamiainen, hotelliasukkaiden saunavuoro, langaton internetyhteys (Wi-Fi) ja ALV. Kiinti\u00f6st\u00e4 tehdyn yksitt\u00e4isen varauksen viimeinen kuluton peruutusp\u00e4iv\u00e4 on 4 vuorokautta ennen tulop\u00e4iv\u00e4\u00e4. Huonevaraukset kiinti\u00f6st\u00e4 tulee tehd\u00e4 11.5.2026 klo 16.30 menness\u00e4.<\/p>\n<!-- \/wp:paragraph -->\t\t\t\t<\/div>\n\t\t\t<\/div>\n\t\t\t<\/div>\n\t\n\n\t<div id=\"accordion-block_38efb1fa6a01c43b58a1da7054268d4d\" class=\"accordions\">\n\t\t\t\t\t<div class=\"accordion accordion-js\">\n\t\t\t\t<button class=\"accordion__button\" aria-controls=\"content-1905\" aria-expanded=\"false\" id=\"accordion-control-1905\">\n\t\t\t\t\t<h3 class=\"accordion__heading\" >\n\t\t\t\t\t\tKonferenssi-illallinen (19.5. klo 19)\t\t\t\t\t<\/h3>\n\t\t\t\t<\/button>\n\t\t\t\t<div class=\"accordion__content\" role=\"region\" aria-labelledby=\"accordion-control-1905\" aria-hidden=\"true\" id=\"content-1905\">\n\t\t\t\t\t<p>Konferenssi-illallinen j\u00e4rjestet\u00e4\u00e4n tiistaina 19.5. klo 19 <a class=\"external-link\" href=\"https:\/\/www.kerubi.fi\/\">Ravintola Kerubissa<\/a> (Siltakatu 1). Illalliselle ilmoittaudutaan ja illalliskortti (60 \u20ac) maksetaan <a href=\"https:\/\/sites.uef.fi\/kielitieteenpaivat2026\/ilmoittautuminen\/\">konferenssi-ilmoittautumisen<\/a> yhteydess\u00e4.<\/p>\n<p><strong>Alkupalat:<\/strong><\/p>\n<ul>\n<li>Veriappelsiini-fetasalaattia hot honey siirapilla (L,G)<\/li>\n<li>Marinoitua punakaalisalaattia (V,G)<\/li>\n<li>Chili\u00f6ljyll\u00e4 maustettuja borlottipapuja, paahdettua bataattia, rucolaa ja pinjansiemeni\u00e4 (V,G)<\/li>\n<li>Kana-j\u00e4ttirapusalaattia, speltti\u00e4, kvinoaa (V) ja gochujangjugurttia (L)<\/li>\n<li>Kerubin perunasalaattia ja paahdettuja kikherneit\u00e4 (V,G)<\/li>\n<li>Vihre\u00e4\u00e4 versosalaattia ja savuappelsiinidressinki\u00e4 (V,G)<\/li>\n<li>Kerubin rosmariinifocacciaa, hummusta ja tuorejuustoa (L)<\/li>\n<\/ul>\n<p><strong>P\u00e4\u00e4ruoka hiiligrillist\u00e4:<\/strong><\/p>\n<ul>\n<li>Hiillostettua siikaa ja porkkana-kumkvattikompottia (M,G)<\/li>\n<li>Kerubin savubrisketti\u00e4 ja bbq-kastiketta (M,G)<\/li>\n<li>Paneroitua seitania, chili\u00f6ljy\u00e4, vihre\u00e4\u00e4 coleslaw\u2019ta, valkosipulilla maustettuja smash-perunoita ja maa-artisokkaa (V)<\/li>\n<li>Valkosipulilla maustettuja smash-perunoita ja maa-artisokkaa (V,G)<\/li>\n<\/ul>\n<p><strong>J\u00e4lkiruoka:<\/strong><\/p>\n<ul>\n<li>Kypsytettyj\u00e4 juustoja (L,G), spelttikeksej\u00e4 (V) ja aprikoosihilloa (V,G)<\/li>\n<li>Suklaata, kirsikkamascarponea ja keksicrumblea (L)<\/li>\n<li>Macaronseja (L,G)<\/li>\n<\/ul>\n\t\t\t\t<\/div>\n\t\t\t<\/div>\n\t\t\t<\/div>\n\t\n\n\t<div id=\"accordion-block_2654691251fae213c512ce4a4d4b69a6\" class=\"accordions\">\n\t\t\t\t\t<div class=\"accordion accordion-js\">\n\t\t\t\t<button class=\"accordion__button\" aria-controls=\"content-4029\" aria-expanded=\"false\" id=\"accordion-control-4029\">\n\t\t\t\t\t<h3 class=\"accordion__heading\" >\n\t\t\t\t\t\tJ\u00e4rjestelytoimikunta\t\t\t\t\t<\/h3>\n\t\t\t\t<\/button>\n\t\t\t\t<div class=\"accordion__content\" role=\"region\" aria-labelledby=\"accordion-control-4029\" aria-hidden=\"true\" id=\"content-4029\">\n\t\t\t\t\t<p><!-- wp:list --><\/p>\n<ul class=\"wp-block-list\">\n<li style=\"list-style-type: none\">\n<ul class=\"wp-block-list\"><!-- wp:list-item --><\/p>\n<li><a href=\"https:\/\/uefconnect.uef.fi\/hanna.lappalainen\/\">Hanna Lappalainen<\/a> (pj.)<\/li>\n<\/ul>\n<\/li>\n<\/ul>\n<p><!-- \/wp:list-item --> <!-- wp:list-item --><\/p>\n<ul class=\"wp-block-list\">\n<li style=\"list-style-type: none\">\n<ul class=\"wp-block-list\">\n<li><a href=\"https:\/\/uefconnect.uef.fi\/lotta.aarikka\/\">Lotta Aarikka<\/a><\/li>\n<\/ul>\n<\/li>\n<\/ul>\n<p><!-- \/wp:list-item --> <!-- wp:list-item --><\/p>\n<ul class=\"wp-block-list\">\n<li style=\"list-style-type: none\">\n<ul class=\"wp-block-list\">\n<li><a href=\"https:\/\/uefconnect.uef.fi\/jaana.kolu\/\">Jaana Kolu<\/a><\/li>\n<\/ul>\n<\/li>\n<\/ul>\n<p><!-- \/wp:list-item --> <!-- wp:list-item --><\/p>\n<ul class=\"wp-block-list\">\n<li style=\"list-style-type: none\">\n<ul class=\"wp-block-list\">\n<li><a href=\"https:\/\/uefconnect.uef.fi\/larisa.leisio\/\">Larisa Leisi\u00f6<\/a><\/li>\n<\/ul>\n<\/li>\n<\/ul>\n<p><!-- \/wp:list-item --> <!-- wp:list-item --><\/p>\n<ul class=\"wp-block-list\">\n<li style=\"list-style-type: none\">\n<ul class=\"wp-block-list\">\n<li><a href=\"https:\/\/uefconnect.uef.fi\/ilia.moshnikov\/\">Ilja Moshnikov<\/a><\/li>\n<\/ul>\n<\/li>\n<\/ul>\n<p><!-- \/wp:list-item --> <!-- wp:list-item --><\/p>\n<ul class=\"wp-block-list\">\n<li style=\"list-style-type: none\">\n<ul class=\"wp-block-list\">\n<li><a href=\"https:\/\/uefconnect.uef.fi\/jukka.makisalo\/\">Jukka M\u00e4kisalo<\/a><\/li>\n<\/ul>\n<\/li>\n<\/ul>\n<p><!-- \/wp:list-item --> <!-- wp:list-item --><\/p>\n<ul class=\"wp-block-list\">\n<li style=\"list-style-type: none\">\n<ul class=\"wp-block-list\">\n<li><a href=\"https:\/\/uefconnect.uef.fi\/paula.rautionaho\/\">Paula Rautionaho<\/a><\/li>\n<\/ul>\n<\/li>\n<\/ul>\n<p><!-- \/wp:list-item --> <!-- wp:list-item --><\/p>\n<ul class=\"wp-block-list\">\n<li style=\"list-style-type: none\">\n<ul class=\"wp-block-list\">\n<li><a href=\"https:\/\/uefconnect.uef.fi\/michael.riesler\/\">Michael Rie\u00dfler<\/a><\/li>\n<\/ul>\n<\/li>\n<\/ul>\n<p><!-- \/wp:list-item --> <!-- wp:list-item --><\/p>\n<ul class=\"wp-block-list\">\n<li style=\"list-style-type: none\">\n<ul class=\"wp-block-list\">\n<li>Iiris Salminen<\/li>\n<\/ul>\n<\/li>\n<\/ul>\n<p><!-- \/wp:list-item --> <!-- wp:list-item --><\/p>\n<ul class=\"wp-block-list\">\n<li style=\"list-style-type: none\">\n<ul class=\"wp-block-list\">\n<li><a href=\"https:\/\/uefconnect.uef.fi\/irene.taipale\/\">Irene Taipale<\/a><\/li>\n<\/ul>\n<\/li>\n<\/ul>\n<p><!-- \/wp:list-item --> <!-- wp:list-item --><\/p>\n<ul class=\"wp-block-list\">\n<li style=\"list-style-type: none\">\n<ul class=\"wp-block-list\">\n<li><a href=\"https:\/\/uefconnect.uef.fi\/milla.uusitupa\/\">Milla Uusitupa<\/a><\/li>\n<\/ul>\n<\/li>\n<\/ul>\n<p><!-- \/wp:list-item --><\/p>\n<p><!-- \/wp:list --><!-- wp:paragraph -->S\u00e4hk\u00f6posti j\u00e4rjestelytoimikunnalle: ktp2026@uef.fi<\/p>\n<!-- \/wp:paragraph -->\t\t\t\t<\/div>\n\t\t\t<\/div>\n\t\t\t<\/div>\n\t","protected":false},"excerpt":{"rendered":"<p>T\u00e4rkeit\u00e4 p\u00e4iv\u00e4m\u00e4\u00e4ri\u00e4 Ilmoittautuminen on avoinna 16.3.\u201324.4.2026. Esitelm\u00f6itsij\u00f6it\u00e4 pyydet\u00e4\u00e4n ilmoittautumaan 10.4.2026 menness\u00e4. Ohjelma julkaistaan huhtikuun puolimaissa. Konferenssin ohjelma alkaa maanantaina 18.5. klo 13 ja p\u00e4\u00e4ttyy keskiviikkona 20.5. klo 14.30. Kielitieteen p\u00e4iv\u00e4t Joensuussa 18.\u201320.5.2026.<\/p>\n","protected":false},"author":1341,"featured_media":0,"parent":0,"menu_order":0,"comment_status":"closed","ping_status":"closed","template":"","meta":{"_acf_changed":false,"footnotes":""},"class_list":["post-121","page","type-page","status-publish","hentry"],"acf":[],"yoast_head":"<!-- This site is optimized with the Yoast SEO plugin v27.1.1 - https:\/\/yoast.com\/product\/yoast-seo-wordpress\/ -->\n<title>Info - Tervetuloa Kielitieteen p\u00e4iville It\u00e4-Suomen yliopiston Joensuun kampukselle 18.\u201320.5.2026!<\/title>\n<meta name=\"robots\" content=\"index, follow, max-snippet:-1, max-image-preview:large, max-video-preview:-1\" \/>\n<link rel=\"canonical\" href=\"https:\/\/sites.uef.fi\/kielitieteenpaivat2026\/info\/\" \/>\n<meta property=\"og:locale\" content=\"fi_FI\" \/>\n<meta property=\"og:type\" content=\"article\" \/>\n<meta property=\"og:title\" content=\"Info - Tervetuloa Kielitieteen p\u00e4iville It\u00e4-Suomen yliopiston Joensuun kampukselle 18.\u201320.5.2026!\" \/>\n<meta property=\"og:description\" content=\"T\u00e4rkeit\u00e4 p\u00e4iv\u00e4m\u00e4\u00e4ri\u00e4 Ilmoittautuminen on avoinna 16.3.\u201324.4.2026. Esitelm\u00f6itsij\u00f6it\u00e4 pyydet\u00e4\u00e4n ilmoittautumaan 10.4.2026 menness\u00e4. Ohjelma julkaistaan huhtikuun puolimaissa. Konferenssin ohjelma alkaa maanantaina 18.5. klo 13 ja p\u00e4\u00e4ttyy keskiviikkona 20.5. klo 14.30. Kielitieteen p\u00e4iv\u00e4t Joensuussa 18.\u201320.5.2026.\" \/>\n<meta property=\"og:url\" content=\"https:\/\/sites.uef.fi\/kielitieteenpaivat2026\/info\/\" \/>\n<meta property=\"og:site_name\" content=\"Tervetuloa Kielitieteen p\u00e4iville It\u00e4-Suomen yliopiston Joensuun kampukselle 18.\u201320.5.2026!\" \/>\n<meta property=\"article:modified_time\" content=\"2026-03-31T20:09:19+00:00\" \/>\n<meta name=\"twitter:card\" content=\"summary_large_image\" \/>\n<meta name=\"twitter:label1\" content=\"Arvioitu lukuaika\" \/>\n\t<meta name=\"twitter:data1\" content=\"1 minuutti\" \/>\n<script type=\"application\/ld+json\" class=\"yoast-schema-graph\">{\"@context\":\"https:\/\/schema.org\",\"@graph\":[{\"@type\":\"WebPage\",\"@id\":\"https:\/\/sites.uef.fi\/kielitieteenpaivat2026\/info\/\",\"url\":\"https:\/\/sites.uef.fi\/kielitieteenpaivat2026\/info\/\",\"name\":\"Info - Tervetuloa Kielitieteen p\u00e4iville It\u00e4-Suomen yliopiston Joensuun kampukselle 18.\u201320.5.2026!\",\"isPartOf\":{\"@id\":\"https:\/\/sites.uef.fi\/kielitieteenpaivat2026\/#website\"},\"datePublished\":\"2025-11-13T09:17:46+00:00\",\"dateModified\":\"2026-03-31T20:09:19+00:00\",\"breadcrumb\":{\"@id\":\"https:\/\/sites.uef.fi\/kielitieteenpaivat2026\/info\/#breadcrumb\"},\"inLanguage\":\"fi\",\"potentialAction\":[{\"@type\":\"ReadAction\",\"target\":[\"https:\/\/sites.uef.fi\/kielitieteenpaivat2026\/info\/\"]}]},{\"@type\":\"BreadcrumbList\",\"@id\":\"https:\/\/sites.uef.fi\/kielitieteenpaivat2026\/info\/#breadcrumb\",\"itemListElement\":[{\"@type\":\"ListItem\",\"position\":1,\"name\":\"Etusivu\",\"item\":\"https:\/\/sites.uef.fi\/kielitieteenpaivat2026\/\"},{\"@type\":\"ListItem\",\"position\":2,\"name\":\"Info\"}]},{\"@type\":\"WebSite\",\"@id\":\"https:\/\/sites.uef.fi\/kielitieteenpaivat2026\/#website\",\"url\":\"https:\/\/sites.uef.fi\/kielitieteenpaivat2026\/\",\"name\":\"Tervetuloa Kielitieteen p\u00e4iville It\u00e4-Suomen yliopiston Joensuun kampukselle 18.\u201320.5.2026!\",\"description\":\"\",\"potentialAction\":[{\"@type\":\"SearchAction\",\"target\":{\"@type\":\"EntryPoint\",\"urlTemplate\":\"https:\/\/sites.uef.fi\/kielitieteenpaivat2026\/?s={search_term_string}\"},\"query-input\":{\"@type\":\"PropertyValueSpecification\",\"valueRequired\":true,\"valueName\":\"search_term_string\"}}],\"inLanguage\":\"fi\"}]}<\/script>\n<!-- \/ Yoast SEO plugin. -->","yoast_head_json":{"title":"Info - Tervetuloa Kielitieteen p\u00e4iville It\u00e4-Suomen yliopiston Joensuun kampukselle 18.\u201320.5.2026!","robots":{"index":"index","follow":"follow","max-snippet":"max-snippet:-1","max-image-preview":"max-image-preview:large","max-video-preview":"max-video-preview:-1"},"canonical":"https:\/\/sites.uef.fi\/kielitieteenpaivat2026\/info\/","og_locale":"fi_FI","og_type":"article","og_title":"Info - Tervetuloa Kielitieteen p\u00e4iville It\u00e4-Suomen yliopiston Joensuun kampukselle 18.\u201320.5.2026!","og_description":"T\u00e4rkeit\u00e4 p\u00e4iv\u00e4m\u00e4\u00e4ri\u00e4 Ilmoittautuminen on avoinna 16.3.\u201324.4.2026. Esitelm\u00f6itsij\u00f6it\u00e4 pyydet\u00e4\u00e4n ilmoittautumaan 10.4.2026 menness\u00e4. Ohjelma julkaistaan huhtikuun puolimaissa. Konferenssin ohjelma alkaa maanantaina 18.5. klo 13 ja p\u00e4\u00e4ttyy keskiviikkona 20.5. klo 14.30. Kielitieteen p\u00e4iv\u00e4t Joensuussa 18.\u201320.5.2026.","og_url":"https:\/\/sites.uef.fi\/kielitieteenpaivat2026\/info\/","og_site_name":"Tervetuloa Kielitieteen p\u00e4iville It\u00e4-Suomen yliopiston Joensuun kampukselle 18.\u201320.5.2026!","article_modified_time":"2026-03-31T20:09:19+00:00","twitter_card":"summary_large_image","twitter_misc":{"Arvioitu lukuaika":"1 minuutti"},"schema":{"@context":"https:\/\/schema.org","@graph":[{"@type":"WebPage","@id":"https:\/\/sites.uef.fi\/kielitieteenpaivat2026\/info\/","url":"https:\/\/sites.uef.fi\/kielitieteenpaivat2026\/info\/","name":"Info - Tervetuloa Kielitieteen p\u00e4iville It\u00e4-Suomen yliopiston Joensuun kampukselle 18.\u201320.5.2026!","isPartOf":{"@id":"https:\/\/sites.uef.fi\/kielitieteenpaivat2026\/#website"},"datePublished":"2025-11-13T09:17:46+00:00","dateModified":"2026-03-31T20:09:19+00:00","breadcrumb":{"@id":"https:\/\/sites.uef.fi\/kielitieteenpaivat2026\/info\/#breadcrumb"},"inLanguage":"fi","potentialAction":[{"@type":"ReadAction","target":["https:\/\/sites.uef.fi\/kielitieteenpaivat2026\/info\/"]}]},{"@type":"BreadcrumbList","@id":"https:\/\/sites.uef.fi\/kielitieteenpaivat2026\/info\/#breadcrumb","itemListElement":[{"@type":"ListItem","position":1,"name":"Etusivu","item":"https:\/\/sites.uef.fi\/kielitieteenpaivat2026\/"},{"@type":"ListItem","position":2,"name":"Info"}]},{"@type":"WebSite","@id":"https:\/\/sites.uef.fi\/kielitieteenpaivat2026\/#website","url":"https:\/\/sites.uef.fi\/kielitieteenpaivat2026\/","name":"Tervetuloa Kielitieteen p\u00e4iville It\u00e4-Suomen yliopiston Joensuun kampukselle 18.\u201320.5.2026!","description":"","potentialAction":[{"@type":"SearchAction","target":{"@type":"EntryPoint","urlTemplate":"https:\/\/sites.uef.fi\/kielitieteenpaivat2026\/?s={search_term_string}"},"query-input":{"@type":"PropertyValueSpecification","valueRequired":true,"valueName":"search_term_string"}}],"inLanguage":"fi"}]}},"_links":{"self":[{"href":"https:\/\/sites.uef.fi\/kielitieteenpaivat2026\/wp-json\/wp\/v2\/pages\/121","targetHints":{"allow":["GET"]}}],"collection":[{"href":"https:\/\/sites.uef.fi\/kielitieteenpaivat2026\/wp-json\/wp\/v2\/pages"}],"about":[{"href":"https:\/\/sites.uef.fi\/kielitieteenpaivat2026\/wp-json\/wp\/v2\/types\/page"}],"author":[{"embeddable":true,"href":"https:\/\/sites.uef.fi\/kielitieteenpaivat2026\/wp-json\/wp\/v2\/users\/1341"}],"replies":[{"embeddable":true,"href":"https:\/\/sites.uef.fi\/kielitieteenpaivat2026\/wp-json\/wp\/v2\/comments?post=121"}],"version-history":[{"count":2,"href":"https:\/\/sites.uef.fi\/kielitieteenpaivat2026\/wp-json\/wp\/v2\/pages\/121\/revisions"}],"predecessor-version":[{"id":846,"href":"https:\/\/sites.uef.fi\/kielitieteenpaivat2026\/wp-json\/wp\/v2\/pages\/121\/revisions\/846"}],"wp:attachment":[{"href":"https:\/\/sites.uef.fi\/kielitieteenpaivat2026\/wp-json\/wp\/v2\/media?parent=121"}],"curies":[{"name":"wp","href":"https:\/\/api.w.org\/{rel}","templated":true}]}}