{"id":26,"date":"2021-02-16T11:08:31","date_gmt":"2021-02-16T09:08:31","guid":{"rendered":"https:\/\/sites.uef.fi\/kokoava\/?page_id=26"},"modified":"2025-04-15T17:14:47","modified_gmt":"2025-04-15T14:14:47","slug":"etusivu","status":"publish","type":"page","link":"https:\/\/sites.uef.fi\/kokoava\/","title":{"rendered":"Esittely"},"content":{"rendered":"\n<div style=\"height:26px\" aria-hidden=\"true\" class=\"wp-block-spacer\"><\/div>\n\n\n\n<p>Varhaiskasvatuksessa ja kouluissa toteutettavaa ruokakasvatusta on kehitetty aktiivisesti viime vuosien ajan.  Nyt on aika ottaa hyviksi todetut toimintamallit ja ty\u00f6kalut k\u00e4ytt\u00f6\u00f6n kaikissa Suomen <strong><a href=\"https:\/\/nykytila.fi\/kunnat\/\">kunnissa<\/a><\/strong> niin <strong><a href=\"https:\/\/sites.uef.fi\/kokoava\/toimintamallit\/paivakodit-ja-koulut\/\">varhaiskasvatuksessa kuin perusopetuksessa<\/a><\/strong>! <\/p>\n\n\n\n<p>Toimiva ja vaikuttava ruokakasvatus kaipaa asiaan perehtyneit\u00e4 kasvattajia ja siksi eri toimintamallit tarjoavat verkkokoulutuksia ruokakasvatuksesta. <a href=\"https:\/\/sydanliitto.us14.list-manage.com\/subscribe?u=b8cce4679433f7f983fe71744&amp;id=54287bd96d\"><strong>Neuvokas perhe ruokakasvatus<\/strong><\/a> tai <a href=\"https:\/\/maistuvakoulu.fi\/\"><strong>Maistuvan koulun<\/strong><\/a> uutiskirjeen tilaamalla saat ensimm\u00e4isten joukossa tietoa my\u00f6s erilaisista lyhyist\u00e4 koulutuswebinaareista. Laajemman perehtymisen aiheesta saa <strong><a href=\"https:\/\/www.uef.fi\/fi\/jatkuva-oppiminen\/kasvatuksen-ammattilainen-ruokakasvattajana\">t\u00e4ydennyskoulutuskokonaisuudesta (5 op)<\/a><\/strong>, jonka toteuttaa It\u00e4-Suomen yliopiston Jatkuvan oppimisen keskus.&nbsp;Maksuton t\u00e4ydennyskoulutuskokonaisuus tarjoaa varhaiskasvatuksen ammattilaisille ja opetushenkil\u00f6st\u00f6lle ruokakasvatuksen sis\u00e4lt\u00f6osaamista ja pedagogista ammattitaitoa.&nbsp;<\/p>\n\n\n\n<p>Ruokakasvatuksen kehitt\u00e4misen ty\u00f6kalut ovat jaossa kaikille. Ruokakasvatuksessa tapahtunutta kehityst\u00e4 seurataan osana hanketta sek\u00e4 alueellisesti ett\u00e4 valtakunnallisesti&nbsp;<strong><a href=\"http:\/\/www.nykytila.fi\" data-type=\"URL\" data-id=\"www.nykytila.fi\">nykytila.fi<\/a><\/strong>&nbsp;-verkkopalvelun avulla.&nbsp;L\u00f6yd\u00e4tk\u00f6 sielt\u00e4 jo kuntasi?<\/p>\n\n\n\n<p>Osalle kunnista tarjoamme toimintamallien haltuunottoon erityist\u00e4 tukea. Kuntal\u00e4ht\u00f6isesti toteutetut kehitt\u00e4misprosessit kannustavat moniammatillisesti koko kuntaa kehitt\u00e4m\u00e4\u00e4n ruokakasvatustoimintaa&nbsp;p\u00e4iv\u00e4kodeissa ja kouluissa. Ruokakasvatuksen toimintamalleja pyrit\u00e4\u00e4n jalkauttamaan kuntien rakenteisiin ja integroimaan kuntien varhaiskasvatus-, opetus- ja hyvinvointisuunnitelmiin. <\/p>\n\n\n\n<p>KOKOAVA-hankkeen toteuttavat vuosina 2021\u20132023 It\u00e4-Suomen yliopisto, Ruokakasvatusyhdistys Ruukku ry ja Suomen Syd\u00e4nliitto ry.\u00a0Hanke on yksi\u00a0maa- ja mets\u00e4talousministeri\u00f6n rahoittamista Ruokaketjun kehitt\u00e4mishankkeista.\u00a0<\/p>\n\n\n\n<figure class=\"wp-block-image size-large\"><img loading=\"lazy\" decoding=\"async\" width=\"1024\" height=\"289\" src=\"https:\/\/sites.uef.fi\/kokoava\/wp-content\/uploads\/sites\/275\/2023\/08\/Logo-siluetti-1024x289.jpg\" alt=\"\" class=\"wp-image-793\" srcset=\"https:\/\/sites.uef.fi\/kokoava\/wp-content\/uploads\/sites\/275\/2023\/08\/Logo-siluetti-1024x289.jpg 1024w, https:\/\/sites.uef.fi\/kokoava\/wp-content\/uploads\/sites\/275\/2023\/08\/Logo-siluetti-300x85.jpg 300w, https:\/\/sites.uef.fi\/kokoava\/wp-content\/uploads\/sites\/275\/2023\/08\/Logo-siluetti-768x217.jpg 768w, https:\/\/sites.uef.fi\/kokoava\/wp-content\/uploads\/sites\/275\/2023\/08\/Logo-siluetti-1536x434.jpg 1536w, https:\/\/sites.uef.fi\/kokoava\/wp-content\/uploads\/sites\/275\/2023\/08\/Logo-siluetti.jpg 1559w\" sizes=\"auto, (max-width: 1024px) 100vw, 1024px\" \/><\/figure>\n","protected":false},"excerpt":{"rendered":"<p>Varhaiskasvatuksessa ja kouluissa toteutettavaa ruokakasvatusta on kehitetty aktiivisesti viime vuosien ajan. Nyt on aika ottaa hyviksi todetut toimintamallit ja ty\u00f6kalut k\u00e4ytt\u00f6\u00f6n kaikissa Suomen kunnissa niin varhaiskasvatuksessa kuin perusopetuksessa! Toimiva ja vaikuttava ruokakasvatus kaipaa asiaan perehtyneit\u00e4 kasvattajia ja siksi eri toimintamallit tarjoavat verkkokoulutuksia ruokakasvatuksesta. Neuvokas perhe ruokakasvatus tai Maistuvan koulun uutiskirjeen tilaamalla saat ensimm\u00e4isten joukossa tietoa [&hellip;]<\/p>\n","protected":false},"author":2,"featured_media":0,"parent":0,"menu_order":1,"comment_status":"closed","ping_status":"closed","template":"","meta":{"_acf_changed":false,"footnotes":""},"class_list":["post-26","page","type-page","status-publish","hentry"],"acf":[],"yoast_head":"<!-- This site is optimized with the Yoast SEO plugin v27.1.1 - https:\/\/yoast.com\/product\/yoast-seo-wordpress\/ -->\n<title>Esittely - Kokonaisvaltaista ruokakasvatusta varhaiskasvatukseen ja perusopetukseen<\/title>\n<meta name=\"robots\" content=\"index, follow, max-snippet:-1, max-image-preview:large, max-video-preview:-1\" \/>\n<link rel=\"canonical\" href=\"https:\/\/sites.uef.fi\/kokoava\/\" \/>\n<meta property=\"og:locale\" content=\"fi_FI\" \/>\n<meta property=\"og:type\" content=\"article\" \/>\n<meta property=\"og:title\" content=\"Esittely - Kokonaisvaltaista ruokakasvatusta varhaiskasvatukseen ja perusopetukseen\" \/>\n<meta property=\"og:description\" content=\"Varhaiskasvatuksessa ja kouluissa toteutettavaa ruokakasvatusta on kehitetty aktiivisesti viime vuosien ajan. Nyt on aika ottaa hyviksi todetut toimintamallit ja ty\u00f6kalut k\u00e4ytt\u00f6\u00f6n kaikissa Suomen kunnissa niin varhaiskasvatuksessa kuin perusopetuksessa! Toimiva ja vaikuttava ruokakasvatus kaipaa asiaan perehtyneit\u00e4 kasvattajia ja siksi eri toimintamallit tarjoavat verkkokoulutuksia ruokakasvatuksesta. Neuvokas perhe ruokakasvatus tai Maistuvan koulun uutiskirjeen tilaamalla saat ensimm\u00e4isten joukossa tietoa [&hellip;]\" \/>\n<meta property=\"og:url\" content=\"https:\/\/sites.uef.fi\/kokoava\/\" \/>\n<meta property=\"og:site_name\" content=\"Kokonaisvaltaista ruokakasvatusta varhaiskasvatukseen ja perusopetukseen\" \/>\n<meta property=\"article:modified_time\" content=\"2025-04-15T14:14:47+00:00\" \/>\n<meta property=\"og:image\" content=\"https:\/\/sites.uef.fi\/kokoava\/wp-content\/uploads\/sites\/275\/2023\/08\/Logo-siluetti.jpg\" \/>\n\t<meta property=\"og:image:width\" content=\"1559\" \/>\n\t<meta property=\"og:image:height\" content=\"440\" \/>\n\t<meta property=\"og:image:type\" content=\"image\/jpeg\" \/>\n<meta name=\"twitter:card\" content=\"summary_large_image\" \/>\n<meta name=\"twitter:label1\" content=\"Arvioitu lukuaika\" \/>\n\t<meta name=\"twitter:data1\" content=\"2 minuuttia\" \/>\n<script type=\"application\/ld+json\" class=\"yoast-schema-graph\">{\"@context\":\"https:\/\/schema.org\",\"@graph\":[{\"@type\":\"WebPage\",\"@id\":\"https:\/\/sites.uef.fi\/kokoava\/\",\"url\":\"https:\/\/sites.uef.fi\/kokoava\/\",\"name\":\"Esittely - Kokonaisvaltaista ruokakasvatusta varhaiskasvatukseen ja perusopetukseen\",\"isPartOf\":{\"@id\":\"https:\/\/sites.uef.fi\/kokoava\/#website\"},\"primaryImageOfPage\":{\"@id\":\"https:\/\/sites.uef.fi\/kokoava\/#primaryimage\"},\"image\":{\"@id\":\"https:\/\/sites.uef.fi\/kokoava\/#primaryimage\"},\"thumbnailUrl\":\"https:\/\/sites.uef.fi\/kokoava\/wp-content\/uploads\/sites\/275\/2023\/08\/Logo-siluetti-1024x289.jpg\",\"datePublished\":\"2021-02-16T09:08:31+00:00\",\"dateModified\":\"2025-04-15T14:14:47+00:00\",\"breadcrumb\":{\"@id\":\"https:\/\/sites.uef.fi\/kokoava\/#breadcrumb\"},\"inLanguage\":\"fi\",\"potentialAction\":[{\"@type\":\"ReadAction\",\"target\":[\"https:\/\/sites.uef.fi\/kokoava\/\"]}]},{\"@type\":\"ImageObject\",\"inLanguage\":\"fi\",\"@id\":\"https:\/\/sites.uef.fi\/kokoava\/#primaryimage\",\"url\":\"https:\/\/sites.uef.fi\/kokoava\/wp-content\/uploads\/sites\/275\/2023\/08\/Logo-siluetti.jpg\",\"contentUrl\":\"https:\/\/sites.uef.fi\/kokoava\/wp-content\/uploads\/sites\/275\/2023\/08\/Logo-siluetti.jpg\",\"width\":1559,\"height\":440},{\"@type\":\"BreadcrumbList\",\"@id\":\"https:\/\/sites.uef.fi\/kokoava\/#breadcrumb\",\"itemListElement\":[{\"@type\":\"ListItem\",\"position\":1,\"name\":\"Home\",\"item\":\"https:\/\/sites.uef.fi\/kokoava\/\"},{\"@type\":\"ListItem\",\"position\":2,\"name\":\"Esittely\"}]},{\"@type\":\"WebSite\",\"@id\":\"https:\/\/sites.uef.fi\/kokoava\/#website\",\"url\":\"https:\/\/sites.uef.fi\/kokoava\/\",\"name\":\"Kokonaisvaltaista ruokakasvatusta varhaiskasvatukseen ja perusopetukseen\",\"description\":\"\",\"potentialAction\":[{\"@type\":\"SearchAction\",\"target\":{\"@type\":\"EntryPoint\",\"urlTemplate\":\"https:\/\/sites.uef.fi\/kokoava\/?s={search_term_string}\"},\"query-input\":{\"@type\":\"PropertyValueSpecification\",\"valueRequired\":true,\"valueName\":\"search_term_string\"}}],\"inLanguage\":\"fi\"}]}<\/script>\n<!-- \/ Yoast SEO plugin. -->","yoast_head_json":{"title":"Esittely - Kokonaisvaltaista ruokakasvatusta varhaiskasvatukseen ja perusopetukseen","robots":{"index":"index","follow":"follow","max-snippet":"max-snippet:-1","max-image-preview":"max-image-preview:large","max-video-preview":"max-video-preview:-1"},"canonical":"https:\/\/sites.uef.fi\/kokoava\/","og_locale":"fi_FI","og_type":"article","og_title":"Esittely - Kokonaisvaltaista ruokakasvatusta varhaiskasvatukseen ja perusopetukseen","og_description":"Varhaiskasvatuksessa ja kouluissa toteutettavaa ruokakasvatusta on kehitetty aktiivisesti viime vuosien ajan. Nyt on aika ottaa hyviksi todetut toimintamallit ja ty\u00f6kalut k\u00e4ytt\u00f6\u00f6n kaikissa Suomen kunnissa niin varhaiskasvatuksessa kuin perusopetuksessa! Toimiva ja vaikuttava ruokakasvatus kaipaa asiaan perehtyneit\u00e4 kasvattajia ja siksi eri toimintamallit tarjoavat verkkokoulutuksia ruokakasvatuksesta. Neuvokas perhe ruokakasvatus tai Maistuvan koulun uutiskirjeen tilaamalla saat ensimm\u00e4isten joukossa tietoa [&hellip;]","og_url":"https:\/\/sites.uef.fi\/kokoava\/","og_site_name":"Kokonaisvaltaista ruokakasvatusta varhaiskasvatukseen ja perusopetukseen","article_modified_time":"2025-04-15T14:14:47+00:00","og_image":[{"width":1559,"height":440,"url":"https:\/\/sites.uef.fi\/kokoava\/wp-content\/uploads\/sites\/275\/2023\/08\/Logo-siluetti.jpg","type":"image\/jpeg"}],"twitter_card":"summary_large_image","twitter_misc":{"Arvioitu lukuaika":"2 minuuttia"},"schema":{"@context":"https:\/\/schema.org","@graph":[{"@type":"WebPage","@id":"https:\/\/sites.uef.fi\/kokoava\/","url":"https:\/\/sites.uef.fi\/kokoava\/","name":"Esittely - Kokonaisvaltaista ruokakasvatusta varhaiskasvatukseen ja perusopetukseen","isPartOf":{"@id":"https:\/\/sites.uef.fi\/kokoava\/#website"},"primaryImageOfPage":{"@id":"https:\/\/sites.uef.fi\/kokoava\/#primaryimage"},"image":{"@id":"https:\/\/sites.uef.fi\/kokoava\/#primaryimage"},"thumbnailUrl":"https:\/\/sites.uef.fi\/kokoava\/wp-content\/uploads\/sites\/275\/2023\/08\/Logo-siluetti-1024x289.jpg","datePublished":"2021-02-16T09:08:31+00:00","dateModified":"2025-04-15T14:14:47+00:00","breadcrumb":{"@id":"https:\/\/sites.uef.fi\/kokoava\/#breadcrumb"},"inLanguage":"fi","potentialAction":[{"@type":"ReadAction","target":["https:\/\/sites.uef.fi\/kokoava\/"]}]},{"@type":"ImageObject","inLanguage":"fi","@id":"https:\/\/sites.uef.fi\/kokoava\/#primaryimage","url":"https:\/\/sites.uef.fi\/kokoava\/wp-content\/uploads\/sites\/275\/2023\/08\/Logo-siluetti.jpg","contentUrl":"https:\/\/sites.uef.fi\/kokoava\/wp-content\/uploads\/sites\/275\/2023\/08\/Logo-siluetti.jpg","width":1559,"height":440},{"@type":"BreadcrumbList","@id":"https:\/\/sites.uef.fi\/kokoava\/#breadcrumb","itemListElement":[{"@type":"ListItem","position":1,"name":"Home","item":"https:\/\/sites.uef.fi\/kokoava\/"},{"@type":"ListItem","position":2,"name":"Esittely"}]},{"@type":"WebSite","@id":"https:\/\/sites.uef.fi\/kokoava\/#website","url":"https:\/\/sites.uef.fi\/kokoava\/","name":"Kokonaisvaltaista ruokakasvatusta varhaiskasvatukseen ja perusopetukseen","description":"","potentialAction":[{"@type":"SearchAction","target":{"@type":"EntryPoint","urlTemplate":"https:\/\/sites.uef.fi\/kokoava\/?s={search_term_string}"},"query-input":{"@type":"PropertyValueSpecification","valueRequired":true,"valueName":"search_term_string"}}],"inLanguage":"fi"}]}},"_links":{"self":[{"href":"https:\/\/sites.uef.fi\/kokoava\/wp-json\/wp\/v2\/pages\/26","targetHints":{"allow":["GET"]}}],"collection":[{"href":"https:\/\/sites.uef.fi\/kokoava\/wp-json\/wp\/v2\/pages"}],"about":[{"href":"https:\/\/sites.uef.fi\/kokoava\/wp-json\/wp\/v2\/types\/page"}],"author":[{"embeddable":true,"href":"https:\/\/sites.uef.fi\/kokoava\/wp-json\/wp\/v2\/users\/2"}],"replies":[{"embeddable":true,"href":"https:\/\/sites.uef.fi\/kokoava\/wp-json\/wp\/v2\/comments?post=26"}],"version-history":[{"count":2,"href":"https:\/\/sites.uef.fi\/kokoava\/wp-json\/wp\/v2\/pages\/26\/revisions"}],"predecessor-version":[{"id":914,"href":"https:\/\/sites.uef.fi\/kokoava\/wp-json\/wp\/v2\/pages\/26\/revisions\/914"}],"wp:attachment":[{"href":"https:\/\/sites.uef.fi\/kokoava\/wp-json\/wp\/v2\/media?parent=26"}],"curies":[{"name":"wp","href":"https:\/\/api.w.org\/{rel}","templated":true}]}}