{"id":1565,"date":"2026-01-23T14:42:54","date_gmt":"2026-01-23T12:42:54","guid":{"rendered":"https:\/\/sites.uef.fi\/kuopiobrainandmind\/?page_id=1565"},"modified":"2026-01-26T08:39:50","modified_gmt":"2026-01-26T06:39:50","slug":"esittelyssa-tutkija-tutkimusjohtaja-alejandra-sierra-lopez","status":"publish","type":"page","link":"https:\/\/sites.uef.fi\/kuopiobrainandmind\/esittelyssa-tutkija-tutkimusjohtaja-alejandra-sierra-lopez\/","title":{"rendered":"Esittelyss\u00e4 tutkija, tutkimusjohtaja Alejandra Sierra Lopez"},"content":{"rendered":"\n<p><em><bdo lang=\"fi\" dir=\"ltr\">T\u00e4m\u00e4 uutinen on julkaistu alun perin 17.4.2025. Kirjoittaja: Tarja Laitinen, Kuopio Brain &amp; Mind aluep\u00e4\u00e4llikk\u00f6.<\/bdo><\/em><\/p>\n\n\n\n<p><bdo lang=\"fi\" dir=\"ltr\">Vuonna 2021 perustetun Kansallisen Neurokeskuksen Kuopio Brain &amp; Mind-alueverkoston toiminta edist\u00e4\u00e4 aivoterveytt\u00e4 monialaisella ja potilasl\u00e4ht\u00f6isell\u00e4 yhteisty\u00f6ll\u00e4. Kuopio Brain &amp; Mind -alueverkoston tavoitteena on lis\u00e4t\u00e4 ja helpottaa yhteisty\u00f6t\u00e4 It\u00e4-Suomen yliopiston ja Pohjois-Savon hyvinvointialueen sek\u00e4 aivoterveyden parissa ty\u00f6skentelevien yritysten v\u00e4lill\u00e4 ja edist\u00e4\u00e4 it\u00e4suomalaisen huipputason monialaisen neurotieteen menestyst\u00e4.<\/bdo><\/p>\n\n\n\n<p><strong><bdo lang=\"fi\" dir=\"ltr\">Mit\u00e4 Kuopio Brain &amp; Mind-verkostossa tapahtuu ja keit\u00e4 verkostossa ty\u00f6skentelee?<\/bdo><\/strong><\/p>\n\n\n\n<p><bdo lang=\"fi\" dir=\"ltr\">Esittelyss\u00e4 It\u00e4-Suomen yliopiston A.I. Virtanen-instituutissa tutkimusjohtajana ty\u00f6skentelev\u00e4 aurinkoinen Alejandra Sierra Lopez. Alejandra toteaa, ettei todellakaan tiennyt nuorena mit\u00e4 h\u00e4n \u201disona ty\u00f6kseen tekisi\u201d. H\u00e4n muistelee, kuinka lukio-opinnoissa syntym\u00e4kaupungissaan Madridissa joutui opiskelemaan kirjallisuutta ja tarkemmin ottaen latinan kielt\u00e4, eik\u00e4 pit\u00e4nyt t\u00e4st\u00e4 lainkaan. Orastava kiinnostus tieteellisi\u00e4 aineita kohtaan oli her\u00e4nnyt ja lopulta Alejandra keskittyikin lukio-opinnoissaan enemm\u00e4n matematiikan, fysiikan ja biologian opintoihin.<\/bdo><\/p>\n\n\n\n<p><bdo lang=\"fi\" dir=\"ltr\">Kun koetti aika mietti\u00e4 lukion j\u00e4lkeist\u00e4 aikaa, ei h\u00e4nell\u00e4 ollut suunnitelmaa tuolloinkaan valmiina. Yliopiston hakupapereita noin 5 minuuttia ennen hakuajan p\u00e4\u00e4ttymist\u00e4 t\u00e4ytt\u00e4ess\u00e4\u00e4n Alejandra teki p\u00e4\u00e4t\u00f6ksen hakeutua kemian opintojen pariin, is\u00e4ns\u00e4 neuvoista huolimatta. Is\u00e4 oli neuvonut tyt\u00e4rt\u00e4\u00e4n hakeutumaan mielest\u00e4\u00e4n paljon hy\u00f6dyllisemm\u00e4n alan, kuten tietotekniikan pariin, mutta Alejandra naurahtaa tehneens\u00e4 jo tuolloin kaiken aina vaikeimman kautta.<\/bdo><\/p>\n\n\n\n<p><bdo lang=\"fi\" dir=\"ltr\">Alejandra opiskeli Kemian p\u00e4\u00e4aineessa UNED:ssa (National University of Distance Education, Madrid) viisi vuotta erinomaisin tuloksin, jonka j\u00e4lkeen h\u00e4n siirtyi opinnoissaan viel\u00e4 kahdeksi vuodeksi biokemian pariin Madridin yliopistoon (Complutense University). Tuolloin h\u00e4n p\u00e4\u00e4si sukeltamaan itselle t\u00e4rke\u00e4ksi muodostuneisiin biologisen kemian tekniikoihin. Valmistumisensa j\u00e4lkeen Alejandra pyydettiin hakeutumaan Tohtoriopintoihin (PhD) seuraavaksi nelj\u00e4ksi vuodeksi ja opinnoissaan h\u00e4n keskittyi mm. aivojen aineenvaihdunnan toiminnan tutkimusmekanismeihin NMR:n avulla (magneettikuvauksen taustalla oleva molekyylien rakennetutkimuksen perusv\u00e4line).<\/bdo><\/p>\n\n\n\n<p><bdo lang=\"fi\" dir=\"ltr\">Tohtoriopintoihin sis\u00e4ltyi mahdollisuus suorittaa osa opinnoista Espanjan rajojen ulkopuolella, joka Alejadraa hieman hirvitti, sill\u00e4 h\u00e4n ei tuohon aikaan osannut puhua englantia omasta mielest\u00e4\u00e4n riitt\u00e4v\u00e4n hyvin (h\u00e4nen kieliopintonsa olivat mielenkiinnon mukaan suuntautuneet ruotsin kielen opintoihin). \u00a0Kielihaaste saatiin kuitenkin ratkaistua ja Alejandra ty\u00f6skenteli kolme kuukautta silloisessa Kuopion yliopistossa professori Olli Gr\u00f6hnin tutkimusryhm\u00e4ss\u00e4.<\/bdo><\/p>\n\n\n\n<p><bdo lang=\"fi\" dir=\"ltr\">Tohtoriopintojen pariin Madridin yliopistoon (Autonomus University of Madrid) kuuluvaan CSIC:in tutkimuskeskukseen (Spanish National Research Council) palattuaan aikaa ehti kulua noin vuosi, kun Alejandra osallistui Espanjassa tieteelliseen konferenssiin ja t\u00f6rm\u00e4si siell\u00e4 uudemman kerran Professori Olli Gr\u00f6hniin ja h\u00e4nen tutkimusryhm\u00e4ns\u00e4 j\u00e4seniin vuonna 2006. Tapaaminen k\u00e4ynnisti tapahtumasarjan, joka vei Alejandran ensin kahdeksi kuukaudeksi Ruotsiin (jossa h\u00e4n p\u00e4\u00e4si vihdoinkin k\u00e4ytt\u00e4m\u00e4\u00e4n kuuden vuoden ajan kest\u00e4neit\u00e4 ruotsin kielen opintojaan) ja lopulta Suomeen ja takaisin Kuopion yliopistoon, ajatuksena jatkaa ty\u00f6skentely\u00e4 Olli Gr\u00f6hnin tutkimusryhm\u00e4ss\u00e4 kuvantamisen parissa vuoden ajan. Alejandra sai teht\u00e4v\u00e4kseen tutkia, mit\u00e4 MRI-kuvantamisella saadut tulokset kertovat kudoksista ja h\u00e4n keskittyi MRI-tutkimuksissaan aivojen anatomiaan, histologiaan sek\u00e4 diffuusiotekniikkaan, h\u00e4nt\u00e4 erityisesti kiinnostavaan kuvantamisen biologiseen puoleen.<\/bdo><\/p>\n\n\n\n<p><bdo lang=\"fi\" dir=\"ltr\">Vuosi venyi kahdeksi, Alejandran kova ty\u00f6 huomattiin ja seuraavaksi avautui mahdollisuus hakeutua Post-Doc tutkijaksi akatemiarahoituksen avulla ja n\u00e4in h\u00e4n lopulta j\u00e4i Suomeen ja It\u00e4-Suomen yliopistoon.<\/bdo><\/p>\n\n\n\n<h2 class=\"wp-block-heading\"><bdo lang=\"fi\" dir=\"ltr\">Tutkimukset, hankkeet ja monitieteellinen yhteisty\u00f6\u00a0<\/bdo><\/h2>\n\n\n\n<p><bdo lang=\"fi\" dir=\"ltr\"><strong>\u00a0<\/strong>Viimeiset viisi vuotta Alejandra on ty\u00f6skennellyt tutkimusjohtajana A.I. Virtanen instituutissa. H\u00e4nen johtamassaan tutkimusryhm\u00e4ss\u00e4 ty\u00f6skentelee 12 henkil\u00f6\u00e4 taustoinaan mm. matemaatikko, fyysikko, biologi sek\u00e4 tietojenk\u00e4sittelytieteen insin\u00f6\u00f6ri. Monitieteellinen yhteisty\u00f6 vaatii vankkaa yhteen hiileen puhaltamista ja yhteisen tavoitteen sek\u00e4 kunkin ammattiosaamisen tutkimusmerkityksen ymm\u00e4rt\u00e4mist\u00e4.<\/bdo><\/p>\n\n\n\n<p><bdo lang=\"fi\" dir=\"ltr\">Alejandran tutkimusryhm\u00e4n p\u00e4\u00e4fokus on nousevassa MRI-tekniikassa, innovatiivisessa mikroskopiassa sek\u00e4 aivotutkimuksen analyysimenetelmiss\u00e4. He kehitt\u00e4v\u00e4t mm. sairaaloiden klinikoille kehittyneit\u00e4 rakenteellisia MRI-menetelmi\u00e4, jotka voivat parantaa aivosairauksien ja -h\u00e4iri\u00f6iden diagnosointia, ennustetta sek\u00e4 aivoleikkauksien toteutussuunnitelmia.<\/bdo><\/p>\n\n\n\n<p><bdo lang=\"fi\" dir=\"ltr\">\u201dMulstiscale Imaging Group on monitieteinen tiimi, joka on kiinnostunut aivoihin keskittyneiden kuvantamismenetelmien soveltamisesta, yhdist\u00e4misest\u00e4 ja kehitt\u00e4misest\u00e4 useissa mittakaavassa. Suurin kiinnostuksemme on terveiden ja sairaiden aivojen rakenteen tutkiminen makro- ja mikromittakaavasta noninvasiivisilla tekniikoilla nanomittakaavaan mikroskooppitekniikalla yhdistettyn\u00e4 kuvank\u00e4sittelyyn, data-analyyseihin ja kudosmallinnukseen\u201d Alejandra kertoo.<\/bdo><\/p>\n\n\n\n<p><bdo lang=\"fi\" dir=\"ltr\">K\u00e4ynniss\u00e4 olevia tutkimuksia ovat mm:<\/bdo><\/p>\n\n\n\n<ul class=\"wp-block-list\">\n<li><bdo lang=\"fi\" dir=\"ltr\">Suomen Akatemian rahoittama hanke, jossa kehitet\u00e4\u00e4n aivosolujen ja niiden ymp\u00e4rist\u00f6n aivotoiminnan aikana muuttuvan morfologian ja koostumuksen ominaisuuksia mittaavia kuvantamisty\u00f6kaluja. N\u00e4m\u00e4 dynaamiset prosessit \/ mikrodynamiikka heijastavat aivojen toimintaa, ja ne voivat muuttua sairauden, vamman tai ik\u00e4\u00e4ntymisen aikana. Alejandran tiimi tutkii superresoluutiomikroskoopilla, kuinka aivokudos muuttuu em. toiminnan aikana ja kehitt\u00e4\u00e4 aivojen kudosviipaleiden noninvasiiviseen magneettikuvaukseen moniulotteista MRI:t\u00e4.<\/bdo><\/li>\n\n\n\n<li><bdo lang=\"fi\" dir=\"ltr\">Jane ja Aatos Erkon s\u00e4\u00e4ti\u00f6hankkeessa Alejandra on tutkimustiimiss\u00e4 yksi viidest\u00e4 p\u00e4\u00e4tutkijasta, jotka yhdess\u00e4 etsiv\u00e4t keinoa parantaa aivojen epileptisen vy\u00f6hykkeen tunnistamista l\u00e4\u00e4kkeille vastustuskykyist\u00e4 epilepsiaa sairastavilla potilailla. T\u00e4m\u00e4 tapahtuu arvioimalla potilaiden aivoja sek\u00e4 globaalissa ett\u00e4 fokaalisessa mittakaavassa samoilta potilailta leikatuista n\u00e4ytteist\u00e4. Alejandra tutkii hankkeessa preoperatiivisen magneettikuvauksen ja ex-vivo-resoluutio-magneettikuvauksen avulla kudoksista leikattuja n\u00e4ytteit\u00e4 karakterisoimalla ne laajasti histologian avulla (mukaan lukien valo- ja 3D-elektorinimikroskooppitutkimukset). Kaikki em. tutkimukset suoritetaan samalle potilaalle tiiviisti tutkimusty\u00f6t\u00e4 koordinoiden tutkimusryhmien v\u00e4lill\u00e4.<\/bdo><\/li>\n<\/ul>\n\n\n\n<h2 class=\"wp-block-heading\"><bdo lang=\"fi\" dir=\"ltr\">Tulevaisuus<\/bdo><\/h2>\n\n\n\n<p><bdo lang=\"fi\" dir=\"ltr\">Alejandra sanoo, ettei tied\u00e4 mit\u00e4 tulevaisuus tuo tullessaan h\u00e4nelle. H\u00e4n kertookin olevansa ty\u00f6ss\u00e4\u00e4n maratonilla, ei pikamatkalla, eik\u00e4 kukaan tied\u00e4 milloin maraton saavuttaa maalinsa, tutkittavaa riitt\u00e4\u00e4 aina. Tavoitteena tulevaan h\u00e4nell\u00e4 on professuurin saavuttaminen It\u00e4-Suomen yliopistossa. Alejandralle t\u00e4m\u00e4 on henkil\u00f6kohtainen tavoite, mutta my\u00f6s t\u00e4rke\u00e4, laajempi asiakokonaisuus koko h\u00e4nen tutkimusryhm\u00e4lleen. Professuuri parantaisi esim. \u00a0rahoitusmahdollisuuksien saantia kansainv\u00e4lisest\u00e4 rahoituksesta kilpaillessa.<\/bdo><\/p>\n\n\n\n<p><bdo lang=\"fi\" dir=\"ltr\">Alejandra tunnistaa tiettyj\u00e4 haasteita Suomessa ty\u00f6skentelyss\u00e4 rajojen ulkopuolelta muuttaneena. Esim. It\u00e4-Suomen yliopistossa johtavassa asemassa, ett\u00e4 professoreina ty\u00f6skentelev\u00e4t henkil\u00f6t ovat Alejandran mukaan kaikki kantasuomalaisia henkil\u00f6it\u00e4. Kun It\u00e4-Suomen yliopistosta on tavoitteena tehd\u00e4 entist\u00e4 kansainv\u00e4lisempi, ja halutaan toimia veto- ja pitovoimaisena yliopistona kansainv\u00e4lisille opiskelijoille, tutkijoille ja muille asiantuntijoille, tulisi asiaan kiinnitt\u00e4\u00e4 huomiota. My\u00f6s esim. rahoituksen sek\u00e4 ty\u00f6paikan saaminen ei-kantasuomalaisena on haasteellista. Asioiden eteen tehd\u00e4\u00e4n Alejandran mukaan jo ty\u00f6t\u00e4, mutta konkreettisten tulosten aikaansaaminen vie aikaa.<\/bdo><\/p>\n\n\n\n<p><bdo lang=\"fi\" dir=\"ltr\">Sanojensa mukaan Alejandra ei pysty kuitenkaan kuvittelemaan el\u00e4v\u00e4ns\u00e4 ja ty\u00f6skentelev\u00e4ns\u00e4 miss\u00e4\u00e4n muuallakaan, sill\u00e4 h\u00e4n on l\u00f6yt\u00e4nyt ammatillisen rauhan It\u00e4-Suomen yliopistossa.<\/bdo><\/p>\n\n\n\n<h2 class=\"wp-block-heading\"><bdo lang=\"fi\" dir=\"ltr\">Lis\u00e4tietoa<\/bdo><\/h2>\n\n\n\n<p><bdo lang=\"fi\" dir=\"ltr\">alejandra.sierralopez@uef.fi<\/bdo><\/p>\n\n\n\n<p><bdo lang=\"fi\" dir=\"ltr\">Kuopio Brain &amp; Mind on osa Kansallisen Neurokeskuksen tutkijaverkostoa.\u00a0 Lis\u00e4tietoa verkostostamme l\u00f6yd\u00e4t osoitteesta\u00a0<a href=\"https:\/\/neurocenterfinland.fi\/\">https:\/\/neurocenterfinland.fi\/\u00a0<\/a><\/bdo><\/p>\n\n\n\n<p><bdo lang=\"fi\" dir=\"ltr\">LinkedIn:\u00a0<a href=\"https:\/\/www.linkedin.com\/company\/kuopio-brain-mind\">https:\/\/www.linkedin.com\/company\/kuopio-brain-mind<\/a><\/bdo><\/p>\n\n\n\n<p><bdo lang=\"fi\" dir=\"ltr\">Verkkosivut:\u00a0<a href=\"https:\/\/sites.uef.fi\/kuopiobrainandmind\/\">https:\/\/sites.uef.fi\/kuopiobrainandmind\/<\/a><\/bdo><\/p>\n","protected":false},"excerpt":{"rendered":"<p>T\u00e4m\u00e4 uutinen on julkaistu alun perin 17.4.2025. Kirjoittaja: Tarja Laitinen, Kuopio Brain &amp; Mind aluep\u00e4\u00e4llikk\u00f6. Vuonna 2021 perustetun Kansallisen Neurokeskuksen Kuopio Brain &amp; Mind-alueverkoston toiminta edist\u00e4\u00e4 aivoterveytt\u00e4 monialaisella ja potilasl\u00e4ht\u00f6isell\u00e4 yhteisty\u00f6ll\u00e4. Kuopio Brain &amp; Mind -alueverkoston tavoitteena on lis\u00e4t\u00e4 ja helpottaa yhteisty\u00f6t\u00e4 It\u00e4-Suomen yliopiston ja Pohjois-Savon hyvinvointialueen sek\u00e4 aivoterveyden parissa ty\u00f6skentelevien yritysten v\u00e4lill\u00e4 ja edist\u00e4\u00e4 [&hellip;]<\/p>\n","protected":false},"author":850,"featured_media":0,"parent":0,"menu_order":0,"comment_status":"closed","ping_status":"closed","template":"","meta":{"_acf_changed":false,"footnotes":""},"class_list":["post-1565","page","type-page","status-publish","hentry"],"acf":[],"yoast_head":"<!-- This site is optimized with the Yoast SEO plugin v27.3 - https:\/\/yoast.com\/product\/yoast-seo-wordpress\/ -->\n<title>Esittelyss\u00e4 tutkija, tutkimusjohtaja Alejandra Sierra Lopez - Kuopio Brain &amp; Mind<\/title>\n<meta name=\"robots\" content=\"index, follow, max-snippet:-1, max-image-preview:large, max-video-preview:-1\" \/>\n<link rel=\"canonical\" href=\"https:\/\/sites.uef.fi\/kuopiobrainandmind\/esittelyssa-tutkija-tutkimusjohtaja-alejandra-sierra-lopez\/\" \/>\n<meta property=\"og:locale\" content=\"en_US\" \/>\n<meta property=\"og:type\" content=\"article\" \/>\n<meta property=\"og:title\" content=\"Esittelyss\u00e4 tutkija, tutkimusjohtaja Alejandra Sierra Lopez - Kuopio Brain &amp; Mind\" \/>\n<meta property=\"og:description\" content=\"T\u00e4m\u00e4 uutinen on julkaistu alun perin 17.4.2025. Kirjoittaja: Tarja Laitinen, Kuopio Brain &amp; Mind aluep\u00e4\u00e4llikk\u00f6. Vuonna 2021 perustetun Kansallisen Neurokeskuksen Kuopio Brain &amp; Mind-alueverkoston toiminta edist\u00e4\u00e4 aivoterveytt\u00e4 monialaisella ja potilasl\u00e4ht\u00f6isell\u00e4 yhteisty\u00f6ll\u00e4. Kuopio Brain &amp; Mind -alueverkoston tavoitteena on lis\u00e4t\u00e4 ja helpottaa yhteisty\u00f6t\u00e4 It\u00e4-Suomen yliopiston ja Pohjois-Savon hyvinvointialueen sek\u00e4 aivoterveyden parissa ty\u00f6skentelevien yritysten v\u00e4lill\u00e4 ja edist\u00e4\u00e4 [&hellip;]\" \/>\n<meta property=\"og:url\" content=\"https:\/\/sites.uef.fi\/kuopiobrainandmind\/esittelyssa-tutkija-tutkimusjohtaja-alejandra-sierra-lopez\/\" \/>\n<meta property=\"og:site_name\" content=\"Kuopio Brain &amp; Mind\" \/>\n<meta property=\"article:modified_time\" content=\"2026-01-26T06:39:50+00:00\" \/>\n<meta name=\"twitter:card\" content=\"summary_large_image\" \/>\n<meta name=\"twitter:label1\" content=\"Est. reading time\" \/>\n\t<meta name=\"twitter:data1\" content=\"4 minutes\" \/>\n<script type=\"application\/ld+json\" class=\"yoast-schema-graph\">{\"@context\":\"https:\\\/\\\/schema.org\",\"@graph\":[{\"@type\":\"WebPage\",\"@id\":\"https:\\\/\\\/sites.uef.fi\\\/kuopiobrainandmind\\\/esittelyssa-tutkija-tutkimusjohtaja-alejandra-sierra-lopez\\\/\",\"url\":\"https:\\\/\\\/sites.uef.fi\\\/kuopiobrainandmind\\\/esittelyssa-tutkija-tutkimusjohtaja-alejandra-sierra-lopez\\\/\",\"name\":\"Esittelyss\u00e4 tutkija, tutkimusjohtaja Alejandra Sierra Lopez - Kuopio Brain &amp; Mind\",\"isPartOf\":{\"@id\":\"https:\\\/\\\/sites.uef.fi\\\/kuopiobrainandmind\\\/#website\"},\"datePublished\":\"2026-01-23T12:42:54+00:00\",\"dateModified\":\"2026-01-26T06:39:50+00:00\",\"breadcrumb\":{\"@id\":\"https:\\\/\\\/sites.uef.fi\\\/kuopiobrainandmind\\\/esittelyssa-tutkija-tutkimusjohtaja-alejandra-sierra-lopez\\\/#breadcrumb\"},\"inLanguage\":\"en-US\",\"potentialAction\":[{\"@type\":\"ReadAction\",\"target\":[\"https:\\\/\\\/sites.uef.fi\\\/kuopiobrainandmind\\\/esittelyssa-tutkija-tutkimusjohtaja-alejandra-sierra-lopez\\\/\"]}]},{\"@type\":\"BreadcrumbList\",\"@id\":\"https:\\\/\\\/sites.uef.fi\\\/kuopiobrainandmind\\\/esittelyssa-tutkija-tutkimusjohtaja-alejandra-sierra-lopez\\\/#breadcrumb\",\"itemListElement\":[{\"@type\":\"ListItem\",\"position\":1,\"name\":\"Home\",\"item\":\"https:\\\/\\\/sites.uef.fi\\\/kuopiobrainandmind\\\/\"},{\"@type\":\"ListItem\",\"position\":2,\"name\":\"Esittelyss\u00e4 tutkija, tutkimusjohtaja Alejandra Sierra Lopez\"}]},{\"@type\":\"WebSite\",\"@id\":\"https:\\\/\\\/sites.uef.fi\\\/kuopiobrainandmind\\\/#website\",\"url\":\"https:\\\/\\\/sites.uef.fi\\\/kuopiobrainandmind\\\/\",\"name\":\"Kuopio Brain &amp; Mind\",\"description\":\"\",\"potentialAction\":[{\"@type\":\"SearchAction\",\"target\":{\"@type\":\"EntryPoint\",\"urlTemplate\":\"https:\\\/\\\/sites.uef.fi\\\/kuopiobrainandmind\\\/?s={search_term_string}\"},\"query-input\":{\"@type\":\"PropertyValueSpecification\",\"valueRequired\":true,\"valueName\":\"search_term_string\"}}],\"inLanguage\":\"en-US\"}]}<\/script>\n<!-- \/ Yoast SEO plugin. -->","yoast_head_json":{"title":"Esittelyss\u00e4 tutkija, tutkimusjohtaja Alejandra Sierra Lopez - Kuopio Brain &amp; Mind","robots":{"index":"index","follow":"follow","max-snippet":"max-snippet:-1","max-image-preview":"max-image-preview:large","max-video-preview":"max-video-preview:-1"},"canonical":"https:\/\/sites.uef.fi\/kuopiobrainandmind\/esittelyssa-tutkija-tutkimusjohtaja-alejandra-sierra-lopez\/","og_locale":"en_US","og_type":"article","og_title":"Esittelyss\u00e4 tutkija, tutkimusjohtaja Alejandra Sierra Lopez - Kuopio Brain &amp; Mind","og_description":"T\u00e4m\u00e4 uutinen on julkaistu alun perin 17.4.2025. Kirjoittaja: Tarja Laitinen, Kuopio Brain &amp; Mind aluep\u00e4\u00e4llikk\u00f6. Vuonna 2021 perustetun Kansallisen Neurokeskuksen Kuopio Brain &amp; Mind-alueverkoston toiminta edist\u00e4\u00e4 aivoterveytt\u00e4 monialaisella ja potilasl\u00e4ht\u00f6isell\u00e4 yhteisty\u00f6ll\u00e4. Kuopio Brain &amp; Mind -alueverkoston tavoitteena on lis\u00e4t\u00e4 ja helpottaa yhteisty\u00f6t\u00e4 It\u00e4-Suomen yliopiston ja Pohjois-Savon hyvinvointialueen sek\u00e4 aivoterveyden parissa ty\u00f6skentelevien yritysten v\u00e4lill\u00e4 ja edist\u00e4\u00e4 [&hellip;]","og_url":"https:\/\/sites.uef.fi\/kuopiobrainandmind\/esittelyssa-tutkija-tutkimusjohtaja-alejandra-sierra-lopez\/","og_site_name":"Kuopio Brain &amp; Mind","article_modified_time":"2026-01-26T06:39:50+00:00","twitter_card":"summary_large_image","twitter_misc":{"Est. reading time":"4 minutes"},"schema":{"@context":"https:\/\/schema.org","@graph":[{"@type":"WebPage","@id":"https:\/\/sites.uef.fi\/kuopiobrainandmind\/esittelyssa-tutkija-tutkimusjohtaja-alejandra-sierra-lopez\/","url":"https:\/\/sites.uef.fi\/kuopiobrainandmind\/esittelyssa-tutkija-tutkimusjohtaja-alejandra-sierra-lopez\/","name":"Esittelyss\u00e4 tutkija, tutkimusjohtaja Alejandra Sierra Lopez - Kuopio Brain &amp; Mind","isPartOf":{"@id":"https:\/\/sites.uef.fi\/kuopiobrainandmind\/#website"},"datePublished":"2026-01-23T12:42:54+00:00","dateModified":"2026-01-26T06:39:50+00:00","breadcrumb":{"@id":"https:\/\/sites.uef.fi\/kuopiobrainandmind\/esittelyssa-tutkija-tutkimusjohtaja-alejandra-sierra-lopez\/#breadcrumb"},"inLanguage":"en-US","potentialAction":[{"@type":"ReadAction","target":["https:\/\/sites.uef.fi\/kuopiobrainandmind\/esittelyssa-tutkija-tutkimusjohtaja-alejandra-sierra-lopez\/"]}]},{"@type":"BreadcrumbList","@id":"https:\/\/sites.uef.fi\/kuopiobrainandmind\/esittelyssa-tutkija-tutkimusjohtaja-alejandra-sierra-lopez\/#breadcrumb","itemListElement":[{"@type":"ListItem","position":1,"name":"Home","item":"https:\/\/sites.uef.fi\/kuopiobrainandmind\/"},{"@type":"ListItem","position":2,"name":"Esittelyss\u00e4 tutkija, tutkimusjohtaja Alejandra Sierra Lopez"}]},{"@type":"WebSite","@id":"https:\/\/sites.uef.fi\/kuopiobrainandmind\/#website","url":"https:\/\/sites.uef.fi\/kuopiobrainandmind\/","name":"Kuopio Brain &amp; Mind","description":"","potentialAction":[{"@type":"SearchAction","target":{"@type":"EntryPoint","urlTemplate":"https:\/\/sites.uef.fi\/kuopiobrainandmind\/?s={search_term_string}"},"query-input":{"@type":"PropertyValueSpecification","valueRequired":true,"valueName":"search_term_string"}}],"inLanguage":"en-US"}]}},"_links":{"self":[{"href":"https:\/\/sites.uef.fi\/kuopiobrainandmind\/wp-json\/wp\/v2\/pages\/1565","targetHints":{"allow":["GET"]}}],"collection":[{"href":"https:\/\/sites.uef.fi\/kuopiobrainandmind\/wp-json\/wp\/v2\/pages"}],"about":[{"href":"https:\/\/sites.uef.fi\/kuopiobrainandmind\/wp-json\/wp\/v2\/types\/page"}],"author":[{"embeddable":true,"href":"https:\/\/sites.uef.fi\/kuopiobrainandmind\/wp-json\/wp\/v2\/users\/850"}],"replies":[{"embeddable":true,"href":"https:\/\/sites.uef.fi\/kuopiobrainandmind\/wp-json\/wp\/v2\/comments?post=1565"}],"version-history":[{"count":1,"href":"https:\/\/sites.uef.fi\/kuopiobrainandmind\/wp-json\/wp\/v2\/pages\/1565\/revisions"}],"predecessor-version":[{"id":1594,"href":"https:\/\/sites.uef.fi\/kuopiobrainandmind\/wp-json\/wp\/v2\/pages\/1565\/revisions\/1594"}],"wp:attachment":[{"href":"https:\/\/sites.uef.fi\/kuopiobrainandmind\/wp-json\/wp\/v2\/media?parent=1565"}],"curies":[{"name":"wp","href":"https:\/\/api.w.org\/{rel}","templated":true}]}}