{"id":1585,"date":"2026-01-23T15:00:53","date_gmt":"2026-01-23T13:00:53","guid":{"rendered":"https:\/\/sites.uef.fi\/kuopiobrainandmind\/?page_id=1585"},"modified":"2026-01-26T08:55:05","modified_gmt":"2026-01-26T06:55:05","slug":"esittelyssa-neurologian-erikoislaakari-lt-dosentti-paivi-hartikainen","status":"publish","type":"page","link":"https:\/\/sites.uef.fi\/kuopiobrainandmind\/esittelyssa-neurologian-erikoislaakari-lt-dosentti-paivi-hartikainen\/","title":{"rendered":"Esittelyss\u00e4 neurologian erikoisl\u00e4\u00e4k\u00e4ri, LT, dosentti, P\u00e4ivi Hartikainen"},"content":{"rendered":"\n<p><em><bdo lang=\"fi\" dir=\"ltr\">T\u00e4m\u00e4 uutinen on julkaistu alun perin 27.8.2024. Kirjoittaja: Tarja Laitinen, Kuopio Brain &amp; Mind aluep\u00e4\u00e4llikk\u00f6.<\/bdo><\/em><\/p>\n\n\n\n<p><bdo lang=\"fi\" dir=\"ltr\">Vuonna 2021 perustetun Kansallisen Neurokeskuksen Kuopio Brain &amp; Mind-alueverkoston toiminta edist\u00e4\u00e4 aivoterveytt\u00e4 monialaisella ja potilasl\u00e4ht\u00f6isell\u00e4 yhteisty\u00f6ll\u00e4. Kuopio Brain &amp; Mind -alueverkoston tavoitteena on lis\u00e4t\u00e4 ja helpottaa yhteisty\u00f6t\u00e4 It\u00e4-Suomen yliopiston ja Pohjois-Savon hyvinvointialueen sek\u00e4 aivoterveyden parissa ty\u00f6skentelevien yritysten v\u00e4lill\u00e4 ja edist\u00e4\u00e4 it\u00e4suomalaisen huipputason monialaisen neurotieteen menestyst\u00e4.<\/bdo><\/p>\n\n\n\n<p><strong><bdo lang=\"fi\" dir=\"ltr\">Mit\u00e4 Kuopio Brain &amp; Mind-verkostossa tapahtuu ja keit\u00e4 verkostossa ty\u00f6skentelee aivoterveyden parissa?<\/bdo><\/strong><\/p>\n\n\n\n<p><bdo lang=\"fi\" dir=\"ltr\">Neurologian erikoisl\u00e4\u00e4k\u00e4ri, LT, dosentti P\u00e4ivi Hartikainen ty\u00f6skentelee Pohjois-Savon hyvinvointialueen neurologian toimintayksik\u00f6n ylil\u00e4\u00e4k\u00e4rin\u00e4.<\/bdo><\/p>\n\n\n\n<p><bdo lang=\"fi\" dir=\"ltr\">Neurologian toimintayksik\u00f6n ylil\u00e4\u00e4k\u00e4rin\u00e4 P\u00e4ivin ty\u00f6t\u00e4 rytmitt\u00e4v\u00e4t hallinnolliset ty\u00f6teht\u00e4v\u00e4t sek\u00e4 kliininen potilasty\u00f6 KYS neurologian poliklinikalla mm. liikeh\u00e4iri\u00f6-, muisti-, lihastauti ja neuroimmunologisten potilaiden parissa. Ylil\u00e4\u00e4k\u00e4rin teht\u00e4v\u00e4ss\u00e4\u00e4n h\u00e4nen vastuullaan on varmistaa, ett\u00e4 potilaiden hoito pysyy ajan hengen mukaisena sek\u00e4 kehityksen aallonharjalla. Neurologian erikoisalan kehittymisen mukanaan tuomien muutosten johtaminen vaatii P\u00e4ivilt\u00e4 systemaattista ty\u00f6skentely\u00e4, jotta uudet k\u00e4yt\u00e4nn\u00f6t pystyt\u00e4\u00e4n omaksumaan ja vakiinnuttamaan arjen kliiniseen ty\u00f6h\u00f6n potilaiden hyv\u00e4ksi.<\/bdo><\/p>\n\n\n\n<p><bdo lang=\"fi\" dir=\"ltr\">Ylil\u00e4\u00e4k\u00e4rin\u00e4 katseen tulee olla my\u00f6s tulevassa ja esim. hankintojen, uusien virkojen sek\u00e4 erilaisten hoitojen tarpeen perusteluissa taustalla on ajatus siit\u00e4, ett\u00e4 monesti on taloudellisempaa hoitaa asioita uusien ajatusten kuin vanhojen k\u00e4yt\u00e4nteiden mukaisesti taloudellisesti tiukkoinakin aikoina. Pohjois-Savon hyvinvointialueen neurologian toimintayksik\u00f6n ylil\u00e4\u00e4k\u00e4rin virkaan P\u00e4ivi ei ole koskaan hakenut, vaan kertoo tavallaan kasvaneensa v\u00e4hitellen ty\u00f6h\u00f6ns\u00e4.<\/bdo><\/p>\n\n\n\n<p><bdo lang=\"fi\" dir=\"ltr\">P\u00e4ivin urahaaveissa siinsi pikkutytt\u00f6n\u00e4 kirurgin tai silm\u00e4l\u00e4\u00e4k\u00e4rin urat, kummit\u00e4tins\u00e4 mukaisesti. 1980-luvulla l\u00e4\u00e4k\u00e4rikoulutuksensa toisella ja kolmannella vuosikurssilla Kotkassa P\u00e4ivi p\u00e4\u00e4si tutustumaan leikkaussaliymp\u00e4rist\u00f6\u00f6n \u201dpassarin\u201d ty\u00f6ss\u00e4, ja ty\u00f6n aikana kirurgian ty\u00f6n fyysisyys tuli h\u00e4nelle tutuksi. Silm\u00e4kirurgian leikkaussali-kokemuksen aikana P\u00e4iville selkeni ajatus, ettei kirurgia olisikaan h\u00e4nen tulevaisuuttaan, vaikka oppi ty\u00f6t\u00e4 syv\u00e4sti arvostamaan.<\/bdo><\/p>\n\n\n\n<p><bdo lang=\"fi\" dir=\"ltr\">Viimeisen amanuenssuurin aikana h\u00e4nelle soitettiin KYS neurologialta ja pyydettiin t\u00f6ihin kuluvan kev\u00e4\u00e4n ajaksi. Lopulta ty\u00f6ss\u00e4oloaika neurologian puolella venyi niin, ett\u00e4 P\u00e4ivi huomasi anoneensa erikoistumista neurologiaan, oli ehtinyt aloittaa v\u00e4it\u00f6skirjan tekemisen dementiaan liittyen ja n\u00e4in haaveet kirurgin urasta olivat muuntuneet arjen aherruksessa kiinnostukseen neurologiasta, eik\u00e4 h\u00e4n sanojensa mukaan en\u00e4\u00e4 malttanut l\u00e4hte\u00e4 poiskaan.<\/bdo><\/p>\n\n\n\n<p><bdo lang=\"fi\" dir=\"ltr\">V\u00e4it\u00f6skirjaty\u00f6n j\u00e4lkeen P\u00e4iville avautui mahdollisuus tutkimusjaksolle Lontoossa samaan aikaan kun dementian tutkimus Suomessa ja maailmalla lis\u00e4\u00e4ntyi. Tutkijavierailun aikana P\u00e4iville syttyi ajatus dementiatutkimuksensa fokusoimisesta otsalohkodementiaan.<\/bdo><\/p>\n\n\n\n<h2 class=\"wp-block-heading\"><bdo lang=\"fi\" dir=\"ltr\">Tutkimukset, hankkeet ja monitieteellinen yhteisty\u00f6 \u00a0<\/bdo><\/h2>\n\n\n\n<p><bdo lang=\"fi\" dir=\"ltr\">P\u00e4ivi on omien sanojensa mukaan t\u00e4ysverinen kliinikko, mutta tutkimusty\u00f6 on aina ollut osa h\u00e4nen uraansa, ja h\u00e4n onkin mukana MS-taudin-, parkinsonin taudin- sek\u00e4 dementian tutkimus-projekteissa. Tieteellisesti P\u00e4ivi on eritt\u00e4in kiinnostunut dementiasta sairautena, sen etiologiasta. H\u00e4nen dementian tutkimusmateriaalinsa pohjalta tutkimusty\u00f6 on laajentunut harvinaisten dementioiden ja otsalohko-dementian tutkimuksiin, joita uusi sukupolvi, Eino Soljen tutkimusryhm\u00e4, jatkaa eteenp\u00e4in It\u00e4-Suomen yliopiston Aivotutkimusyksik\u00f6ss\u00e4.<\/bdo><\/p>\n\n\n\n<p><bdo lang=\"fi\" dir=\"ltr\">Dementia on P\u00e4ivin mukaan usein selke\u00e4sti suvussa kulkeva sairaus ja potilaan suvun esitietojen kysyminen on aina siksi t\u00e4rke\u00e4\u00e4. Geeniperim\u00e4n selvitt\u00e4minen on t\u00e4rke\u00e4\u00e4 ei vain itse potilaan kannalta, vaan tutkimuksissa tulee esille my\u00f6s mahdollisia uusia sairauksia ja niiden etiologiaa ja harvinaisemmat uudet taudit tulevat tunnetuksi mm. v\u00e4it\u00f6stutkimusten kautta. Geeniperim\u00e4n selvittelyiss\u00e4 yhteisty\u00f6t\u00e4 harvinaisten lihastautien suhteen tehd\u00e4\u00e4n Tampereen yliopistollisen keskussairaalan Lihastautien tutkimuskeskuksen geeniteknologian ryhm\u00e4n kanssa.<\/bdo><\/p>\n\n\n\n<p><bdo lang=\"fi\" dir=\"ltr\">P\u00e4ivi on ollut aktiivisesti mukana luomassa ja kehitt\u00e4m\u00e4ss\u00e4 neurologisesti pitk\u00e4aikaissairaiden kliinisi\u00e4 rekistereit\u00e4, mm. MS-tautirekisteri\u00e4 sek\u00e4 kehityksen alla olevaa kansallista liikeh\u00e4iri\u00f6-rekisteri\u00e4. Vuodesta 2010 l\u00e4htien P\u00e4ivi on ollut mukana K\u00e4yp\u00e4hoito-suositusten laatimisessa MS-taudissa, sek\u00e4 kehitt\u00e4nyt omalta osaltaan Hyv\u00e4 hoitok\u00e4yt\u00e4nt\u00f6-konsensussuosituksia kroonisessa v\u00e4symysoireyhtym\u00e4ss\u00e4 Koronapandemian aikana.<\/bdo><\/p>\n\n\n\n<p><bdo lang=\"fi\" dir=\"ltr\">Yliopistollisen sairaalan ja yliopiston v\u00e4lisess\u00e4 tutkimusyhteisty\u00f6ss\u00e4 on P\u00e4ivin mukaan t\u00e4rke\u00e4\u00e4 avoin toimiva kommunikaatio ja translationaalinen yhteisty\u00f6 kliinist\u00e4 potilasty\u00f6t\u00e4 ja perustutkimusta tekevien v\u00e4lill\u00e4. Klinikoiden potilasty\u00f6 on osa tutkimusty\u00f6t\u00e4 ja monet potilaat osallistuvatkin meneill\u00e4\u00e4n oleviin tutkimuksiin. Yhteisty\u00f6n apuna ovat mm. kuukausittain j\u00e4rjestett\u00e4v\u00e4t tieteelliset kokoukset, mutta haasteena yhteisty\u00f6n parantamiseksi entisest\u00e4\u00e4n on molemmin puolin puute ajasta.<\/bdo><\/p>\n\n\n\n<h2 class=\"wp-block-heading\"><bdo lang=\"fi\" dir=\"ltr\">Moniammatillinen yhteisty\u00f6<\/bdo><\/h2>\n\n\n\n<p><bdo lang=\"fi\" dir=\"ltr\">Vaikka neurologian alalla muutokset tapahtuvat yleens\u00e4 hitaasti, P\u00e4ivin pitk\u00e4n uran aikana moni asia on mennyt eteenp\u00e4in ja kehittynyt. Esimerkkin\u00e4 P\u00e4ivi mainitsee mm. neurologian kehittymisen ns. 80-luvun yleisneurologiasta sektorimaiseksi, jossa neurologian erikoisalan sis\u00e4ll\u00e4 on useampia fokusoituneita sektoreita kuten epilepsia, liikeh\u00e4iri\u00f6- ja lihastaudit, immunologiset sairaudet sek\u00e4 oireselvittely, akuuttipuoli ja aivoverenkiertoh\u00e4iri\u00f6iden ja aivovammojen kuntoutus. Erikois-sairaanhoitoon tulevat l\u00e4hetteet suunnataan em. sektoreiden asiantuntijoille, ei en\u00e4\u00e4 vain yhdelle henkil\u00f6lle k\u00e4sitelt\u00e4v\u00e4ksi. Hoitokokoukset ovat nyky\u00e4\u00e4n moniammatillisia ja esim. lihastauteja k\u00e4sitteleviss\u00e4 kokouksissa mukana ovat my\u00f6s reumasairauksia hoitavat erikoisl\u00e4\u00e4k\u00e4rit.<\/bdo><\/p>\n\n\n\n<p><bdo lang=\"fi\" dir=\"ltr\">Yhteisty\u00f6ss\u00e4 KYS harvinaissairauksien yksik\u00f6n ja genetiikan kanssa on voitu tehd\u00e4 harvinaisista sairauksista potilastapausjulkaisuja mm. arvostetussa Neurology-lehdess\u00e4. Ylil\u00e4\u00e4k\u00e4rin ty\u00f6h\u00f6ns\u00e4 kuuluvaa neurologian klinikan taloushallintoa P\u00e4ivi hoitaa yhteisty\u00f6ss\u00e4 KYS Neurokeskuksen toisen osapuolen, neurokirurgian klinikan kanssa.<\/bdo><\/p>\n\n\n\n<h2 class=\"wp-block-heading\"><bdo lang=\"fi\" dir=\"ltr\">Tulevaisuus<\/bdo><\/h2>\n\n\n\n<p><bdo lang=\"fi\" dir=\"ltr\">Tulevaisuudesta P\u00e4ivi toivoo, ett\u00e4 kliinisess\u00e4 l\u00e4\u00e4k\u00e4rity\u00f6ss\u00e4 asioita on keskitetty ja osaaminen on tiimien hallussa, tehd\u00e4\u00e4n korkeatasoista kliinist\u00e4 ty\u00f6t\u00e4 ja tutkimusta. Hyvinvointialueiden toiminnan h\u00e4n toivoo olevan entist\u00e4kin keskitetymp\u00e4\u00e4 ja digitalisaation kehittynytt\u00e4, jotta rekisterej\u00e4 pystytt\u00e4isiin hy\u00f6dynt\u00e4m\u00e4\u00e4n potilasty\u00f6n hoidonsuunnittelussa t\u00e4t\u00e4 p\u00e4iv\u00e4\u00e4 tehokkaammin. Kansallisten rekistereiden tarjoaman tiedon P\u00e4ivi toivoisi olevan tarkempaa ja analysoidumpaa, jotta moni sairaus ei \u201dhukkuisi\u201d v\u00e4\u00e4rien diagnoosikoodien vuoksi. P\u00e4ivi painottaa my\u00f6s kliinisen potilasty\u00f6n, tutkijoiden ja p\u00e4\u00e4tt\u00e4jien yhteisty\u00f6n t\u00e4rkeytt\u00e4, jotta oikeanlaisia muutoksia voidaan saada aikaiseksi, kaikkien meid\u00e4n hyv\u00e4ksi.<\/bdo><\/p>\n\n\n\n<p><bdo lang=\"fi\" dir=\"ltr\">P\u00e4ivi on tehnyt pitk\u00e4n ja ansiokkaan uran ja l\u00e4hitulevaisuudessa siint\u00e4\u00e4 el\u00e4k\u00f6ityminen ja tahdin hidastaminen rakkaan perheen ja harrastusten pariin. Rautaisella ammattilaisellakin saattaa olla ajoittain mieless\u00e4\u00e4n ajatus \u201dosaankos min\u00e4 mitt\u00e4\u00e4n\u201d, mutta P\u00e4ivin uratarinaa kuunnellessa l\u00e4hes heng\u00e4styy. Vaatimattomana ihmisen\u00e4 P\u00e4ivi kommentoi itse uraansa \u201dOnhan siin\u00e4 aika paljon ollut\u201d.<\/bdo><\/p>\n\n\n\n<h2 class=\"wp-block-heading\"><bdo lang=\"fi\" dir=\"ltr\">Lis\u00e4tietoa<\/bdo><\/h2>\n\n\n\n<p><bdo lang=\"fi\" dir=\"ltr\">Kuopio Brain &amp; Mind on osa Kansallisen Neurokeskuksen tutkijaverkostoa.\u00a0 Lis\u00e4tietoa verkostostamme l\u00f6yd\u00e4t osoitteesta\u00a0<a href=\"https:\/\/neurocenterfinland.fi\/\">https:\/\/neurocenterfinland.fi\/\u00a0<\/a><\/bdo><\/p>\n\n\n\n<p><bdo lang=\"fi\" dir=\"ltr\">Twitter:\u00a0<a href=\"https:\/\/x.com\/kuo_brain_mind\">@kuo_brain_mind\u00a0<\/a><\/bdo><\/p>\n\n\n\n<p><bdo lang=\"fi\" dir=\"ltr\">LinkedIn:\u00a0<a href=\"https:\/\/www.linkedin.com\/company\/kuopio-brain-mind\">https:\/\/www.linkedin.com\/company\/kuopio-brain-mind<\/a><\/bdo><\/p>\n","protected":false},"excerpt":{"rendered":"<p>T\u00e4m\u00e4 uutinen on julkaistu alun perin 27.8.2024. Kirjoittaja: Tarja Laitinen, Kuopio Brain &amp; Mind aluep\u00e4\u00e4llikk\u00f6. Vuonna 2021 perustetun Kansallisen Neurokeskuksen Kuopio Brain &amp; Mind-alueverkoston toiminta edist\u00e4\u00e4 aivoterveytt\u00e4 monialaisella ja potilasl\u00e4ht\u00f6isell\u00e4 yhteisty\u00f6ll\u00e4. Kuopio Brain &amp; Mind -alueverkoston tavoitteena on lis\u00e4t\u00e4 ja helpottaa yhteisty\u00f6t\u00e4 It\u00e4-Suomen yliopiston ja Pohjois-Savon hyvinvointialueen sek\u00e4 aivoterveyden parissa ty\u00f6skentelevien yritysten v\u00e4lill\u00e4 ja edist\u00e4\u00e4 [&hellip;]<\/p>\n","protected":false},"author":850,"featured_media":0,"parent":0,"menu_order":0,"comment_status":"closed","ping_status":"closed","template":"","meta":{"_acf_changed":false,"footnotes":""},"class_list":["post-1585","page","type-page","status-publish","hentry"],"acf":[],"yoast_head":"<!-- This site is optimized with the Yoast SEO plugin v27.3 - https:\/\/yoast.com\/product\/yoast-seo-wordpress\/ -->\n<title>Esittelyss\u00e4 neurologian erikoisl\u00e4\u00e4k\u00e4ri, LT, dosentti, P\u00e4ivi Hartikainen - Kuopio Brain &amp; Mind<\/title>\n<meta name=\"robots\" content=\"index, follow, max-snippet:-1, max-image-preview:large, max-video-preview:-1\" \/>\n<link rel=\"canonical\" href=\"https:\/\/sites.uef.fi\/kuopiobrainandmind\/esittelyssa-neurologian-erikoislaakari-lt-dosentti-paivi-hartikainen\/\" \/>\n<meta property=\"og:locale\" content=\"en_US\" \/>\n<meta property=\"og:type\" content=\"article\" \/>\n<meta property=\"og:title\" content=\"Esittelyss\u00e4 neurologian erikoisl\u00e4\u00e4k\u00e4ri, LT, dosentti, P\u00e4ivi Hartikainen - Kuopio Brain &amp; Mind\" \/>\n<meta property=\"og:description\" content=\"T\u00e4m\u00e4 uutinen on julkaistu alun perin 27.8.2024. Kirjoittaja: Tarja Laitinen, Kuopio Brain &amp; Mind aluep\u00e4\u00e4llikk\u00f6. Vuonna 2021 perustetun Kansallisen Neurokeskuksen Kuopio Brain &amp; Mind-alueverkoston toiminta edist\u00e4\u00e4 aivoterveytt\u00e4 monialaisella ja potilasl\u00e4ht\u00f6isell\u00e4 yhteisty\u00f6ll\u00e4. Kuopio Brain &amp; Mind -alueverkoston tavoitteena on lis\u00e4t\u00e4 ja helpottaa yhteisty\u00f6t\u00e4 It\u00e4-Suomen yliopiston ja Pohjois-Savon hyvinvointialueen sek\u00e4 aivoterveyden parissa ty\u00f6skentelevien yritysten v\u00e4lill\u00e4 ja edist\u00e4\u00e4 [&hellip;]\" \/>\n<meta property=\"og:url\" content=\"https:\/\/sites.uef.fi\/kuopiobrainandmind\/esittelyssa-neurologian-erikoislaakari-lt-dosentti-paivi-hartikainen\/\" \/>\n<meta property=\"og:site_name\" content=\"Kuopio Brain &amp; Mind\" \/>\n<meta property=\"article:modified_time\" content=\"2026-01-26T06:55:05+00:00\" \/>\n<meta name=\"twitter:card\" content=\"summary_large_image\" \/>\n<meta name=\"twitter:label1\" content=\"Est. reading time\" \/>\n\t<meta name=\"twitter:data1\" content=\"4 minutes\" \/>\n<script type=\"application\/ld+json\" class=\"yoast-schema-graph\">{\"@context\":\"https:\\\/\\\/schema.org\",\"@graph\":[{\"@type\":\"WebPage\",\"@id\":\"https:\\\/\\\/sites.uef.fi\\\/kuopiobrainandmind\\\/esittelyssa-neurologian-erikoislaakari-lt-dosentti-paivi-hartikainen\\\/\",\"url\":\"https:\\\/\\\/sites.uef.fi\\\/kuopiobrainandmind\\\/esittelyssa-neurologian-erikoislaakari-lt-dosentti-paivi-hartikainen\\\/\",\"name\":\"Esittelyss\u00e4 neurologian erikoisl\u00e4\u00e4k\u00e4ri, LT, dosentti, P\u00e4ivi Hartikainen - Kuopio Brain &amp; Mind\",\"isPartOf\":{\"@id\":\"https:\\\/\\\/sites.uef.fi\\\/kuopiobrainandmind\\\/#website\"},\"datePublished\":\"2026-01-23T13:00:53+00:00\",\"dateModified\":\"2026-01-26T06:55:05+00:00\",\"breadcrumb\":{\"@id\":\"https:\\\/\\\/sites.uef.fi\\\/kuopiobrainandmind\\\/esittelyssa-neurologian-erikoislaakari-lt-dosentti-paivi-hartikainen\\\/#breadcrumb\"},\"inLanguage\":\"en-US\",\"potentialAction\":[{\"@type\":\"ReadAction\",\"target\":[\"https:\\\/\\\/sites.uef.fi\\\/kuopiobrainandmind\\\/esittelyssa-neurologian-erikoislaakari-lt-dosentti-paivi-hartikainen\\\/\"]}]},{\"@type\":\"BreadcrumbList\",\"@id\":\"https:\\\/\\\/sites.uef.fi\\\/kuopiobrainandmind\\\/esittelyssa-neurologian-erikoislaakari-lt-dosentti-paivi-hartikainen\\\/#breadcrumb\",\"itemListElement\":[{\"@type\":\"ListItem\",\"position\":1,\"name\":\"Home\",\"item\":\"https:\\\/\\\/sites.uef.fi\\\/kuopiobrainandmind\\\/\"},{\"@type\":\"ListItem\",\"position\":2,\"name\":\"Esittelyss\u00e4 neurologian erikoisl\u00e4\u00e4k\u00e4ri, LT, dosentti, P\u00e4ivi Hartikainen\"}]},{\"@type\":\"WebSite\",\"@id\":\"https:\\\/\\\/sites.uef.fi\\\/kuopiobrainandmind\\\/#website\",\"url\":\"https:\\\/\\\/sites.uef.fi\\\/kuopiobrainandmind\\\/\",\"name\":\"Kuopio Brain &amp; Mind\",\"description\":\"\",\"potentialAction\":[{\"@type\":\"SearchAction\",\"target\":{\"@type\":\"EntryPoint\",\"urlTemplate\":\"https:\\\/\\\/sites.uef.fi\\\/kuopiobrainandmind\\\/?s={search_term_string}\"},\"query-input\":{\"@type\":\"PropertyValueSpecification\",\"valueRequired\":true,\"valueName\":\"search_term_string\"}}],\"inLanguage\":\"en-US\"}]}<\/script>\n<!-- \/ Yoast SEO plugin. -->","yoast_head_json":{"title":"Esittelyss\u00e4 neurologian erikoisl\u00e4\u00e4k\u00e4ri, LT, dosentti, P\u00e4ivi Hartikainen - Kuopio Brain &amp; Mind","robots":{"index":"index","follow":"follow","max-snippet":"max-snippet:-1","max-image-preview":"max-image-preview:large","max-video-preview":"max-video-preview:-1"},"canonical":"https:\/\/sites.uef.fi\/kuopiobrainandmind\/esittelyssa-neurologian-erikoislaakari-lt-dosentti-paivi-hartikainen\/","og_locale":"en_US","og_type":"article","og_title":"Esittelyss\u00e4 neurologian erikoisl\u00e4\u00e4k\u00e4ri, LT, dosentti, P\u00e4ivi Hartikainen - Kuopio Brain &amp; Mind","og_description":"T\u00e4m\u00e4 uutinen on julkaistu alun perin 27.8.2024. Kirjoittaja: Tarja Laitinen, Kuopio Brain &amp; Mind aluep\u00e4\u00e4llikk\u00f6. Vuonna 2021 perustetun Kansallisen Neurokeskuksen Kuopio Brain &amp; Mind-alueverkoston toiminta edist\u00e4\u00e4 aivoterveytt\u00e4 monialaisella ja potilasl\u00e4ht\u00f6isell\u00e4 yhteisty\u00f6ll\u00e4. Kuopio Brain &amp; Mind -alueverkoston tavoitteena on lis\u00e4t\u00e4 ja helpottaa yhteisty\u00f6t\u00e4 It\u00e4-Suomen yliopiston ja Pohjois-Savon hyvinvointialueen sek\u00e4 aivoterveyden parissa ty\u00f6skentelevien yritysten v\u00e4lill\u00e4 ja edist\u00e4\u00e4 [&hellip;]","og_url":"https:\/\/sites.uef.fi\/kuopiobrainandmind\/esittelyssa-neurologian-erikoislaakari-lt-dosentti-paivi-hartikainen\/","og_site_name":"Kuopio Brain &amp; Mind","article_modified_time":"2026-01-26T06:55:05+00:00","twitter_card":"summary_large_image","twitter_misc":{"Est. reading time":"4 minutes"},"schema":{"@context":"https:\/\/schema.org","@graph":[{"@type":"WebPage","@id":"https:\/\/sites.uef.fi\/kuopiobrainandmind\/esittelyssa-neurologian-erikoislaakari-lt-dosentti-paivi-hartikainen\/","url":"https:\/\/sites.uef.fi\/kuopiobrainandmind\/esittelyssa-neurologian-erikoislaakari-lt-dosentti-paivi-hartikainen\/","name":"Esittelyss\u00e4 neurologian erikoisl\u00e4\u00e4k\u00e4ri, LT, dosentti, P\u00e4ivi Hartikainen - Kuopio Brain &amp; Mind","isPartOf":{"@id":"https:\/\/sites.uef.fi\/kuopiobrainandmind\/#website"},"datePublished":"2026-01-23T13:00:53+00:00","dateModified":"2026-01-26T06:55:05+00:00","breadcrumb":{"@id":"https:\/\/sites.uef.fi\/kuopiobrainandmind\/esittelyssa-neurologian-erikoislaakari-lt-dosentti-paivi-hartikainen\/#breadcrumb"},"inLanguage":"en-US","potentialAction":[{"@type":"ReadAction","target":["https:\/\/sites.uef.fi\/kuopiobrainandmind\/esittelyssa-neurologian-erikoislaakari-lt-dosentti-paivi-hartikainen\/"]}]},{"@type":"BreadcrumbList","@id":"https:\/\/sites.uef.fi\/kuopiobrainandmind\/esittelyssa-neurologian-erikoislaakari-lt-dosentti-paivi-hartikainen\/#breadcrumb","itemListElement":[{"@type":"ListItem","position":1,"name":"Home","item":"https:\/\/sites.uef.fi\/kuopiobrainandmind\/"},{"@type":"ListItem","position":2,"name":"Esittelyss\u00e4 neurologian erikoisl\u00e4\u00e4k\u00e4ri, LT, dosentti, P\u00e4ivi Hartikainen"}]},{"@type":"WebSite","@id":"https:\/\/sites.uef.fi\/kuopiobrainandmind\/#website","url":"https:\/\/sites.uef.fi\/kuopiobrainandmind\/","name":"Kuopio Brain &amp; Mind","description":"","potentialAction":[{"@type":"SearchAction","target":{"@type":"EntryPoint","urlTemplate":"https:\/\/sites.uef.fi\/kuopiobrainandmind\/?s={search_term_string}"},"query-input":{"@type":"PropertyValueSpecification","valueRequired":true,"valueName":"search_term_string"}}],"inLanguage":"en-US"}]}},"_links":{"self":[{"href":"https:\/\/sites.uef.fi\/kuopiobrainandmind\/wp-json\/wp\/v2\/pages\/1585","targetHints":{"allow":["GET"]}}],"collection":[{"href":"https:\/\/sites.uef.fi\/kuopiobrainandmind\/wp-json\/wp\/v2\/pages"}],"about":[{"href":"https:\/\/sites.uef.fi\/kuopiobrainandmind\/wp-json\/wp\/v2\/types\/page"}],"author":[{"embeddable":true,"href":"https:\/\/sites.uef.fi\/kuopiobrainandmind\/wp-json\/wp\/v2\/users\/850"}],"replies":[{"embeddable":true,"href":"https:\/\/sites.uef.fi\/kuopiobrainandmind\/wp-json\/wp\/v2\/comments?post=1585"}],"version-history":[{"count":1,"href":"https:\/\/sites.uef.fi\/kuopiobrainandmind\/wp-json\/wp\/v2\/pages\/1585\/revisions"}],"predecessor-version":[{"id":1604,"href":"https:\/\/sites.uef.fi\/kuopiobrainandmind\/wp-json\/wp\/v2\/pages\/1585\/revisions\/1604"}],"wp:attachment":[{"href":"https:\/\/sites.uef.fi\/kuopiobrainandmind\/wp-json\/wp\/v2\/media?parent=1585"}],"curies":[{"name":"wp","href":"https:\/\/api.w.org\/{rel}","templated":true}]}}