{"id":2452,"date":"2023-04-19T10:47:27","date_gmt":"2023-04-19T08:47:27","guid":{"rendered":"https:\/\/sites.uef.fi\/kyynelkanavat\/?page_id=2452"},"modified":"2023-04-19T11:00:34","modified_gmt":"2023-04-19T09:00:34","slug":"surento-runolaulua-ja-itkuvirsia","status":"publish","type":"page","link":"https:\/\/sites.uef.fi\/kyynelkanavat\/surento-runolaulua-ja-itkuvirsia\/","title":{"rendered":"Surento: \u00a0Runolaulua ja itkuvirsi\u00e4"},"content":{"rendered":"\n<h1 class=\"wp-block-heading has-medium-font-size\">Surento: \u00a0Runolaulua ja itkuvirsi\u00e4<\/h1>\n\n\n\n<p><strong>Konsertti Nikolainsalissa la 29.04.2023 klo 15<br>Tampereen ortodoksinen seurakuntatalo, Tuomiokirkonkatu 27, Tampere<\/strong><\/p>\n\n\n\n<p><strong>Surento:\u00a0 Liisa Matveinen, Emmi Kuittinen, Emilia Kallonen.\u00a0<br>Alkusanat: Itkuvirsiperinteest\u00e4 ennen ja nyt, Riikka Patrikainen TM, v\u00e4it\u00f6skirjatutkija<\/strong><\/p>\n\n\n\n<p><strong><em>Vapaa p\u00e4\u00e4sy. Ohjelma 10 \u20ac.<br>Maksullisen kahvitarjoilun j\u00e4rjest\u00e4\u00e4 Hervannan Karjala-seura.\u00a0<\/em><\/strong><\/p>\n\n\n\n<p>Kansanlauluyhtye Surennon akustisessa konsertissa kuuluvat uudet sek\u00e4 perinteiset runolaulu, itkuvirret ja improvisaatio. Liisa Matveinen, Emmi Kuittinen ja Emilia Kallonen ovat karjalaiseen ja inkeril\u00e4iseen perinteeseen sek\u00e4 itkuvirsiin erikoistuneita laulajia ja itkij\u00f6it\u00e4.&nbsp;<\/p>\n\n\n\n<p>Konsertin johdantona v\u00e4it\u00f6skirjatutkija TM Riikka Patrikainen kertoo itkuvirsiperinteest\u00e4 ennen ja nyt. Vahvasti yhteis\u00f6el\u00e4m\u00e4\u00e4n sitoutunut perinne on saanut uusia muotoja kulttuurisen ja sosiaalisen ymp\u00e4rist\u00f6n muuttuessa.<\/p>\n\n\n\n<p>Konsertti j\u00e4rjestet\u00e4\u00e4n osana Koneen S\u00e4\u00e4ti\u00f6n rahoittamaa Kyynelkanavat-hanketta, joka tutkii tieteen ja taiteen keinoin moninaista itkuvirsiperinnett\u00e4 nyky-Suomessa. Yhteisty\u00f6ss\u00e4 on Tampereen ortodoksinen seurakunta ja Hervannan Karjala-seura.<\/p>\n\n\n\n<p>Karjalaiset itkuvirret ovat surua, huolia ja syv\u00e4\u00e4 tunnetta ilmaisevaa, alkujaan rituaalista perinnett\u00e4, joka on tunnettu erityisesti Karjalan ortodoksien keskuudessa. Kyseess\u00e4 ei ole kirkollinen perinne, mutta itkuvirret ovat vuosituhansien ajan heijastaneet kokonaista maailmankuvaa ja toimineet er\u00e4\u00e4nlaisena kansanomaisena ja yhteis\u00f6llisen\u00e4 rukouskielen\u00e4. Perinteisesti itkij\u00e4 on kanavoinut koko yhteis\u00f6n tunteita ja yll\u00e4pit\u00e4nyt el\u00e4m\u00e4n tasapainoa yhteis\u00f6n sis\u00e4ll\u00e4.&nbsp;<\/p>\n\n\n\n<p>Runolaulu on itkuvirsien rinnakkaista musiikkiperinnett\u00e4, joka sekin on s\u00e4ilynyt pitk\u00e4\u00e4n ja monimuotoisena karjalaislaueilla. Lauletuissa kansanrunoissa kerrotaan myyttisi\u00e4 tarinoita ja puretaan erilaisia tunnelmia ja tuntoja usein hyvin kauniiden luontokuvauksien avulla.<\/p>\n\n\n\n<p>Surento-yhtyeen muusikot ovat taiteilijoina perehtyneet n\u00e4ihin perinteisiin ja tulkitsevat niit\u00e4 kunnioittavalla tavalla. Konserttiohjelmistoon tuodut itkuvirret ja runolaulut ovat muusikoiden omia, perinteisist\u00e4 itkuvirsist\u00e4 inspiroituneita s\u00e4vellyksi\u00e4 ja sanoituksia sek\u00e4 perinteisten runojen uusia sovituksia.<\/p>\n\n\n\n<p><\/p>\n\n\n\n<figure class=\"wp-block-image size-large\"><img loading=\"lazy\" decoding=\"async\" width=\"1024\" height=\"736\" src=\"https:\/\/sites.uef.fi\/kyynelkanavat\/wp-content\/uploads\/sites\/266\/2021\/12\/Kyynelkanavat-taiteilijat_kuvaVarpuHeiskanen-1024x736.png\" alt=\"Kuvassa kolme naista istuu eriv\u00e4risiss\u00e4 mekoissa hirsitalon ikkunan alla.\" class=\"wp-image-1084\" srcset=\"https:\/\/sites.uef.fi\/kyynelkanavat\/wp-content\/uploads\/sites\/266\/2021\/12\/Kyynelkanavat-taiteilijat_kuvaVarpuHeiskanen-1024x736.png 1024w, https:\/\/sites.uef.fi\/kyynelkanavat\/wp-content\/uploads\/sites\/266\/2021\/12\/Kyynelkanavat-taiteilijat_kuvaVarpuHeiskanen-300x216.png 300w, https:\/\/sites.uef.fi\/kyynelkanavat\/wp-content\/uploads\/sites\/266\/2021\/12\/Kyynelkanavat-taiteilijat_kuvaVarpuHeiskanen-768x552.png 768w, https:\/\/sites.uef.fi\/kyynelkanavat\/wp-content\/uploads\/sites\/266\/2021\/12\/Kyynelkanavat-taiteilijat_kuvaVarpuHeiskanen.png 1287w\" sizes=\"auto, (max-width: 1024px) 100vw, 1024px\" \/><figcaption class=\"wp-element-caption\">Surento: Liisa Matveinen, Emmi Kuittinen, Emilia Kallonen. Kuvaaja: Varpu Heiskanen<\/figcaption><\/figure>\n","protected":false},"excerpt":{"rendered":"<p>Surento: \u00a0Runolaulua ja itkuvirsi\u00e4 Konsertti Nikolainsalissa la 29.04.2023 klo 15Tampereen ortodoksinen seurakuntatalo, Tuomiokirkonkatu 27, Tampere Surento:\u00a0 Liisa Matveinen, Emmi Kuittinen, Emilia Kallonen.\u00a0Alkusanat: Itkuvirsiperinteest\u00e4 ennen ja nyt, Riikka Patrikainen TM, v\u00e4it\u00f6skirjatutkija Vapaa p\u00e4\u00e4sy. Ohjelma 10 \u20ac.Maksullisen kahvitarjoilun j\u00e4rjest\u00e4\u00e4 Hervannan Karjala-seura.\u00a0 Kansanlauluyhtye Surennon akustisessa konsertissa kuuluvat uudet sek\u00e4 perinteiset runolaulu, itkuvirret ja improvisaatio. Liisa Matveinen, Emmi Kuittinen [&hellip;]<\/p>\n","protected":false},"author":535,"featured_media":1084,"parent":0,"menu_order":0,"comment_status":"closed","ping_status":"closed","template":"","meta":{"_acf_changed":false,"footnotes":""},"class_list":["post-2452","page","type-page","status-publish","has-post-thumbnail","hentry"],"acf":[],"yoast_head":"<!-- This site is optimized with the Yoast SEO plugin v27.3 - https:\/\/yoast.com\/product\/yoast-seo-wordpress\/ -->\n<title>Surento: \u00a0Runolaulua ja itkuvirsi\u00e4 - Kyynelkanavat<\/title>\n<meta name=\"robots\" content=\"index, follow, max-snippet:-1, max-image-preview:large, max-video-preview:-1\" \/>\n<link rel=\"canonical\" href=\"https:\/\/sites.uef.fi\/kyynelkanavat\/surento-runolaulua-ja-itkuvirsia\/\" \/>\n<meta property=\"og:locale\" content=\"fi_FI\" \/>\n<meta property=\"og:type\" content=\"article\" \/>\n<meta property=\"og:title\" content=\"Surento: \u00a0Runolaulua ja itkuvirsi\u00e4 - Kyynelkanavat\" \/>\n<meta property=\"og:description\" content=\"Surento: \u00a0Runolaulua ja itkuvirsi\u00e4 Konsertti Nikolainsalissa la 29.04.2023 klo 15Tampereen ortodoksinen seurakuntatalo, Tuomiokirkonkatu 27, Tampere Surento:\u00a0 Liisa Matveinen, Emmi Kuittinen, Emilia Kallonen.\u00a0Alkusanat: Itkuvirsiperinteest\u00e4 ennen ja nyt, Riikka Patrikainen TM, v\u00e4it\u00f6skirjatutkija Vapaa p\u00e4\u00e4sy. Ohjelma 10 \u20ac.Maksullisen kahvitarjoilun j\u00e4rjest\u00e4\u00e4 Hervannan Karjala-seura.\u00a0 Kansanlauluyhtye Surennon akustisessa konsertissa kuuluvat uudet sek\u00e4 perinteiset runolaulu, itkuvirret ja improvisaatio. Liisa Matveinen, Emmi Kuittinen [&hellip;]\" \/>\n<meta property=\"og:url\" content=\"https:\/\/sites.uef.fi\/kyynelkanavat\/surento-runolaulua-ja-itkuvirsia\/\" \/>\n<meta property=\"og:site_name\" content=\"Kyynelkanavat\" \/>\n<meta property=\"article:modified_time\" content=\"2023-04-19T09:00:34+00:00\" \/>\n<meta property=\"og:image\" content=\"https:\/\/sites.uef.fi\/kyynelkanavat\/wp-content\/uploads\/sites\/266\/2021\/12\/Kyynelkanavat-taiteilijat_kuvaVarpuHeiskanen.png\" \/>\n\t<meta property=\"og:image:width\" content=\"1287\" \/>\n\t<meta property=\"og:image:height\" content=\"925\" \/>\n\t<meta property=\"og:image:type\" content=\"image\/png\" \/>\n<meta name=\"twitter:card\" content=\"summary_large_image\" \/>\n<meta name=\"twitter:label1\" content=\"Arvioitu lukuaika\" \/>\n\t<meta name=\"twitter:data1\" content=\"1 minuutti\" \/>\n<script type=\"application\/ld+json\" class=\"yoast-schema-graph\">{\"@context\":\"https:\\\/\\\/schema.org\",\"@graph\":[{\"@type\":\"WebPage\",\"@id\":\"https:\\\/\\\/sites.uef.fi\\\/kyynelkanavat\\\/surento-runolaulua-ja-itkuvirsia\\\/\",\"url\":\"https:\\\/\\\/sites.uef.fi\\\/kyynelkanavat\\\/surento-runolaulua-ja-itkuvirsia\\\/\",\"name\":\"Surento: \u00a0Runolaulua ja itkuvirsi\u00e4 - Kyynelkanavat\",\"isPartOf\":{\"@id\":\"https:\\\/\\\/sites.uef.fi\\\/kyynelkanavat\\\/#website\"},\"primaryImageOfPage\":{\"@id\":\"https:\\\/\\\/sites.uef.fi\\\/kyynelkanavat\\\/surento-runolaulua-ja-itkuvirsia\\\/#primaryimage\"},\"image\":{\"@id\":\"https:\\\/\\\/sites.uef.fi\\\/kyynelkanavat\\\/surento-runolaulua-ja-itkuvirsia\\\/#primaryimage\"},\"thumbnailUrl\":\"https:\\\/\\\/sites.uef.fi\\\/kyynelkanavat\\\/wp-content\\\/uploads\\\/sites\\\/266\\\/2021\\\/12\\\/Kyynelkanavat-taiteilijat_kuvaVarpuHeiskanen.png\",\"datePublished\":\"2023-04-19T08:47:27+00:00\",\"dateModified\":\"2023-04-19T09:00:34+00:00\",\"breadcrumb\":{\"@id\":\"https:\\\/\\\/sites.uef.fi\\\/kyynelkanavat\\\/surento-runolaulua-ja-itkuvirsia\\\/#breadcrumb\"},\"inLanguage\":\"fi\",\"potentialAction\":[{\"@type\":\"ReadAction\",\"target\":[\"https:\\\/\\\/sites.uef.fi\\\/kyynelkanavat\\\/surento-runolaulua-ja-itkuvirsia\\\/\"]}]},{\"@type\":\"ImageObject\",\"inLanguage\":\"fi\",\"@id\":\"https:\\\/\\\/sites.uef.fi\\\/kyynelkanavat\\\/surento-runolaulua-ja-itkuvirsia\\\/#primaryimage\",\"url\":\"https:\\\/\\\/sites.uef.fi\\\/kyynelkanavat\\\/wp-content\\\/uploads\\\/sites\\\/266\\\/2021\\\/12\\\/Kyynelkanavat-taiteilijat_kuvaVarpuHeiskanen.png\",\"contentUrl\":\"https:\\\/\\\/sites.uef.fi\\\/kyynelkanavat\\\/wp-content\\\/uploads\\\/sites\\\/266\\\/2021\\\/12\\\/Kyynelkanavat-taiteilijat_kuvaVarpuHeiskanen.png\",\"width\":1287,\"height\":925,\"caption\":\"Surento: Liisa Matveinen, Emmi Kuittinen, Emilia Kallonen. Kuvaaja: Varpu Heiskanen\"},{\"@type\":\"BreadcrumbList\",\"@id\":\"https:\\\/\\\/sites.uef.fi\\\/kyynelkanavat\\\/surento-runolaulua-ja-itkuvirsia\\\/#breadcrumb\",\"itemListElement\":[{\"@type\":\"ListItem\",\"position\":1,\"name\":\"Home\",\"item\":\"https:\\\/\\\/sites.uef.fi\\\/kyynelkanavat\\\/\"},{\"@type\":\"ListItem\",\"position\":2,\"name\":\"Surento: \u00a0Runolaulua ja itkuvirsi\u00e4\"}]},{\"@type\":\"WebSite\",\"@id\":\"https:\\\/\\\/sites.uef.fi\\\/kyynelkanavat\\\/#website\",\"url\":\"https:\\\/\\\/sites.uef.fi\\\/kyynelkanavat\\\/\",\"name\":\"Kyynelkanavat\",\"description\":\"\",\"potentialAction\":[{\"@type\":\"SearchAction\",\"target\":{\"@type\":\"EntryPoint\",\"urlTemplate\":\"https:\\\/\\\/sites.uef.fi\\\/kyynelkanavat\\\/?s={search_term_string}\"},\"query-input\":{\"@type\":\"PropertyValueSpecification\",\"valueRequired\":true,\"valueName\":\"search_term_string\"}}],\"inLanguage\":\"fi\"}]}<\/script>\n<!-- \/ Yoast SEO plugin. -->","yoast_head_json":{"title":"Surento: \u00a0Runolaulua ja itkuvirsi\u00e4 - Kyynelkanavat","robots":{"index":"index","follow":"follow","max-snippet":"max-snippet:-1","max-image-preview":"max-image-preview:large","max-video-preview":"max-video-preview:-1"},"canonical":"https:\/\/sites.uef.fi\/kyynelkanavat\/surento-runolaulua-ja-itkuvirsia\/","og_locale":"fi_FI","og_type":"article","og_title":"Surento: \u00a0Runolaulua ja itkuvirsi\u00e4 - Kyynelkanavat","og_description":"Surento: \u00a0Runolaulua ja itkuvirsi\u00e4 Konsertti Nikolainsalissa la 29.04.2023 klo 15Tampereen ortodoksinen seurakuntatalo, Tuomiokirkonkatu 27, Tampere Surento:\u00a0 Liisa Matveinen, Emmi Kuittinen, Emilia Kallonen.\u00a0Alkusanat: Itkuvirsiperinteest\u00e4 ennen ja nyt, Riikka Patrikainen TM, v\u00e4it\u00f6skirjatutkija Vapaa p\u00e4\u00e4sy. Ohjelma 10 \u20ac.Maksullisen kahvitarjoilun j\u00e4rjest\u00e4\u00e4 Hervannan Karjala-seura.\u00a0 Kansanlauluyhtye Surennon akustisessa konsertissa kuuluvat uudet sek\u00e4 perinteiset runolaulu, itkuvirret ja improvisaatio. Liisa Matveinen, Emmi Kuittinen [&hellip;]","og_url":"https:\/\/sites.uef.fi\/kyynelkanavat\/surento-runolaulua-ja-itkuvirsia\/","og_site_name":"Kyynelkanavat","article_modified_time":"2023-04-19T09:00:34+00:00","og_image":[{"width":1287,"height":925,"url":"https:\/\/sites.uef.fi\/kyynelkanavat\/wp-content\/uploads\/sites\/266\/2021\/12\/Kyynelkanavat-taiteilijat_kuvaVarpuHeiskanen.png","type":"image\/png"}],"twitter_card":"summary_large_image","twitter_misc":{"Arvioitu lukuaika":"1 minuutti"},"schema":{"@context":"https:\/\/schema.org","@graph":[{"@type":"WebPage","@id":"https:\/\/sites.uef.fi\/kyynelkanavat\/surento-runolaulua-ja-itkuvirsia\/","url":"https:\/\/sites.uef.fi\/kyynelkanavat\/surento-runolaulua-ja-itkuvirsia\/","name":"Surento: \u00a0Runolaulua ja itkuvirsi\u00e4 - Kyynelkanavat","isPartOf":{"@id":"https:\/\/sites.uef.fi\/kyynelkanavat\/#website"},"primaryImageOfPage":{"@id":"https:\/\/sites.uef.fi\/kyynelkanavat\/surento-runolaulua-ja-itkuvirsia\/#primaryimage"},"image":{"@id":"https:\/\/sites.uef.fi\/kyynelkanavat\/surento-runolaulua-ja-itkuvirsia\/#primaryimage"},"thumbnailUrl":"https:\/\/sites.uef.fi\/kyynelkanavat\/wp-content\/uploads\/sites\/266\/2021\/12\/Kyynelkanavat-taiteilijat_kuvaVarpuHeiskanen.png","datePublished":"2023-04-19T08:47:27+00:00","dateModified":"2023-04-19T09:00:34+00:00","breadcrumb":{"@id":"https:\/\/sites.uef.fi\/kyynelkanavat\/surento-runolaulua-ja-itkuvirsia\/#breadcrumb"},"inLanguage":"fi","potentialAction":[{"@type":"ReadAction","target":["https:\/\/sites.uef.fi\/kyynelkanavat\/surento-runolaulua-ja-itkuvirsia\/"]}]},{"@type":"ImageObject","inLanguage":"fi","@id":"https:\/\/sites.uef.fi\/kyynelkanavat\/surento-runolaulua-ja-itkuvirsia\/#primaryimage","url":"https:\/\/sites.uef.fi\/kyynelkanavat\/wp-content\/uploads\/sites\/266\/2021\/12\/Kyynelkanavat-taiteilijat_kuvaVarpuHeiskanen.png","contentUrl":"https:\/\/sites.uef.fi\/kyynelkanavat\/wp-content\/uploads\/sites\/266\/2021\/12\/Kyynelkanavat-taiteilijat_kuvaVarpuHeiskanen.png","width":1287,"height":925,"caption":"Surento: Liisa Matveinen, Emmi Kuittinen, Emilia Kallonen. Kuvaaja: Varpu Heiskanen"},{"@type":"BreadcrumbList","@id":"https:\/\/sites.uef.fi\/kyynelkanavat\/surento-runolaulua-ja-itkuvirsia\/#breadcrumb","itemListElement":[{"@type":"ListItem","position":1,"name":"Home","item":"https:\/\/sites.uef.fi\/kyynelkanavat\/"},{"@type":"ListItem","position":2,"name":"Surento: \u00a0Runolaulua ja itkuvirsi\u00e4"}]},{"@type":"WebSite","@id":"https:\/\/sites.uef.fi\/kyynelkanavat\/#website","url":"https:\/\/sites.uef.fi\/kyynelkanavat\/","name":"Kyynelkanavat","description":"","potentialAction":[{"@type":"SearchAction","target":{"@type":"EntryPoint","urlTemplate":"https:\/\/sites.uef.fi\/kyynelkanavat\/?s={search_term_string}"},"query-input":{"@type":"PropertyValueSpecification","valueRequired":true,"valueName":"search_term_string"}}],"inLanguage":"fi"}]}},"_links":{"self":[{"href":"https:\/\/sites.uef.fi\/kyynelkanavat\/wp-json\/wp\/v2\/pages\/2452","targetHints":{"allow":["GET"]}}],"collection":[{"href":"https:\/\/sites.uef.fi\/kyynelkanavat\/wp-json\/wp\/v2\/pages"}],"about":[{"href":"https:\/\/sites.uef.fi\/kyynelkanavat\/wp-json\/wp\/v2\/types\/page"}],"author":[{"embeddable":true,"href":"https:\/\/sites.uef.fi\/kyynelkanavat\/wp-json\/wp\/v2\/users\/535"}],"replies":[{"embeddable":true,"href":"https:\/\/sites.uef.fi\/kyynelkanavat\/wp-json\/wp\/v2\/comments?post=2452"}],"version-history":[{"count":1,"href":"https:\/\/sites.uef.fi\/kyynelkanavat\/wp-json\/wp\/v2\/pages\/2452\/revisions"}],"predecessor-version":[{"id":2467,"href":"https:\/\/sites.uef.fi\/kyynelkanavat\/wp-json\/wp\/v2\/pages\/2452\/revisions\/2467"}],"wp:featuredmedia":[{"embeddable":true,"href":"https:\/\/sites.uef.fi\/kyynelkanavat\/wp-json\/wp\/v2\/media\/1084"}],"wp:attachment":[{"href":"https:\/\/sites.uef.fi\/kyynelkanavat\/wp-json\/wp\/v2\/media?parent=2452"}],"curies":[{"name":"wp","href":"https:\/\/api.w.org\/{rel}","templated":true}]}}