{"id":513,"date":"2021-05-25T18:25:24","date_gmt":"2021-05-25T16:25:24","guid":{"rendered":"https:\/\/sites.uef.fi\/kyynelkanavat\/?page_id=513"},"modified":"2024-01-19T16:27:12","modified_gmt":"2024-01-19T14:27:12","slug":"viliina-silvonen","status":"publish","type":"page","link":"https:\/\/sites.uef.fi\/kyynelkanavat\/tyoryhma\/viliina-silvonen\/","title":{"rendered":"Viliina Silvonen"},"content":{"rendered":"\n<p>Viliina Silvonen on folkloristi ja kulttuurintutkija, joka on erikoistunut karjalaiseen itkuvirsiperinteeseen. V\u00e4it\u00f6stutkimuksessaan (2022) Silvonen analysoi aunuksenkarjalaisten itkuvirsien tunteita ja affektiivisuutta sek\u00e4 poetiikkaa tekstin, musiikin ja tunteen kokonaisuutena. Tutkimuksessaan h\u00e4n tarkastelee arkisto\u00e4\u00e4nitteiden itkuvirsi\u00e4 monitieteisesti yhdist\u00e4en performanssi- ja k\u00e4yt\u00e4nt\u00f6teoreettisia sek\u00e4 tunne- ja affektiteoreettisia n\u00e4k\u00f6kulmia. Metodologisesti tutkimus perustuu teksti-, musiikki- ja \u00e4\u00e4nianalyysiin sek\u00e4 moniaistiseen havainnointiin.<\/p>\n\n\n\n<p>Kyynelkanavat-hankkeessa tutkijatohtorina Silvonen laajentaa tutkimuskohdettaan nyky-Suomen itkuvirsiperinteen moninaisuuteen ja jatkumoon menneest\u00e4 nykyisyyteen. Silvonen on muusikko Emmi Kuittisen ty\u00f6pari, ja he tarkastelevat itkuvirsi\u00e4 muun muassa taiteellisena ilmaisuna. Yleisesti Silvonen on kiinnostunut menneen ja nykyisyyden vuorovaikutuksesta ja siit\u00e4, miten ihmiset uusintavat ja soveltavat perinnett\u00e4 sek\u00e4 mink\u00e4laisia merkityksi\u00e4 ihmiset antavat perinteelle vaihtelevissa sosiaalisissa ja kulttuurisissa konteksteissa.<\/p>\n\n\n\n<p>Silvonen v\u00e4itteli Helsingin yliopiston folkloristiikassa tammikuussa 2022. Kyynelkanavat-hankkeen tutkijana Silvonen ty\u00f6skentelee <a href=\"https:\/\/www.finlit.fi\/fi\/tutkimus\">Suomalaisen Kirjallisuuden Seuran tutkimusosastolla<\/a>. Silvonen on valmistunut filosofian maisteriksi Turun yliopiston folkloristiikasta vuonna 2014. H\u00e4nell\u00e4 on my\u00f6s \u00e4idinkielen ja kirjallisuuden opettajan koulutus. Silvonen kuuluu <a href=\"https:\/\/journal.fi\/elore\">Eloren<\/a> toimituskuntaan ja on yksi <a href=\"https:\/\/blogs.helsinki.fi\/folkloristi\">P\u00e4ivyst\u00e4v\u00e4 folkloristi -tiedeblogin<\/a> perustajista ja toimittajista.<\/p>\n\n\n\n<p>Orcid ID: <a href=\"https:\/\/orcid.org\/0000-0002-7191-4956\" target=\"_blank\" rel=\"noreferrer noopener\">https:\/\/orcid.org\/0000-0002-7191-4956<\/a><\/p>\n\n\n\n<p><em>kiinnostukset: itkuvirret, affektiivisuus, tunne, performanssi, k\u00e4yt\u00e4nt\u00f6, arkistoaineistot, perinne, kulttuuriperint\u00f6<\/em>,<em> karjalaisuus<\/em><\/p>\n","protected":false},"excerpt":{"rendered":"<p>Viliina Silvonen on folkloristi ja kulttuurintutkija, joka on erikoistunut karjalaiseen itkuvirsiperinteeseen. V\u00e4it\u00f6stutkimuksessaan (2022) Silvonen analysoi aunuksenkarjalaisten itkuvirsien tunteita ja affektiivisuutta sek\u00e4 poetiikkaa tekstin, musiikin ja tunteen kokonaisuutena. Tutkimuksessaan h\u00e4n tarkastelee arkisto\u00e4\u00e4nitteiden itkuvirsi\u00e4 monitieteisesti yhdist\u00e4en performanssi- ja k\u00e4yt\u00e4nt\u00f6teoreettisia sek\u00e4 tunne- ja affektiteoreettisia n\u00e4k\u00f6kulmia. Metodologisesti tutkimus perustuu teksti-, musiikki- ja \u00e4\u00e4nianalyysiin sek\u00e4 moniaistiseen havainnointiin. Kyynelkanavat-hankkeessa tutkijatohtorina Silvonen [&hellip;]<\/p>\n","protected":false},"author":535,"featured_media":0,"parent":99,"menu_order":0,"comment_status":"closed","ping_status":"closed","template":"","meta":{"_acf_changed":false,"footnotes":""},"class_list":["post-513","page","type-page","status-publish","hentry"],"acf":[],"yoast_head":"<!-- This site is optimized with the Yoast SEO plugin v27.3 - https:\/\/yoast.com\/product\/yoast-seo-wordpress\/ -->\n<title>Viliina Silvonen - Kyynelkanavat<\/title>\n<meta name=\"robots\" content=\"index, follow, max-snippet:-1, max-image-preview:large, max-video-preview:-1\" \/>\n<link rel=\"canonical\" href=\"https:\/\/sites.uef.fi\/kyynelkanavat\/tyoryhma\/viliina-silvonen\/\" \/>\n<meta property=\"og:locale\" content=\"fi_FI\" \/>\n<meta property=\"og:type\" content=\"article\" \/>\n<meta property=\"og:title\" content=\"Viliina Silvonen - Kyynelkanavat\" \/>\n<meta property=\"og:description\" content=\"Viliina Silvonen on folkloristi ja kulttuurintutkija, joka on erikoistunut karjalaiseen itkuvirsiperinteeseen. V\u00e4it\u00f6stutkimuksessaan (2022) Silvonen analysoi aunuksenkarjalaisten itkuvirsien tunteita ja affektiivisuutta sek\u00e4 poetiikkaa tekstin, musiikin ja tunteen kokonaisuutena. Tutkimuksessaan h\u00e4n tarkastelee arkisto\u00e4\u00e4nitteiden itkuvirsi\u00e4 monitieteisesti yhdist\u00e4en performanssi- ja k\u00e4yt\u00e4nt\u00f6teoreettisia sek\u00e4 tunne- ja affektiteoreettisia n\u00e4k\u00f6kulmia. Metodologisesti tutkimus perustuu teksti-, musiikki- ja \u00e4\u00e4nianalyysiin sek\u00e4 moniaistiseen havainnointiin. Kyynelkanavat-hankkeessa tutkijatohtorina Silvonen [&hellip;]\" \/>\n<meta property=\"og:url\" content=\"https:\/\/sites.uef.fi\/kyynelkanavat\/tyoryhma\/viliina-silvonen\/\" \/>\n<meta property=\"og:site_name\" content=\"Kyynelkanavat\" \/>\n<meta property=\"article:modified_time\" content=\"2024-01-19T14:27:12+00:00\" \/>\n<meta name=\"twitter:card\" content=\"summary_large_image\" \/>\n<meta name=\"twitter:label1\" content=\"Arvioitu lukuaika\" \/>\n\t<meta name=\"twitter:data1\" content=\"2 minuuttia\" \/>\n<script type=\"application\/ld+json\" class=\"yoast-schema-graph\">{\"@context\":\"https:\\\/\\\/schema.org\",\"@graph\":[{\"@type\":\"WebPage\",\"@id\":\"https:\\\/\\\/sites.uef.fi\\\/kyynelkanavat\\\/tyoryhma\\\/viliina-silvonen\\\/\",\"url\":\"https:\\\/\\\/sites.uef.fi\\\/kyynelkanavat\\\/tyoryhma\\\/viliina-silvonen\\\/\",\"name\":\"Viliina Silvonen - Kyynelkanavat\",\"isPartOf\":{\"@id\":\"https:\\\/\\\/sites.uef.fi\\\/kyynelkanavat\\\/#website\"},\"datePublished\":\"2021-05-25T16:25:24+00:00\",\"dateModified\":\"2024-01-19T14:27:12+00:00\",\"breadcrumb\":{\"@id\":\"https:\\\/\\\/sites.uef.fi\\\/kyynelkanavat\\\/tyoryhma\\\/viliina-silvonen\\\/#breadcrumb\"},\"inLanguage\":\"fi\",\"potentialAction\":[{\"@type\":\"ReadAction\",\"target\":[\"https:\\\/\\\/sites.uef.fi\\\/kyynelkanavat\\\/tyoryhma\\\/viliina-silvonen\\\/\"]}]},{\"@type\":\"BreadcrumbList\",\"@id\":\"https:\\\/\\\/sites.uef.fi\\\/kyynelkanavat\\\/tyoryhma\\\/viliina-silvonen\\\/#breadcrumb\",\"itemListElement\":[{\"@type\":\"ListItem\",\"position\":1,\"name\":\"Home\",\"item\":\"https:\\\/\\\/sites.uef.fi\\\/kyynelkanavat\\\/\"},{\"@type\":\"ListItem\",\"position\":2,\"name\":\"Ty\u00f6ryhm\u00e4 ja teemat\",\"item\":\"https:\\\/\\\/sites.uef.fi\\\/kyynelkanavat\\\/tyoryhma\\\/\"},{\"@type\":\"ListItem\",\"position\":3,\"name\":\"Viliina Silvonen\"}]},{\"@type\":\"WebSite\",\"@id\":\"https:\\\/\\\/sites.uef.fi\\\/kyynelkanavat\\\/#website\",\"url\":\"https:\\\/\\\/sites.uef.fi\\\/kyynelkanavat\\\/\",\"name\":\"Kyynelkanavat\",\"description\":\"\",\"potentialAction\":[{\"@type\":\"SearchAction\",\"target\":{\"@type\":\"EntryPoint\",\"urlTemplate\":\"https:\\\/\\\/sites.uef.fi\\\/kyynelkanavat\\\/?s={search_term_string}\"},\"query-input\":{\"@type\":\"PropertyValueSpecification\",\"valueRequired\":true,\"valueName\":\"search_term_string\"}}],\"inLanguage\":\"fi\"}]}<\/script>\n<!-- \/ Yoast SEO plugin. -->","yoast_head_json":{"title":"Viliina Silvonen - Kyynelkanavat","robots":{"index":"index","follow":"follow","max-snippet":"max-snippet:-1","max-image-preview":"max-image-preview:large","max-video-preview":"max-video-preview:-1"},"canonical":"https:\/\/sites.uef.fi\/kyynelkanavat\/tyoryhma\/viliina-silvonen\/","og_locale":"fi_FI","og_type":"article","og_title":"Viliina Silvonen - Kyynelkanavat","og_description":"Viliina Silvonen on folkloristi ja kulttuurintutkija, joka on erikoistunut karjalaiseen itkuvirsiperinteeseen. V\u00e4it\u00f6stutkimuksessaan (2022) Silvonen analysoi aunuksenkarjalaisten itkuvirsien tunteita ja affektiivisuutta sek\u00e4 poetiikkaa tekstin, musiikin ja tunteen kokonaisuutena. Tutkimuksessaan h\u00e4n tarkastelee arkisto\u00e4\u00e4nitteiden itkuvirsi\u00e4 monitieteisesti yhdist\u00e4en performanssi- ja k\u00e4yt\u00e4nt\u00f6teoreettisia sek\u00e4 tunne- ja affektiteoreettisia n\u00e4k\u00f6kulmia. Metodologisesti tutkimus perustuu teksti-, musiikki- ja \u00e4\u00e4nianalyysiin sek\u00e4 moniaistiseen havainnointiin. Kyynelkanavat-hankkeessa tutkijatohtorina Silvonen [&hellip;]","og_url":"https:\/\/sites.uef.fi\/kyynelkanavat\/tyoryhma\/viliina-silvonen\/","og_site_name":"Kyynelkanavat","article_modified_time":"2024-01-19T14:27:12+00:00","twitter_card":"summary_large_image","twitter_misc":{"Arvioitu lukuaika":"2 minuuttia"},"schema":{"@context":"https:\/\/schema.org","@graph":[{"@type":"WebPage","@id":"https:\/\/sites.uef.fi\/kyynelkanavat\/tyoryhma\/viliina-silvonen\/","url":"https:\/\/sites.uef.fi\/kyynelkanavat\/tyoryhma\/viliina-silvonen\/","name":"Viliina Silvonen - Kyynelkanavat","isPartOf":{"@id":"https:\/\/sites.uef.fi\/kyynelkanavat\/#website"},"datePublished":"2021-05-25T16:25:24+00:00","dateModified":"2024-01-19T14:27:12+00:00","breadcrumb":{"@id":"https:\/\/sites.uef.fi\/kyynelkanavat\/tyoryhma\/viliina-silvonen\/#breadcrumb"},"inLanguage":"fi","potentialAction":[{"@type":"ReadAction","target":["https:\/\/sites.uef.fi\/kyynelkanavat\/tyoryhma\/viliina-silvonen\/"]}]},{"@type":"BreadcrumbList","@id":"https:\/\/sites.uef.fi\/kyynelkanavat\/tyoryhma\/viliina-silvonen\/#breadcrumb","itemListElement":[{"@type":"ListItem","position":1,"name":"Home","item":"https:\/\/sites.uef.fi\/kyynelkanavat\/"},{"@type":"ListItem","position":2,"name":"Ty\u00f6ryhm\u00e4 ja teemat","item":"https:\/\/sites.uef.fi\/kyynelkanavat\/tyoryhma\/"},{"@type":"ListItem","position":3,"name":"Viliina Silvonen"}]},{"@type":"WebSite","@id":"https:\/\/sites.uef.fi\/kyynelkanavat\/#website","url":"https:\/\/sites.uef.fi\/kyynelkanavat\/","name":"Kyynelkanavat","description":"","potentialAction":[{"@type":"SearchAction","target":{"@type":"EntryPoint","urlTemplate":"https:\/\/sites.uef.fi\/kyynelkanavat\/?s={search_term_string}"},"query-input":{"@type":"PropertyValueSpecification","valueRequired":true,"valueName":"search_term_string"}}],"inLanguage":"fi"}]}},"_links":{"self":[{"href":"https:\/\/sites.uef.fi\/kyynelkanavat\/wp-json\/wp\/v2\/pages\/513","targetHints":{"allow":["GET"]}}],"collection":[{"href":"https:\/\/sites.uef.fi\/kyynelkanavat\/wp-json\/wp\/v2\/pages"}],"about":[{"href":"https:\/\/sites.uef.fi\/kyynelkanavat\/wp-json\/wp\/v2\/types\/page"}],"author":[{"embeddable":true,"href":"https:\/\/sites.uef.fi\/kyynelkanavat\/wp-json\/wp\/v2\/users\/535"}],"replies":[{"embeddable":true,"href":"https:\/\/sites.uef.fi\/kyynelkanavat\/wp-json\/wp\/v2\/comments?post=513"}],"version-history":[{"count":2,"href":"https:\/\/sites.uef.fi\/kyynelkanavat\/wp-json\/wp\/v2\/pages\/513\/revisions"}],"predecessor-version":[{"id":3050,"href":"https:\/\/sites.uef.fi\/kyynelkanavat\/wp-json\/wp\/v2\/pages\/513\/revisions\/3050"}],"up":[{"embeddable":true,"href":"https:\/\/sites.uef.fi\/kyynelkanavat\/wp-json\/wp\/v2\/pages\/99"}],"wp:attachment":[{"href":"https:\/\/sites.uef.fi\/kyynelkanavat\/wp-json\/wp\/v2\/media?parent=513"}],"curies":[{"name":"wp","href":"https:\/\/api.w.org\/{rel}","templated":true}]}}