{"id":540,"date":"2021-05-25T18:30:03","date_gmt":"2021-05-25T16:30:03","guid":{"rendered":"https:\/\/sites.uef.fi\/kyynelkanavat\/?page_id=540"},"modified":"2021-05-26T18:48:04","modified_gmt":"2021-05-26T16:48:04","slug":"emmi-kuittinen","status":"publish","type":"page","link":"https:\/\/sites.uef.fi\/kyynelkanavat\/tyoryhma\/emmi-kuittinen\/","title":{"rendered":"Emmi Kuittinen"},"content":{"rendered":"\n<p>Emmi Kuittinen on karjalaiseen perinteeseen ja erityisesti itkuvirsiin perehtynyt laulaja ja kansanmuusikko. H\u00e4n on koulutukseltaan musiikin maisteri ja musiikkipedagogi (AMK).<\/p>\n\n\n\n<p>Kuittinen on esitt\u00e4nyt itkuvirsi\u00e4 soolona kaikenlaisissa tilaisuuksissa taiden\u00e4yttelyn avajaisista mielenosoitukseen, illalliskutsuista omiin konsertteihin. Syksyll\u00e4 2020 Kuittinen julkaisi yhdess\u00e4 Ikuisen ik\u00e4v\u00e4n orkesterin kanssa Itken ja laulan -levyn, joka oli my\u00f6s yksi Emma Gaalan Vuoden Etnoalbumi -ehdokkaista. Kuittinen perusti Ikuisen ik\u00e4v\u00e4n orkesterin kolmip\u00e4iv\u00e4ist\u00e4 Kuolinriitti-esityst\u00e4 varten vuonna 2017. Kuittisen itkuvirsi\u00e4 on kuultu my\u00f6s Project Vainiolla Ensemble Suruvesi-levyll\u00e4, jossa ne yhdistyv\u00e4t pianisti Kalle Vainion s\u00e4vellyksiin.<\/p>\n\n\n\n<p>Kuittinen on yhdist\u00e4nyt itkuvirsi\u00e4 my\u00f6s muihin taiteenlajeihin: Rajamailla Companyssa tanssiin, Tupacircuksessa nykysirkukseen ja Ilon ja surun klubilla koomikko Miska Kajanuksen kanssa stand up -komiikkaan. Kuittinen on ollut mukana monissa kansanlauluyhtyeiss\u00e4, ja taiteellisen ty\u00f6n lis\u00e4ksi h\u00e4n toimii itkuvirsikouluttajana, yhteis\u00f6muusikkona ja kansanlaulun opettajana.<\/p>\n\n\n\n<p><a rel=\"noreferrer noopener\" href=\"https:\/\/emmikuittinen.com\/\" target=\"_blank\">Emmi Kuittisen nettisivut<\/a><\/p>\n\n\n\n<p><\/p>\n","protected":false},"excerpt":{"rendered":"<p>Emmi Kuittinen on karjalaiseen perinteeseen ja erityisesti itkuvirsiin perehtynyt laulaja ja kansanmuusikko. H\u00e4n on koulutukseltaan musiikin maisteri ja musiikkipedagogi (AMK). Kuittinen on esitt\u00e4nyt itkuvirsi\u00e4 soolona kaikenlaisissa tilaisuuksissa taiden\u00e4yttelyn avajaisista mielenosoitukseen, illalliskutsuista omiin konsertteihin. Syksyll\u00e4 2020 Kuittinen julkaisi yhdess\u00e4 Ikuisen ik\u00e4v\u00e4n orkesterin kanssa Itken ja laulan -levyn, joka oli my\u00f6s yksi Emma Gaalan Vuoden Etnoalbumi -ehdokkaista. [&hellip;]<\/p>\n","protected":false},"author":535,"featured_media":0,"parent":99,"menu_order":0,"comment_status":"closed","ping_status":"closed","template":"","meta":{"_acf_changed":false,"footnotes":""},"class_list":["post-540","page","type-page","status-publish","hentry"],"acf":[],"yoast_head":"<!-- This site is optimized with the Yoast SEO plugin v27.1.1 - https:\/\/yoast.com\/product\/yoast-seo-wordpress\/ -->\n<title>Emmi Kuittinen - Kyynelkanavat<\/title>\n<meta name=\"robots\" content=\"index, follow, max-snippet:-1, max-image-preview:large, max-video-preview:-1\" \/>\n<link rel=\"canonical\" href=\"https:\/\/sites.uef.fi\/kyynelkanavat\/tyoryhma\/emmi-kuittinen\/\" \/>\n<meta property=\"og:locale\" content=\"fi_FI\" \/>\n<meta property=\"og:type\" content=\"article\" \/>\n<meta property=\"og:title\" content=\"Emmi Kuittinen - Kyynelkanavat\" \/>\n<meta property=\"og:description\" content=\"Emmi Kuittinen on karjalaiseen perinteeseen ja erityisesti itkuvirsiin perehtynyt laulaja ja kansanmuusikko. H\u00e4n on koulutukseltaan musiikin maisteri ja musiikkipedagogi (AMK). Kuittinen on esitt\u00e4nyt itkuvirsi\u00e4 soolona kaikenlaisissa tilaisuuksissa taiden\u00e4yttelyn avajaisista mielenosoitukseen, illalliskutsuista omiin konsertteihin. Syksyll\u00e4 2020 Kuittinen julkaisi yhdess\u00e4 Ikuisen ik\u00e4v\u00e4n orkesterin kanssa Itken ja laulan -levyn, joka oli my\u00f6s yksi Emma Gaalan Vuoden Etnoalbumi -ehdokkaista. [&hellip;]\" \/>\n<meta property=\"og:url\" content=\"https:\/\/sites.uef.fi\/kyynelkanavat\/tyoryhma\/emmi-kuittinen\/\" \/>\n<meta property=\"og:site_name\" content=\"Kyynelkanavat\" \/>\n<meta property=\"article:modified_time\" content=\"2021-05-26T16:48:04+00:00\" \/>\n<meta name=\"twitter:card\" content=\"summary_large_image\" \/>\n<meta name=\"twitter:label1\" content=\"Arvioitu lukuaika\" \/>\n\t<meta name=\"twitter:data1\" content=\"1 minuutti\" \/>\n<script type=\"application\/ld+json\" class=\"yoast-schema-graph\">{\"@context\":\"https:\/\/schema.org\",\"@graph\":[{\"@type\":\"WebPage\",\"@id\":\"https:\/\/sites.uef.fi\/kyynelkanavat\/tyoryhma\/emmi-kuittinen\/\",\"url\":\"https:\/\/sites.uef.fi\/kyynelkanavat\/tyoryhma\/emmi-kuittinen\/\",\"name\":\"Emmi Kuittinen - Kyynelkanavat\",\"isPartOf\":{\"@id\":\"https:\/\/sites.uef.fi\/kyynelkanavat\/#website\"},\"datePublished\":\"2021-05-25T16:30:03+00:00\",\"dateModified\":\"2021-05-26T16:48:04+00:00\",\"breadcrumb\":{\"@id\":\"https:\/\/sites.uef.fi\/kyynelkanavat\/tyoryhma\/emmi-kuittinen\/#breadcrumb\"},\"inLanguage\":\"fi\",\"potentialAction\":[{\"@type\":\"ReadAction\",\"target\":[\"https:\/\/sites.uef.fi\/kyynelkanavat\/tyoryhma\/emmi-kuittinen\/\"]}]},{\"@type\":\"BreadcrumbList\",\"@id\":\"https:\/\/sites.uef.fi\/kyynelkanavat\/tyoryhma\/emmi-kuittinen\/#breadcrumb\",\"itemListElement\":[{\"@type\":\"ListItem\",\"position\":1,\"name\":\"Home\",\"item\":\"https:\/\/sites.uef.fi\/kyynelkanavat\/\"},{\"@type\":\"ListItem\",\"position\":2,\"name\":\"Ty\u00f6ryhm\u00e4 ja teemat\",\"item\":\"https:\/\/sites.uef.fi\/kyynelkanavat\/tyoryhma\/\"},{\"@type\":\"ListItem\",\"position\":3,\"name\":\"Emmi Kuittinen\"}]},{\"@type\":\"WebSite\",\"@id\":\"https:\/\/sites.uef.fi\/kyynelkanavat\/#website\",\"url\":\"https:\/\/sites.uef.fi\/kyynelkanavat\/\",\"name\":\"Kyynelkanavat\",\"description\":\"\",\"potentialAction\":[{\"@type\":\"SearchAction\",\"target\":{\"@type\":\"EntryPoint\",\"urlTemplate\":\"https:\/\/sites.uef.fi\/kyynelkanavat\/?s={search_term_string}\"},\"query-input\":{\"@type\":\"PropertyValueSpecification\",\"valueRequired\":true,\"valueName\":\"search_term_string\"}}],\"inLanguage\":\"fi\"}]}<\/script>\n<!-- \/ Yoast SEO plugin. -->","yoast_head_json":{"title":"Emmi Kuittinen - Kyynelkanavat","robots":{"index":"index","follow":"follow","max-snippet":"max-snippet:-1","max-image-preview":"max-image-preview:large","max-video-preview":"max-video-preview:-1"},"canonical":"https:\/\/sites.uef.fi\/kyynelkanavat\/tyoryhma\/emmi-kuittinen\/","og_locale":"fi_FI","og_type":"article","og_title":"Emmi Kuittinen - Kyynelkanavat","og_description":"Emmi Kuittinen on karjalaiseen perinteeseen ja erityisesti itkuvirsiin perehtynyt laulaja ja kansanmuusikko. H\u00e4n on koulutukseltaan musiikin maisteri ja musiikkipedagogi (AMK). Kuittinen on esitt\u00e4nyt itkuvirsi\u00e4 soolona kaikenlaisissa tilaisuuksissa taiden\u00e4yttelyn avajaisista mielenosoitukseen, illalliskutsuista omiin konsertteihin. Syksyll\u00e4 2020 Kuittinen julkaisi yhdess\u00e4 Ikuisen ik\u00e4v\u00e4n orkesterin kanssa Itken ja laulan -levyn, joka oli my\u00f6s yksi Emma Gaalan Vuoden Etnoalbumi -ehdokkaista. [&hellip;]","og_url":"https:\/\/sites.uef.fi\/kyynelkanavat\/tyoryhma\/emmi-kuittinen\/","og_site_name":"Kyynelkanavat","article_modified_time":"2021-05-26T16:48:04+00:00","twitter_card":"summary_large_image","twitter_misc":{"Arvioitu lukuaika":"1 minuutti"},"schema":{"@context":"https:\/\/schema.org","@graph":[{"@type":"WebPage","@id":"https:\/\/sites.uef.fi\/kyynelkanavat\/tyoryhma\/emmi-kuittinen\/","url":"https:\/\/sites.uef.fi\/kyynelkanavat\/tyoryhma\/emmi-kuittinen\/","name":"Emmi Kuittinen - Kyynelkanavat","isPartOf":{"@id":"https:\/\/sites.uef.fi\/kyynelkanavat\/#website"},"datePublished":"2021-05-25T16:30:03+00:00","dateModified":"2021-05-26T16:48:04+00:00","breadcrumb":{"@id":"https:\/\/sites.uef.fi\/kyynelkanavat\/tyoryhma\/emmi-kuittinen\/#breadcrumb"},"inLanguage":"fi","potentialAction":[{"@type":"ReadAction","target":["https:\/\/sites.uef.fi\/kyynelkanavat\/tyoryhma\/emmi-kuittinen\/"]}]},{"@type":"BreadcrumbList","@id":"https:\/\/sites.uef.fi\/kyynelkanavat\/tyoryhma\/emmi-kuittinen\/#breadcrumb","itemListElement":[{"@type":"ListItem","position":1,"name":"Home","item":"https:\/\/sites.uef.fi\/kyynelkanavat\/"},{"@type":"ListItem","position":2,"name":"Ty\u00f6ryhm\u00e4 ja teemat","item":"https:\/\/sites.uef.fi\/kyynelkanavat\/tyoryhma\/"},{"@type":"ListItem","position":3,"name":"Emmi Kuittinen"}]},{"@type":"WebSite","@id":"https:\/\/sites.uef.fi\/kyynelkanavat\/#website","url":"https:\/\/sites.uef.fi\/kyynelkanavat\/","name":"Kyynelkanavat","description":"","potentialAction":[{"@type":"SearchAction","target":{"@type":"EntryPoint","urlTemplate":"https:\/\/sites.uef.fi\/kyynelkanavat\/?s={search_term_string}"},"query-input":{"@type":"PropertyValueSpecification","valueRequired":true,"valueName":"search_term_string"}}],"inLanguage":"fi"}]}},"_links":{"self":[{"href":"https:\/\/sites.uef.fi\/kyynelkanavat\/wp-json\/wp\/v2\/pages\/540","targetHints":{"allow":["GET"]}}],"collection":[{"href":"https:\/\/sites.uef.fi\/kyynelkanavat\/wp-json\/wp\/v2\/pages"}],"about":[{"href":"https:\/\/sites.uef.fi\/kyynelkanavat\/wp-json\/wp\/v2\/types\/page"}],"author":[{"embeddable":true,"href":"https:\/\/sites.uef.fi\/kyynelkanavat\/wp-json\/wp\/v2\/users\/535"}],"replies":[{"embeddable":true,"href":"https:\/\/sites.uef.fi\/kyynelkanavat\/wp-json\/wp\/v2\/comments?post=540"}],"version-history":[{"count":2,"href":"https:\/\/sites.uef.fi\/kyynelkanavat\/wp-json\/wp\/v2\/pages\/540\/revisions"}],"predecessor-version":[{"id":636,"href":"https:\/\/sites.uef.fi\/kyynelkanavat\/wp-json\/wp\/v2\/pages\/540\/revisions\/636"}],"up":[{"embeddable":true,"href":"https:\/\/sites.uef.fi\/kyynelkanavat\/wp-json\/wp\/v2\/pages\/99"}],"wp:attachment":[{"href":"https:\/\/sites.uef.fi\/kyynelkanavat\/wp-json\/wp\/v2\/media?parent=540"}],"curies":[{"name":"wp","href":"https:\/\/api.w.org\/{rel}","templated":true}]}}