{"id":74,"date":"2022-04-04T12:29:41","date_gmt":"2022-04-04T10:29:41","guid":{"rendered":"https:\/\/sites.uef.fi\/laakejatesuomessa\/?page_id=74"},"modified":"2023-08-21T11:42:39","modified_gmt":"2023-08-21T09:42:39","slug":"yhteystiedot","status":"publish","type":"page","link":"https:\/\/sites.uef.fi\/laakejatesuomessa\/yhteystiedot\/","title":{"rendered":"Yhteystiedot"},"content":{"rendered":"\n<p>Lis\u00e4tietoa tutkimuksesta<\/p>\n\n\n\n<div class=\"wp-block-media-text alignwide is-stacked-on-mobile\" style=\"grid-template-columns:23% auto\"><figure class=\"wp-block-media-text__media\"><img loading=\"lazy\" decoding=\"async\" width=\"500\" height=\"500\" src=\"https:\/\/sites.uef.fi\/laakejatesuomessa\/wp-content\/uploads\/sites\/362\/2022\/04\/Louhisalmi-Mella-0061-500x500px.jpg\" alt=\"\" class=\"wp-image-278 size-full\" srcset=\"https:\/\/sites.uef.fi\/laakejatesuomessa\/wp-content\/uploads\/sites\/362\/2022\/04\/Louhisalmi-Mella-0061-500x500px.jpg 500w, https:\/\/sites.uef.fi\/laakejatesuomessa\/wp-content\/uploads\/sites\/362\/2022\/04\/Louhisalmi-Mella-0061-500x500px-300x300.jpg 300w, https:\/\/sites.uef.fi\/laakejatesuomessa\/wp-content\/uploads\/sites\/362\/2022\/04\/Louhisalmi-Mella-0061-500x500px-150x150.jpg 150w, https:\/\/sites.uef.fi\/laakejatesuomessa\/wp-content\/uploads\/sites\/362\/2022\/04\/Louhisalmi-Mella-0061-500x500px-100x100.jpg 100w\" sizes=\"auto, (max-width: 500px) 100vw, 500px\" \/><\/figure><div class=\"wp-block-media-text__content\">\n<ul class=\"wp-block-list\">\n<li>Mella Louhisalmi<\/li>\n\n\n\n<li>Projektitutkija<\/li>\n\n\n\n<li>It\u00e4-Suomen yliopisto<\/li>\n\n\n\n<li>mella.louhisalmi(at)uef.fi<\/li>\n\n\n\n<li>050 408 5768<\/li>\n<\/ul>\n<\/div><\/div>\n\n\n\n<div class=\"wp-block-media-text alignwide is-stacked-on-mobile\" style=\"grid-template-columns:23% auto\"><figure class=\"wp-block-media-text__media\"><img loading=\"lazy\" decoding=\"async\" width=\"500\" height=\"500\" src=\"https:\/\/sites.uef.fi\/laakejatesuomessa\/wp-content\/uploads\/sites\/362\/2022\/04\/Johanna-Timonen.jpg\" alt=\"\" class=\"wp-image-296 size-full\" srcset=\"https:\/\/sites.uef.fi\/laakejatesuomessa\/wp-content\/uploads\/sites\/362\/2022\/04\/Johanna-Timonen.jpg 500w, https:\/\/sites.uef.fi\/laakejatesuomessa\/wp-content\/uploads\/sites\/362\/2022\/04\/Johanna-Timonen-300x300.jpg 300w, https:\/\/sites.uef.fi\/laakejatesuomessa\/wp-content\/uploads\/sites\/362\/2022\/04\/Johanna-Timonen-150x150.jpg 150w, https:\/\/sites.uef.fi\/laakejatesuomessa\/wp-content\/uploads\/sites\/362\/2022\/04\/Johanna-Timonen-100x100.jpg 100w\" sizes=\"auto, (max-width: 500px) 100vw, 500px\" \/><\/figure><div class=\"wp-block-media-text__content\">\n<ul class=\"wp-block-list\">\n<li>Johanna Timonen<\/li>\n\n\n\n<li>Dosentti, FaT, yliopistotutkija<\/li>\n\n\n\n<li>It\u00e4-Suomen yliopisto<\/li>\n\n\n\n<li>johanna.timonen(at)uef.fi<\/li>\n\n\n\n<li>040 355 3881<\/li>\n<\/ul>\n<\/div><\/div>\n\n\n\n<div class=\"wp-block-media-text alignwide is-stacked-on-mobile\" style=\"grid-template-columns:23% auto\"><figure class=\"wp-block-media-text__media\"><img loading=\"lazy\" decoding=\"async\" width=\"500\" height=\"500\" src=\"https:\/\/sites.uef.fi\/laakejatesuomessa\/wp-content\/uploads\/sites\/362\/2022\/04\/Janne-Martikainen.jpg\" alt=\"\" class=\"wp-image-293 size-full\" srcset=\"https:\/\/sites.uef.fi\/laakejatesuomessa\/wp-content\/uploads\/sites\/362\/2022\/04\/Janne-Martikainen.jpg 500w, https:\/\/sites.uef.fi\/laakejatesuomessa\/wp-content\/uploads\/sites\/362\/2022\/04\/Janne-Martikainen-300x300.jpg 300w, https:\/\/sites.uef.fi\/laakejatesuomessa\/wp-content\/uploads\/sites\/362\/2022\/04\/Janne-Martikainen-150x150.jpg 150w, https:\/\/sites.uef.fi\/laakejatesuomessa\/wp-content\/uploads\/sites\/362\/2022\/04\/Janne-Martikainen-100x100.jpg 100w\" sizes=\"auto, (max-width: 500px) 100vw, 500px\" \/><\/figure><div class=\"wp-block-media-text__content\">\n<ul class=\"wp-block-list\">\n<li>Janne Martikainen<\/li>\n\n\n\n<li>Professori<\/li>\n\n\n\n<li>It\u00e4-Suomen yliopisto<\/li>\n\n\n\n<li>janne.martikainen(at)uef.fi<\/li>\n<\/ul>\n<\/div><\/div>\n","protected":false},"excerpt":{"rendered":"<p>Lis\u00e4tietoa tutkimuksesta<\/p>\n","protected":false},"author":790,"featured_media":0,"parent":0,"menu_order":4,"comment_status":"closed","ping_status":"closed","template":"","meta":{"_acf_changed":false,"footnotes":""},"class_list":["post-74","page","type-page","status-publish","hentry"],"acf":[],"yoast_head":"<!-- This site is optimized with the Yoast SEO plugin v27.3 - https:\/\/yoast.com\/product\/yoast-seo-wordpress\/ -->\n<title>Yhteystiedot - L\u00e4\u00e4kej\u00e4te Suomessa<\/title>\n<meta name=\"robots\" content=\"index, follow, max-snippet:-1, max-image-preview:large, max-video-preview:-1\" \/>\n<link rel=\"canonical\" href=\"https:\/\/sites.uef.fi\/laakejatesuomessa\/yhteystiedot\/\" \/>\n<meta property=\"og:locale\" content=\"fi_FI\" \/>\n<meta property=\"og:type\" content=\"article\" \/>\n<meta property=\"og:title\" content=\"Yhteystiedot - L\u00e4\u00e4kej\u00e4te Suomessa\" \/>\n<meta property=\"og:description\" content=\"Lis\u00e4tietoa tutkimuksesta\" \/>\n<meta property=\"og:url\" content=\"https:\/\/sites.uef.fi\/laakejatesuomessa\/yhteystiedot\/\" \/>\n<meta property=\"og:site_name\" content=\"L\u00e4\u00e4kej\u00e4te Suomessa\" \/>\n<meta property=\"article:modified_time\" content=\"2023-08-21T09:42:39+00:00\" \/>\n<meta property=\"og:image\" content=\"https:\/\/sites.uef.fi\/laakejatesuomessa\/wp-content\/uploads\/sites\/362\/2022\/04\/Louhisalmi-Mella-0061-500x500px.jpg\" \/>\n<meta name=\"twitter:card\" content=\"summary_large_image\" \/>\n<script type=\"application\/ld+json\" class=\"yoast-schema-graph\">{\"@context\":\"https:\\\/\\\/schema.org\",\"@graph\":[{\"@type\":\"WebPage\",\"@id\":\"https:\\\/\\\/sites.uef.fi\\\/laakejatesuomessa\\\/yhteystiedot\\\/\",\"url\":\"https:\\\/\\\/sites.uef.fi\\\/laakejatesuomessa\\\/yhteystiedot\\\/\",\"name\":\"Yhteystiedot - L\u00e4\u00e4kej\u00e4te Suomessa\",\"isPartOf\":{\"@id\":\"https:\\\/\\\/sites.uef.fi\\\/laakejatesuomessa\\\/#website\"},\"primaryImageOfPage\":{\"@id\":\"https:\\\/\\\/sites.uef.fi\\\/laakejatesuomessa\\\/yhteystiedot\\\/#primaryimage\"},\"image\":{\"@id\":\"https:\\\/\\\/sites.uef.fi\\\/laakejatesuomessa\\\/yhteystiedot\\\/#primaryimage\"},\"thumbnailUrl\":\"https:\\\/\\\/sites.uef.fi\\\/laakejatesuomessa\\\/wp-content\\\/uploads\\\/sites\\\/362\\\/2022\\\/04\\\/Louhisalmi-Mella-0061-500x500px.jpg\",\"datePublished\":\"2022-04-04T10:29:41+00:00\",\"dateModified\":\"2023-08-21T09:42:39+00:00\",\"breadcrumb\":{\"@id\":\"https:\\\/\\\/sites.uef.fi\\\/laakejatesuomessa\\\/yhteystiedot\\\/#breadcrumb\"},\"inLanguage\":\"fi\",\"potentialAction\":[{\"@type\":\"ReadAction\",\"target\":[\"https:\\\/\\\/sites.uef.fi\\\/laakejatesuomessa\\\/yhteystiedot\\\/\"]}]},{\"@type\":\"ImageObject\",\"inLanguage\":\"fi\",\"@id\":\"https:\\\/\\\/sites.uef.fi\\\/laakejatesuomessa\\\/yhteystiedot\\\/#primaryimage\",\"url\":\"https:\\\/\\\/sites.uef.fi\\\/laakejatesuomessa\\\/wp-content\\\/uploads\\\/sites\\\/362\\\/2022\\\/04\\\/Louhisalmi-Mella-0061-500x500px.jpg\",\"contentUrl\":\"https:\\\/\\\/sites.uef.fi\\\/laakejatesuomessa\\\/wp-content\\\/uploads\\\/sites\\\/362\\\/2022\\\/04\\\/Louhisalmi-Mella-0061-500x500px.jpg\",\"width\":500,\"height\":500},{\"@type\":\"BreadcrumbList\",\"@id\":\"https:\\\/\\\/sites.uef.fi\\\/laakejatesuomessa\\\/yhteystiedot\\\/#breadcrumb\",\"itemListElement\":[{\"@type\":\"ListItem\",\"position\":1,\"name\":\"Home\",\"item\":\"https:\\\/\\\/sites.uef.fi\\\/laakejatesuomessa\\\/\"},{\"@type\":\"ListItem\",\"position\":2,\"name\":\"Yhteystiedot\"}]},{\"@type\":\"WebSite\",\"@id\":\"https:\\\/\\\/sites.uef.fi\\\/laakejatesuomessa\\\/#website\",\"url\":\"https:\\\/\\\/sites.uef.fi\\\/laakejatesuomessa\\\/\",\"name\":\"L\u00e4\u00e4kej\u00e4te Suomessa\",\"description\":\"\",\"potentialAction\":[{\"@type\":\"SearchAction\",\"target\":{\"@type\":\"EntryPoint\",\"urlTemplate\":\"https:\\\/\\\/sites.uef.fi\\\/laakejatesuomessa\\\/?s={search_term_string}\"},\"query-input\":{\"@type\":\"PropertyValueSpecification\",\"valueRequired\":true,\"valueName\":\"search_term_string\"}}],\"inLanguage\":\"fi\"}]}<\/script>\n<!-- \/ Yoast SEO plugin. -->","yoast_head_json":{"title":"Yhteystiedot - L\u00e4\u00e4kej\u00e4te Suomessa","robots":{"index":"index","follow":"follow","max-snippet":"max-snippet:-1","max-image-preview":"max-image-preview:large","max-video-preview":"max-video-preview:-1"},"canonical":"https:\/\/sites.uef.fi\/laakejatesuomessa\/yhteystiedot\/","og_locale":"fi_FI","og_type":"article","og_title":"Yhteystiedot - L\u00e4\u00e4kej\u00e4te Suomessa","og_description":"Lis\u00e4tietoa tutkimuksesta","og_url":"https:\/\/sites.uef.fi\/laakejatesuomessa\/yhteystiedot\/","og_site_name":"L\u00e4\u00e4kej\u00e4te Suomessa","article_modified_time":"2023-08-21T09:42:39+00:00","og_image":[{"url":"https:\/\/sites.uef.fi\/laakejatesuomessa\/wp-content\/uploads\/sites\/362\/2022\/04\/Louhisalmi-Mella-0061-500x500px.jpg","type":"","width":"","height":""}],"twitter_card":"summary_large_image","schema":{"@context":"https:\/\/schema.org","@graph":[{"@type":"WebPage","@id":"https:\/\/sites.uef.fi\/laakejatesuomessa\/yhteystiedot\/","url":"https:\/\/sites.uef.fi\/laakejatesuomessa\/yhteystiedot\/","name":"Yhteystiedot - L\u00e4\u00e4kej\u00e4te Suomessa","isPartOf":{"@id":"https:\/\/sites.uef.fi\/laakejatesuomessa\/#website"},"primaryImageOfPage":{"@id":"https:\/\/sites.uef.fi\/laakejatesuomessa\/yhteystiedot\/#primaryimage"},"image":{"@id":"https:\/\/sites.uef.fi\/laakejatesuomessa\/yhteystiedot\/#primaryimage"},"thumbnailUrl":"https:\/\/sites.uef.fi\/laakejatesuomessa\/wp-content\/uploads\/sites\/362\/2022\/04\/Louhisalmi-Mella-0061-500x500px.jpg","datePublished":"2022-04-04T10:29:41+00:00","dateModified":"2023-08-21T09:42:39+00:00","breadcrumb":{"@id":"https:\/\/sites.uef.fi\/laakejatesuomessa\/yhteystiedot\/#breadcrumb"},"inLanguage":"fi","potentialAction":[{"@type":"ReadAction","target":["https:\/\/sites.uef.fi\/laakejatesuomessa\/yhteystiedot\/"]}]},{"@type":"ImageObject","inLanguage":"fi","@id":"https:\/\/sites.uef.fi\/laakejatesuomessa\/yhteystiedot\/#primaryimage","url":"https:\/\/sites.uef.fi\/laakejatesuomessa\/wp-content\/uploads\/sites\/362\/2022\/04\/Louhisalmi-Mella-0061-500x500px.jpg","contentUrl":"https:\/\/sites.uef.fi\/laakejatesuomessa\/wp-content\/uploads\/sites\/362\/2022\/04\/Louhisalmi-Mella-0061-500x500px.jpg","width":500,"height":500},{"@type":"BreadcrumbList","@id":"https:\/\/sites.uef.fi\/laakejatesuomessa\/yhteystiedot\/#breadcrumb","itemListElement":[{"@type":"ListItem","position":1,"name":"Home","item":"https:\/\/sites.uef.fi\/laakejatesuomessa\/"},{"@type":"ListItem","position":2,"name":"Yhteystiedot"}]},{"@type":"WebSite","@id":"https:\/\/sites.uef.fi\/laakejatesuomessa\/#website","url":"https:\/\/sites.uef.fi\/laakejatesuomessa\/","name":"L\u00e4\u00e4kej\u00e4te Suomessa","description":"","potentialAction":[{"@type":"SearchAction","target":{"@type":"EntryPoint","urlTemplate":"https:\/\/sites.uef.fi\/laakejatesuomessa\/?s={search_term_string}"},"query-input":{"@type":"PropertyValueSpecification","valueRequired":true,"valueName":"search_term_string"}}],"inLanguage":"fi"}]}},"_links":{"self":[{"href":"https:\/\/sites.uef.fi\/laakejatesuomessa\/wp-json\/wp\/v2\/pages\/74","targetHints":{"allow":["GET"]}}],"collection":[{"href":"https:\/\/sites.uef.fi\/laakejatesuomessa\/wp-json\/wp\/v2\/pages"}],"about":[{"href":"https:\/\/sites.uef.fi\/laakejatesuomessa\/wp-json\/wp\/v2\/types\/page"}],"author":[{"embeddable":true,"href":"https:\/\/sites.uef.fi\/laakejatesuomessa\/wp-json\/wp\/v2\/users\/790"}],"replies":[{"embeddable":true,"href":"https:\/\/sites.uef.fi\/laakejatesuomessa\/wp-json\/wp\/v2\/comments?post=74"}],"version-history":[{"count":2,"href":"https:\/\/sites.uef.fi\/laakejatesuomessa\/wp-json\/wp\/v2\/pages\/74\/revisions"}],"predecessor-version":[{"id":1234,"href":"https:\/\/sites.uef.fi\/laakejatesuomessa\/wp-json\/wp\/v2\/pages\/74\/revisions\/1234"}],"wp:attachment":[{"href":"https:\/\/sites.uef.fi\/laakejatesuomessa\/wp-json\/wp\/v2\/media?parent=74"}],"curies":[{"name":"wp","href":"https:\/\/api.w.org\/{rel}","templated":true}]}}