{"id":1700,"date":"2022-10-27T12:05:46","date_gmt":"2022-10-27T12:05:46","guid":{"rendered":"https:\/\/sites.uef.fi\/logoverkosto\/?page_id=1700"},"modified":"2024-03-25T06:47:34","modified_gmt":"2024-03-25T06:47:34","slug":"laitteisto","status":"publish","type":"page","link":"https:\/\/sites.uef.fi\/logoverkosto\/logolab\/laitteisto\/","title":{"rendered":"Laitteisto"},"content":{"rendered":"\n<p><strong>Tutkimuslaitteet:<\/strong><\/p>\n\n\n\n<p><strong><a href=\"https:\/\/brainvision.com\/products\/actichamp-plus\/\">Brain Products actiCHamp Plus<\/a> EEG j\u00e4rjestelm\u00e4<\/strong><\/p>\n\n\n\n<p>128-kanavainen EEG j\u00e4rjestelm\u00e4, snap elektrodeilla. ActiCAP myssyt, sek\u00e4 seuraavilla varusteilla:<\/p>\n\n\n\n<ul class=\"wp-block-list\">\n<li><a href=\"https:\/\/www.brainproducts.com\/solutions\/triggerbox\/\">TriggerBox Kit<\/a><\/li>\n\n\n\n<li><a href=\"https:\/\/www.brainproducts.com\/solutions\/stimtrak\/\">StimTrak Kit<\/a> with Acoustical stimulator adapter<\/li>\n\n\n\n<li><a href=\"https:\/\/www.brainproducts.com\/solutions\/sensors\/\">GSR Sensor Kit<\/a> (galvanic skin response)<\/li>\n\n\n\n<li><a href=\"https:\/\/www.brainproducts.com\/solutions\/sensors\/\">Photo Sensor<\/a><\/li>\n\n\n\n<li><a href=\"https:\/\/www.brainproducts.com\/solutions\/sensors\/\">Temperature sensor for skin temperature change detection<\/a><\/li>\n\n\n\n<li><a href=\"https:\/\/www.brainproducts.com\/solutions\/sensors\/\">3D Acceleration sensor<\/a><\/li>\n\n\n\n<li><a href=\"https:\/\/www.brainproducts.com\/solutions\/sensors\/\">Blood Pulse sensor<\/a><\/li>\n\n\n\n<li><a href=\"https:\/\/www.brainproducts.com\/solutions\/bip2aux\/\">BIP2AUX adapter<\/a><\/li>\n<\/ul>\n\n\n\n<p>Ohjelmistoina <a href=\"https:\/\/brainvision.com\/products\/analyzer-2\/\">BrainVision Analyzer 2<\/a> ja <a href=\"https:\/\/brainvision.com\/products\/recorder\/\">BrainVision Recorder.<\/a><\/p>\n\n\n\n<p><\/p>\n\n\n\n<p><strong><a href=\"https:\/\/nirx.net\/nirsport\">NIRx NIRSport2<\/a> fNIRS j\u00e4rjestelm\u00e4<\/strong><\/p>\n\n\n\n<p>32 sources + 32 detectors fNIRS j\u00e4rjestelm\u00e4, 8mm short-distance detectors, 9-axis motion sensor extension. Myssyt yhteensopivat EEG:n kanssa. <a href=\"https:\/\/nirx.net\/software\">Aurora fNIRS<\/a> -ohjelmisto, sek\u00e4 <a href=\"https:\/\/nirx.net\/satori\">Satori<\/a> analyysiohjelmisto. <a href=\"https:\/\/cedrus.com\/c-pod\/nirx.htm\">Cedrus C-Pod <\/a>adapter.<\/p>\n\n\n\n<p> <\/p>\n\n\n\n<p><strong><a href=\"https:\/\/www.articulograph.de\/\">Carstens Articulograph AG501<\/a> artikulografi<\/strong><\/p>\n\n\n\n<p>16-kanavainen 3D elektromagneettinen artikulografi.<\/p>\n\n\n\n<p> <\/p>\n\n\n\n<p><strong><a href=\"https:\/\/www.tobii.com\/products\/eye-trackers\/screen-based\/tobii-pro-spectrum\">Tobii Pro Spectrum<\/a> silm\u00e4nliikekamera<\/strong><\/p>\n\n\n\n<p>Korkeatasoinen n\u00e4ytt\u00f6pohjainen silm\u00e4nliikekameraj\u00e4rjestelm\u00e4, joka pystyy 1200hz nopeuteen. Ohjelmistona <a href=\"https:\/\/www.tobii.com\/products\/software\/behavior-research-software\/tobii-pro-lab\">Tobii Pro Lab<\/a> (Screen-based edition)<\/p>\n\n\n\n<p>Tarkemmat spesifikaatiot l\u00f6ytyv\u00e4t <a href=\"\/\/\/Users\/powder\/Downloads\/Tobii_Pro_Spectrum_brochure.pdf\">t\u00e4\u00e4lt\u00e4.<\/a><\/p>\n\n\n\n<p> <\/p>\n\n\n\n<p><strong><a href=\"https:\/\/www.bksv.com\/en\/transducers\/simulators\/head-and-torso\/hats-type-5128\">B&amp;K 5128-B High-Frequency Head and Torso Simulator<\/a> korva- ja suusimulaattori<\/strong><\/p>\n\n\n\n<p>5128-B versio on torsoton, koko kuuloalueen kattava korva- ja suusimulaattori. ITU-T Rec. P.58, IEC 60318-7 and ANSI S3.36-1985 standardien mukainen p\u00e4\u00e4n geometria.<\/p>\n\n\n\n<p> <\/p>\n\n\n\n<p><a href=\"https:\/\/www.promedical.fi\/tuote\/clarius-c7-hd3\/\"><strong>Clarius C7 HD3<\/strong><\/a> <strong>langaton ultra\u00e4\u00e4nilaitteisto<\/strong><\/p>\n\n\n\n<p>Langaton ja ter\u00e4v\u00e4piirtoinen ultra\u00e4\u00e4nilaite on suunniteltu erityisesti lasten kehon ja yksitt\u00e4isten pienten osien selke\u00e4\u00e4n kuvantamiseen, kuten menetelm\u00e4ksi puheterapiaan. Taajuus 3-10MHz, max syvyys 18cm.<\/p>\n\n\n\n<p> <\/p>\n\n\n\n<p><strong><a href=\"https:\/\/www.glottal.com\/NVSsystem.html\">Glottal Enterprises The NVS System<\/a> nasometri<\/strong><\/p>\n\n\n\n<p>NVS mahdollistaa vokaalien nasalanssin sek\u00e4 konsonanttien nasaaliemissioiden mittaamisen.<\/p>\n\n\n\n<p> <\/p>\n\n\n\n<p><strong><a href=\"https:\/\/www.glottal.com\/Electroglottographs.html\">Glottal Enterprises EG2-PCX2<\/a> elektroglottografi<\/strong><\/p>\n\n\n\n<p><a href=\"http:\/\/www.glottal.com\/PhaseComp.html\">PhaseComp<\/a> ohjelmisto.<\/p>\n\n\n\n<p> <\/p>\n\n\n\n<p> <\/p>\n\n\n\n<p><\/p>\n\n\n\n<p><strong>\u00c4\u00e4nityslaitteet:<\/strong><\/p>\n\n\n\n<p><strong><a href=\"https:\/\/www.sounddevices.com\/product\/mixpre-6-ii\/\">Sound Devices MixPre-6 II<\/a><\/strong><strong> <\/strong><strong>\u00e4\u00e4nityslaite \/ audio interface<\/strong><\/p>\n\n\n\n<ul class=\"wp-block-list\">\n<li>32-bit float<\/li>\n\n\n\n<li>4 etuastetta<\/li>\n\n\n\n<li>8 kanavaa<\/li>\n\n\n\n<li>Toimii USB audio interfacena tietokoneessa, sek\u00e4 standalone \u00e4\u00e4nityslaitteena<\/li>\n<\/ul>\n\n\n\n<p><\/p>\n\n\n\n<p><\/p>\n\n\n\n<p><strong>Mikrofonit:<\/strong><\/p>\n\n\n\n<p><strong><a href=\"https:\/\/www.dpamicrophones.com\/pencil\/4006-omnidirectional-microphone\">DPA 4006A<\/a> Stereo Kit matched pair<\/strong><\/p>\n\n\n\n<ul class=\"wp-block-list\">\n<li>Suuntakuvio Omni<\/li>\n\n\n\n<li>Stereopari, taajuusvaste-ero \u00b10,5dB sis\u00e4ll\u00e4 mikrofonien v\u00e4lill\u00e4<\/li>\n\n\n\n<li>Taajuusvaste 10Hz-20kHz, \u00b12dB<\/li>\n\n\n\n<li>Maksimi \u00e4\u00e4nenpaine 146dB<\/li>\n\n\n\n<li>Noise 15dB(A)<\/li>\n<\/ul>\n\n\n\n<p><\/p>\n\n\n\n<p><strong><a href=\"https:\/\/en-fi.sennheiser.com\/short-gun-condenser-microphone-camera-films-mkh-8060\">Sennheiser MKH 8060<\/a>, 2 kpl<\/strong><\/p>\n\n\n\n<ul class=\"wp-block-list\">\n<li>Kompakti shotgun-mikrofoni<\/li>\n\n\n\n<li>Suuntakuvio super-cardioid \/ lobar<\/li>\n\n\n\n<li>Taajuusvaste 50-25000Hz<\/li>\n\n\n\n<li>Maksimi \u00e4\u00e4nenpaine 129dB<\/li>\n\n\n\n<li>Noise 11dB(A)<\/li>\n<\/ul>\n\n\n\n<p><\/p>\n\n\n\n<p><strong><a href=\"https:\/\/www.dpamicrophones.com\/headset\/4066-omnidirectional-headset-microphone\">DPA 4066A Omnidirectional Headset<\/a><\/strong><strong>, 2 kpl<\/strong><\/p>\n\n\n\n<ul class=\"wp-block-list\">\n<li>Pantamikrofoni<\/li>\n\n\n\n<li>Suuntakuvio Omni<\/li>\n\n\n\n<li>Taajuusvaste 20Hz-20kHz, \u00b12dB<strong><\/strong><\/li>\n\n\n\n<li>Maksimi \u00e4\u00e4nenpaine 144dB<strong><\/strong><\/li>\n\n\n\n<li>Noise 26dB(A)<\/li>\n<\/ul>\n\n\n\n<p><\/p>\n\n\n\n<p><\/p>\n\n\n\n<p><strong>Muut ohjelmistot:<\/strong><\/p>\n\n\n\n<p><strong><a href=\"https:\/\/www.neurobs.com\/menu_presentation\/menu_features\/features_overview\">Neurobehavioral Systems Presentation<\/a><\/strong><strong><\/strong><\/p>\n\n\n\n<p>Stimulusten esitys ja kokeiden suunnittelu -ohjelmisto.<\/p>\n\n\n\n<p><\/p>\n\n\n\n<p><strong><a href=\"https:\/\/www.izotope.com\/en\/products\/rx.html\">iZotope RX 10 Advanced<\/a><\/strong><\/p>\n\n\n\n<p>\u00c4\u00e4nitteiden restaurointi ja editointi -ohjelmisto.<\/p>\n\n\n\n<figure class=\"wp-block-image size-large\"><img loading=\"lazy\" decoding=\"async\" width=\"1024\" height=\"576\" src=\"https:\/\/sites.uef.fi\/logoverkosto\/wp-content\/uploads\/sites\/374\/2022\/08\/UEF-logopedia_3.19.1-1024x576.jpg\" alt=\"Tekninen laite\" class=\"wp-image-784\" srcset=\"https:\/\/sites.uef.fi\/logoverkosto\/wp-content\/uploads\/sites\/374\/2022\/08\/UEF-logopedia_3.19.1-1024x576.jpg 1024w, https:\/\/sites.uef.fi\/logoverkosto\/wp-content\/uploads\/sites\/374\/2022\/08\/UEF-logopedia_3.19.1-300x169.jpg 300w, https:\/\/sites.uef.fi\/logoverkosto\/wp-content\/uploads\/sites\/374\/2022\/08\/UEF-logopedia_3.19.1-768x432.jpg 768w, https:\/\/sites.uef.fi\/logoverkosto\/wp-content\/uploads\/sites\/374\/2022\/08\/UEF-logopedia_3.19.1-1536x864.jpg 1536w, https:\/\/sites.uef.fi\/logoverkosto\/wp-content\/uploads\/sites\/374\/2022\/08\/UEF-logopedia_3.19.1.jpg 2048w\" sizes=\"auto, (max-width: 1024px) 100vw, 1024px\" \/><\/figure>\n","protected":false},"excerpt":{"rendered":"<p>Tutkimuslaitteet: Brain Products actiCHamp Plus EEG j\u00e4rjestelm\u00e4 128-kanavainen EEG j\u00e4rjestelm\u00e4, snap elektrodeilla. ActiCAP myssyt, sek\u00e4 seuraavilla varusteilla: Ohjelmistoina BrainVision Analyzer 2 ja BrainVision Recorder. NIRx NIRSport2 fNIRS j\u00e4rjestelm\u00e4 32 sources + 32 detectors fNIRS j\u00e4rjestelm\u00e4, 8mm short-distance detectors, 9-axis motion sensor extension. Myssyt yhteensopivat EEG:n kanssa. Aurora fNIRS -ohjelmisto, sek\u00e4 Satori analyysiohjelmisto. Cedrus C-Pod adapter. [&hellip;]<\/p>\n","protected":false},"author":817,"featured_media":0,"parent":285,"menu_order":0,"comment_status":"closed","ping_status":"closed","template":"","meta":{"_acf_changed":false,"footnotes":""},"class_list":["post-1700","page","type-page","status-publish","hentry"],"acf":[],"yoast_head":"<!-- This site is optimized with the Yoast SEO plugin v27.3 - https:\/\/yoast.com\/product\/yoast-seo-wordpress\/ -->\n<title>Laitteisto - Logoverkosto<\/title>\n<meta name=\"robots\" content=\"index, follow, max-snippet:-1, max-image-preview:large, max-video-preview:-1\" \/>\n<link rel=\"canonical\" href=\"https:\/\/sites.uef.fi\/logoverkosto\/logolab\/laitteisto\/\" \/>\n<meta property=\"og:locale\" content=\"fi_FI\" \/>\n<meta property=\"og:type\" content=\"article\" \/>\n<meta property=\"og:title\" content=\"Laitteisto - Logoverkosto\" \/>\n<meta property=\"og:description\" content=\"Tutkimuslaitteet: Brain Products actiCHamp Plus EEG j\u00e4rjestelm\u00e4 128-kanavainen EEG j\u00e4rjestelm\u00e4, snap elektrodeilla. ActiCAP myssyt, sek\u00e4 seuraavilla varusteilla: Ohjelmistoina BrainVision Analyzer 2 ja BrainVision Recorder. NIRx NIRSport2 fNIRS j\u00e4rjestelm\u00e4 32 sources + 32 detectors fNIRS j\u00e4rjestelm\u00e4, 8mm short-distance detectors, 9-axis motion sensor extension. Myssyt yhteensopivat EEG:n kanssa. Aurora fNIRS -ohjelmisto, sek\u00e4 Satori analyysiohjelmisto. Cedrus C-Pod adapter. [&hellip;]\" \/>\n<meta property=\"og:url\" content=\"https:\/\/sites.uef.fi\/logoverkosto\/logolab\/laitteisto\/\" \/>\n<meta property=\"og:site_name\" content=\"Logoverkosto\" \/>\n<meta property=\"article:modified_time\" content=\"2024-03-25T06:47:34+00:00\" \/>\n<meta property=\"og:image\" content=\"https:\/\/sites.uef.fi\/logoverkosto\/wp-content\/uploads\/sites\/374\/2022\/08\/UEF-logopedia_3.19.1-1024x576.jpg\" \/>\n<meta name=\"twitter:card\" content=\"summary_large_image\" \/>\n<meta name=\"twitter:label1\" content=\"Arvioitu lukuaika\" \/>\n\t<meta name=\"twitter:data1\" content=\"2 minuuttia\" \/>\n<script type=\"application\/ld+json\" class=\"yoast-schema-graph\">{\"@context\":\"https:\\\/\\\/schema.org\",\"@graph\":[{\"@type\":\"WebPage\",\"@id\":\"https:\\\/\\\/sites.uef.fi\\\/logoverkosto\\\/logolab\\\/laitteisto\\\/\",\"url\":\"https:\\\/\\\/sites.uef.fi\\\/logoverkosto\\\/logolab\\\/laitteisto\\\/\",\"name\":\"Laitteisto - Logoverkosto\",\"isPartOf\":{\"@id\":\"https:\\\/\\\/sites.uef.fi\\\/logoverkosto\\\/#website\"},\"primaryImageOfPage\":{\"@id\":\"https:\\\/\\\/sites.uef.fi\\\/logoverkosto\\\/logolab\\\/laitteisto\\\/#primaryimage\"},\"image\":{\"@id\":\"https:\\\/\\\/sites.uef.fi\\\/logoverkosto\\\/logolab\\\/laitteisto\\\/#primaryimage\"},\"thumbnailUrl\":\"https:\\\/\\\/sites.uef.fi\\\/logoverkosto\\\/wp-content\\\/uploads\\\/sites\\\/374\\\/2022\\\/08\\\/UEF-logopedia_3.19.1-1024x576.jpg\",\"datePublished\":\"2022-10-27T12:05:46+00:00\",\"dateModified\":\"2024-03-25T06:47:34+00:00\",\"breadcrumb\":{\"@id\":\"https:\\\/\\\/sites.uef.fi\\\/logoverkosto\\\/logolab\\\/laitteisto\\\/#breadcrumb\"},\"inLanguage\":\"fi\",\"potentialAction\":[{\"@type\":\"ReadAction\",\"target\":[\"https:\\\/\\\/sites.uef.fi\\\/logoverkosto\\\/logolab\\\/laitteisto\\\/\"]}]},{\"@type\":\"ImageObject\",\"inLanguage\":\"fi\",\"@id\":\"https:\\\/\\\/sites.uef.fi\\\/logoverkosto\\\/logolab\\\/laitteisto\\\/#primaryimage\",\"url\":\"https:\\\/\\\/sites.uef.fi\\\/logoverkosto\\\/wp-content\\\/uploads\\\/sites\\\/374\\\/2022\\\/08\\\/UEF-logopedia_3.19.1.jpg\",\"contentUrl\":\"https:\\\/\\\/sites.uef.fi\\\/logoverkosto\\\/wp-content\\\/uploads\\\/sites\\\/374\\\/2022\\\/08\\\/UEF-logopedia_3.19.1.jpg\",\"width\":2048,\"height\":1152,\"caption\":\"Tekninen laite\"},{\"@type\":\"BreadcrumbList\",\"@id\":\"https:\\\/\\\/sites.uef.fi\\\/logoverkosto\\\/logolab\\\/laitteisto\\\/#breadcrumb\",\"itemListElement\":[{\"@type\":\"ListItem\",\"position\":1,\"name\":\"Home\",\"item\":\"https:\\\/\\\/sites.uef.fi\\\/logoverkosto\\\/\"},{\"@type\":\"ListItem\",\"position\":2,\"name\":\"LogoLab\",\"item\":\"https:\\\/\\\/sites.uef.fi\\\/logoverkosto\\\/logolab\\\/\"},{\"@type\":\"ListItem\",\"position\":3,\"name\":\"Laitteisto\"}]},{\"@type\":\"WebSite\",\"@id\":\"https:\\\/\\\/sites.uef.fi\\\/logoverkosto\\\/#website\",\"url\":\"https:\\\/\\\/sites.uef.fi\\\/logoverkosto\\\/\",\"name\":\"Logoverkosto\",\"description\":\"\",\"publisher\":{\"@id\":\"https:\\\/\\\/sites.uef.fi\\\/logoverkosto\\\/#organization\"},\"potentialAction\":[{\"@type\":\"SearchAction\",\"target\":{\"@type\":\"EntryPoint\",\"urlTemplate\":\"https:\\\/\\\/sites.uef.fi\\\/logoverkosto\\\/?s={search_term_string}\"},\"query-input\":{\"@type\":\"PropertyValueSpecification\",\"valueRequired\":true,\"valueName\":\"search_term_string\"}}],\"inLanguage\":\"fi\"},{\"@type\":\"Organization\",\"@id\":\"https:\\\/\\\/sites.uef.fi\\\/logoverkosto\\\/#organization\",\"name\":\"Logoverkosto\",\"url\":\"https:\\\/\\\/sites.uef.fi\\\/logoverkosto\\\/\",\"logo\":{\"@type\":\"ImageObject\",\"inLanguage\":\"fi\",\"@id\":\"https:\\\/\\\/sites.uef.fi\\\/logoverkosto\\\/#\\\/schema\\\/logo\\\/image\\\/\",\"url\":\"https:\\\/\\\/sites.uef.fi\\\/logoverkosto\\\/wp-content\\\/uploads\\\/sites\\\/374\\\/2022\\\/08\\\/cropped-UEF_wordpress_white.png\",\"contentUrl\":\"https:\\\/\\\/sites.uef.fi\\\/logoverkosto\\\/wp-content\\\/uploads\\\/sites\\\/374\\\/2022\\\/08\\\/cropped-UEF_wordpress_white.png\",\"width\":250,\"height\":250,\"caption\":\"Logoverkosto\"},\"image\":{\"@id\":\"https:\\\/\\\/sites.uef.fi\\\/logoverkosto\\\/#\\\/schema\\\/logo\\\/image\\\/\"}}]}<\/script>\n<!-- \/ Yoast SEO plugin. -->","yoast_head_json":{"title":"Laitteisto - Logoverkosto","robots":{"index":"index","follow":"follow","max-snippet":"max-snippet:-1","max-image-preview":"max-image-preview:large","max-video-preview":"max-video-preview:-1"},"canonical":"https:\/\/sites.uef.fi\/logoverkosto\/logolab\/laitteisto\/","og_locale":"fi_FI","og_type":"article","og_title":"Laitteisto - Logoverkosto","og_description":"Tutkimuslaitteet: Brain Products actiCHamp Plus EEG j\u00e4rjestelm\u00e4 128-kanavainen EEG j\u00e4rjestelm\u00e4, snap elektrodeilla. ActiCAP myssyt, sek\u00e4 seuraavilla varusteilla: Ohjelmistoina BrainVision Analyzer 2 ja BrainVision Recorder. NIRx NIRSport2 fNIRS j\u00e4rjestelm\u00e4 32 sources + 32 detectors fNIRS j\u00e4rjestelm\u00e4, 8mm short-distance detectors, 9-axis motion sensor extension. Myssyt yhteensopivat EEG:n kanssa. Aurora fNIRS -ohjelmisto, sek\u00e4 Satori analyysiohjelmisto. Cedrus C-Pod adapter. [&hellip;]","og_url":"https:\/\/sites.uef.fi\/logoverkosto\/logolab\/laitteisto\/","og_site_name":"Logoverkosto","article_modified_time":"2024-03-25T06:47:34+00:00","og_image":[{"url":"https:\/\/sites.uef.fi\/logoverkosto\/wp-content\/uploads\/sites\/374\/2022\/08\/UEF-logopedia_3.19.1-1024x576.jpg","type":"","width":"","height":""}],"twitter_card":"summary_large_image","twitter_misc":{"Arvioitu lukuaika":"2 minuuttia"},"schema":{"@context":"https:\/\/schema.org","@graph":[{"@type":"WebPage","@id":"https:\/\/sites.uef.fi\/logoverkosto\/logolab\/laitteisto\/","url":"https:\/\/sites.uef.fi\/logoverkosto\/logolab\/laitteisto\/","name":"Laitteisto - Logoverkosto","isPartOf":{"@id":"https:\/\/sites.uef.fi\/logoverkosto\/#website"},"primaryImageOfPage":{"@id":"https:\/\/sites.uef.fi\/logoverkosto\/logolab\/laitteisto\/#primaryimage"},"image":{"@id":"https:\/\/sites.uef.fi\/logoverkosto\/logolab\/laitteisto\/#primaryimage"},"thumbnailUrl":"https:\/\/sites.uef.fi\/logoverkosto\/wp-content\/uploads\/sites\/374\/2022\/08\/UEF-logopedia_3.19.1-1024x576.jpg","datePublished":"2022-10-27T12:05:46+00:00","dateModified":"2024-03-25T06:47:34+00:00","breadcrumb":{"@id":"https:\/\/sites.uef.fi\/logoverkosto\/logolab\/laitteisto\/#breadcrumb"},"inLanguage":"fi","potentialAction":[{"@type":"ReadAction","target":["https:\/\/sites.uef.fi\/logoverkosto\/logolab\/laitteisto\/"]}]},{"@type":"ImageObject","inLanguage":"fi","@id":"https:\/\/sites.uef.fi\/logoverkosto\/logolab\/laitteisto\/#primaryimage","url":"https:\/\/sites.uef.fi\/logoverkosto\/wp-content\/uploads\/sites\/374\/2022\/08\/UEF-logopedia_3.19.1.jpg","contentUrl":"https:\/\/sites.uef.fi\/logoverkosto\/wp-content\/uploads\/sites\/374\/2022\/08\/UEF-logopedia_3.19.1.jpg","width":2048,"height":1152,"caption":"Tekninen laite"},{"@type":"BreadcrumbList","@id":"https:\/\/sites.uef.fi\/logoverkosto\/logolab\/laitteisto\/#breadcrumb","itemListElement":[{"@type":"ListItem","position":1,"name":"Home","item":"https:\/\/sites.uef.fi\/logoverkosto\/"},{"@type":"ListItem","position":2,"name":"LogoLab","item":"https:\/\/sites.uef.fi\/logoverkosto\/logolab\/"},{"@type":"ListItem","position":3,"name":"Laitteisto"}]},{"@type":"WebSite","@id":"https:\/\/sites.uef.fi\/logoverkosto\/#website","url":"https:\/\/sites.uef.fi\/logoverkosto\/","name":"Logoverkosto","description":"","publisher":{"@id":"https:\/\/sites.uef.fi\/logoverkosto\/#organization"},"potentialAction":[{"@type":"SearchAction","target":{"@type":"EntryPoint","urlTemplate":"https:\/\/sites.uef.fi\/logoverkosto\/?s={search_term_string}"},"query-input":{"@type":"PropertyValueSpecification","valueRequired":true,"valueName":"search_term_string"}}],"inLanguage":"fi"},{"@type":"Organization","@id":"https:\/\/sites.uef.fi\/logoverkosto\/#organization","name":"Logoverkosto","url":"https:\/\/sites.uef.fi\/logoverkosto\/","logo":{"@type":"ImageObject","inLanguage":"fi","@id":"https:\/\/sites.uef.fi\/logoverkosto\/#\/schema\/logo\/image\/","url":"https:\/\/sites.uef.fi\/logoverkosto\/wp-content\/uploads\/sites\/374\/2022\/08\/cropped-UEF_wordpress_white.png","contentUrl":"https:\/\/sites.uef.fi\/logoverkosto\/wp-content\/uploads\/sites\/374\/2022\/08\/cropped-UEF_wordpress_white.png","width":250,"height":250,"caption":"Logoverkosto"},"image":{"@id":"https:\/\/sites.uef.fi\/logoverkosto\/#\/schema\/logo\/image\/"}}]}},"_links":{"self":[{"href":"https:\/\/sites.uef.fi\/logoverkosto\/wp-json\/wp\/v2\/pages\/1700","targetHints":{"allow":["GET"]}}],"collection":[{"href":"https:\/\/sites.uef.fi\/logoverkosto\/wp-json\/wp\/v2\/pages"}],"about":[{"href":"https:\/\/sites.uef.fi\/logoverkosto\/wp-json\/wp\/v2\/types\/page"}],"author":[{"embeddable":true,"href":"https:\/\/sites.uef.fi\/logoverkosto\/wp-json\/wp\/v2\/users\/817"}],"replies":[{"embeddable":true,"href":"https:\/\/sites.uef.fi\/logoverkosto\/wp-json\/wp\/v2\/comments?post=1700"}],"version-history":[{"count":2,"href":"https:\/\/sites.uef.fi\/logoverkosto\/wp-json\/wp\/v2\/pages\/1700\/revisions"}],"predecessor-version":[{"id":3851,"href":"https:\/\/sites.uef.fi\/logoverkosto\/wp-json\/wp\/v2\/pages\/1700\/revisions\/3851"}],"up":[{"embeddable":true,"href":"https:\/\/sites.uef.fi\/logoverkosto\/wp-json\/wp\/v2\/pages\/285"}],"wp:attachment":[{"href":"https:\/\/sites.uef.fi\/logoverkosto\/wp-json\/wp\/v2\/media?parent=1700"}],"curies":[{"name":"wp","href":"https:\/\/api.w.org\/{rel}","templated":true}]}}